[INFO] cloning repository https://github.com/AlexW-GH/rust8
[INFO] running `Command { std: "git" "-c" "credential.helper=" "-c" "credential.helper=/workspace/cargo-home/bin/git-credential-null" "clone" "--bare" "https://github.com/AlexW-GH/rust8" "/workspace/cache/git-repos/https%3A%2F%2Fgithub.com%2FAlexW-GH%2Frust8", kill_on_drop: false }`
[INFO] [stderr] Cloning into bare repository '/workspace/cache/git-repos/https%3A%2F%2Fgithub.com%2FAlexW-GH%2Frust8'...
[INFO] running `Command { std: "git" "rev-parse" "HEAD", kill_on_drop: false }`
[INFO] [stdout] 940197b73b19c2e560a967950991f79a936064df
[INFO] documenting AlexW-GH/rust8 against 1.75.0 for beta-1.76-rustdoc-1
[INFO] running `Command { std: "git" "clone" "/workspace/cache/git-repos/https%3A%2F%2Fgithub.com%2FAlexW-GH%2Frust8" "/workspace/builds/worker-7-tc1/source", kill_on_drop: false }`
[INFO] [stderr] Cloning into '/workspace/builds/worker-7-tc1/source'...
[INFO] [stderr] done.
[INFO] validating manifest of git repo https://github.com/AlexW-GH/rust8 on toolchain 1.75.0
[INFO] running `Command { std: CARGO_HOME="/workspace/cargo-home" RUSTUP_HOME="/workspace/rustup-home" "/workspace/cargo-home/bin/cargo" "+1.75.0" "metadata" "--manifest-path" "Cargo.toml" "--no-deps", kill_on_drop: false }`
[INFO] started tweaking git repo https://github.com/AlexW-GH/rust8
[INFO] finished tweaking git repo https://github.com/AlexW-GH/rust8
[INFO] tweaked toml for git repo https://github.com/AlexW-GH/rust8 written to /workspace/builds/worker-7-tc1/source/Cargo.toml
[INFO] crate git repo https://github.com/AlexW-GH/rust8 already has a lockfile, it will not be regenerated
[INFO] running `Command { std: CARGO_HOME="/workspace/cargo-home" RUSTUP_HOME="/workspace/rustup-home" "/workspace/cargo-home/bin/cargo" "+1.75.0" "fetch" "--manifest-path" "Cargo.toml", kill_on_drop: false }`
[INFO] [stderr]     Updating crates.io index
[INFO] [stderr]  Downloading crates ...
[INFO] [stderr]   Downloaded piston-viewport v0.3.0
[INFO] [stderr]   Downloaded memmap v0.4.0
[INFO] [stderr]   Downloaded crossbeam v0.2.10
[INFO] [stderr]   Downloaded png v0.6.2
[INFO] [stderr]   Downloaded adler32 v1.0.0
[INFO] [stderr]   Downloaded phf_codegen v0.7.21
[INFO] [stderr]   Downloaded cocoa v0.5.2
[INFO] [stderr]   Downloaded rustc-serialize v0.3.23
[INFO] [stderr]   Downloaded scoped_threadpool v0.1.7
[INFO] [stderr]   Downloaded piston-shaders_graphics2d v0.3.1
[INFO] [stderr]   Downloaded piston2d-graphics v0.21.1
[INFO] [stderr]   Downloaded pistoncore-glutin_window v0.35.1
[INFO] [stderr]   Downloaded time v0.1.36
[INFO] [stderr]   Downloaded lazy_static v0.2.4
[INFO] [stderr]   Downloaded pistoncore-window v0.26.2
[INFO] [stderr]   Downloaded ordered-float v0.4.0
[INFO] [stderr]   Downloaded num-integer v0.1.33
[INFO] [stderr]   Downloaded stb_truetype v0.2.1
[INFO] [stderr]   Downloaded color_quant v1.0.0
[INFO] [stderr]   Downloaded shared_library v0.1.5
[INFO] [stderr]   Downloaded num-traits v0.1.37
[INFO] [stderr]   Downloaded miniz-sys v0.1.9
[INFO] [stderr]   Downloaded wayland-kbd v0.6.3
[INFO] [stderr]   Downloaded rusttype v0.2.1
[INFO] [stderr]   Downloaded khronos_api v0.0.8
[INFO] [stderr]   Downloaded khronos_api v1.0.0
[INFO] [stderr]   Downloaded syn v0.11.9
[INFO] [stderr]   Downloaded winit v0.5.11
[INFO] [stderr]   Downloaded libc v0.2.21
[INFO] [stderr]   Downloaded odds v0.2.25
[INFO] [stderr]   Downloaded quick-error v1.1.0
[INFO] [stderr]   Downloaded dtoa v0.4.1
[INFO] [stderr]   Downloaded gcc v0.3.45
[INFO] [stderr]   Downloaded user32-sys v0.1.2
[INFO] [stderr]   Downloaded image v0.12.3
[INFO] [stderr]   Downloaded itoa v0.3.1
[INFO] [stderr]   Downloaded rayon v0.6.0
[INFO] [stderr]   Downloaded deflate v0.7.5
[INFO] [stderr]   Downloaded log v0.3.7
[INFO] [stderr]   Downloaded deque v0.3.1
[INFO] [stderr]   Downloaded pistoncore-input v0.17.1
[INFO] [stderr]   Downloaded num v0.1.37
[INFO] [stderr]   Downloaded wayland-scanner v0.7.8
[INFO] [stderr]   Downloaded nodrop v0.1.9
[INFO] [stderr]   Downloaded gif v0.9.1
[INFO] [stderr]   Downloaded gdi32-sys v0.1.1
[INFO] [stderr]   Downloaded phf v0.7.21
[INFO] [stderr]   Downloaded siphasher v0.2.2
[INFO] [stderr]   Downloaded byteorder v1.0.0
[INFO] [stderr]   Downloaded redox_syscall v0.1.17
[INFO] [stderr]   Downloaded gl v0.6.1
[INFO] [stderr]   Downloaded objc v0.2.2
[INFO] [stderr]   Downloaded wayland-window v0.4.4
[INFO] [stderr]   Downloaded piston-texture v0.5.0
[INFO] [stderr]   Downloaded num_cpus v1.3.0
[INFO] [stderr]   Downloaded jpeg-decoder v0.1.11
[INFO] [stderr]   Downloaded num-rational v0.1.36
[INFO] [stderr]   Downloaded core-graphics v0.4.2
[INFO] [stderr]   Downloaded shader_version v0.2.2
[INFO] [stderr]   Downloaded dwmapi-sys v0.1.0
[INFO] [stderr]   Downloaded phf_shared v0.7.21
[INFO] [stderr]   Downloaded linked-hash-map v0.0.10
[INFO] [stderr]   Downloaded unsafe-any v0.4.1
[INFO] [stderr]   Downloaded pistoncore-event_loop v0.31.4
[INFO] [stderr]   Downloaded target_build_utils v0.3.0
[INFO] [stderr]   Downloaded inflate v0.1.1
[INFO] [stderr]   Downloaded read_color v0.1.0
[INFO] [stderr]   Downloaded num-iter v0.1.33
[INFO] [stderr]   Downloaded fnv v1.0.5
[INFO] [stderr]   Downloaded piston-float v0.3.0
[INFO] [stderr]   Downloaded interpolation v0.1.0
[INFO] [stderr]   Downloaded phf_generator v0.7.21
[INFO] [stderr]   Downloaded wayland-client v0.7.8
[INFO] [stderr]   Downloaded gl_generator v0.5.2
[INFO] [stderr]   Downloaded tempfile v2.1.5
[INFO] [stderr]   Downloaded shell32-sys v0.1.1
[INFO] [stderr]   Downloaded serde_json v0.9.9
[INFO] [stderr]   Downloaded android_glue v0.2.2
[INFO] [stderr]   Downloaded serde_codegen_internals v0.14.1
[INFO] [stderr]   Downloaded humantime v1.0.0
[INFO] [stderr]   Downloaded serde_yaml v0.6.2
[INFO] [stderr]   Downloaded piston v0.31.4
[INFO] [stderr]   Downloaded vecmath v0.3.0
[INFO] [stderr]   Downloaded libloading v0.3.2
[INFO] [stderr]   Downloaded wayland-sys v0.7.8
[INFO] [stderr]   Downloaded serde-value v0.4.0
[INFO] [stderr]   Downloaded flate2 v0.2.17
[INFO] [stderr]   Downloaded arrayvec v0.3.21
[INFO] [stderr]   Downloaded x11-dl v2.12.0
[INFO] [stderr]   Downloaded glutin v0.7.4
[INFO] [stderr]   Downloaded serde_derive v0.9.11
[INFO] [stderr]   Downloaded log4rs v0.6.2
[INFO] [stderr]   Downloaded serde v0.9.11
[INFO] [stderr]   Downloaded chrono v0.3.0
[INFO] [stderr]   Downloaded piston2d-opengl_graphics v0.42.1
[INFO] running `Command { std: "docker" "create" "-v" "/var/lib/crater-agent-workspace/builds/worker-7-tc1/target:/opt/rustwide/target:rw,Z" "-v" "/var/lib/crater-agent-workspace/builds/worker-7-tc1/source:/opt/rustwide/workdir:ro,Z" "-v" "/var/lib/crater-agent-workspace/cargo-home:/opt/rustwide/cargo-home:ro,Z" "-v" "/var/lib/crater-agent-workspace/rustup-home:/opt/rustwide/rustup-home:ro,Z" "-e" "SOURCE_DIR=/opt/rustwide/workdir" "-e" "CARGO_TARGET_DIR=/opt/rustwide/target" "-e" "CARGO_HOME=/opt/rustwide/cargo-home" "-e" "RUSTUP_HOME=/opt/rustwide/rustup-home" "-w" "/opt/rustwide/workdir" "-m" "1610612736" "--user" "0:0" "--network" "none" "ghcr.io/rust-lang/crates-build-env/linux@sha256:2788e3201cd34a07e3172128adcd8b3090168a8e3bcc40d7c032b9dda1df7d1c" "/opt/rustwide/cargo-home/bin/cargo" "+1.75.0" "metadata" "--no-deps" "--format-version=1", kill_on_drop: false }`
[INFO] [stdout] 96f0e82f326cbb8100aadc4b9d7886948129df190f115140d7bab8cafb250a45
[INFO] running `Command { std: "docker" "start" "-a" "96f0e82f326cbb8100aadc4b9d7886948129df190f115140d7bab8cafb250a45", kill_on_drop: false }`
[INFO] running `Command { std: "docker" "inspect" "96f0e82f326cbb8100aadc4b9d7886948129df190f115140d7bab8cafb250a45", kill_on_drop: false }`
[INFO] running `Command { std: "docker" "rm" "-f" "96f0e82f326cbb8100aadc4b9d7886948129df190f115140d7bab8cafb250a45", kill_on_drop: false }`
[INFO] [stdout] 96f0e82f326cbb8100aadc4b9d7886948129df190f115140d7bab8cafb250a45
[INFO] running `Command { std: "docker" "create" "-v" "/var/lib/crater-agent-workspace/builds/worker-7-tc1/target:/opt/rustwide/target:rw,Z" "-v" "/var/lib/crater-agent-workspace/builds/worker-7-tc1/source:/opt/rustwide/workdir:ro,Z" "-v" "/var/lib/crater-agent-workspace/cargo-home:/opt/rustwide/cargo-home:ro,Z" "-v" "/var/lib/crater-agent-workspace/rustup-home:/opt/rustwide/rustup-home:ro,Z" "-e" "SOURCE_DIR=/opt/rustwide/workdir" "-e" "CARGO_TARGET_DIR=/opt/rustwide/target" "-e" "CARGO_INCREMENTAL=0" "-e" "RUST_BACKTRACE=full" "-e" "RUSTFLAGS=--cap-lints=warn" "-e" "RUSTDOCFLAGS=--cap-lints=warn" "-e" "CARGO_HOME=/opt/rustwide/cargo-home" "-e" "RUSTUP_HOME=/opt/rustwide/rustup-home" "-w" "/opt/rustwide/workdir" "-m" "1610612736" "--user" "0:0" "--network" "none" "ghcr.io/rust-lang/crates-build-env/linux@sha256:2788e3201cd34a07e3172128adcd8b3090168a8e3bcc40d7c032b9dda1df7d1c" "/opt/rustwide/cargo-home/bin/cargo" "+1.75.0" "doc" "--frozen" "--no-deps" "--document-private-items" "--message-format=json", kill_on_drop: false }`
[INFO] [stdout] 2ce110f70c32521c4e7e7f25a70af2bb9113599261470d8ed605d756bfc5ec04
[INFO] running `Command { std: "docker" "start" "-a" "2ce110f70c32521c4e7e7f25a70af2bb9113599261470d8ed605d756bfc5ec04", kill_on_drop: false }`
[INFO] [stderr]     Checking libc v0.2.21
[INFO] [stderr]    Compiling siphasher v0.2.2
[INFO] [stderr]    Compiling bitflags v0.7.0
[INFO] [stderr]    Compiling serde v0.9.11
[INFO] [stderr]    Compiling dtoa v0.4.1
[INFO] [stderr]     Checking num-traits v0.1.37
[INFO] [stderr]    Compiling xml-rs v0.3.6
[INFO] [stderr]    Compiling phf_shared v0.7.21
[INFO] [stderr]    Compiling itoa v0.3.1
[INFO] [stderr]    Compiling rand v0.3.15
[INFO] [stderr]    Compiling phf v0.7.21
[INFO] [stderr]     Checking lazy_static v0.2.4
[INFO] [stderr]     Checking byteorder v1.0.0
[INFO] [stderr]    Compiling khronos_api v1.0.0
[INFO] [stderr]    Compiling winapi-build v0.1.1
[INFO] [stderr]    Compiling log v0.3.7
[INFO] [stderr]     Checking piston-float v0.3.0
[INFO] [stderr]     Checking num-integer v0.1.33
[INFO] [stderr]    Compiling kernel32-sys v0.2.2
[INFO] [stderr]    Compiling wayland-scanner v0.7.8
[INFO] [stderr]    Compiling gl_generator v0.5.2
[INFO] [stderr]    Compiling semver v0.1.20
[INFO] [stderr]     Checking piston-viewport v0.3.0
[INFO] [stderr]     Checking winapi v0.2.8
[INFO] [stderr]    Compiling phf_generator v0.7.21
[INFO] [stderr]    Compiling phf_codegen v0.7.21
[INFO] [stderr]    Compiling rustc_version v0.1.7
[INFO] [stderr]     Checking num-iter v0.1.33
[INFO] [stderr]    Compiling pkg-config v0.3.9
[INFO] [stderr]     Checking fs2 v0.2.5
[INFO] [stderr]     Checking rustc-serialize v0.3.23
[INFO] [stderr]    Compiling target_build_utils v0.3.0
[INFO] [stderr]     Checking shader_version v0.2.2
[INFO] [stderr]    Compiling tempfile v2.1.5
[INFO] [stderr]    Compiling gcc v0.3.45
[INFO] [stderr]    Compiling unicode-xid v0.0.4
[INFO] [stderr]    Compiling wayland-client v0.7.8
[INFO] [stderr]    Compiling synom v0.11.3
[INFO] [stderr]    Compiling gl v0.6.1
[INFO] [stderr]    Compiling x11-dl v2.12.0
[INFO] [stderr]     Checking memmap v0.4.0
[INFO] [stderr]     Checking deque v0.3.1
[INFO] [stderr]     Checking shared_library v0.1.5
[INFO] [stderr]    Compiling miniz-sys v0.1.9
[INFO] [stderr]     Checking num_cpus v1.3.0
[INFO] [stderr]     Checking void v1.0.2
[INFO] [stderr]     Checking odds v0.2.25
[INFO] [stderr]     Checking adler32 v1.0.0
[INFO] [stderr]    Compiling quote v0.3.15
[INFO] [stderr]    Compiling serde_json v0.9.9
[INFO] [stderr]    Compiling syn v0.11.9
[INFO] [stderr]     Checking nodrop v0.1.9
[INFO] [stderr]     Checking pistoncore-input v0.17.1
[INFO] [stderr]     Checking deflate v0.7.5
[INFO] [stderr]     Checking rayon v0.6.0
[INFO] [stderr]     Checking unreachable v0.1.1
[INFO] [stderr]     Checking pistoncore-window v0.26.2
[INFO] [stderr]    Compiling glutin v0.7.4
[INFO] [stderr]     Checking linked-hash-map v0.3.0
[INFO] [stderr]     Checking inflate v0.1.1
[INFO] [stderr]     Checking lzw v0.10.0
[INFO] [stderr]     Checking byteorder v0.4.2
[INFO] [stderr]     Checking color_quant v1.0.0
[INFO] [stderr]     Checking traitobject v0.1.0
[INFO] [stderr]     Checking gif v0.9.1
[INFO] [stderr]     Checking stb_truetype v0.2.1
[INFO] [stderr]     Checking unsafe-any v0.4.1
[INFO] [stderr]     Checking yaml-rust v0.3.5
[INFO] [stderr]     Checking jpeg-decoder v0.1.11
[INFO] [stderr]    Compiling serde_codegen_internals v0.14.1
[INFO] [stderr]     Checking ordered-float v0.4.0
[INFO] [stderr]     Checking png v0.6.2
[INFO] [stderr]     Checking arrayvec v0.3.21
[INFO] [stderr]     Checking osmesa-sys v0.1.2
[INFO] [stderr]     Checking num v0.1.37
[INFO] [stderr]     Checking num-rational v0.1.36
[INFO] [stderr]     Checking vecmath v0.3.0
[INFO] [stderr]     Checking enum_primitive v0.1.1
[INFO] [stderr]     Checking time v0.1.36
[INFO] [stderr]     Checking quick-error v1.1.0
[INFO] [stderr]     Checking interpolation v0.1.0
[INFO] [stderr]     Checking glob v0.2.11
[INFO] [stderr]     Checking scoped_threadpool v0.1.7
[INFO] [stderr]     Checking fnv v1.0.5
[INFO] [stderr]     Checking linked-hash-map v0.0.10
[INFO] [stderr]     Checking read_color v0.1.0
[INFO] [stderr]     Checking piston-texture v0.5.0
[INFO] [stderr]     Checking chrono v0.3.0
[INFO] [stderr]     Checking image v0.12.3
[INFO] [stderr]     Checking piston2d-graphics v0.21.1
[INFO] [stderr]     Checking rusttype v0.2.1
[INFO] [stderr]     Checking humantime v1.0.0
[INFO] [stderr]    Compiling serde_derive v0.9.11
[INFO] [stdout] error[E0311]: the parameter type `K` may not live long enough
[INFO] [stdout]   --> /opt/rustwide/cargo-home/registry/src/index.crates.io-6f17d22bba15001f/rusttype-0.2.1/src/support/bst/map.rs:81:19
[INFO] [stdout]    |
[INFO] [stdout] 78 |                 node: node::NodeRef<marker::Immut, K, V, marker::LeafOrInternal>)
[INFO] [stdout]    |                                     ------------- the parameter type `K` must be valid for the anonymous lifetime defined here...
[INFO] [stdout] ...
[INFO] [stdout] 81 |             match node.force() {
[INFO] [stdout]    |                   ^^^^ ...so that the type `K` will meet its required lifetime bounds
[INFO] [stdout]    |
[INFO] [stdout] help: consider adding an explicit lifetime bound
[INFO] [stdout]    |
[INFO] [stdout] 77 ~         fn clone_subtree<'a, K: Clone + 'a, V: Clone>(
[INFO] [stdout] 78 ~                 node: node::NodeRef<marker::Immut<'a>, K, V, marker::LeafOrInternal>)
[INFO] [stdout]    |
[INFO] [stdout] 
[INFO] [stdout] 
[INFO] [stdout] error[E0311]: the parameter type `V` may not live long enough
[INFO] [stdout]   --> /opt/rustwide/cargo-home/registry/src/index.crates.io-6f17d22bba15001f/rusttype-0.2.1/src/support/bst/map.rs:81:19
[INFO] [stdout]    |
[INFO] [stdout] 78 |                 node: node::NodeRef<marker::Immut, K, V, marker::LeafOrInternal>)
[INFO] [stdout]    |                                     ------------- the parameter type `V` must be valid for the anonymous lifetime defined here...
[INFO] [stdout] ...
[INFO] [stdout] 81 |             match node.force() {
[INFO] [stdout]    |                   ^^^^ ...so that the type `V` will meet its required lifetime bounds
[INFO] [stdout]    |
[INFO] [stdout] help: consider adding an explicit lifetime bound
[INFO] [stdout]    |
[INFO] [stdout] 77 ~         fn clone_subtree<'a, K: Clone, V: Clone + 'a>(
[INFO] [stdout] 78 ~                 node: node::NodeRef<marker::Immut<'a>, K, V, marker::LeafOrInternal>)
[INFO] [stdout]    |
[INFO] [stdout] 
[INFO] [stdout] 
[INFO] [stderr]     Checking flate2 v0.2.17
[INFO] [stderr]     Checking serde_yaml v0.6.2
[INFO] [stdout] error: aborting due to 2 previous errors
[INFO] [stdout] 
[INFO] [stdout] 
[INFO] [stdout] For more information about this error, try `rustc --explain E0311`.
[INFO] [stdout] 
[INFO] [stderr]     Checking serde-value v0.4.0
[INFO] [stderr] error: could not compile `rusttype` (lib) due to 3 previous errors
[INFO] [stderr] warning: build failed, waiting for other jobs to finish...
[INFO] running `Command { std: "docker" "inspect" "2ce110f70c32521c4e7e7f25a70af2bb9113599261470d8ed605d756bfc5ec04", kill_on_drop: false }`
[INFO] running `Command { std: "docker" "rm" "-f" "2ce110f70c32521c4e7e7f25a70af2bb9113599261470d8ed605d756bfc5ec04", kill_on_drop: false }`
[INFO] [stdout] 2ce110f70c32521c4e7e7f25a70af2bb9113599261470d8ed605d756bfc5ec04
[INFO] documenting AlexW-GH/rust8 against beta-2023-12-22 for beta-1.76-rustdoc-1
[INFO] running `Command { std: "git" "clone" "/workspace/cache/git-repos/https%3A%2F%2Fgithub.com%2FAlexW-GH%2Frust8" "/workspace/builds/worker-7-tc2/source", kill_on_drop: false }`
[INFO] [stderr] Cloning into '/workspace/builds/worker-7-tc2/source'...
[INFO] [stderr] done.
[INFO] validating manifest of git repo https://github.com/AlexW-GH/rust8 on toolchain beta-2023-12-22
[INFO] running `Command { std: CARGO_HOME="/workspace/cargo-home" RUSTUP_HOME="/workspace/rustup-home" "/workspace/cargo-home/bin/cargo" "+beta-2023-12-22" "metadata" "--manifest-path" "Cargo.toml" "--no-deps", kill_on_drop: false }`
[INFO] started tweaking git repo https://github.com/AlexW-GH/rust8
[INFO] finished tweaking git repo https://github.com/AlexW-GH/rust8
[INFO] tweaked toml for git repo https://github.com/AlexW-GH/rust8 written to /workspace/builds/worker-7-tc2/source/Cargo.toml
[INFO] crate git repo https://github.com/AlexW-GH/rust8 already has a lockfile, it will not be regenerated
[INFO] running `Command { std: CARGO_HOME="/workspace/cargo-home" RUSTUP_HOME="/workspace/rustup-home" "/workspace/cargo-home/bin/cargo" "+beta-2023-12-22" "fetch" "--manifest-path" "Cargo.toml", kill_on_drop: false }`
[INFO] running `Command { std: "docker" "create" "-v" "/var/lib/crater-agent-workspace/builds/worker-7-tc2/target:/opt/rustwide/target:rw,Z" "-v" "/var/lib/crater-agent-workspace/builds/worker-7-tc2/source:/opt/rustwide/workdir:ro,Z" "-v" "/var/lib/crater-agent-workspace/cargo-home:/opt/rustwide/cargo-home:ro,Z" "-v" "/var/lib/crater-agent-workspace/rustup-home:/opt/rustwide/rustup-home:ro,Z" "-e" "SOURCE_DIR=/opt/rustwide/workdir" "-e" "CARGO_TARGET_DIR=/opt/rustwide/target" "-e" "CARGO_HOME=/opt/rustwide/cargo-home" "-e" "RUSTUP_HOME=/opt/rustwide/rustup-home" "-w" "/opt/rustwide/workdir" "-m" "1610612736" "--user" "0:0" "--network" "none" "ghcr.io/rust-lang/crates-build-env/linux@sha256:2788e3201cd34a07e3172128adcd8b3090168a8e3bcc40d7c032b9dda1df7d1c" "/opt/rustwide/cargo-home/bin/cargo" "+beta-2023-12-22" "metadata" "--no-deps" "--format-version=1", kill_on_drop: false }`
[INFO] [stdout] 8753a8ce0d52da0a00ff8e3ebb346f4dae5108aa2f5148e8bab85ee76b2e9c49
[INFO] running `Command { std: "docker" "start" "-a" "8753a8ce0d52da0a00ff8e3ebb346f4dae5108aa2f5148e8bab85ee76b2e9c49", kill_on_drop: false }`
[INFO] running `Command { std: "docker" "inspect" "8753a8ce0d52da0a00ff8e3ebb346f4dae5108aa2f5148e8bab85ee76b2e9c49", kill_on_drop: false }`
[INFO] running `Command { std: "docker" "rm" "-f" "8753a8ce0d52da0a00ff8e3ebb346f4dae5108aa2f5148e8bab85ee76b2e9c49", kill_on_drop: false }`
[INFO] [stdout] 8753a8ce0d52da0a00ff8e3ebb346f4dae5108aa2f5148e8bab85ee76b2e9c49
[INFO] running `Command { std: "docker" "create" "-v" "/var/lib/crater-agent-workspace/builds/worker-7-tc2/target:/opt/rustwide/target:rw,Z" "-v" "/var/lib/crater-agent-workspace/builds/worker-7-tc2/source:/opt/rustwide/workdir:ro,Z" "-v" "/var/lib/crater-agent-workspace/cargo-home:/opt/rustwide/cargo-home:ro,Z" "-v" "/var/lib/crater-agent-workspace/rustup-home:/opt/rustwide/rustup-home:ro,Z" "-e" "SOURCE_DIR=/opt/rustwide/workdir" "-e" "CARGO_TARGET_DIR=/opt/rustwide/target" "-e" "CARGO_INCREMENTAL=0" "-e" "RUST_BACKTRACE=full" "-e" "RUSTFLAGS=--cap-lints=warn" "-e" "RUSTDOCFLAGS=--cap-lints=warn" "-e" "CARGO_HOME=/opt/rustwide/cargo-home" "-e" "RUSTUP_HOME=/opt/rustwide/rustup-home" "-w" "/opt/rustwide/workdir" "-m" "1610612736" "--user" "0:0" "--network" "none" "ghcr.io/rust-lang/crates-build-env/linux@sha256:2788e3201cd34a07e3172128adcd8b3090168a8e3bcc40d7c032b9dda1df7d1c" "/opt/rustwide/cargo-home/bin/cargo" "+beta-2023-12-22" "doc" "--frozen" "--no-deps" "--document-private-items" "--message-format=json", kill_on_drop: false }`
[INFO] [stdout] 1eff4c2a209c55fc0daaf7e8cb90147c0346e39d250889b7dac81bc6f492adcf
[INFO] running `Command { std: "docker" "start" "-a" "1eff4c2a209c55fc0daaf7e8cb90147c0346e39d250889b7dac81bc6f492adcf", kill_on_drop: false }`
[INFO] [stderr]     Checking libc v0.2.21
[INFO] [stderr]    Compiling siphasher v0.2.2
[INFO] [stderr]    Compiling bitflags v0.7.0
[INFO] [stderr]    Compiling num-traits v0.1.37
[INFO] [stderr]    Compiling serde v0.9.11
[INFO] [stderr]    Compiling itoa v0.3.1
[INFO] [stderr]    Compiling xml-rs v0.3.6
[INFO] [stderr]    Compiling dtoa v0.4.1
[INFO] [stderr]    Compiling phf_shared v0.7.21
[INFO] [stderr]    Compiling phf v0.7.21
[INFO] [stderr]     Checking lazy_static v0.2.4
[INFO] [stderr]    Compiling rand v0.3.15
[INFO] [stderr]     Checking byteorder v1.0.0
[INFO] [stderr]    Compiling log v0.3.7
[INFO] [stderr]    Compiling winapi-build v0.1.1
[INFO] [stderr]    Compiling khronos_api v1.0.0
[INFO] [stderr]     Checking piston-float v0.3.0
[INFO] [stderr]    Compiling kernel32-sys v0.2.2
[INFO] [stderr]     Checking num-integer v0.1.33
[INFO] [stderr]    Compiling semver v0.1.20
[INFO] [stderr]    Compiling gl_generator v0.5.2
[INFO] [stderr]    Compiling wayland-scanner v0.7.8
[INFO] [stderr]    Compiling rustc_version v0.1.7
[INFO] [stderr]     Checking piston-viewport v0.3.0
[INFO] [stderr]    Compiling phf_generator v0.7.21
[INFO] [stderr]    Compiling phf_codegen v0.7.21
[INFO] [stderr]     Checking winapi v0.2.8
[INFO] [stderr]    Compiling tempfile v2.1.5
[INFO] [stderr]     Checking num-iter v0.1.33
[INFO] [stderr]    Compiling pkg-config v0.3.9
[INFO] [stderr]    Compiling target_build_utils v0.3.0
[INFO] [stderr]     Checking fs2 v0.2.5
[INFO] [stderr]    Compiling gcc v0.3.45
[INFO] [stderr]     Checking rustc-serialize v0.3.23
[INFO] [stderr]    Compiling wayland-client v0.7.8
[INFO] [stderr]    Compiling unicode-xid v0.0.4
[INFO] [stderr]     Checking shader_version v0.2.2
[INFO] [stderr]    Compiling gl v0.6.1
[INFO] [stderr]    Compiling x11-dl v2.12.0
[INFO] [stderr]    Compiling synom v0.11.3
[INFO] [stdout] error[E0310]: the parameter type `T` may not live long enough
[INFO] [stdout]     --> /opt/rustwide/cargo-home/registry/src/index.crates.io-6f17d22bba15001f/rustc-serialize-0.3.23/src/serialize.rs:1155:5
[INFO] [stdout]      |
[INFO] [stdout] 1155 |     fn decode<D: Decoder>(d: &mut D) -> Result<Cow<'static, T>, D::Error> {
[INFO] [stdout]      |     ^^^^^^^^^^^^^^^^^^^^^^^^^^^^^^^^^^^^^^^^^^^^^^^^^^^^^^^^^^^^^^^^^^^^^
[INFO] [stdout]      |     |
[INFO] [stdout]      |     the parameter type `T` must be valid for the static lifetime...
[INFO] [stdout]      |     ...so that the type `T` will meet its required lifetime bounds...
[INFO] [stdout]      |
[INFO] [stdout] note: ...that is required by this bound
[INFO] [stdout]     --> /rustc/0e09125c6c3c2fd70d7de961bcf0e51575235fad/library/alloc/src/borrow.rs:180:30
[INFO] [stdout] help: consider adding an explicit lifetime bound
[INFO] [stdout]      |
[INFO] [stdout] 1151 | impl<'a, T: ?Sized + 'static> Decodable for Cow<'a, T>
[INFO] [stdout]      |                    +++++++++
[INFO] [stdout] 
[INFO] [stdout] 
[INFO] [stderr]     Checking memmap v0.4.0
[INFO] [stderr]     Checking deque v0.3.1
[INFO] [stderr]     Checking shared_library v0.1.5
[INFO] [stderr]    Compiling miniz-sys v0.1.9
[INFO] [stderr]     Checking num_cpus v1.3.0
[INFO] [stderr]     Checking odds v0.2.25
[INFO] [stderr]     Checking adler32 v1.0.0
[INFO] [stderr]     Checking void v1.0.2
[INFO] [stderr]    Compiling quote v0.3.15
[INFO] [stderr]     Checking unreachable v0.1.1
[INFO] [stderr]     Checking nodrop v0.1.9
[INFO] [stdout] error: aborting due to 1 previous error
[INFO] [stdout] 
[INFO] [stdout] 
[INFO] [stdout] For more information about this error, try `rustc --explain E0310`.
[INFO] [stdout] 
[INFO] [stderr] error: could not compile `rustc-serialize` (lib) due to 2 previous errors
[INFO] [stderr] warning: build failed, waiting for other jobs to finish...
[INFO] running `Command { std: "docker" "inspect" "1eff4c2a209c55fc0daaf7e8cb90147c0346e39d250889b7dac81bc6f492adcf", kill_on_drop: false }`
[INFO] running `Command { std: "docker" "rm" "-f" "1eff4c2a209c55fc0daaf7e8cb90147c0346e39d250889b7dac81bc6f492adcf", kill_on_drop: false }`
[INFO] [stdout] 1eff4c2a209c55fc0daaf7e8cb90147c0346e39d250889b7dac81bc6f492adcf
