[INFO] cloning repository https://github.com/Alex-Fischman/geoalg
[INFO] running `Command { std: "git" "-c" "credential.helper=" "-c" "credential.helper=/workspace/cargo-home/bin/git-credential-null" "clone" "--bare" "https://github.com/Alex-Fischman/geoalg" "/workspace/cache/git-repos/https%3A%2F%2Fgithub.com%2FAlex-Fischman%2Fgeoalg", kill_on_drop: false }`
[INFO] [stderr] Cloning into bare repository '/workspace/cache/git-repos/https%3A%2F%2Fgithub.com%2FAlex-Fischman%2Fgeoalg'...
[INFO] running `Command { std: "git" "rev-parse" "HEAD", kill_on_drop: false }`
[INFO] [stdout] 4268c1105271bcda64001d766d29dea73dd8d25e
[INFO] documenting Alex-Fischman/geoalg against 1.75.0 for beta-1.76-rustdoc-1
[INFO] running `Command { std: "git" "clone" "/workspace/cache/git-repos/https%3A%2F%2Fgithub.com%2FAlex-Fischman%2Fgeoalg" "/workspace/builds/worker-7-tc1/source", kill_on_drop: false }`
[INFO] [stderr] Cloning into '/workspace/builds/worker-7-tc1/source'...
[INFO] [stderr] done.
[INFO] validating manifest of git repo https://github.com/Alex-Fischman/geoalg on toolchain 1.75.0
[INFO] running `Command { std: CARGO_HOME="/workspace/cargo-home" RUSTUP_HOME="/workspace/rustup-home" "/workspace/cargo-home/bin/cargo" "+1.75.0" "metadata" "--manifest-path" "Cargo.toml" "--no-deps", kill_on_drop: false }`
[INFO] started tweaking git repo https://github.com/Alex-Fischman/geoalg
[INFO] finished tweaking git repo https://github.com/Alex-Fischman/geoalg
[INFO] tweaked toml for git repo https://github.com/Alex-Fischman/geoalg written to /workspace/builds/worker-7-tc1/source/Cargo.toml
[INFO] crate git repo https://github.com/Alex-Fischman/geoalg already has a lockfile, it will not be regenerated
[INFO] running `Command { std: CARGO_HOME="/workspace/cargo-home" RUSTUP_HOME="/workspace/rustup-home" "/workspace/cargo-home/bin/cargo" "+1.75.0" "fetch" "--manifest-path" "Cargo.toml", kill_on_drop: false }`
[INFO] [stderr]     Updating crates.io index
[INFO] [stderr]  Downloading crates ...
[INFO] [stderr]   Downloaded raw-window-metal v0.1.2
[INFO] [stderr]   Downloaded skulpin v0.14.1
[INFO] [stderr]   Downloaded darling_macro v0.13.0
[INFO] [stderr]   Downloaded ndk-glue v0.5.0
[INFO] [stderr]   Downloaded ash-window v0.6.0
[INFO] [stderr]   Downloaded rafx-base v0.0.14
[INFO] [stderr]   Downloaded wayland-commons v0.29.1
[INFO] [stderr]   Downloaded wayland-sys v0.29.1
[INFO] [stderr]   Downloaded skulpin-renderer v0.14.1
[INFO] [stderr]   Downloaded spirv-types v0.4.0-alpha.12
[INFO] [stderr]   Downloaded rafx-visibility v0.0.14
[INFO] [stderr]   Downloaded clang-sys v1.0.1
[INFO] [stderr]   Downloaded rafx v0.0.14
[INFO] [stderr]   Downloaded darling_core v0.13.0
[INFO] [stderr]   Downloaded webpki-roots v0.22.1
[INFO] [stderr]   Downloaded winit v0.26.0
[INFO] [stderr]   Downloaded profiling v1.0.4
[INFO] [stderr]   Downloaded skia-safe v0.45.1
[INFO] [stderr]   Downloaded wayland-protocols v0.29.1
[INFO] [stderr]   Downloaded rafx-api v0.0.14
[INFO] [stderr]   Downloaded rustls v0.20.2
[INFO] [stderr]   Downloaded darling v0.13.0
[INFO] [stderr]   Downloaded rafx-framework v0.0.14
[INFO] [stderr]   Downloaded smithay-client-toolkit v0.15.2
[INFO] [stderr]   Downloaded skia-bindings v0.45.1
[INFO] [stderr]   Downloaded ureq v2.3.1
[INFO] [stderr]   Downloaded wayland-client v0.29.1
[INFO] [stderr]   Downloaded wayland-scanner v0.29.1
[INFO] [stderr]   Downloaded spirv-std-macros v0.4.0-alpha.12
[INFO] [stderr]   Downloaded wayland-cursor v0.29.1
[INFO] [stderr]   Downloaded gpu-allocator v0.8.0
[INFO] [stderr]   Downloaded skulpin-app-winit v0.14.1
[INFO] [stderr]   Downloaded profiling-procmacros v1.0.4
[INFO] [stderr]   Downloaded calloop v0.9.1
[INFO] running `Command { std: "docker" "create" "-v" "/var/lib/crater-agent-workspace/builds/worker-7-tc1/target:/opt/rustwide/target:rw,Z" "-v" "/var/lib/crater-agent-workspace/builds/worker-7-tc1/source:/opt/rustwide/workdir:ro,Z" "-v" "/var/lib/crater-agent-workspace/cargo-home:/opt/rustwide/cargo-home:ro,Z" "-v" "/var/lib/crater-agent-workspace/rustup-home:/opt/rustwide/rustup-home:ro,Z" "-e" "SOURCE_DIR=/opt/rustwide/workdir" "-e" "CARGO_TARGET_DIR=/opt/rustwide/target" "-e" "CARGO_HOME=/opt/rustwide/cargo-home" "-e" "RUSTUP_HOME=/opt/rustwide/rustup-home" "-w" "/opt/rustwide/workdir" "-m" "1610612736" "--user" "0:0" "--network" "none" "ghcr.io/rust-lang/crates-build-env/linux@sha256:2788e3201cd34a07e3172128adcd8b3090168a8e3bcc40d7c032b9dda1df7d1c" "/opt/rustwide/cargo-home/bin/cargo" "+1.75.0" "metadata" "--no-deps" "--format-version=1", kill_on_drop: false }`
[INFO] [stdout] aae4d1fd1093fefaaa3e90900a70be4637d6261a82764e8946a44ccd4696e722
[INFO] running `Command { std: "docker" "start" "-a" "aae4d1fd1093fefaaa3e90900a70be4637d6261a82764e8946a44ccd4696e722", kill_on_drop: false }`
[INFO] running `Command { std: "docker" "inspect" "aae4d1fd1093fefaaa3e90900a70be4637d6261a82764e8946a44ccd4696e722", kill_on_drop: false }`
[INFO] running `Command { std: "docker" "rm" "-f" "aae4d1fd1093fefaaa3e90900a70be4637d6261a82764e8946a44ccd4696e722", kill_on_drop: false }`
[INFO] [stdout] aae4d1fd1093fefaaa3e90900a70be4637d6261a82764e8946a44ccd4696e722
[INFO] running `Command { std: "docker" "create" "-v" "/var/lib/crater-agent-workspace/builds/worker-7-tc1/target:/opt/rustwide/target:rw,Z" "-v" "/var/lib/crater-agent-workspace/builds/worker-7-tc1/source:/opt/rustwide/workdir:ro,Z" "-v" "/var/lib/crater-agent-workspace/cargo-home:/opt/rustwide/cargo-home:ro,Z" "-v" "/var/lib/crater-agent-workspace/rustup-home:/opt/rustwide/rustup-home:ro,Z" "-e" "SOURCE_DIR=/opt/rustwide/workdir" "-e" "CARGO_TARGET_DIR=/opt/rustwide/target" "-e" "CARGO_INCREMENTAL=0" "-e" "RUST_BACKTRACE=full" "-e" "RUSTFLAGS=--cap-lints=warn" "-e" "RUSTDOCFLAGS=--cap-lints=warn" "-e" "CARGO_HOME=/opt/rustwide/cargo-home" "-e" "RUSTUP_HOME=/opt/rustwide/rustup-home" "-w" "/opt/rustwide/workdir" "-m" "1610612736" "--user" "0:0" "--network" "none" "ghcr.io/rust-lang/crates-build-env/linux@sha256:2788e3201cd34a07e3172128adcd8b3090168a8e3bcc40d7c032b9dda1df7d1c" "/opt/rustwide/cargo-home/bin/cargo" "+1.75.0" "doc" "--frozen" "--no-deps" "--document-private-items" "--message-format=json", kill_on_drop: false }`
[INFO] [stdout] bb9b0d96e247c2c31d6649c0ee3ef5b5ea8cfb0c7444dd65077affd69e3eab6f
[INFO] running `Command { std: "docker" "start" "-a" "bb9b0d96e247c2c31d6649c0ee3ef5b5ea8cfb0c7444dd65077affd69e3eab6f", kill_on_drop: false }`
[INFO] [stderr]    Compiling proc-macro2 v1.0.32
[INFO] [stderr]    Compiling libc v0.2.109
[INFO] [stderr]    Compiling cc v1.0.72
[INFO] [stderr]    Compiling syn v1.0.82
[INFO] [stderr]     Checking libloading v0.7.2
[INFO] [stderr]    Compiling miniz_oxide v0.4.4
[INFO] [stderr]    Compiling memchr v2.4.1
[INFO] [stderr]    Compiling pkg-config v0.3.22
[INFO] [stderr]     Checking smallvec v1.7.0
[INFO] [stderr]    Compiling once_cell v1.8.0
[INFO] [stderr]    Compiling serde_derive v1.0.130
[INFO] [stderr]    Compiling log v0.4.14
[INFO] [stderr]    Compiling memoffset v0.6.5
[INFO] [stderr]    Compiling glob v0.3.0
[INFO] [stderr]    Compiling quote v1.0.10
[INFO] [stderr]    Compiling serde v1.0.130
[INFO] [stderr]    Compiling xml-rs v0.8.4
[INFO] [stderr]    Compiling tinyvec v1.5.1
[INFO] [stderr]    Compiling clang-sys v1.0.1
[INFO] [stderr]    Compiling ring v0.16.20
[INFO] [stderr]    Compiling nom v7.1.0
[INFO] [stderr]    Compiling wayland-scanner v0.29.1
[INFO] [stderr]    Compiling crossbeam-utils v0.8.5
[INFO] [stderr]    Compiling matches v0.1.9
[INFO] [stderr]    Compiling atty v0.2.14
[INFO] [stderr]    Compiling aho-corasick v0.7.18
[INFO] [stderr]    Compiling wayland-sys v0.29.1
[INFO] [stderr]    Compiling regex-syntax v0.6.25
[INFO] [stderr]    Compiling unicode-normalization v0.1.19
[INFO] [stderr]    Compiling unicode-bidi v0.3.7
[INFO] [stderr]    Compiling ryu v1.0.6
[INFO] [stderr]    Compiling percent-encoding v2.1.0
[INFO] [stderr]    Compiling crc32fast v1.3.0
[INFO] [stderr]    Compiling unicode-width v0.1.9
[INFO] [stderr]    Compiling textwrap v0.11.0
[INFO] [stderr]    Compiling idna v0.2.3
[INFO] [stderr]    Compiling form_urlencoded v1.0.1
[INFO] [stderr]     Checking nix v0.22.0
[INFO] [stderr]    Compiling backtrace v0.3.63
[INFO] [stderr]     Checking dlib v0.5.0
[INFO] [stderr]    Compiling libloading v0.6.7
[INFO] [stderr]    Compiling vec_map v0.8.2
[INFO] [stderr]    Compiling regex v1.5.4
[INFO] [stderr]    Compiling humantime v2.1.0
[INFO] [stderr]    Compiling adler v1.0.2
[INFO] [stderr]    Compiling termcolor v1.1.2
[INFO] [stderr]    Compiling serde_json v1.0.72
[INFO] [stderr]    Compiling bindgen v0.59.2
[INFO] [stderr]     Checking gimli v0.26.1
[INFO] [stderr]    Compiling strsim v0.8.0
[INFO] [stderr]    Compiling webpki v0.22.0
[INFO] [stderr]    Compiling sct v0.7.0
[INFO] [stderr]    Compiling either v1.6.1
[INFO] [stderr]    Compiling ansi_term v0.12.1
[INFO] [stderr]    Compiling which v4.2.2
[INFO] [stderr]    Compiling clap v2.34.0
[INFO] [stderr]    Compiling rustls v0.20.2
[INFO] [stderr]    Compiling webpki-roots v0.22.1
[INFO] [stderr]    Compiling cexpr v0.6.0
[INFO] [stderr]    Compiling env_logger v0.9.0
[INFO] [stderr]     Checking lock_api v0.4.5
[INFO] [stderr]    Compiling thiserror-impl v1.0.30
[INFO] [stderr]    Compiling profiling-procmacros v1.0.4
[INFO] [stderr]     Checking addr2line v0.17.0
[INFO] [stderr]    Compiling url v2.2.2
[INFO] [stderr]     Checking crossbeam-channel v0.5.1
[INFO] [stderr]    Compiling wayland-client v0.29.1
[INFO] [stderr]     Checking parking_lot_core v0.8.5
[INFO] [stderr]    Compiling xattr v0.2.2
[INFO] [stderr]    Compiling filetime v0.2.15
[INFO] [stderr]     Checking object v0.27.1
[INFO] [stderr]     Checking ash v0.32.1
[INFO] [stderr]    Compiling slotmap v1.0.6
[INFO] [stderr]    Compiling shlex v1.1.0
[INFO] [stderr]    Compiling base64 v0.13.0
[INFO] [stderr]     Checking rustc-demangle v0.1.21
[INFO] [stderr]    Compiling itoa v0.4.8
[INFO] [stderr]    Compiling peeking_take_while v0.1.2
[INFO] [stderr]    Compiling unicode-segmentation v1.8.0
[INFO] [stderr]    Compiling chunked_transfer v1.4.0
[INFO] [stderr]    Compiling lazycell v1.3.0
[INFO] [stderr]     Checking wayland-commons v0.29.1
[INFO] [stderr]    Compiling heck v0.3.3
[INFO] [stderr]    Compiling ureq v2.3.1
[INFO] [stderr]     Checking thiserror v1.0.30
[INFO] [stderr]    Compiling tar v0.4.37
[INFO] [stderr]     Checking parking_lot v0.11.2
[INFO] [stderr]    Compiling flate2 v1.0.22
[INFO] [stderr]     Checking profiling v1.0.4
[INFO] [stderr]    Compiling toml v0.5.8
[INFO] [stderr]     Checking raw-window-handle v0.3.4
[INFO] [stderr]     Checking scoped-tls v1.0.0
[INFO] [stderr]     Checking rafx-base v0.0.14
[INFO] [stderr]    Compiling wayland-protocols v0.29.1
[INFO] [stderr]    Compiling x11-dl v2.19.1
[INFO] [stderr]    Compiling smithay-client-toolkit v0.15.2
[INFO] [stderr]     Checking arrayvec v0.5.2
[INFO] [stderr]     Checking calloop v0.9.1
[INFO] [stderr]     Checking memmap2 v0.3.1
[INFO] [stderr]     Checking xcursor v0.3.4
[INFO] [stderr]    Compiling winit v0.26.0
[INFO] [stderr]     Checking mio v0.8.0
[INFO] [stderr]     Checking serde_bytes v0.11.5
[INFO] [stderr]     Checking glam v0.13.1
[INFO] [stderr]     Checking wayland-cursor v0.29.1
[INFO] [stderr]     Checking bincode v1.3.3
[INFO] [stderr]    Compiling skia-bindings v0.45.1
[INFO] [stderr]     Checking gpu-allocator v0.8.0
[INFO] [stderr]     Checking ash-window v0.6.0
[INFO] [stderr]     Checking rafx-api v0.0.14
[INFO] [stderr]     Checking rafx-visibility v0.0.14
[INFO] [stderr] error: failed to run custom build command for `skia-bindings v0.45.1`
[INFO] [stderr] note: To improve backtraces for build dependencies, set the CARGO_PROFILE_DEV_BUILD_OVERRIDE_DEBUG=true environment variable to enable debug information generation.
[INFO] [stderr] 
[INFO] [stderr] Caused by:
[INFO] [stderr]   process didn't exit successfully: `/opt/rustwide/target/debug/build/skia-bindings-9f0013c9c0ab90c1/build-script-build` (exit status: 101)
[INFO] [stderr]   --- stdout
[INFO] [stderr]   cargo:rerun-if-env-changed=SKIA_DEBUG
[INFO] [stderr]   cargo:rerun-if-env-changed=SKIA_SOURCE_DIR
[INFO] [stderr]   cargo:rerun-if-env-changed=FORCE_SKIA_BUILD
[INFO] [stderr]   cargo:rerun-if-env-changed=FORCE_SKIA_BINARIES_DOWNLOAD
[INFO] [stderr]   TRYING TO DOWNLOAD AND INSTALL SKIA BINARIES: 0.45.1/e19d04810f547f7ac151-x86_64-unknown-linux-gnu-textlayout-vulkan
[INFO] [stderr]   cargo:rerun-if-env-changed=SKIA_BINARIES_URL
[INFO] [stderr]     FROM: https://github.com/rust-skia/skia-binaries/releases/download/0.45.1/skia-binaries-e19d04810f547f7ac151-x86_64-unknown-linux-gnu-textlayout-vulkan.tar.gz
[INFO] [stderr]   DOWNLOAD AND INSTALL FAILED: https://github.com/rust-skia/skia-binaries/releases/download/0.45.1/skia-binaries-e19d04810f547f7ac151-x86_64-unknown-linux-gnu-textlayout-vulkan.tar.gz: Dns Failed: failed to lookup address information: Temporary failure in name resolution
[INFO] [stderr]   STARTING A FULL BUILD
[INFO] [stderr]   HOST: x86_64-unknown-linux-gnu
[INFO] [stderr]   cargo:rerun-if-env-changed=OPT_LEVEL
[INFO] [stderr]   cargo:rerun-if-env-changed=CC
[INFO] [stderr]   cargo:rerun-if-env-changed=CXX
[INFO] [stderr]   cargo:rerun-if-env-changed=SKIA_USE_SYSTEM_LIBRARIES
[INFO] [stderr]   cargo:rerun-if-env-changed=SDKROOT
[INFO] [stderr]   cargo:rerun-if-env-changed=SKIA_NINJA_COMMAND
[INFO] [stderr]   cargo:rerun-if-env-changed=SKIA_GN_COMMAND
[INFO] [stderr]   Probing 'python'
[INFO] [stderr]   Probing 'python2'
[INFO] [stderr]   Python 2 found: "python2"
[INFO] [stderr]   Synchronizing Skia dependencies
[INFO] [stderr]   DOWNLOADING: https://codeload.github.com/rust-skia/skia/tar.gz/m96-0.44.3
[INFO] [stderr] 
[INFO] [stderr]   --- stderr
[INFO] [stderr]   thread 'main' panicked at /opt/rustwide/cargo-home/registry/src/index.crates.io-6f17d22bba15001f/skia-bindings-0.45.1/build_support/binary_cache/download.rs:67:35:
[INFO] [stderr]   Failed to download https://codeload.github.com/rust-skia/skia/tar.gz/m96-0.44.3 (https://codeload.github.com/rust-skia/skia/tar.gz/m96-0.44.3: Dns Failed: failed to lookup address information: Temporary failure in name resolution)
[INFO] [stderr]   stack backtrace:
[INFO] [stderr]      0:     0x563c5e5cf57c - std::backtrace_rs::backtrace::libunwind::trace::ha637c64ce894333a
[INFO] [stderr]                                  at /rustc/82e1608dfa6e0b5569232559e3d385fea5a93112/library/std/src/../../backtrace/src/backtrace/libunwind.rs:104:5
[INFO] [stderr]      1:     0x563c5e5cf57c - std::backtrace_rs::backtrace::trace_unsynchronized::h47f62dea28e0c88d
[INFO] [stderr]                                  at /rustc/82e1608dfa6e0b5569232559e3d385fea5a93112/library/std/src/../../backtrace/src/backtrace/mod.rs:66:5
[INFO] [stderr]      2:     0x563c5e5cf57c - std::sys_common::backtrace::_print_fmt::h9eef0abe20ede486
[INFO] [stderr]                                  at /rustc/82e1608dfa6e0b5569232559e3d385fea5a93112/library/std/src/sys_common/backtrace.rs:67:5
[INFO] [stderr]      3:     0x563c5e5cf57c - <std::sys_common::backtrace::_print::DisplayBacktrace as core::fmt::Display>::fmt::hed7f999df88cc644
[INFO] [stderr]                                  at /rustc/82e1608dfa6e0b5569232559e3d385fea5a93112/library/std/src/sys_common/backtrace.rs:44:22
[INFO] [stderr]      4:     0x563c5e5fffe0 - core::fmt::rt::Argument::fmt::h1539a9308b8d058d
[INFO] [stderr]                                  at /rustc/82e1608dfa6e0b5569232559e3d385fea5a93112/library/core/src/fmt/rt.rs:142:9
[INFO] [stderr]      5:     0x563c5e5fffe0 - core::fmt::write::h3a39390d8560d9c9
[INFO] [stderr]                                  at /rustc/82e1608dfa6e0b5569232559e3d385fea5a93112/library/core/src/fmt/mod.rs:1120:17
[INFO] [stderr]      6:     0x563c5e5cb4bf - std::io::Write::write_fmt::h5fc9997dfe05f882
[INFO] [stderr]                                  at /rustc/82e1608dfa6e0b5569232559e3d385fea5a93112/library/std/src/io/mod.rs:1762:15
[INFO] [stderr]      7:     0x563c5e5cf364 - std::sys_common::backtrace::_print::h894006fb5c6f3d45
[INFO] [stderr]                                  at /rustc/82e1608dfa6e0b5569232559e3d385fea5a93112/library/std/src/sys_common/backtrace.rs:47:5
[INFO] [stderr]      8:     0x563c5e5cf364 - std::sys_common::backtrace::print::h23a2d212c6fff936
[INFO] [stderr]                                  at /rustc/82e1608dfa6e0b5569232559e3d385fea5a93112/library/std/src/sys_common/backtrace.rs:34:9
[INFO] [stderr]      9:     0x563c5e5d1517 - std::panicking::default_hook::{{closure}}::h8a1d2ee00185001a
[INFO] [stderr]     10:     0x563c5e5d127f - std::panicking::default_hook::h6038f2eba384e475
[INFO] [stderr]                                  at /rustc/82e1608dfa6e0b5569232559e3d385fea5a93112/library/std/src/panicking.rs:292:9
[INFO] [stderr]     11:     0x563c5e5d1998 - std::panicking::rust_panic_with_hook::h2b5517d590cab22e
[INFO] [stderr]                                  at /rustc/82e1608dfa6e0b5569232559e3d385fea5a93112/library/std/src/panicking.rs:779:13
[INFO] [stderr]     12:     0x563c5e5d187e - std::panicking::begin_panic_handler::{{closure}}::h233112c06e0ef43e
[INFO] [stderr]                                  at /rustc/82e1608dfa6e0b5569232559e3d385fea5a93112/library/std/src/panicking.rs:657:13
[INFO] [stderr]     13:     0x563c5e5cfa46 - std::sys_common::backtrace::__rust_end_short_backtrace::h6e893f24d7ebbff8
[INFO] [stderr]                                  at /rustc/82e1608dfa6e0b5569232559e3d385fea5a93112/library/std/src/sys_common/backtrace.rs:170:18
[INFO] [stderr]     14:     0x563c5e5d15e2 - rust_begin_unwind
[INFO] [stderr]                                  at /rustc/82e1608dfa6e0b5569232559e3d385fea5a93112/library/std/src/panicking.rs:645:5
[INFO] [stderr]     15:     0x563c5df08195 - core::panicking::panic_fmt::hbf0e066aabfa482c
[INFO] [stderr]                                  at /rustc/82e1608dfa6e0b5569232559e3d385fea5a93112/library/core/src/panicking.rs:72:14
[INFO] [stderr]     16:     0x563c5df12265 - build_script_build::build_support::binary_cache::download::download_dependencies::{{closure}}::he8e62aa4b927d37e
[INFO] [stderr]     17:     0x563c5df1fe3a - core::result::Result<T,E>::unwrap_or_else::hb34ac4b3d35edb4f
[INFO] [stderr]     18:     0x563c5df11be9 - build_script_build::build_support::binary_cache::download::download_dependencies::h74a87f2e71a05a07
[INFO] [stderr]     19:     0x563c5df113ac - build_script_build::build_support::binary_cache::download::resolve_dependencies::h96f471e74d4cc9d4
[INFO] [stderr]     20:     0x563c5df387b4 - build_script_build::build_support::skia::config::build::ha19af1ce47ee90c2
[INFO] [stderr]     21:     0x563c5df2365b - build_script_build::build_from_source::ha92eac33da7a786c
[INFO] [stderr]     22:     0x563c5df24015 - build_script_build::main::h8afbcd080d880942
[INFO] [stderr]     23:     0x563c5df30743 - core::ops::function::FnOnce::call_once::h1c0d5d27e714d828
[INFO] [stderr]     24:     0x563c5df27b26 - std::sys_common::backtrace::__rust_begin_short_backtrace::hf51d15e5fc1a98b2
[INFO] [stderr]     25:     0x563c5df1f699 - std::rt::lang_start::{{closure}}::h35b753d49cebf710
[INFO] [stderr]     26:     0x563c5e5c5f27 - core::ops::function::impls::<impl core::ops::function::FnOnce<A> for &F>::call_once::hd95060ecd5e1ca24
[INFO] [stderr]                                  at /rustc/82e1608dfa6e0b5569232559e3d385fea5a93112/library/core/src/ops/function.rs:284:13
[INFO] [stderr]     27:     0x563c5e5c5f27 - std::panicking::try::do_call::h6e8cf51db32a6e4b
[INFO] [stderr]                                  at /rustc/82e1608dfa6e0b5569232559e3d385fea5a93112/library/std/src/panicking.rs:552:40
[INFO] [stderr]     28:     0x563c5e5c5f27 - std::panicking::try::h3a52eefe24fe3c29
[INFO] [stderr]                                  at /rustc/82e1608dfa6e0b5569232559e3d385fea5a93112/library/std/src/panicking.rs:516:19
[INFO] [stderr]     29:     0x563c5e5c5f27 - std::panic::catch_unwind::h24c28c23c02c3841
[INFO] [stderr]                                  at /rustc/82e1608dfa6e0b5569232559e3d385fea5a93112/library/std/src/panic.rs:142:14
[INFO] [stderr]     30:     0x563c5e5c5f27 - std::rt::lang_start_internal::{{closure}}::h705d3c9cbc06ef47
[INFO] [stderr]                                  at /rustc/82e1608dfa6e0b5569232559e3d385fea5a93112/library/std/src/rt.rs:148:48
[INFO] [stderr]     31:     0x563c5e5c5f27 - std::panicking::try::do_call::ha21f52ba13158470
[INFO] [stderr]                                  at /rustc/82e1608dfa6e0b5569232559e3d385fea5a93112/library/std/src/panicking.rs:552:40
[INFO] [stderr]     32:     0x563c5e5c5f27 - std::panicking::try::h5581346bf6aeb1f8
[INFO] [stderr]                                  at /rustc/82e1608dfa6e0b5569232559e3d385fea5a93112/library/std/src/panicking.rs:516:19
[INFO] [stderr]     33:     0x563c5e5c5f27 - std::panic::catch_unwind::h7919645a6b72e25b
[INFO] [stderr]                                  at /rustc/82e1608dfa6e0b5569232559e3d385fea5a93112/library/std/src/panic.rs:142:14
[INFO] [stderr]     34:     0x563c5e5c5f27 - std::rt::lang_start_internal::h12de51168669836e
[INFO] [stderr]                                  at /rustc/82e1608dfa6e0b5569232559e3d385fea5a93112/library/std/src/rt.rs:148:20
[INFO] [stderr]     35:     0x563c5df1f677 - std::rt::lang_start::h0880258f8ce1209b
[INFO] [stderr]     36:     0x563c5df24345 - main
[INFO] [stderr]     37:     0x7f5fb904dd90 - <unknown>
[INFO] [stderr]     38:     0x7f5fb904de40 - __libc_start_main
[INFO] [stderr]     39:     0x563c5df08a65 - _start
[INFO] [stderr]     40:                0x0 - <unknown>
[INFO] [stderr] warning: build failed, waiting for other jobs to finish...
[INFO] running `Command { std: "docker" "inspect" "bb9b0d96e247c2c31d6649c0ee3ef5b5ea8cfb0c7444dd65077affd69e3eab6f", kill_on_drop: false }`
[INFO] running `Command { std: "docker" "rm" "-f" "bb9b0d96e247c2c31d6649c0ee3ef5b5ea8cfb0c7444dd65077affd69e3eab6f", kill_on_drop: false }`
[INFO] [stdout] bb9b0d96e247c2c31d6649c0ee3ef5b5ea8cfb0c7444dd65077affd69e3eab6f
[INFO] documenting Alex-Fischman/geoalg against beta-2023-12-22 for beta-1.76-rustdoc-1
[INFO] running `Command { std: "git" "clone" "/workspace/cache/git-repos/https%3A%2F%2Fgithub.com%2FAlex-Fischman%2Fgeoalg" "/workspace/builds/worker-7-tc2/source", kill_on_drop: false }`
[INFO] [stderr] Cloning into '/workspace/builds/worker-7-tc2/source'...
[INFO] [stderr] done.
[INFO] validating manifest of git repo https://github.com/Alex-Fischman/geoalg on toolchain beta-2023-12-22
[INFO] running `Command { std: CARGO_HOME="/workspace/cargo-home" RUSTUP_HOME="/workspace/rustup-home" "/workspace/cargo-home/bin/cargo" "+beta-2023-12-22" "metadata" "--manifest-path" "Cargo.toml" "--no-deps", kill_on_drop: false }`
[INFO] started tweaking git repo https://github.com/Alex-Fischman/geoalg
[INFO] finished tweaking git repo https://github.com/Alex-Fischman/geoalg
[INFO] tweaked toml for git repo https://github.com/Alex-Fischman/geoalg written to /workspace/builds/worker-7-tc2/source/Cargo.toml
[INFO] crate git repo https://github.com/Alex-Fischman/geoalg already has a lockfile, it will not be regenerated
[INFO] running `Command { std: CARGO_HOME="/workspace/cargo-home" RUSTUP_HOME="/workspace/rustup-home" "/workspace/cargo-home/bin/cargo" "+beta-2023-12-22" "fetch" "--manifest-path" "Cargo.toml", kill_on_drop: false }`
[INFO] running `Command { std: "docker" "create" "-v" "/var/lib/crater-agent-workspace/builds/worker-7-tc2/target:/opt/rustwide/target:rw,Z" "-v" "/var/lib/crater-agent-workspace/builds/worker-7-tc2/source:/opt/rustwide/workdir:ro,Z" "-v" "/var/lib/crater-agent-workspace/cargo-home:/opt/rustwide/cargo-home:ro,Z" "-v" "/var/lib/crater-agent-workspace/rustup-home:/opt/rustwide/rustup-home:ro,Z" "-e" "SOURCE_DIR=/opt/rustwide/workdir" "-e" "CARGO_TARGET_DIR=/opt/rustwide/target" "-e" "CARGO_HOME=/opt/rustwide/cargo-home" "-e" "RUSTUP_HOME=/opt/rustwide/rustup-home" "-w" "/opt/rustwide/workdir" "-m" "1610612736" "--user" "0:0" "--network" "none" "ghcr.io/rust-lang/crates-build-env/linux@sha256:2788e3201cd34a07e3172128adcd8b3090168a8e3bcc40d7c032b9dda1df7d1c" "/opt/rustwide/cargo-home/bin/cargo" "+beta-2023-12-22" "metadata" "--no-deps" "--format-version=1", kill_on_drop: false }`
[INFO] [stdout] 9deddda5ebb599bc8fe60cebb0a86b64fed41a38ddf464fd44cae40737645d3a
[INFO] running `Command { std: "docker" "start" "-a" "9deddda5ebb599bc8fe60cebb0a86b64fed41a38ddf464fd44cae40737645d3a", kill_on_drop: false }`
[INFO] running `Command { std: "docker" "inspect" "9deddda5ebb599bc8fe60cebb0a86b64fed41a38ddf464fd44cae40737645d3a", kill_on_drop: false }`
[INFO] running `Command { std: "docker" "rm" "-f" "9deddda5ebb599bc8fe60cebb0a86b64fed41a38ddf464fd44cae40737645d3a", kill_on_drop: false }`
[INFO] [stdout] 9deddda5ebb599bc8fe60cebb0a86b64fed41a38ddf464fd44cae40737645d3a
[INFO] running `Command { std: "docker" "create" "-v" "/var/lib/crater-agent-workspace/builds/worker-7-tc2/target:/opt/rustwide/target:rw,Z" "-v" "/var/lib/crater-agent-workspace/builds/worker-7-tc2/source:/opt/rustwide/workdir:ro,Z" "-v" "/var/lib/crater-agent-workspace/cargo-home:/opt/rustwide/cargo-home:ro,Z" "-v" "/var/lib/crater-agent-workspace/rustup-home:/opt/rustwide/rustup-home:ro,Z" "-e" "SOURCE_DIR=/opt/rustwide/workdir" "-e" "CARGO_TARGET_DIR=/opt/rustwide/target" "-e" "CARGO_INCREMENTAL=0" "-e" "RUST_BACKTRACE=full" "-e" "RUSTFLAGS=--cap-lints=warn" "-e" "RUSTDOCFLAGS=--cap-lints=warn" "-e" "CARGO_HOME=/opt/rustwide/cargo-home" "-e" "RUSTUP_HOME=/opt/rustwide/rustup-home" "-w" "/opt/rustwide/workdir" "-m" "1610612736" "--user" "0:0" "--network" "none" "ghcr.io/rust-lang/crates-build-env/linux@sha256:2788e3201cd34a07e3172128adcd8b3090168a8e3bcc40d7c032b9dda1df7d1c" "/opt/rustwide/cargo-home/bin/cargo" "+beta-2023-12-22" "doc" "--frozen" "--no-deps" "--document-private-items" "--message-format=json", kill_on_drop: false }`
[INFO] [stdout] b41ef1e5955cc3aa463f1f9ac7367dae48f0c778dffec5ef08f70a4ea167c669
[INFO] running `Command { std: "docker" "start" "-a" "b41ef1e5955cc3aa463f1f9ac7367dae48f0c778dffec5ef08f70a4ea167c669", kill_on_drop: false }`
[INFO] [stderr]    Compiling proc-macro2 v1.0.32
[INFO] [stderr]    Compiling libc v0.2.109
[INFO] [stderr]    Compiling cc v1.0.72
[INFO] [stderr]    Compiling syn v1.0.82
[INFO] [stderr]     Checking libloading v0.7.2
[INFO] [stderr]    Compiling miniz_oxide v0.4.4
[INFO] [stderr]    Compiling memchr v2.4.1
[INFO] [stderr]    Compiling pkg-config v0.3.22
[INFO] [stderr]     Checking smallvec v1.7.0
[INFO] [stderr]    Compiling once_cell v1.8.0
[INFO] [stderr]    Compiling serde_derive v1.0.130
[INFO] [stderr]    Compiling log v0.4.14
[INFO] [stderr]    Compiling memoffset v0.6.5
[INFO] [stderr]    Compiling xml-rs v0.8.4
[INFO] [stderr]    Compiling quote v1.0.10
[INFO] [stderr]    Compiling glob v0.3.0
[INFO] [stderr]    Compiling serde v1.0.130
[INFO] [stderr]    Compiling tinyvec v1.5.1
[INFO] [stderr]    Compiling ring v0.16.20
[INFO] [stderr]    Compiling wayland-scanner v0.29.1
[INFO] [stderr]    Compiling clang-sys v1.0.1
[INFO] [stderr]    Compiling nom v7.1.0
[INFO] [stderr]    Compiling crossbeam-utils v0.8.5
[INFO] [stderr]    Compiling matches v0.1.9
[INFO] [stderr]    Compiling atty v0.2.14
[INFO] [stderr]    Compiling aho-corasick v0.7.18
[INFO] [stderr]    Compiling wayland-sys v0.29.1
[INFO] [stderr]    Compiling unicode-width v0.1.9
[INFO] [stderr]    Compiling unicode-normalization v0.1.19
[INFO] [stderr]    Compiling crc32fast v1.3.0
[INFO] [stderr]    Compiling unicode-bidi v0.3.7
[INFO] [stderr]    Compiling percent-encoding v2.1.0
[INFO] [stderr]    Compiling regex-syntax v0.6.25
[INFO] [stderr]    Compiling ryu v1.0.6
[INFO] [stderr]    Compiling form_urlencoded v1.0.1
[INFO] [stderr]    Compiling idna v0.2.3
[INFO] [stderr]    Compiling textwrap v0.11.0
[INFO] [stderr]     Checking nix v0.22.0
[INFO] [stderr]    Compiling backtrace v0.3.63
[INFO] [stderr]     Checking dlib v0.5.0
[INFO] [stderr]    Compiling libloading v0.6.7
[INFO] [stderr]    Compiling termcolor v1.1.2
[INFO] [stderr]    Compiling strsim v0.8.0
[INFO] [stderr]    Compiling vec_map v0.8.2
[INFO] [stderr]    Compiling humantime v2.1.0
[INFO] [stderr]    Compiling bindgen v0.59.2
[INFO] [stderr]    Compiling regex v1.5.4
[INFO] [stderr]     Checking gimli v0.26.1
[INFO] [stderr]    Compiling either v1.6.1
[INFO] [stderr]    Compiling adler v1.0.2
[INFO] [stderr]    Compiling serde_json v1.0.72
[INFO] [stderr]    Compiling webpki v0.22.0
[INFO] [stderr]    Compiling sct v0.7.0
[INFO] [stderr]    Compiling ansi_term v0.12.1
[INFO] [stderr]    Compiling clap v2.34.0
[INFO] [stderr]    Compiling webpki-roots v0.22.1
[INFO] [stderr]    Compiling rustls v0.20.2
[INFO] [stderr]    Compiling env_logger v0.9.0
[INFO] [stderr]    Compiling which v4.2.2
[INFO] [stderr]    Compiling thiserror-impl v1.0.30
[INFO] [stderr]     Checking addr2line v0.17.0
[INFO] [stderr]    Compiling profiling-procmacros v1.0.4
[INFO] [stderr]    Compiling cexpr v0.6.0
[INFO] [stderr]     Checking lock_api v0.4.5
[INFO] [stderr]    Compiling url v2.2.2
[INFO] [stderr]     Checking crossbeam-channel v0.5.1
[INFO] [stderr]     Checking parking_lot_core v0.8.5
[INFO] [stderr]    Compiling wayland-client v0.29.1
[INFO] [stderr]    Compiling xattr v0.2.2
[INFO] [stderr]    Compiling filetime v0.2.15
[INFO] [stderr]     Checking object v0.27.1
[INFO] [stderr]     Checking ash v0.32.1
[INFO] [stderr]    Compiling slotmap v1.0.6
[INFO] [stderr]    Compiling shlex v1.1.0
[INFO] [stderr]     Checking rustc-demangle v0.1.21
[INFO] [stderr]    Compiling base64 v0.13.0
[INFO] [stderr]    Compiling unicode-segmentation v1.8.0
[INFO] [stderr]    Compiling lazycell v1.3.0
[INFO] [stderr]    Compiling itoa v0.4.8
[INFO] [stderr]    Compiling peeking_take_while v0.1.2
[INFO] [stderr]    Compiling chunked_transfer v1.4.0
[INFO] [stderr]    Compiling ureq v2.3.1
[INFO] [stderr]     Checking wayland-commons v0.29.1
[INFO] [stderr]    Compiling heck v0.3.3
[INFO] [stderr]     Checking thiserror v1.0.30
[INFO] [stderr]    Compiling tar v0.4.37
[INFO] [stderr]    Compiling flate2 v1.0.22
[INFO] [stderr]     Checking parking_lot v0.11.2
[INFO] [stderr]     Checking profiling v1.0.4
[INFO] [stderr]    Compiling toml v0.5.8
[INFO] [stderr]     Checking raw-window-handle v0.3.4
[INFO] [stderr]     Checking scoped-tls v1.0.0
[INFO] [stderr]     Checking rafx-base v0.0.14
[INFO] [stderr]    Compiling wayland-protocols v0.29.1
[INFO] [stderr]    Compiling x11-dl v2.19.1
[INFO] [stderr]    Compiling smithay-client-toolkit v0.15.2
[INFO] [stderr]     Checking arrayvec v0.5.2
[INFO] [stderr]     Checking calloop v0.9.1
[INFO] [stderr]     Checking xcursor v0.3.4
[INFO] [stderr]     Checking memmap2 v0.3.1
[INFO] [stderr]    Compiling winit v0.26.0
[INFO] [stderr]     Checking mio v0.8.0
[INFO] [stderr]     Checking wayland-cursor v0.29.1
[INFO] [stderr]     Checking serde_bytes v0.11.5
[INFO] [stderr]     Checking glam v0.13.1
[INFO] [stderr]     Checking bincode v1.3.3
[INFO] [stderr]    Compiling skia-bindings v0.45.1
[INFO] [stderr]     Checking ash-window v0.6.0
[INFO] [stderr]     Checking gpu-allocator v0.8.0
[INFO] [stderr]     Checking rafx-api v0.0.14
[INFO] [stderr]     Checking rafx-visibility v0.0.14
[INFO] [stderr] error: failed to run custom build command for `skia-bindings v0.45.1`
[INFO] [stderr] note: To improve backtraces for build dependencies, set the CARGO_PROFILE_DEV_BUILD_OVERRIDE_DEBUG=true environment variable to enable debug information generation.
[INFO] [stderr] 
[INFO] [stderr] Caused by:
[INFO] [stderr]   process didn't exit successfully: `/opt/rustwide/target/debug/build/skia-bindings-e691b842b3fdc432/build-script-build` (exit status: 101)
[INFO] [stderr]   --- stdout
[INFO] [stderr]   cargo:rerun-if-env-changed=SKIA_DEBUG
[INFO] [stderr]   cargo:rerun-if-env-changed=SKIA_SOURCE_DIR
[INFO] [stderr]   cargo:rerun-if-env-changed=FORCE_SKIA_BUILD
[INFO] [stderr]   cargo:rerun-if-env-changed=FORCE_SKIA_BINARIES_DOWNLOAD
[INFO] [stderr]   TRYING TO DOWNLOAD AND INSTALL SKIA BINARIES: 0.45.1/e19d04810f547f7ac151-x86_64-unknown-linux-gnu-textlayout-vulkan
[INFO] [stderr]   cargo:rerun-if-env-changed=SKIA_BINARIES_URL
[INFO] [stderr]     FROM: https://github.com/rust-skia/skia-binaries/releases/download/0.45.1/skia-binaries-e19d04810f547f7ac151-x86_64-unknown-linux-gnu-textlayout-vulkan.tar.gz
[INFO] [stderr]   DOWNLOAD AND INSTALL FAILED: https://github.com/rust-skia/skia-binaries/releases/download/0.45.1/skia-binaries-e19d04810f547f7ac151-x86_64-unknown-linux-gnu-textlayout-vulkan.tar.gz: Dns Failed: failed to lookup address information: Temporary failure in name resolution
[INFO] [stderr]   STARTING A FULL BUILD
[INFO] [stderr]   HOST: x86_64-unknown-linux-gnu
[INFO] [stderr]   cargo:rerun-if-env-changed=OPT_LEVEL
[INFO] [stderr]   cargo:rerun-if-env-changed=CC
[INFO] [stderr]   cargo:rerun-if-env-changed=CXX
[INFO] [stderr]   cargo:rerun-if-env-changed=SKIA_USE_SYSTEM_LIBRARIES
[INFO] [stderr]   cargo:rerun-if-env-changed=SDKROOT
[INFO] [stderr]   cargo:rerun-if-env-changed=SKIA_NINJA_COMMAND
[INFO] [stderr]   cargo:rerun-if-env-changed=SKIA_GN_COMMAND
[INFO] [stderr]   Probing 'python'
[INFO] [stderr]   Probing 'python2'
[INFO] [stderr]   Python 2 found: "python2"
[INFO] [stderr]   Synchronizing Skia dependencies
[INFO] [stderr]   DOWNLOADING: https://codeload.github.com/rust-skia/skia/tar.gz/m96-0.44.3
[INFO] [stderr] 
[INFO] [stderr]   --- stderr
[INFO] [stderr]   thread 'main' panicked at /opt/rustwide/cargo-home/registry/src/index.crates.io-6f17d22bba15001f/skia-bindings-0.45.1/build_support/binary_cache/download.rs:67:35:
[INFO] [stderr]   Failed to download https://codeload.github.com/rust-skia/skia/tar.gz/m96-0.44.3 (https://codeload.github.com/rust-skia/skia/tar.gz/m96-0.44.3: Dns Failed: failed to lookup address information: Temporary failure in name resolution)
[INFO] [stderr]   stack backtrace:
[INFO] [stderr]      0:     0x562aca0dd346 - std::backtrace_rs::backtrace::libunwind::trace::h261606ad26a499c1
[INFO] [stderr]                                  at /rustc/0e09125c6c3c2fd70d7de961bcf0e51575235fad/library/std/src/../../backtrace/src/backtrace/libunwind.rs:104:5
[INFO] [stderr]      1:     0x562aca0dd346 - std::backtrace_rs::backtrace::trace_unsynchronized::hd183f0625477fb28
[INFO] [stderr]                                  at /rustc/0e09125c6c3c2fd70d7de961bcf0e51575235fad/library/std/src/../../backtrace/src/backtrace/mod.rs:66:5
[INFO] [stderr]      2:     0x562aca0dd346 - std::sys_common::backtrace::_print_fmt::hd7f8fef21b4eda67
[INFO] [stderr]                                  at /rustc/0e09125c6c3c2fd70d7de961bcf0e51575235fad/library/std/src/sys_common/backtrace.rs:68:5
[INFO] [stderr]      3:     0x562aca0dd346 - <std::sys_common::backtrace::_print::DisplayBacktrace as core::fmt::Display>::fmt::h623d9b51f2f453f1
[INFO] [stderr]                                  at /rustc/0e09125c6c3c2fd70d7de961bcf0e51575235fad/library/std/src/sys_common/backtrace.rs:44:22
[INFO] [stderr]      4:     0x562aca10d0d0 - core::fmt::rt::Argument::fmt::h9f417ac76a86f368
[INFO] [stderr]                                  at /rustc/0e09125c6c3c2fd70d7de961bcf0e51575235fad/library/core/src/fmt/rt.rs:142:9
[INFO] [stderr]      5:     0x562aca10d0d0 - core::fmt::write::hc9b6faf4ac2aeff7
[INFO] [stderr]                                  at /rustc/0e09125c6c3c2fd70d7de961bcf0e51575235fad/library/core/src/fmt/mod.rs:1120:17
[INFO] [stderr]      6:     0x562aca0d936f - std::io::Write::write_fmt::hfead1eee52c2e65e
[INFO] [stderr]                                  at /rustc/0e09125c6c3c2fd70d7de961bcf0e51575235fad/library/std/src/io/mod.rs:1810:15
[INFO] [stderr]      7:     0x562aca0dd124 - std::sys_common::backtrace::_print::hd5d66399c7df88a2
[INFO] [stderr]                                  at /rustc/0e09125c6c3c2fd70d7de961bcf0e51575235fad/library/std/src/sys_common/backtrace.rs:47:5
[INFO] [stderr]      8:     0x562aca0dd124 - std::sys_common::backtrace::print::he81ed2da642d37e5
[INFO] [stderr]                                  at /rustc/0e09125c6c3c2fd70d7de961bcf0e51575235fad/library/std/src/sys_common/backtrace.rs:34:9
[INFO] [stderr]      9:     0x562aca0df3b7 - std::panicking::default_hook::{{closure}}::h85773f4fa117163d
[INFO] [stderr]     10:     0x562aca0df119 - std::panicking::default_hook::h6a1694a91d09b278
[INFO] [stderr]                                  at /rustc/0e09125c6c3c2fd70d7de961bcf0e51575235fad/library/std/src/panicking.rs:292:9
[INFO] [stderr]     11:     0x562aca0df848 - std::panicking::rust_panic_with_hook::h0a7ad96e90f7145b
[INFO] [stderr]                                  at /rustc/0e09125c6c3c2fd70d7de961bcf0e51575235fad/library/std/src/panicking.rs:779:13
[INFO] [stderr]     12:     0x562aca0df722 - std::panicking::begin_panic_handler::{{closure}}::h7919090525c6485e
[INFO] [stderr]                                  at /rustc/0e09125c6c3c2fd70d7de961bcf0e51575235fad/library/std/src/panicking.rs:657:13
[INFO] [stderr]     13:     0x562aca0dd846 - std::sys_common::backtrace::__rust_end_short_backtrace::hf3289479464f7dfe
[INFO] [stderr]                                  at /rustc/0e09125c6c3c2fd70d7de961bcf0e51575235fad/library/std/src/sys_common/backtrace.rs:171:18
[INFO] [stderr]     14:     0x562aca0df480 - rust_begin_unwind
[INFO] [stderr]                                  at /rustc/0e09125c6c3c2fd70d7de961bcf0e51575235fad/library/std/src/panicking.rs:645:5
[INFO] [stderr]     15:     0x562ac99ff215 - core::panicking::panic_fmt::hcc9f77c5c132af55
[INFO] [stderr]                                  at /rustc/0e09125c6c3c2fd70d7de961bcf0e51575235fad/library/core/src/panicking.rs:72:14
[INFO] [stderr]     16:     0x562ac9a2db75 - build_script_build::build_support::binary_cache::download::download_dependencies::{{closure}}::h1214f9e94a2022c9
[INFO] [stderr]     17:     0x562ac9a07d90 - core::result::Result<T,E>::unwrap_or_else::h4cb51c212a3cb8c8
[INFO] [stderr]     18:     0x562ac9a2d4f9 - build_script_build::build_support::binary_cache::download::download_dependencies::hc01de303832b8d9c
[INFO] [stderr]     19:     0x562ac9a2ccbc - build_script_build::build_support::binary_cache::download::resolve_dependencies::hef21a1a5787d243d
[INFO] [stderr]     20:     0x562ac9a20684 - build_script_build::build_support::skia::config::build::h4d9306666778c056
[INFO] [stderr]     21:     0x562ac9a1305b - build_script_build::build_from_source::h1eedc2fab96c0aa0
[INFO] [stderr]     22:     0x562ac9a13a27 - build_script_build::main::he3e52e71e96261dc
[INFO] [stderr]     23:     0x562ac9a22de3 - core::ops::function::FnOnce::call_once::h54c8d9048a2ba349
[INFO] [stderr]     24:     0x562ac9a28f06 - std::sys_common::backtrace::__rust_begin_short_backtrace::ha8fb12edb460fd55
[INFO] [stderr]     25:     0x562ac9a1ae39 - std::rt::lang_start::{{closure}}::ha7415fa4d7195ea5
[INFO] [stderr]     26:     0x562aca0d3a11 - core::ops::function::impls::<impl core::ops::function::FnOnce<A> for &F>::call_once::h4eb4c5e1620f29b0
[INFO] [stderr]                                  at /rustc/0e09125c6c3c2fd70d7de961bcf0e51575235fad/library/core/src/ops/function.rs:284:13
[INFO] [stderr]     27:     0x562aca0d3a11 - std::panicking::try::do_call::h73fd26535faffcdf
[INFO] [stderr]                                  at /rustc/0e09125c6c3c2fd70d7de961bcf0e51575235fad/library/std/src/panicking.rs:552:40
[INFO] [stderr]     28:     0x562aca0d3a11 - std::panicking::try::h77ff1d98f0fb9f39
[INFO] [stderr]                                  at /rustc/0e09125c6c3c2fd70d7de961bcf0e51575235fad/library/std/src/panicking.rs:516:19
[INFO] [stderr]     29:     0x562aca0d3a11 - std::panic::catch_unwind::hab3caf2448b95e37
[INFO] [stderr]                                  at /rustc/0e09125c6c3c2fd70d7de961bcf0e51575235fad/library/std/src/panic.rs:142:14
[INFO] [stderr]     30:     0x562aca0d3a11 - std::rt::lang_start_internal::{{closure}}::h8086711f9c783f78
[INFO] [stderr]                                  at /rustc/0e09125c6c3c2fd70d7de961bcf0e51575235fad/library/std/src/rt.rs:148:48
[INFO] [stderr]     31:     0x562aca0d3a11 - std::panicking::try::do_call::hf920d4dc291cd6ca
[INFO] [stderr]                                  at /rustc/0e09125c6c3c2fd70d7de961bcf0e51575235fad/library/std/src/panicking.rs:552:40
[INFO] [stderr]     32:     0x562aca0d3a11 - std::panicking::try::h2b806ccc0a85db74
[INFO] [stderr]                                  at /rustc/0e09125c6c3c2fd70d7de961bcf0e51575235fad/library/std/src/panicking.rs:516:19
[INFO] [stderr]     33:     0x562aca0d3a11 - std::panic::catch_unwind::h038489539c507df2
[INFO] [stderr]                                  at /rustc/0e09125c6c3c2fd70d7de961bcf0e51575235fad/library/std/src/panic.rs:142:14
[INFO] [stderr]     34:     0x562aca0d3a11 - std::rt::lang_start_internal::h28503b88912e8a5c
[INFO] [stderr]                                  at /rustc/0e09125c6c3c2fd70d7de961bcf0e51575235fad/library/std/src/rt.rs:148:20
[INFO] [stderr]     35:     0x562ac9a1ae17 - std::rt::lang_start::hbe47bd85d555cdb1
[INFO] [stderr]     36:     0x562ac9a13d65 - main
[INFO] [stderr]     37:     0x7f52e9654d90 - <unknown>
[INFO] [stderr]     38:     0x7f52e9654e40 - __libc_start_main
[INFO] [stderr]     39:     0x562ac99ffaf5 - _start
[INFO] [stderr]     40:                0x0 - <unknown>
[INFO] [stderr] warning: build failed, waiting for other jobs to finish...
[INFO] running `Command { std: "docker" "inspect" "b41ef1e5955cc3aa463f1f9ac7367dae48f0c778dffec5ef08f70a4ea167c669", kill_on_drop: false }`
[INFO] running `Command { std: "docker" "rm" "-f" "b41ef1e5955cc3aa463f1f9ac7367dae48f0c778dffec5ef08f70a4ea167c669", kill_on_drop: false }`
[INFO] [stdout] b41ef1e5955cc3aa463f1f9ac7367dae48f0c778dffec5ef08f70a4ea167c669
