[INFO] cloning repository https://github.com/Akinus/GameMon
[INFO] running `Command { std: "git" "-c" "credential.helper=" "-c" "credential.helper=/workspace/cargo-home/bin/git-credential-null" "clone" "--bare" "https://github.com/Akinus/GameMon" "/workspace/cache/git-repos/https%3A%2F%2Fgithub.com%2FAkinus%2FGameMon", kill_on_drop: false }`
[INFO] [stderr] Cloning into bare repository '/workspace/cache/git-repos/https%3A%2F%2Fgithub.com%2FAkinus%2FGameMon'...
[INFO] running `Command { std: "git" "rev-parse" "HEAD", kill_on_drop: false }`
[INFO] [stdout] 521878555acfaf01d19664a1adf94082a9d220d3
[INFO] documenting Akinus/GameMon against 1.75.0 for beta-1.76-rustdoc-1
[INFO] running `Command { std: "git" "clone" "/workspace/cache/git-repos/https%3A%2F%2Fgithub.com%2FAkinus%2FGameMon" "/workspace/builds/worker-2-tc1/source", kill_on_drop: false }`
[INFO] [stderr] Cloning into '/workspace/builds/worker-2-tc1/source'...
[INFO] [stderr] done.
[INFO] validating manifest of git repo https://github.com/Akinus/GameMon on toolchain 1.75.0
[INFO] running `Command { std: CARGO_HOME="/workspace/cargo-home" RUSTUP_HOME="/workspace/rustup-home" "/workspace/cargo-home/bin/cargo" "+1.75.0" "metadata" "--manifest-path" "Cargo.toml" "--no-deps", kill_on_drop: false }`
[INFO] started tweaking git repo https://github.com/Akinus/GameMon
[INFO] finished tweaking git repo https://github.com/Akinus/GameMon
[INFO] tweaked toml for git repo https://github.com/Akinus/GameMon written to /workspace/builds/worker-2-tc1/source/Cargo.toml
[INFO] crate git repo https://github.com/Akinus/GameMon already has a lockfile, it will not be regenerated
[INFO] running `Command { std: CARGO_HOME="/workspace/cargo-home" RUSTUP_HOME="/workspace/rustup-home" "/workspace/cargo-home/bin/cargo" "+1.75.0" "fetch" "--manifest-path" "Cargo.toml", kill_on_drop: false }`
[INFO] [stderr] warning: unused manifest key: scripts
[INFO] [stderr]     Updating crates.io index
[INFO] [stderr]  Downloading crates ...
[INFO] [stderr]   Downloaded windres v0.2.2
[INFO] [stderr]   Downloaded toml_edit v0.19.5
[INFO] [stderr]   Downloaded windows-win v2.4.1
[INFO] [stderr]   Downloaded registry v1.2.2
[INFO] [stderr]   Downloaded libappindicator-sys v0.7.3
[INFO] [stderr]   Downloaded active-win-pos-rs v0.7.1
[INFO] [stderr]   Downloaded utfx v0.1.0
[INFO] [stderr]   Downloaded winnow v0.3.5
[INFO] [stderr]   Downloaded libappindicator v0.7.1
[INFO] [stderr]   Downloaded xcb v1.2.0
[INFO] [stderr]   Downloaded orbclient v0.3.43
[INFO] [stderr]   Downloaded winit v0.28.2
[INFO] [stderr]   Downloaded sysinfo v0.28.2
[INFO] [stderr]   Downloaded glib-macros v0.15.11
[INFO] [stderr]   Downloaded sctk-adwaita v0.5.3
[INFO] [stderr]   Downloaded wintrap v0.3.1
[INFO] [stderr]   Downloaded padlock v0.2.0
[INFO] [stderr]   Downloaded msgbox v0.7.0
[INFO] [stderr]   Downloaded quoted-string v0.6.1
[INFO] [stderr]   Downloaded native-dialog v0.6.3
[INFO] [stderr]   Downloaded find-winsdk v0.2.0
[INFO] [stderr]   Downloaded concat-string v1.0.1
[INFO] [stderr]   Downloaded field-offset v0.3.5
[INFO] [stderr]   Downloaded gtk3-macros v0.15.4
[INFO] [stderr]   Downloaded tray-item v0.7.1
[INFO] [stderr]   Downloaded redox_syscall v0.3.4
[INFO] [stderr]   Downloaded eventlog v0.2.2
[INFO] [stderr]   Downloaded appkit-nsworkspace-bindings v0.1.0
[INFO] [stderr]   Downloaded winsafe v0.0.14
[INFO] running `Command { std: "docker" "create" "-v" "/var/lib/crater-agent-workspace/builds/worker-2-tc1/target:/opt/rustwide/target:rw,Z" "-v" "/var/lib/crater-agent-workspace/builds/worker-2-tc1/source:/opt/rustwide/workdir:ro,Z" "-v" "/var/lib/crater-agent-workspace/cargo-home:/opt/rustwide/cargo-home:ro,Z" "-v" "/var/lib/crater-agent-workspace/rustup-home:/opt/rustwide/rustup-home:ro,Z" "-e" "SOURCE_DIR=/opt/rustwide/workdir" "-e" "CARGO_TARGET_DIR=/opt/rustwide/target" "-e" "CARGO_HOME=/opt/rustwide/cargo-home" "-e" "RUSTUP_HOME=/opt/rustwide/rustup-home" "-w" "/opt/rustwide/workdir" "-m" "1610612736" "--user" "0:0" "--network" "none" "ghcr.io/rust-lang/crates-build-env/linux@sha256:2788e3201cd34a07e3172128adcd8b3090168a8e3bcc40d7c032b9dda1df7d1c" "/opt/rustwide/cargo-home/bin/cargo" "+1.75.0" "metadata" "--no-deps" "--format-version=1", kill_on_drop: false }`
[INFO] [stdout] 2efd0cfe6f79a3fbe981fbe317ae893891523d17f87870eef8d65a65b4e74ca8
[INFO] running `Command { std: "docker" "start" "-a" "2efd0cfe6f79a3fbe981fbe317ae893891523d17f87870eef8d65a65b4e74ca8", kill_on_drop: false }`
[INFO] running `Command { std: "docker" "inspect" "2efd0cfe6f79a3fbe981fbe317ae893891523d17f87870eef8d65a65b4e74ca8", kill_on_drop: false }`
[INFO] running `Command { std: "docker" "rm" "-f" "2efd0cfe6f79a3fbe981fbe317ae893891523d17f87870eef8d65a65b4e74ca8", kill_on_drop: false }`
[INFO] [stdout] 2efd0cfe6f79a3fbe981fbe317ae893891523d17f87870eef8d65a65b4e74ca8
[INFO] running `Command { std: "docker" "create" "-v" "/var/lib/crater-agent-workspace/builds/worker-2-tc1/target:/opt/rustwide/target:rw,Z" "-v" "/var/lib/crater-agent-workspace/builds/worker-2-tc1/source:/opt/rustwide/workdir:ro,Z" "-v" "/var/lib/crater-agent-workspace/cargo-home:/opt/rustwide/cargo-home:ro,Z" "-v" "/var/lib/crater-agent-workspace/rustup-home:/opt/rustwide/rustup-home:ro,Z" "-e" "SOURCE_DIR=/opt/rustwide/workdir" "-e" "CARGO_TARGET_DIR=/opt/rustwide/target" "-e" "CARGO_INCREMENTAL=0" "-e" "RUST_BACKTRACE=full" "-e" "RUSTFLAGS=--cap-lints=warn" "-e" "RUSTDOCFLAGS=--cap-lints=warn" "-e" "CARGO_HOME=/opt/rustwide/cargo-home" "-e" "RUSTUP_HOME=/opt/rustwide/rustup-home" "-w" "/opt/rustwide/workdir" "-m" "1610612736" "--user" "0:0" "--network" "none" "ghcr.io/rust-lang/crates-build-env/linux@sha256:2788e3201cd34a07e3172128adcd8b3090168a8e3bcc40d7c032b9dda1df7d1c" "/opt/rustwide/cargo-home/bin/cargo" "+1.75.0" "doc" "--frozen" "--no-deps" "--document-private-items" "--message-format=json", kill_on_drop: false }`
[INFO] [stdout] 435bf51b9fb2e6974576f82d48a03c940a821198107d9703298c5130fef43e89
[INFO] running `Command { std: "docker" "start" "-a" "435bf51b9fb2e6974576f82d48a03c940a821198107d9703298c5130fef43e89", kill_on_drop: false }`
[INFO] [stderr] warning: unused manifest key: scripts
[INFO] [stderr]    Compiling pkg-config v0.3.26
[INFO] [stderr]    Compiling libc v0.2.140
[INFO] [stderr]    Compiling serde v1.0.155
[INFO] [stderr]    Compiling smallvec v1.10.0
[INFO] [stderr]    Compiling version-compare v0.1.1
[INFO] [stderr]    Compiling proc-macro2 v1.0.51
[INFO] [stderr]    Compiling unicode-ident v1.0.8
[INFO] [stderr]    Compiling quote v1.0.23
[INFO] [stderr]    Compiling version_check v0.9.4
[INFO] [stderr]     Checking once_cell v1.17.1
[INFO] [stderr]    Compiling thiserror v1.0.39
[INFO] [stderr]    Compiling indexmap v1.9.2
[INFO] [stderr]    Compiling futures-core v0.3.27
[INFO] [stderr]    Compiling hashbrown v0.12.3
[INFO] [stderr]    Compiling slab v0.4.8
[INFO] [stderr]    Compiling winnow v0.3.5
[INFO] [stderr]    Compiling futures-task v0.3.27
[INFO] [stderr]    Compiling cfg-expr v0.11.0
[INFO] [stderr]    Compiling anyhow v1.0.69
[INFO] [stderr]    Compiling toml_datetime v0.6.1
[INFO] [stderr]    Compiling futures-util v0.3.27
[INFO] [stderr]    Compiling proc-macro-error-attr v1.0.4
[INFO] [stderr]    Compiling proc-macro-error v1.0.4
[INFO] [stderr]    Compiling memoffset v0.8.0
[INFO] [stderr]     Checking pin-project-lite v0.2.9
[INFO] [stderr]    Compiling futures-channel v0.3.27
[INFO] [stderr]    Compiling xml-rs v0.8.4
[INFO] [stderr]    Compiling log v0.4.17
[INFO] [stderr]     Checking libloading v0.7.4
[INFO] [stderr]    Compiling typenum v1.16.0
[INFO] [stderr]    Compiling semver v1.0.16
[INFO] [stderr]    Compiling crossbeam-utils v0.8.15
[INFO] [stderr]    Compiling wayland-sys v0.29.5
[INFO] [stderr]    Compiling generic-array v0.14.6
[INFO] [stderr]    Compiling cc v1.0.79
[INFO] [stderr]     Checking dlib v0.5.0
[INFO] [stderr]    Compiling gio v0.15.12
[INFO] [stderr]    Compiling crc32fast v1.3.2
[INFO] [stderr]    Compiling memchr v2.5.0
[INFO] [stderr]    Compiling syn v1.0.109
[INFO] [stderr]    Compiling wayland-scanner v0.29.5
[INFO] [stderr]    Compiling rustc_version v0.4.0
[INFO] [stderr]    Compiling crossbeam-epoch v0.9.14
[INFO] [stderr]     Checking futures-io v0.3.27
[INFO] [stderr]     Checking adler v1.0.2
[INFO] [stderr]     Checking miniz_oxide v0.6.2
[INFO] [stderr]    Compiling slotmap v1.0.6
[INFO] [stderr]    Compiling field-offset v0.3.5
[INFO] [stderr]     Checking spin v0.5.2
[INFO] [stderr]     Checking untrusted v0.7.1
[INFO] [stderr]     Checking minimal-lexical v0.2.1
[INFO] [stderr]     Checking scoped-tls v1.0.1
[INFO] [stderr]     Checking downcast-rs v1.2.0
[INFO] [stderr]    Compiling winapi v0.3.9
[INFO] [stderr]     Checking scopeguard v1.1.0
[INFO] [stderr]    Compiling gtk v0.15.5
[INFO] [stderr]     Checking tinyvec_macros v0.1.1
[INFO] [stderr]     Checking flate2 v1.0.25
[INFO] [stderr]     Checking nix v0.24.3
[INFO] [stderr]     Checking tinyvec v1.6.0
[INFO] [stderr]     Checking nom v7.1.3
[INFO] [stderr]     Checking nix v0.25.1
[INFO] [stderr]     Checking crossbeam-deque v0.8.3
[INFO] [stderr]    Compiling ring v0.16.20
[INFO] [stderr]    Compiling quick-xml v0.22.0
[INFO] [stderr]     Checking crossbeam-channel v0.5.7
[INFO] [stderr]    Compiling smithay-client-toolkit v0.16.0
[INFO] [stderr]    Compiling num-traits v0.2.15
[INFO] [stderr]     Checking futures-executor v0.3.27
[INFO] [stderr]     Checking either v1.8.1
[INFO] [stderr]    Compiling toml_edit v0.19.5
[INFO] [stderr]    Compiling cpufeatures v0.2.5
[INFO] [stderr]    Compiling regex-syntax v0.6.28
[INFO] [stderr]    Compiling cfg-if v1.0.0
[INFO] [stderr]     Checking ttf-parser v0.18.1
[INFO] [stderr]     Checking strict-num v0.1.0
[INFO] [stderr]     Checking arrayref v0.3.6
[INFO] [stderr]    Compiling wayland-client v0.29.5
[INFO] [stderr]    Compiling wayland-protocols v0.29.5
[INFO] [stderr]    Compiling rayon-core v1.11.0
[INFO] [stderr]     Checking percent-encoding v2.2.0
[INFO] [stderr]     Checking bytemuck v1.13.1
[INFO] [stderr]    Compiling block-buffer v0.10.4
[INFO] [stderr]    Compiling crypto-common v0.1.6
[INFO] [stderr]     Checking vec_map v0.8.2
[INFO] [stderr]    Compiling digest v0.10.6
[INFO] [stderr]    Compiling xcb v1.2.0
[INFO] [stderr]     Checking tiny-skia-path v0.8.3
[INFO] [stderr]     Checking unicode-normalization v0.1.22
[INFO] [stderr]    Compiling sha2 v0.10.6
[INFO] [stderr]     Checking wayland-commons v0.29.5
[INFO] [stderr]     Checking png v0.17.7
[INFO] [stderr]     Checking num_cpus v1.15.0
[INFO] [stderr]     Checking memmap2 v0.5.10
[INFO] [stderr]    Compiling x11-dl v2.21.0
[INFO] [stderr]     Checking unicode-bidi v0.3.11
[INFO] [stderr]     Checking cfg-if v0.1.10
[INFO] [stderr]     Checking arrayvec v0.7.2
[INFO] [stderr]     Checking ab_glyph_rasterizer v0.1.8
[INFO] [stderr]    Compiling rustls v0.20.8
[INFO] [stderr]     Checking xcursor v0.3.4
[INFO] [stderr]    Compiling crossbeam-queue v0.3.8
[INFO] [stderr]    Compiling toml v0.5.11
[INFO] [stderr]    Compiling cfg_aliases v0.1.1
[INFO] [stderr]     Checking idna v0.3.0
[INFO] [stderr]    Compiling winit v0.28.2
[INFO] [stderr]     Checking crossbeam-utils v0.6.6
[INFO] [stderr]    Compiling regex v1.7.1
[INFO] [stderr]     Checking tiny-skia v0.8.3
[INFO] [stderr]    Compiling proc-macro-crate v1.3.1
[INFO] [stderr]     Checking form_urlencoded v1.1.0
[INFO] [stderr]     Checking dirs-sys-next v0.1.2
[INFO] [stderr]    Compiling windres v0.2.2
[INFO] [stderr]     Checking utfx v0.1.0
[INFO] [stderr]     Checking cty v0.2.2
[INFO] [stderr]     Checking raw-window-handle v0.4.3
[INFO] [stderr]     Checking owned_ttf_parser v0.18.1
[INFO] [stderr]     Checking rayon v1.7.0
[INFO] [stderr]     Checking dirs-next v2.0.0
[INFO] [stderr]     Checking url v2.3.1
[INFO] [stderr]    Compiling system-deps v6.0.3
[INFO] [stderr]     Checking ab_glyph v0.2.20
[INFO] [stderr]    Compiling winres v0.1.12
[INFO] [stderr]     Checking num-integer v0.1.45
[INFO] [stderr]     Checking crossbeam-channel v0.3.9
[INFO] [stderr]     Checking which v4.4.0
[INFO] [stderr]    Compiling eventlog v0.2.2
[INFO] [stderr]     Checking time v0.1.45
[INFO] [stderr]     Checking mio v0.8.6
[INFO] [stderr]     Checking instant v0.1.12
[INFO] [stderr]     Checking base64 v0.13.1
[INFO] [stderr]     Checking iana-time-zone v0.1.53
[INFO] [stderr]     Checking raw-window-handle v0.5.1
[INFO] [stderr]     Checking wintrap v0.3.1
[INFO] [stderr]    Compiling GameMon v0.1.0 (/opt/rustwide/workdir)
[INFO] [stderr]     Checking chrono v0.4.23
[INFO] [stdout] error[E0433]: failed to resolve: could not find `windows` in `os`
[INFO] [stdout]  --> /opt/rustwide/cargo-home/registry/src/index.crates.io-6f17d22bba15001f/wintrap-0.3.1/src/windows.rs:2:14
[INFO] [stdout]   |
[INFO] [stdout] 2 | use std::os::windows::prelude::*;
[INFO] [stdout]   |              ^^^^^^^ could not find `windows` in `os`
[INFO] [stdout] 
[INFO] [stdout] 
[INFO] [stdout] error[E0433]: failed to resolve: could not find `shared` in `winapi`
[INFO] [stdout]  --> /opt/rustwide/cargo-home/registry/src/index.crates.io-6f17d22bba15001f/wintrap-0.3.1/src/windows.rs:7:13
[INFO] [stdout]   |
[INFO] [stdout] 7 | use winapi::shared::minwindef::{
[INFO] [stdout]   |             ^^^^^^ could not find `shared` in `winapi`
[INFO] [stdout] 
[INFO] [stdout] 
[INFO] [stdout] error[E0433]: failed to resolve: could not find `shared` in `winapi`
[INFO] [stdout]   --> /opt/rustwide/cargo-home/registry/src/index.crates.io-6f17d22bba15001f/wintrap-0.3.1/src/windows.rs:10:13
[INFO] [stdout]    |
[INFO] [stdout] 10 | use winapi::shared::ntdef::{LANG_NEUTRAL, LPCWSTR, LPWSTR, MAKELANGID, SUBLANG_DEFAULT};
[INFO] [stdout]    |             ^^^^^^ could not find `shared` in `winapi`
[INFO] [stdout] 
[INFO] [stdout] 
[INFO] [stdout] error[E0433]: failed to resolve: could not find `shared` in `winapi`
[INFO] [stdout]   --> /opt/rustwide/cargo-home/registry/src/index.crates.io-6f17d22bba15001f/wintrap-0.3.1/src/windows.rs:11:13
[INFO] [stdout]    |
[INFO] [stdout] 11 | use winapi::shared::windef::HWND;
[INFO] [stdout]    |             ^^^^^^ could not find `shared` in `winapi`
[INFO] [stdout] 
[INFO] [stdout] 
[INFO] [stdout] error[E0433]: failed to resolve: could not find `um` in `winapi`
[INFO] [stdout]   --> /opt/rustwide/cargo-home/registry/src/index.crates.io-6f17d22bba15001f/wintrap-0.3.1/src/windows.rs:12:13
[INFO] [stdout]    |
[INFO] [stdout] 12 | use winapi::um::consoleapi::SetConsoleCtrlHandler;
[INFO] [stdout]    |             ^^ could not find `um` in `winapi`
[INFO] [stdout] 
[INFO] [stdout] 
[INFO] [stdout] error[E0433]: failed to resolve: could not find `um` in `winapi`
[INFO] [stdout]   --> /opt/rustwide/cargo-home/registry/src/index.crates.io-6f17d22bba15001f/wintrap-0.3.1/src/windows.rs:13:13
[INFO] [stdout]    |
[INFO] [stdout] 13 | use winapi::um::errhandlingapi::GetLastError;
[INFO] [stdout]    |             ^^ could not find `um` in `winapi`
[INFO] [stdout] 
[INFO] [stdout] 
[INFO] [stdout] error[E0433]: failed to resolve: could not find `um` in `winapi`
[INFO] [stdout]   --> /opt/rustwide/cargo-home/registry/src/index.crates.io-6f17d22bba15001f/wintrap-0.3.1/src/windows.rs:14:13
[INFO] [stdout]    |
[INFO] [stdout] 14 | use winapi::um::libloaderapi::GetModuleHandleW;
[INFO] [stdout]    |             ^^ could not find `um` in `winapi`
[INFO] [stdout] 
[INFO] [stdout] 
[INFO] [stdout] error[E0433]: failed to resolve: could not find `um` in `winapi`
[INFO] [stdout]   --> /opt/rustwide/cargo-home/registry/src/index.crates.io-6f17d22bba15001f/wintrap-0.3.1/src/windows.rs:15:13
[INFO] [stdout]    |
[INFO] [stdout] 15 | use winapi::um::processthreadsapi::GetCurrentThreadId;
[INFO] [stdout]    |             ^^ could not find `um` in `winapi`
[INFO] [stdout] 
[INFO] [stdout] 
[INFO] [stdout] error[E0433]: failed to resolve: could not find `um` in `winapi`
[INFO] [stdout]   --> /opt/rustwide/cargo-home/registry/src/index.crates.io-6f17d22bba15001f/wintrap-0.3.1/src/windows.rs:16:13
[INFO] [stdout]    |
[INFO] [stdout] 16 | use winapi::um::winbase::{
[INFO] [stdout]    |             ^^ could not find `um` in `winapi`
[INFO] [stdout] 
[INFO] [stdout] 
[INFO] [stdout] error[E0433]: failed to resolve: could not find `um` in `winapi`
[INFO] [stdout]   --> /opt/rustwide/cargo-home/registry/src/index.crates.io-6f17d22bba15001f/wintrap-0.3.1/src/windows.rs:20:13
[INFO] [stdout]    |
[INFO] [stdout] 20 | use winapi::um::winuser::{
[INFO] [stdout]    |             ^^ could not find `um` in `winapi`
[INFO] [stdout] 
[INFO] [stdout] 
[INFO] [stdout] error[E0433]: failed to resolve: could not find `shared` in `winapi`
[INFO] [stdout]   --> /opt/rustwide/cargo-home/registry/src/index.crates.io-6f17d22bba15001f/wintrap-0.3.1/src/lib.rs:36:13
[INFO] [stdout]    |
[INFO] [stdout] 36 | use winapi::shared::minwindef::{BOOL, DWORD, FALSE, LPARAM, LRESULT, TRUE, UINT, WPARAM};
[INFO] [stdout]    |             ^^^^^^ could not find `shared` in `winapi`
[INFO] [stdout] 
[INFO] [stdout] 
[INFO] [stdout] error[E0433]: failed to resolve: could not find `shared` in `winapi`
[INFO] [stdout]   --> /opt/rustwide/cargo-home/registry/src/index.crates.io-6f17d22bba15001f/wintrap-0.3.1/src/lib.rs:37:13
[INFO] [stdout]    |
[INFO] [stdout] 37 | use winapi::shared::windef::HWND;
[INFO] [stdout]    |             ^^^^^^ could not find `shared` in `winapi`
[INFO] [stdout] 
[INFO] [stdout] 
[INFO] [stdout] error[E0433]: failed to resolve: could not find `um` in `winapi`
[INFO] [stdout]   --> /opt/rustwide/cargo-home/registry/src/index.crates.io-6f17d22bba15001f/wintrap-0.3.1/src/lib.rs:38:13
[INFO] [stdout]    |
[INFO] [stdout] 38 | use winapi::um::wincon::{CTRL_BREAK_EVENT, CTRL_CLOSE_EVENT, CTRL_C_EVENT};
[INFO] [stdout]    |             ^^ could not find `um` in `winapi`
[INFO] [stdout] 
[INFO] [stdout] 
[INFO] [stdout] error[E0433]: failed to resolve: could not find `um` in `winapi`
[INFO] [stdout]   --> /opt/rustwide/cargo-home/registry/src/index.crates.io-6f17d22bba15001f/wintrap-0.3.1/src/lib.rs:39:13
[INFO] [stdout]    |
[INFO] [stdout] 39 | use winapi::um::winuser::{DefWindowProcW, WM_CLOSE, WM_QUIT};
[INFO] [stdout]    |             ^^ could not find `um` in `winapi`
[INFO] [stdout] 
[INFO] [stdout] 
[INFO] [stderr]    Compiling glib-sys v0.15.10
[INFO] [stderr]    Compiling gobject-sys v0.15.10
[INFO] [stdout] error[E0432]: unresolved import `windres::Build`
[INFO] [stdout]   --> build.rs:16:5
[INFO] [stdout]    |
[INFO] [stdout] 16 | use windres::Build;
[INFO] [stdout]    |     ^^^^^^^^^^^^^^ no `Build` in the root
[INFO] [stdout] 
[INFO] [stdout] 
[INFO] [stdout] error: aborting due to previous error
[INFO] [stdout] 
[INFO] [stdout] 
[INFO] [stdout] For more information about this error, try `rustc --explain E0432`.
[INFO] [stdout] 
[INFO] [stderr] error: could not compile `GameMon` (build script) due to 2 previous errors
[INFO] [stderr] warning: build failed, waiting for other jobs to finish...
[INFO] [stdout] error: aborting due to 14 previous errors
[INFO] [stdout] 
[INFO] [stdout] 
[INFO] [stdout] For more information about this error, try `rustc --explain E0433`.
[INFO] [stdout] 
[INFO] [stderr] error: could not compile `wintrap` (lib) due to 15 previous errors
[INFO] running `Command { std: "docker" "inspect" "435bf51b9fb2e6974576f82d48a03c940a821198107d9703298c5130fef43e89", kill_on_drop: false }`
[INFO] running `Command { std: "docker" "rm" "-f" "435bf51b9fb2e6974576f82d48a03c940a821198107d9703298c5130fef43e89", kill_on_drop: false }`
[INFO] [stdout] 435bf51b9fb2e6974576f82d48a03c940a821198107d9703298c5130fef43e89
[INFO] documenting Akinus/GameMon against beta-2023-12-22 for beta-1.76-rustdoc-1
[INFO] running `Command { std: "git" "clone" "/workspace/cache/git-repos/https%3A%2F%2Fgithub.com%2FAkinus%2FGameMon" "/workspace/builds/worker-2-tc2/source", kill_on_drop: false }`
[INFO] [stderr] Cloning into '/workspace/builds/worker-2-tc2/source'...
[INFO] [stderr] done.
[INFO] validating manifest of git repo https://github.com/Akinus/GameMon on toolchain beta-2023-12-22
[INFO] running `Command { std: CARGO_HOME="/workspace/cargo-home" RUSTUP_HOME="/workspace/rustup-home" "/workspace/cargo-home/bin/cargo" "+beta-2023-12-22" "metadata" "--manifest-path" "Cargo.toml" "--no-deps", kill_on_drop: false }`
[INFO] started tweaking git repo https://github.com/Akinus/GameMon
[INFO] finished tweaking git repo https://github.com/Akinus/GameMon
[INFO] tweaked toml for git repo https://github.com/Akinus/GameMon written to /workspace/builds/worker-2-tc2/source/Cargo.toml
[INFO] crate git repo https://github.com/Akinus/GameMon already has a lockfile, it will not be regenerated
[INFO] running `Command { std: CARGO_HOME="/workspace/cargo-home" RUSTUP_HOME="/workspace/rustup-home" "/workspace/cargo-home/bin/cargo" "+beta-2023-12-22" "fetch" "--manifest-path" "Cargo.toml", kill_on_drop: false }`
[INFO] [stderr] warning: unused manifest key: scripts
[INFO] running `Command { std: "docker" "create" "-v" "/var/lib/crater-agent-workspace/builds/worker-2-tc2/target:/opt/rustwide/target:rw,Z" "-v" "/var/lib/crater-agent-workspace/builds/worker-2-tc2/source:/opt/rustwide/workdir:ro,Z" "-v" "/var/lib/crater-agent-workspace/cargo-home:/opt/rustwide/cargo-home:ro,Z" "-v" "/var/lib/crater-agent-workspace/rustup-home:/opt/rustwide/rustup-home:ro,Z" "-e" "SOURCE_DIR=/opt/rustwide/workdir" "-e" "CARGO_TARGET_DIR=/opt/rustwide/target" "-e" "CARGO_HOME=/opt/rustwide/cargo-home" "-e" "RUSTUP_HOME=/opt/rustwide/rustup-home" "-w" "/opt/rustwide/workdir" "-m" "1610612736" "--user" "0:0" "--network" "none" "ghcr.io/rust-lang/crates-build-env/linux@sha256:2788e3201cd34a07e3172128adcd8b3090168a8e3bcc40d7c032b9dda1df7d1c" "/opt/rustwide/cargo-home/bin/cargo" "+beta-2023-12-22" "metadata" "--no-deps" "--format-version=1", kill_on_drop: false }`
[INFO] [stdout] 6c85bf2d55f9b8b950c049482f71fa9b461b5a77a02ab9a2841d3d939c23bf63
[INFO] running `Command { std: "docker" "start" "-a" "6c85bf2d55f9b8b950c049482f71fa9b461b5a77a02ab9a2841d3d939c23bf63", kill_on_drop: false }`
[INFO] running `Command { std: "docker" "inspect" "6c85bf2d55f9b8b950c049482f71fa9b461b5a77a02ab9a2841d3d939c23bf63", kill_on_drop: false }`
[INFO] running `Command { std: "docker" "rm" "-f" "6c85bf2d55f9b8b950c049482f71fa9b461b5a77a02ab9a2841d3d939c23bf63", kill_on_drop: false }`
[INFO] [stdout] 6c85bf2d55f9b8b950c049482f71fa9b461b5a77a02ab9a2841d3d939c23bf63
[INFO] running `Command { std: "docker" "create" "-v" "/var/lib/crater-agent-workspace/builds/worker-2-tc2/target:/opt/rustwide/target:rw,Z" "-v" "/var/lib/crater-agent-workspace/builds/worker-2-tc2/source:/opt/rustwide/workdir:ro,Z" "-v" "/var/lib/crater-agent-workspace/cargo-home:/opt/rustwide/cargo-home:ro,Z" "-v" "/var/lib/crater-agent-workspace/rustup-home:/opt/rustwide/rustup-home:ro,Z" "-e" "SOURCE_DIR=/opt/rustwide/workdir" "-e" "CARGO_TARGET_DIR=/opt/rustwide/target" "-e" "CARGO_INCREMENTAL=0" "-e" "RUST_BACKTRACE=full" "-e" "RUSTFLAGS=--cap-lints=warn" "-e" "RUSTDOCFLAGS=--cap-lints=warn" "-e" "CARGO_HOME=/opt/rustwide/cargo-home" "-e" "RUSTUP_HOME=/opt/rustwide/rustup-home" "-w" "/opt/rustwide/workdir" "-m" "1610612736" "--user" "0:0" "--network" "none" "ghcr.io/rust-lang/crates-build-env/linux@sha256:2788e3201cd34a07e3172128adcd8b3090168a8e3bcc40d7c032b9dda1df7d1c" "/opt/rustwide/cargo-home/bin/cargo" "+beta-2023-12-22" "doc" "--frozen" "--no-deps" "--document-private-items" "--message-format=json", kill_on_drop: false }`
[INFO] [stdout] db1c6bfecf862b6999cad99f634c477105d93c0c556bff5a70063ff56af16261
[INFO] running `Command { std: "docker" "start" "-a" "db1c6bfecf862b6999cad99f634c477105d93c0c556bff5a70063ff56af16261", kill_on_drop: false }`
[INFO] [stderr] warning: unused manifest key: scripts
[INFO] [stderr]    Compiling pkg-config v0.3.26
[INFO] [stderr]    Compiling libc v0.2.140
[INFO] [stderr]    Compiling serde v1.0.155
[INFO] [stderr]    Compiling smallvec v1.10.0
[INFO] [stderr]    Compiling version-compare v0.1.1
[INFO] [stderr]    Compiling proc-macro2 v1.0.51
[INFO] [stderr]    Compiling quote v1.0.23
[INFO] [stderr]    Compiling unicode-ident v1.0.8
[INFO] [stderr]    Compiling version_check v0.9.4
[INFO] [stderr]     Checking once_cell v1.17.1
[INFO] [stderr]    Compiling thiserror v1.0.39
[INFO] [stderr]    Compiling indexmap v1.9.2
[INFO] [stderr]    Compiling hashbrown v0.12.3
[INFO] [stderr]    Compiling futures-core v0.3.27
[INFO] [stderr]    Compiling slab v0.4.8
[INFO] [stderr]    Compiling futures-task v0.3.27
[INFO] [stderr]    Compiling winnow v0.3.5
[INFO] [stderr]    Compiling cfg-expr v0.11.0
[INFO] [stderr]    Compiling anyhow v1.0.69
[INFO] [stderr]    Compiling toml_datetime v0.6.1
[INFO] [stderr]    Compiling futures-util v0.3.27
[INFO] [stderr]    Compiling proc-macro-error-attr v1.0.4
[INFO] [stderr]    Compiling proc-macro-error v1.0.4
[INFO] [stderr]    Compiling memoffset v0.8.0
[INFO] [stderr]     Checking pin-project-lite v0.2.9
[INFO] [stderr]    Compiling xml-rs v0.8.4
[INFO] [stderr]    Compiling log v0.4.17
[INFO] [stderr]    Compiling futures-channel v0.3.27
[INFO] [stderr]     Checking libloading v0.7.4
[INFO] [stderr]    Compiling semver v1.0.16
[INFO] [stderr]    Compiling crossbeam-utils v0.8.15
[INFO] [stderr]    Compiling typenum v1.16.0
[INFO] [stderr]    Compiling wayland-sys v0.29.5
[INFO] [stderr]    Compiling generic-array v0.14.6
[INFO] [stderr]    Compiling cc v1.0.79
[INFO] [stderr]     Checking dlib v0.5.0
[INFO] [stderr]    Compiling memchr v2.5.0
[INFO] [stderr]    Compiling gio v0.15.12
[INFO] [stderr]    Compiling crc32fast v1.3.2
[INFO] [stderr]    Compiling syn v1.0.109
[INFO] [stderr]    Compiling wayland-scanner v0.29.5
[INFO] [stderr]    Compiling crossbeam-epoch v0.9.14
[INFO] [stderr]    Compiling rustc_version v0.4.0
[INFO] [stderr]     Checking adler v1.0.2
[INFO] [stderr]     Checking futures-io v0.3.27
[INFO] [stderr]     Checking miniz_oxide v0.6.2
[INFO] [stderr]    Compiling slotmap v1.0.6
[INFO] [stderr]    Compiling winapi v0.3.9
[INFO] [stderr]    Compiling field-offset v0.3.5
[INFO] [stderr]     Checking scopeguard v1.1.0
[INFO] [stderr]     Checking downcast-rs v1.2.0
[INFO] [stderr]     Checking spin v0.5.2
[INFO] [stderr]     Checking scoped-tls v1.0.1
[INFO] [stderr]     Checking minimal-lexical v0.2.1
[INFO] [stderr]     Checking untrusted v0.7.1
[INFO] [stderr]     Checking flate2 v1.0.25
[INFO] [stderr]    Compiling gtk v0.15.5
[INFO] [stderr]     Checking tinyvec_macros v0.1.1
[INFO] [stderr]     Checking nix v0.24.3
[INFO] [stderr]     Checking tinyvec v1.6.0
[INFO] [stderr]     Checking nom v7.1.3
[INFO] [stderr]     Checking nix v0.25.1
[INFO] [stderr]     Checking crossbeam-deque v0.8.3
[INFO] [stderr]     Checking crossbeam-channel v0.5.7
[INFO] [stderr]    Compiling quick-xml v0.22.0
[INFO] [stderr]    Compiling ring v0.16.20
[INFO] [stderr]    Compiling smithay-client-toolkit v0.16.0
[INFO] [stderr]    Compiling num-traits v0.2.15
[INFO] [stderr]     Checking strict-num v0.1.0
[INFO] [stderr]     Checking futures-executor v0.3.27
[INFO] [stderr]     Checking ttf-parser v0.18.1
[INFO] [stderr]    Compiling cpufeatures v0.2.5
[INFO] [stderr]    Compiling wayland-client v0.29.5
[INFO] [stderr]    Compiling wayland-protocols v0.29.5
[INFO] [stderr]     Checking arrayref v0.3.6
[INFO] [stderr]     Checking bytemuck v1.13.1
[INFO] [stderr]    Compiling toml_edit v0.19.5
[INFO] [stderr]     Checking percent-encoding v2.2.0
[INFO] [stderr]    Compiling regex-syntax v0.6.28
[INFO] [stderr]    Compiling cfg-if v1.0.0
[INFO] [stderr]    Compiling rayon-core v1.11.0
[INFO] [stderr]     Checking either v1.8.1
[INFO] [stderr]     Checking vec_map v0.8.2
[INFO] [stderr]    Compiling crypto-common v0.1.6
[INFO] [stderr]    Compiling block-buffer v0.10.4
[INFO] [stderr]    Compiling xcb v1.2.0
[INFO] [stderr]     Checking tiny-skia-path v0.8.3
[INFO] [stderr]    Compiling digest v0.10.6
[INFO] [stderr]     Checking unicode-normalization v0.1.22
[INFO] [stderr]    Compiling sha2 v0.10.6
[INFO] [stderr]     Checking png v0.17.7
[INFO] [stderr]     Checking wayland-commons v0.29.5
[INFO] [stderr]    Compiling toml v0.5.11
[INFO] [stderr]     Checking xcursor v0.3.4
[INFO] [stderr]     Checking num_cpus v1.15.0
[INFO] [stderr]     Checking memmap2 v0.5.10
[INFO] [stderr]    Compiling x11-dl v2.21.0
[INFO] [stderr]    Compiling cfg_aliases v0.1.1
[INFO] [stderr]     Checking ab_glyph_rasterizer v0.1.8
[INFO] [stderr]     Checking arrayvec v0.7.2
[INFO] [stderr]    Compiling rustls v0.20.8
[INFO] [stderr]     Checking cfg-if v0.1.10
[INFO] [stderr]    Compiling crossbeam-queue v0.3.8
[INFO] [stderr]     Checking unicode-bidi v0.3.11
[INFO] [stderr]     Checking crossbeam-utils v0.6.6
[INFO] [stderr]    Compiling winit v0.28.2
[INFO] [stderr]     Checking tiny-skia v0.8.3
[INFO] [stderr]     Checking idna v0.3.0
[INFO] [stderr]    Compiling regex v1.7.1
[INFO] [stderr]     Checking form_urlencoded v1.1.0
[INFO] [stderr]    Compiling proc-macro-crate v1.3.1
[INFO] [stderr]     Checking dirs-sys-next v0.1.2
[INFO] [stderr]     Checking utfx v0.1.0
[INFO] [stderr]    Compiling system-deps v6.0.3
[INFO] [stderr]     Checking owned_ttf_parser v0.18.1
[INFO] [stderr]    Compiling winres v0.1.12
[INFO] [stderr]     Checking ab_glyph v0.2.20
[INFO] [stderr]    Compiling windres v0.2.2
[INFO] [stderr]     Checking cty v0.2.2
[INFO] [stderr]     Checking raw-window-handle v0.4.3
[INFO] [stderr]     Checking dirs-next v2.0.0
[INFO] [stderr]     Checking num-integer v0.1.45
[INFO] [stderr]     Checking rayon v1.7.0
[INFO] [stderr]     Checking url v2.3.1
[INFO] [stderr]     Checking crossbeam-channel v0.3.9
[INFO] [stderr]     Checking which v4.4.0
[INFO] [stderr]     Checking time v0.1.45
[INFO] [stderr]     Checking mio v0.8.6
[INFO] [stderr]     Checking instant v0.1.12
[INFO] [stderr]    Compiling GameMon v0.1.0 (/opt/rustwide/workdir)
[INFO] [stderr]     Checking iana-time-zone v0.1.53
[INFO] [stdout] error[E0432]: unresolved import `windres::Build`
[INFO] [stdout]   --> build.rs:16:5
[INFO] [stdout]    |
[INFO] [stdout] 16 | use windres::Build;
[INFO] [stdout]    |     ^^^^^^^^^^^^^^ no `Build` in the root
[INFO] [stdout] 
[INFO] [stdout] 
[INFO] [stdout] error: aborting due to 1 previous error
[INFO] [stdout] 
[INFO] [stdout] 
[INFO] [stdout] For more information about this error, try `rustc --explain E0432`.
[INFO] [stdout] 
[INFO] [stderr] error: could not compile `GameMon` (build script) due to 2 previous errors
[INFO] [stderr] warning: build failed, waiting for other jobs to finish...
[INFO] running `Command { std: "docker" "inspect" "db1c6bfecf862b6999cad99f634c477105d93c0c556bff5a70063ff56af16261", kill_on_drop: false }`
[INFO] running `Command { std: "docker" "rm" "-f" "db1c6bfecf862b6999cad99f634c477105d93c0c556bff5a70063ff56af16261", kill_on_drop: false }`
[INFO] [stdout] db1c6bfecf862b6999cad99f634c477105d93c0c556bff5a70063ff56af16261
