[INFO] cloning repository https://github.com/Aidiakapi/advent_of_code_2023
[INFO] running `Command { std: "git" "-c" "credential.helper=" "-c" "credential.helper=/workspace/cargo-home/bin/git-credential-null" "clone" "--bare" "https://github.com/Aidiakapi/advent_of_code_2023" "/workspace/cache/git-repos/https%3A%2F%2Fgithub.com%2FAidiakapi%2Fadvent_of_code_2023", kill_on_drop: false }`
[INFO] [stderr] Cloning into bare repository '/workspace/cache/git-repos/https%3A%2F%2Fgithub.com%2FAidiakapi%2Fadvent_of_code_2023'...
[INFO] running `Command { std: "git" "rev-parse" "HEAD", kill_on_drop: false }`
[INFO] [stdout] 9c8e9afa80874b196d36d22fa07d62d33239d683
[INFO] documenting Aidiakapi/advent_of_code_2023 against 1.75.0 for beta-1.76-rustdoc-1
[INFO] running `Command { std: "git" "clone" "/workspace/cache/git-repos/https%3A%2F%2Fgithub.com%2FAidiakapi%2Fadvent_of_code_2023" "/workspace/builds/worker-0-tc1/source", kill_on_drop: false }`
[INFO] [stderr] Cloning into '/workspace/builds/worker-0-tc1/source'...
[INFO] [stderr] done.
[INFO] validating manifest of git repo https://github.com/Aidiakapi/advent_of_code_2023 on toolchain 1.75.0
[INFO] running `Command { std: CARGO_HOME="/workspace/cargo-home" RUSTUP_HOME="/workspace/rustup-home" "/workspace/cargo-home/bin/cargo" "+1.75.0" "metadata" "--manifest-path" "Cargo.toml" "--no-deps", kill_on_drop: false }`
[INFO] removed /workspace/builds/worker-0-tc1/source/.cargo/config.toml
[INFO] started tweaking git repo https://github.com/Aidiakapi/advent_of_code_2023
[INFO] finished tweaking git repo https://github.com/Aidiakapi/advent_of_code_2023
[INFO] tweaked toml for git repo https://github.com/Aidiakapi/advent_of_code_2023 written to /workspace/builds/worker-0-tc1/source/Cargo.toml
[INFO] crate git repo https://github.com/Aidiakapi/advent_of_code_2023 already has a lockfile, it will not be regenerated
[INFO] running `Command { std: CARGO_HOME="/workspace/cargo-home" RUSTUP_HOME="/workspace/rustup-home" "/workspace/cargo-home/bin/cargo" "+1.75.0" "fetch" "--manifest-path" "Cargo.toml", kill_on_drop: false }`
[INFO] [stderr]     Updating crates.io index
[INFO] [stderr]  Downloading crates ...
[INFO] [stderr]   Downloaded criterion-macro v0.4.0
[INFO] running `Command { std: "docker" "create" "-v" "/var/lib/crater-agent-workspace/builds/worker-0-tc1/target:/opt/rustwide/target:rw,Z" "-v" "/var/lib/crater-agent-workspace/builds/worker-0-tc1/source:/opt/rustwide/workdir:ro,Z" "-v" "/var/lib/crater-agent-workspace/cargo-home:/opt/rustwide/cargo-home:ro,Z" "-v" "/var/lib/crater-agent-workspace/rustup-home:/opt/rustwide/rustup-home:ro,Z" "-e" "SOURCE_DIR=/opt/rustwide/workdir" "-e" "CARGO_TARGET_DIR=/opt/rustwide/target" "-e" "CARGO_HOME=/opt/rustwide/cargo-home" "-e" "RUSTUP_HOME=/opt/rustwide/rustup-home" "-w" "/opt/rustwide/workdir" "-m" "1610612736" "--user" "0:0" "--network" "none" "ghcr.io/rust-lang/crates-build-env/linux@sha256:2788e3201cd34a07e3172128adcd8b3090168a8e3bcc40d7c032b9dda1df7d1c" "/opt/rustwide/cargo-home/bin/cargo" "+1.75.0" "metadata" "--no-deps" "--format-version=1", kill_on_drop: false }`
[INFO] [stdout] aea1bba0319961322121adefb63a1f57146d860fe04d9cb26f28c49775d6bc10
[INFO] running `Command { std: "docker" "start" "-a" "aea1bba0319961322121adefb63a1f57146d860fe04d9cb26f28c49775d6bc10", kill_on_drop: false }`
[INFO] running `Command { std: "docker" "inspect" "aea1bba0319961322121adefb63a1f57146d860fe04d9cb26f28c49775d6bc10", kill_on_drop: false }`
[INFO] running `Command { std: "docker" "rm" "-f" "aea1bba0319961322121adefb63a1f57146d860fe04d9cb26f28c49775d6bc10", kill_on_drop: false }`
[INFO] [stdout] aea1bba0319961322121adefb63a1f57146d860fe04d9cb26f28c49775d6bc10
[INFO] running `Command { std: "docker" "create" "-v" "/var/lib/crater-agent-workspace/builds/worker-0-tc1/target:/opt/rustwide/target:rw,Z" "-v" "/var/lib/crater-agent-workspace/builds/worker-0-tc1/source:/opt/rustwide/workdir:ro,Z" "-v" "/var/lib/crater-agent-workspace/cargo-home:/opt/rustwide/cargo-home:ro,Z" "-v" "/var/lib/crater-agent-workspace/rustup-home:/opt/rustwide/rustup-home:ro,Z" "-e" "SOURCE_DIR=/opt/rustwide/workdir" "-e" "CARGO_TARGET_DIR=/opt/rustwide/target" "-e" "CARGO_INCREMENTAL=0" "-e" "RUST_BACKTRACE=full" "-e" "RUSTFLAGS=--cap-lints=warn" "-e" "RUSTDOCFLAGS=--cap-lints=warn" "-e" "CARGO_HOME=/opt/rustwide/cargo-home" "-e" "RUSTUP_HOME=/opt/rustwide/rustup-home" "-w" "/opt/rustwide/workdir" "-m" "1610612736" "--user" "0:0" "--network" "none" "ghcr.io/rust-lang/crates-build-env/linux@sha256:2788e3201cd34a07e3172128adcd8b3090168a8e3bcc40d7c032b9dda1df7d1c" "/opt/rustwide/cargo-home/bin/cargo" "+1.75.0" "doc" "--frozen" "--no-deps" "--document-private-items" "--message-format=json", kill_on_drop: false }`
[INFO] [stdout] bad1f99d568d6716b2b18f66a69f777b17c7abd9469c3084adab5d415be2562e
[INFO] running `Command { std: "docker" "start" "-a" "bad1f99d568d6716b2b18f66a69f777b17c7abd9469c3084adab5d415be2562e", kill_on_drop: false }`
[INFO] [stderr]    Compiling libc v0.2.150
[INFO] [stderr]    Compiling num-traits v0.2.17
[INFO] [stderr]    Compiling num-integer v0.1.45
[INFO] [stderr]    Compiling proc-macro2 v1.0.70
[INFO] [stderr]     Checking untrusted v0.9.0
[INFO] [stderr]     Checking spin v0.9.8
[INFO] [stderr]    Compiling num-bigint v0.4.4
[INFO] [stderr]    Compiling crc32fast v1.3.2
[INFO] [stderr]    Compiling rustix v0.38.26
[INFO] [stderr]    Compiling num-iter v0.1.43
[INFO] [stderr]    Compiling num-rational v0.4.1
[INFO] [stderr]    Compiling rustls v0.21.9
[INFO] [stderr]    Compiling radium v0.7.0
[INFO] [stderr]     Checking adler v1.0.2
[INFO] [stderr]     Checking idna v0.5.0
[INFO] [stderr]     Checking miniz_oxide v0.7.1
[INFO] [stderr]    Compiling ahash v0.8.6
[INFO] [stderr]    Compiling cc v1.0.83
[INFO] [stderr]    Compiling quote v1.0.33
[INFO] [stderr]     Checking tap v1.0.1
[INFO] [stderr]     Checking getrandom v0.2.11
[INFO] [stderr]    Compiling syn v2.0.39
[INFO] [stderr]    Compiling rayon-core v1.12.0
[INFO] [stderr]    Compiling paste v1.0.14
[INFO] [stderr]     Checking rand_core v0.6.4
[INFO] [stderr]     Checking log v0.4.20
[INFO] [stderr]     Checking once_cell v1.18.0
[INFO] [stderr]     Checking num-complex v0.4.4
[INFO] [stderr]     Checking is-terminal v0.4.9
[INFO] [stderr]     Checking flate2 v1.0.28
[INFO] [stderr]     Checking wyz v0.5.1
[INFO] [stderr]     Checking url v2.5.0
[INFO] [stderr]     Checking zerocopy v0.7.28
[INFO] [stderr]     Checking funty v2.0.0
[INFO] [stderr]     Checking webpki-roots v0.25.3
[INFO] [stderr]     Checking either v1.9.0
[INFO] [stderr]     Checking colored v2.0.4
[INFO] [stderr]     Checking rand_chacha v0.3.1
[INFO] [stderr]     Checking rand v0.8.5
[INFO] [stderr]     Checking bitvec v1.0.1
[INFO] [stderr]     Checking itertools v0.12.0
[INFO] [stderr]    Compiling ring v0.17.6
[INFO] [stderr]     Checking rayon v1.8.0
[INFO] [stderr]     Checking rand_pcg v0.3.1
[INFO] [stderr]     Checking arrayvec v0.7.4
[INFO] [stderr]    Compiling thiserror-impl v1.0.50
[INFO] [stderr]     Checking num v0.4.1
[INFO] [stderr]     Checking thiserror v1.0.50
[INFO] [stderr]     Checking rustls-webpki v0.101.7
[INFO] [stderr]     Checking sct v0.7.1
[INFO] [stderr]     Checking ureq v2.9.1
[INFO] [stderr]     Checking advent_of_code_framework v0.1.0 (/opt/rustwide/workdir/framework)
[INFO] [stdout] error[E0554]: `#![feature]` may not be used on the stable release channel
[INFO] [stdout]  --> framework/src/lib.rs:1:1
[INFO] [stdout]   |
[INFO] [stdout] 1 | #![feature(array_windows)]
[INFO] [stdout]   | ^^^^^^^^^^^^^^^^^^^^^^^^^^
[INFO] [stdout] 
[INFO] [stdout] 
[INFO] [stdout] error[E0554]: `#![feature]` may not be used on the stable release channel
[INFO] [stdout]  --> framework/src/lib.rs:2:1
[INFO] [stdout]   |
[INFO] [stdout] 2 | #![feature(auto_traits)]
[INFO] [stdout]   | ^^^^^^^^^^^^^^^^^^^^^^^^
[INFO] [stdout] 
[INFO] [stdout] 
[INFO] [stdout] error[E0554]: `#![feature]` may not be used on the stable release channel
[INFO] [stdout]  --> framework/src/lib.rs:3:1
[INFO] [stdout]   |
[INFO] [stdout] 3 | #![feature(decl_macro)]
[INFO] [stdout]   | ^^^^^^^^^^^^^^^^^^^^^^^
[INFO] [stdout] 
[INFO] [stdout] 
[INFO] [stdout] error[E0554]: `#![feature]` may not be used on the stable release channel
[INFO] [stdout]  --> framework/src/lib.rs:4:1
[INFO] [stdout]   |
[INFO] [stdout] 4 | #![feature(entry_insert)]
[INFO] [stdout]   | ^^^^^^^^^^^^^^^^^^^^^^^^^
[INFO] [stdout] 
[INFO] [stdout] 
[INFO] [stdout] error[E0554]: `#![feature]` may not be used on the stable release channel
[INFO] [stdout]  --> framework/src/lib.rs:5:1
[INFO] [stdout]   |
[INFO] [stdout] 5 | #![feature(hash_raw_entry)]
[INFO] [stdout]   | ^^^^^^^^^^^^^^^^^^^^^^^^^^^
[INFO] [stdout] 
[INFO] [stdout] 
[INFO] [stdout] error[E0554]: `#![feature]` may not be used on the stable release channel
[INFO] [stdout]  --> framework/src/lib.rs:6:1
[INFO] [stdout]   |
[INFO] [stdout] 6 | #![feature(let_chains)]
[INFO] [stdout]   | ^^^^^^^^^^^^^^^^^^^^^^^
[INFO] [stdout] 
[INFO] [stdout] 
[INFO] [stdout] error[E0554]: `#![feature]` may not be used on the stable release channel
[INFO] [stdout]  --> framework/src/lib.rs:7:1
[INFO] [stdout]   |
[INFO] [stdout] 7 | #![feature(maybe_uninit_array_assume_init)]
[INFO] [stdout]   | ^^^^^^^^^^^^^^^^^^^^^^^^^^^^^^^^^^^^^^^^^^^
[INFO] [stdout] 
[INFO] [stdout] 
[INFO] [stdout] error[E0554]: `#![feature]` may not be used on the stable release channel
[INFO] [stdout]  --> framework/src/lib.rs:8:1
[INFO] [stdout]   |
[INFO] [stdout] 8 | #![feature(maybe_uninit_uninit_array)]
[INFO] [stdout]   | ^^^^^^^^^^^^^^^^^^^^^^^^^^^^^^^^^^^^^^
[INFO] [stdout] 
[INFO] [stdout] 
[INFO] [stdout] error[E0554]: `#![feature]` may not be used on the stable release channel
[INFO] [stdout]  --> framework/src/lib.rs:9:1
[INFO] [stdout]   |
[INFO] [stdout] 9 | #![feature(negative_impls)]
[INFO] [stdout]   | ^^^^^^^^^^^^^^^^^^^^^^^^^^^
[INFO] [stdout] 
[INFO] [stdout] 
[INFO] [stdout] error[E0554]: `#![feature]` may not be used on the stable release channel
[INFO] [stdout]   --> framework/src/lib.rs:10:1
[INFO] [stdout]    |
[INFO] [stdout] 10 | #![feature(non_null_convenience)]
[INFO] [stdout]    | ^^^^^^^^^^^^^^^^^^^^^^^^^^^^^^^^^
[INFO] [stdout] 
[INFO] [stdout] 
[INFO] [stdout] error[E0554]: `#![feature]` may not be used on the stable release channel
[INFO] [stdout]   --> framework/src/lib.rs:11:1
[INFO] [stdout]    |
[INFO] [stdout] 11 | #![feature(slice_split_at_unchecked)]
[INFO] [stdout]    | ^^^^^^^^^^^^^^^^^^^^^^^^^^^^^^^^^^^^^
[INFO] [stdout] 
[INFO] [stdout] 
[INFO] [stdout] error[E0554]: `#![feature]` may not be used on the stable release channel
[INFO] [stdout]   --> framework/src/lib.rs:12:1
[INFO] [stdout]    |
[INFO] [stdout] 12 | #![feature(split_array)]
[INFO] [stdout]    | ^^^^^^^^^^^^^^^^^^^^^^^^
[INFO] [stdout] 
[INFO] [stdout] 
[INFO] [stdout] error[E0554]: `#![feature]` may not be used on the stable release channel
[INFO] [stdout]   --> framework/src/lib.rs:13:1
[INFO] [stdout]    |
[INFO] [stdout] 13 | #![feature(stmt_expr_attributes)]
[INFO] [stdout]    | ^^^^^^^^^^^^^^^^^^^^^^^^^^^^^^^^^
[INFO] [stdout] 
[INFO] [stdout] 
[INFO] [stdout] error[E0554]: `#![feature]` may not be used on the stable release channel
[INFO] [stdout]   --> framework/src/lib.rs:14:1
[INFO] [stdout]    |
[INFO] [stdout] 14 | #![feature(trait_alias)]
[INFO] [stdout]    | ^^^^^^^^^^^^^^^^^^^^^^^^
[INFO] [stdout] 
[INFO] [stdout] 
[INFO] [stdout] error[E0554]: `#![feature]` may not be used on the stable release channel
[INFO] [stdout]   --> framework/src/lib.rs:15:1
[INFO] [stdout]    |
[INFO] [stdout] 15 | #![feature(trusted_len)]
[INFO] [stdout]    | ^^^^^^^^^^^^^^^^^^^^^^^^
[INFO] [stdout] 
[INFO] [stdout] 
[INFO] [stdout] error[E0554]: `#![feature]` may not be used on the stable release channel
[INFO] [stdout]  --> framework/src/lib.rs:1:12
[INFO] [stdout]   |
[INFO] [stdout] 1 | #![feature(array_windows)]
[INFO] [stdout]   |            ^^^^^^^^^^^^^
[INFO] [stdout] 
[INFO] [stdout] 
[INFO] [stdout] error[E0554]: `#![feature]` may not be used on the stable release channel
[INFO] [stdout]  --> framework/src/lib.rs:4:12
[INFO] [stdout]   |
[INFO] [stdout] 4 | #![feature(entry_insert)]
[INFO] [stdout]   |            ^^^^^^^^^^^^
[INFO] [stdout] 
[INFO] [stdout] 
[INFO] [stdout] error[E0554]: `#![feature]` may not be used on the stable release channel
[INFO] [stdout]  --> framework/src/lib.rs:5:12
[INFO] [stdout]   |
[INFO] [stdout] 5 | #![feature(hash_raw_entry)]
[INFO] [stdout]   |            ^^^^^^^^^^^^^^
[INFO] [stdout] 
[INFO] [stdout] 
[INFO] [stdout] error[E0554]: `#![feature]` may not be used on the stable release channel
[INFO] [stdout]  --> framework/src/lib.rs:7:12
[INFO] [stdout]   |
[INFO] [stdout] 7 | #![feature(maybe_uninit_array_assume_init)]
[INFO] [stdout]   |            ^^^^^^^^^^^^^^^^^^^^^^^^^^^^^^
[INFO] [stdout] 
[INFO] [stdout] 
[INFO] [stdout] error[E0554]: `#![feature]` may not be used on the stable release channel
[INFO] [stdout]  --> framework/src/lib.rs:8:12
[INFO] [stdout]   |
[INFO] [stdout] 8 | #![feature(maybe_uninit_uninit_array)]
[INFO] [stdout]   |            ^^^^^^^^^^^^^^^^^^^^^^^^^
[INFO] [stdout] 
[INFO] [stdout] 
[INFO] [stdout] error[E0554]: `#![feature]` may not be used on the stable release channel
[INFO] [stdout]   --> framework/src/lib.rs:10:12
[INFO] [stdout]    |
[INFO] [stdout] 10 | #![feature(non_null_convenience)]
[INFO] [stdout]    |            ^^^^^^^^^^^^^^^^^^^^
[INFO] [stdout] 
[INFO] [stdout] 
[INFO] [stdout] error[E0554]: `#![feature]` may not be used on the stable release channel
[INFO] [stdout]   --> framework/src/lib.rs:11:12
[INFO] [stdout]    |
[INFO] [stdout] 11 | #![feature(slice_split_at_unchecked)]
[INFO] [stdout]    |            ^^^^^^^^^^^^^^^^^^^^^^^^
[INFO] [stdout] 
[INFO] [stdout] 
[INFO] [stdout] error[E0554]: `#![feature]` may not be used on the stable release channel
[INFO] [stdout]   --> framework/src/lib.rs:12:12
[INFO] [stdout]    |
[INFO] [stdout] 12 | #![feature(split_array)]
[INFO] [stdout]    |            ^^^^^^^^^^^
[INFO] [stdout] 
[INFO] [stdout] 
[INFO] [stdout] error[E0554]: `#![feature]` may not be used on the stable release channel
[INFO] [stdout]   --> framework/src/lib.rs:15:12
[INFO] [stdout]    |
[INFO] [stdout] 15 | #![feature(trusted_len)]
[INFO] [stdout]    |            ^^^^^^^^^^^
[INFO] [stdout] 
[INFO] [stdout] 
[INFO] [stdout] error[E0635]: unknown feature `non_null_convenience`
[INFO] [stdout]   --> framework/src/lib.rs:10:12
[INFO] [stdout]    |
[INFO] [stdout] 10 | #![feature(non_null_convenience)]
[INFO] [stdout]    |            ^^^^^^^^^^^^^^^^^^^^
[INFO] [stdout] 
[INFO] [stdout] 
[INFO] [stdout] error[E0624]: method `add` is private
[INFO] [stdout]    --> framework/src/util.rs:130:33
[INFO] [stdout]     |
[INFO] [stdout] 130 |               self.ptr = self.ptr.add(1);
[INFO] [stdout]     |                                   ^^^ private method
[INFO] [stdout]    --> /rustc/82e1608dfa6e0b5569232559e3d385fea5a93112/library/core/src/ptr/non_null.rs:476:5
[INFO] [stdout]    ::: /rustc/82e1608dfa6e0b5569232559e3d385fea5a93112/library/core/src/ptr/non_null.rs:478:17
[INFO] [stdout]     |
[INFO] [stdout]     = note: private method defined here
[INFO] [stdout] 
[INFO] [stdout] 
[INFO] [stdout] error: aborting due to 26 previous errors
[INFO] [stdout] 
[INFO] [stdout] 
[INFO] [stdout] Some errors have detailed explanations: E0554, E0624, E0635.
[INFO] [stdout] 
[INFO] [stdout] For more information about an error, try `rustc --explain E0554`.
[INFO] [stdout] 
[INFO] [stderr] error: could not compile `advent_of_code_framework` (lib) due to 27 previous errors
[INFO] running `Command { std: "docker" "inspect" "bad1f99d568d6716b2b18f66a69f777b17c7abd9469c3084adab5d415be2562e", kill_on_drop: false }`
[INFO] running `Command { std: "docker" "rm" "-f" "bad1f99d568d6716b2b18f66a69f777b17c7abd9469c3084adab5d415be2562e", kill_on_drop: false }`
[INFO] [stdout] bad1f99d568d6716b2b18f66a69f777b17c7abd9469c3084adab5d415be2562e
[INFO] documenting Aidiakapi/advent_of_code_2023 against beta-2023-12-22 for beta-1.76-rustdoc-1
[INFO] running `Command { std: "git" "clone" "/workspace/cache/git-repos/https%3A%2F%2Fgithub.com%2FAidiakapi%2Fadvent_of_code_2023" "/workspace/builds/worker-0-tc2/source", kill_on_drop: false }`
[INFO] [stderr] Cloning into '/workspace/builds/worker-0-tc2/source'...
[INFO] [stderr] done.
[INFO] validating manifest of git repo https://github.com/Aidiakapi/advent_of_code_2023 on toolchain beta-2023-12-22
[INFO] running `Command { std: CARGO_HOME="/workspace/cargo-home" RUSTUP_HOME="/workspace/rustup-home" "/workspace/cargo-home/bin/cargo" "+beta-2023-12-22" "metadata" "--manifest-path" "Cargo.toml" "--no-deps", kill_on_drop: false }`
[INFO] removed /workspace/builds/worker-0-tc2/source/.cargo/config.toml
[INFO] started tweaking git repo https://github.com/Aidiakapi/advent_of_code_2023
[INFO] finished tweaking git repo https://github.com/Aidiakapi/advent_of_code_2023
[INFO] tweaked toml for git repo https://github.com/Aidiakapi/advent_of_code_2023 written to /workspace/builds/worker-0-tc2/source/Cargo.toml
[INFO] crate git repo https://github.com/Aidiakapi/advent_of_code_2023 already has a lockfile, it will not be regenerated
[INFO] running `Command { std: CARGO_HOME="/workspace/cargo-home" RUSTUP_HOME="/workspace/rustup-home" "/workspace/cargo-home/bin/cargo" "+beta-2023-12-22" "fetch" "--manifest-path" "Cargo.toml", kill_on_drop: false }`
[INFO] running `Command { std: "docker" "create" "-v" "/var/lib/crater-agent-workspace/builds/worker-0-tc2/target:/opt/rustwide/target:rw,Z" "-v" "/var/lib/crater-agent-workspace/builds/worker-0-tc2/source:/opt/rustwide/workdir:ro,Z" "-v" "/var/lib/crater-agent-workspace/cargo-home:/opt/rustwide/cargo-home:ro,Z" "-v" "/var/lib/crater-agent-workspace/rustup-home:/opt/rustwide/rustup-home:ro,Z" "-e" "SOURCE_DIR=/opt/rustwide/workdir" "-e" "CARGO_TARGET_DIR=/opt/rustwide/target" "-e" "CARGO_HOME=/opt/rustwide/cargo-home" "-e" "RUSTUP_HOME=/opt/rustwide/rustup-home" "-w" "/opt/rustwide/workdir" "-m" "1610612736" "--user" "0:0" "--network" "none" "ghcr.io/rust-lang/crates-build-env/linux@sha256:2788e3201cd34a07e3172128adcd8b3090168a8e3bcc40d7c032b9dda1df7d1c" "/opt/rustwide/cargo-home/bin/cargo" "+beta-2023-12-22" "metadata" "--no-deps" "--format-version=1", kill_on_drop: false }`
[INFO] [stdout] 57fd7436fb2c06bde7216db53cdaade913b0f183b182795d43a8cac6e0a99ea9
[INFO] running `Command { std: "docker" "start" "-a" "57fd7436fb2c06bde7216db53cdaade913b0f183b182795d43a8cac6e0a99ea9", kill_on_drop: false }`
[INFO] running `Command { std: "docker" "inspect" "57fd7436fb2c06bde7216db53cdaade913b0f183b182795d43a8cac6e0a99ea9", kill_on_drop: false }`
[INFO] running `Command { std: "docker" "rm" "-f" "57fd7436fb2c06bde7216db53cdaade913b0f183b182795d43a8cac6e0a99ea9", kill_on_drop: false }`
[INFO] [stdout] 57fd7436fb2c06bde7216db53cdaade913b0f183b182795d43a8cac6e0a99ea9
[INFO] running `Command { std: "docker" "create" "-v" "/var/lib/crater-agent-workspace/builds/worker-0-tc2/target:/opt/rustwide/target:rw,Z" "-v" "/var/lib/crater-agent-workspace/builds/worker-0-tc2/source:/opt/rustwide/workdir:ro,Z" "-v" "/var/lib/crater-agent-workspace/cargo-home:/opt/rustwide/cargo-home:ro,Z" "-v" "/var/lib/crater-agent-workspace/rustup-home:/opt/rustwide/rustup-home:ro,Z" "-e" "SOURCE_DIR=/opt/rustwide/workdir" "-e" "CARGO_TARGET_DIR=/opt/rustwide/target" "-e" "CARGO_INCREMENTAL=0" "-e" "RUST_BACKTRACE=full" "-e" "RUSTFLAGS=--cap-lints=warn" "-e" "RUSTDOCFLAGS=--cap-lints=warn" "-e" "CARGO_HOME=/opt/rustwide/cargo-home" "-e" "RUSTUP_HOME=/opt/rustwide/rustup-home" "-w" "/opt/rustwide/workdir" "-m" "1610612736" "--user" "0:0" "--network" "none" "ghcr.io/rust-lang/crates-build-env/linux@sha256:2788e3201cd34a07e3172128adcd8b3090168a8e3bcc40d7c032b9dda1df7d1c" "/opt/rustwide/cargo-home/bin/cargo" "+beta-2023-12-22" "doc" "--frozen" "--no-deps" "--document-private-items" "--message-format=json", kill_on_drop: false }`
[INFO] [stdout] a59b4422df1f28a7d3a743576759db0a13d9fe9f822c85f88692547e01df759e
[INFO] running `Command { std: "docker" "start" "-a" "a59b4422df1f28a7d3a743576759db0a13d9fe9f822c85f88692547e01df759e", kill_on_drop: false }`
[INFO] [stderr]    Compiling libc v0.2.150
[INFO] [stderr]    Compiling num-traits v0.2.17
[INFO] [stderr]    Compiling num-integer v0.1.45
[INFO] [stderr]    Compiling proc-macro2 v1.0.70
[INFO] [stderr]     Checking untrusted v0.9.0
[INFO] [stderr]     Checking spin v0.9.8
[INFO] [stderr]    Compiling num-bigint v0.4.4
[INFO] [stderr]    Compiling crc32fast v1.3.2
[INFO] [stderr]    Compiling rustix v0.38.26
[INFO] [stderr]    Compiling num-rational v0.4.1
[INFO] [stderr]    Compiling num-iter v0.1.43
[INFO] [stderr]    Compiling radium v0.7.0
[INFO] [stderr]     Checking adler v1.0.2
[INFO] [stderr]    Compiling rustls v0.21.9
[INFO] [stderr]    Compiling ahash v0.8.6
[INFO] [stderr]     Checking miniz_oxide v0.7.1
[INFO] [stderr]     Checking idna v0.5.0
[INFO] [stderr]    Compiling quote v1.0.33
[INFO] [stderr]    Compiling cc v1.0.83
[INFO] [stderr]     Checking getrandom v0.2.11
[INFO] [stderr]    Compiling syn v2.0.39
[INFO] [stderr]     Checking tap v1.0.1
[INFO] [stderr]    Compiling paste v1.0.14
[INFO] [stderr]     Checking rand_core v0.6.4
[INFO] [stderr]     Checking once_cell v1.18.0
[INFO] [stderr]     Checking log v0.4.20
[INFO] [stderr]    Compiling rayon-core v1.12.0
[INFO] [stderr]     Checking is-terminal v0.4.9
[INFO] [stderr]     Checking wyz v0.5.1
[INFO] [stderr]     Checking flate2 v1.0.28
[INFO] [stderr]     Checking url v2.5.0
[INFO] [stderr]     Checking num-complex v0.4.4
[INFO] [stderr]     Checking funty v2.0.0
[INFO] [stderr]     Checking either v1.9.0
[INFO] [stderr]     Checking zerocopy v0.7.28
[INFO] [stderr]     Checking webpki-roots v0.25.3
[INFO] [stderr]     Checking colored v2.0.4
[INFO] [stderr]     Checking rand_chacha v0.3.1
[INFO] [stderr]     Checking rand v0.8.5
[INFO] [stderr]     Checking bitvec v1.0.1
[INFO] [stderr]     Checking rayon v1.8.0
[INFO] [stderr]    Compiling ring v0.17.6
[INFO] [stderr]     Checking itertools v0.12.0
[INFO] [stderr]     Checking rand_pcg v0.3.1
[INFO] [stderr]     Checking arrayvec v0.7.4
[INFO] [stderr]     Checking num v0.4.1
[INFO] [stderr]    Compiling thiserror-impl v1.0.50
[INFO] [stderr]     Checking thiserror v1.0.50
[INFO] [stderr]     Checking rustls-webpki v0.101.7
[INFO] [stderr]     Checking sct v0.7.1
[INFO] [stderr]     Checking ureq v2.9.1
[INFO] [stderr]     Checking advent_of_code_framework v0.1.0 (/opt/rustwide/workdir/framework)
[INFO] [stdout] error[E0554]: `#![feature]` may not be used on the beta release channel
[INFO] [stdout]  --> framework/src/lib.rs:1:1
[INFO] [stdout]   |
[INFO] [stdout] 1 | #![feature(array_windows)]
[INFO] [stdout]   | ^^^^^^^^^^^^^^^^^^^^^^^^^^
[INFO] [stdout] 
[INFO] [stdout] 
[INFO] [stdout] error[E0554]: `#![feature]` may not be used on the beta release channel
[INFO] [stdout]  --> framework/src/lib.rs:2:1
[INFO] [stdout]   |
[INFO] [stdout] 2 | #![feature(auto_traits)]
[INFO] [stdout]   | ^^^^^^^^^^^^^^^^^^^^^^^^
[INFO] [stdout] 
[INFO] [stdout] 
[INFO] [stdout] error[E0554]: `#![feature]` may not be used on the beta release channel
[INFO] [stdout]  --> framework/src/lib.rs:3:1
[INFO] [stdout]   |
[INFO] [stdout] 3 | #![feature(decl_macro)]
[INFO] [stdout]   | ^^^^^^^^^^^^^^^^^^^^^^^
[INFO] [stdout] 
[INFO] [stdout] 
[INFO] [stdout] error[E0554]: `#![feature]` may not be used on the beta release channel
[INFO] [stdout]  --> framework/src/lib.rs:4:1
[INFO] [stdout]   |
[INFO] [stdout] 4 | #![feature(entry_insert)]
[INFO] [stdout]   | ^^^^^^^^^^^^^^^^^^^^^^^^^
[INFO] [stdout] 
[INFO] [stdout] 
[INFO] [stdout] error[E0554]: `#![feature]` may not be used on the beta release channel
[INFO] [stdout]  --> framework/src/lib.rs:5:1
[INFO] [stdout]   |
[INFO] [stdout] 5 | #![feature(hash_raw_entry)]
[INFO] [stdout]   | ^^^^^^^^^^^^^^^^^^^^^^^^^^^
[INFO] [stdout] 
[INFO] [stdout] 
[INFO] [stdout] error[E0554]: `#![feature]` may not be used on the beta release channel
[INFO] [stdout]  --> framework/src/lib.rs:6:1
[INFO] [stdout]   |
[INFO] [stdout] 6 | #![feature(let_chains)]
[INFO] [stdout]   | ^^^^^^^^^^^^^^^^^^^^^^^
[INFO] [stdout] 
[INFO] [stdout] 
[INFO] [stdout] error[E0554]: `#![feature]` may not be used on the beta release channel
[INFO] [stdout]  --> framework/src/lib.rs:7:1
[INFO] [stdout]   |
[INFO] [stdout] 7 | #![feature(maybe_uninit_array_assume_init)]
[INFO] [stdout]   | ^^^^^^^^^^^^^^^^^^^^^^^^^^^^^^^^^^^^^^^^^^^
[INFO] [stdout] 
[INFO] [stdout] 
[INFO] [stdout] error[E0554]: `#![feature]` may not be used on the beta release channel
[INFO] [stdout]  --> framework/src/lib.rs:8:1
[INFO] [stdout]   |
[INFO] [stdout] 8 | #![feature(maybe_uninit_uninit_array)]
[INFO] [stdout]   | ^^^^^^^^^^^^^^^^^^^^^^^^^^^^^^^^^^^^^^
[INFO] [stdout] 
[INFO] [stdout] 
[INFO] [stdout] error[E0554]: `#![feature]` may not be used on the beta release channel
[INFO] [stdout]  --> framework/src/lib.rs:9:1
[INFO] [stdout]   |
[INFO] [stdout] 9 | #![feature(negative_impls)]
[INFO] [stdout]   | ^^^^^^^^^^^^^^^^^^^^^^^^^^^
[INFO] [stdout] 
[INFO] [stdout] 
[INFO] [stdout] error[E0554]: `#![feature]` may not be used on the beta release channel
[INFO] [stdout]   --> framework/src/lib.rs:10:1
[INFO] [stdout]    |
[INFO] [stdout] 10 | #![feature(non_null_convenience)]
[INFO] [stdout]    | ^^^^^^^^^^^^^^^^^^^^^^^^^^^^^^^^^
[INFO] [stdout] 
[INFO] [stdout] 
[INFO] [stdout] error[E0554]: `#![feature]` may not be used on the beta release channel
[INFO] [stdout]   --> framework/src/lib.rs:11:1
[INFO] [stdout]    |
[INFO] [stdout] 11 | #![feature(slice_split_at_unchecked)]
[INFO] [stdout]    | ^^^^^^^^^^^^^^^^^^^^^^^^^^^^^^^^^^^^^
[INFO] [stdout] 
[INFO] [stdout] 
[INFO] [stdout] error[E0554]: `#![feature]` may not be used on the beta release channel
[INFO] [stdout]   --> framework/src/lib.rs:12:1
[INFO] [stdout]    |
[INFO] [stdout] 12 | #![feature(split_array)]
[INFO] [stdout]    | ^^^^^^^^^^^^^^^^^^^^^^^^
[INFO] [stdout] 
[INFO] [stdout] 
[INFO] [stdout] error[E0554]: `#![feature]` may not be used on the beta release channel
[INFO] [stdout]   --> framework/src/lib.rs:13:1
[INFO] [stdout]    |
[INFO] [stdout] 13 | #![feature(stmt_expr_attributes)]
[INFO] [stdout]    | ^^^^^^^^^^^^^^^^^^^^^^^^^^^^^^^^^
[INFO] [stdout] 
[INFO] [stdout] 
[INFO] [stdout] error[E0554]: `#![feature]` may not be used on the beta release channel
[INFO] [stdout]   --> framework/src/lib.rs:14:1
[INFO] [stdout]    |
[INFO] [stdout] 14 | #![feature(trait_alias)]
[INFO] [stdout]    | ^^^^^^^^^^^^^^^^^^^^^^^^
[INFO] [stdout] 
[INFO] [stdout] 
[INFO] [stdout] error[E0554]: `#![feature]` may not be used on the beta release channel
[INFO] [stdout]   --> framework/src/lib.rs:15:1
[INFO] [stdout]    |
[INFO] [stdout] 15 | #![feature(trusted_len)]
[INFO] [stdout]    | ^^^^^^^^^^^^^^^^^^^^^^^^
[INFO] [stdout] 
[INFO] [stdout] 
[INFO] [stdout] error[E0554]: `#![feature]` may not be used on the beta release channel
[INFO] [stdout]  --> framework/src/lib.rs:1:12
[INFO] [stdout]   |
[INFO] [stdout] 1 | #![feature(array_windows)]
[INFO] [stdout]   |            ^^^^^^^^^^^^^
[INFO] [stdout] 
[INFO] [stdout] 
[INFO] [stdout] error[E0554]: `#![feature]` may not be used on the beta release channel
[INFO] [stdout]  --> framework/src/lib.rs:4:12
[INFO] [stdout]   |
[INFO] [stdout] 4 | #![feature(entry_insert)]
[INFO] [stdout]   |            ^^^^^^^^^^^^
[INFO] [stdout] 
[INFO] [stdout] 
[INFO] [stdout] error[E0554]: `#![feature]` may not be used on the beta release channel
[INFO] [stdout]  --> framework/src/lib.rs:5:12
[INFO] [stdout]   |
[INFO] [stdout] 5 | #![feature(hash_raw_entry)]
[INFO] [stdout]   |            ^^^^^^^^^^^^^^
[INFO] [stdout] 
[INFO] [stdout] 
[INFO] [stdout] error[E0554]: `#![feature]` may not be used on the beta release channel
[INFO] [stdout]  --> framework/src/lib.rs:7:12
[INFO] [stdout]   |
[INFO] [stdout] 7 | #![feature(maybe_uninit_array_assume_init)]
[INFO] [stdout]   |            ^^^^^^^^^^^^^^^^^^^^^^^^^^^^^^
[INFO] [stdout] 
[INFO] [stdout] 
[INFO] [stdout] error[E0554]: `#![feature]` may not be used on the beta release channel
[INFO] [stdout]  --> framework/src/lib.rs:8:12
[INFO] [stdout]   |
[INFO] [stdout] 8 | #![feature(maybe_uninit_uninit_array)]
[INFO] [stdout]   |            ^^^^^^^^^^^^^^^^^^^^^^^^^
[INFO] [stdout] 
[INFO] [stdout] 
[INFO] [stdout] error[E0554]: `#![feature]` may not be used on the beta release channel
[INFO] [stdout]   --> framework/src/lib.rs:10:12
[INFO] [stdout]    |
[INFO] [stdout] 10 | #![feature(non_null_convenience)]
[INFO] [stdout]    |            ^^^^^^^^^^^^^^^^^^^^
[INFO] [stdout] 
[INFO] [stdout] 
[INFO] [stdout] error[E0554]: `#![feature]` may not be used on the beta release channel
[INFO] [stdout]   --> framework/src/lib.rs:11:12
[INFO] [stdout]    |
[INFO] [stdout] 11 | #![feature(slice_split_at_unchecked)]
[INFO] [stdout]    |            ^^^^^^^^^^^^^^^^^^^^^^^^
[INFO] [stdout] 
[INFO] [stdout] 
[INFO] [stdout] error[E0554]: `#![feature]` may not be used on the beta release channel
[INFO] [stdout]   --> framework/src/lib.rs:12:12
[INFO] [stdout]    |
[INFO] [stdout] 12 | #![feature(split_array)]
[INFO] [stdout]    |            ^^^^^^^^^^^
[INFO] [stdout] 
[INFO] [stdout] 
[INFO] [stdout] error[E0554]: `#![feature]` may not be used on the beta release channel
[INFO] [stdout]   --> framework/src/lib.rs:15:12
[INFO] [stdout]    |
[INFO] [stdout] 15 | #![feature(trusted_len)]
[INFO] [stdout]    |            ^^^^^^^^^^^
[INFO] [stdout] 
[INFO] [stdout] 
[INFO] [stdout] error: aborting due to 24 previous errors
[INFO] [stdout] 
[INFO] [stdout] 
[INFO] [stdout] For more information about this error, try `rustc --explain E0554`.
[INFO] [stdout] 
[INFO] [stderr] error: could not compile `advent_of_code_framework` (lib) due to 25 previous errors
[INFO] running `Command { std: "docker" "inspect" "a59b4422df1f28a7d3a743576759db0a13d9fe9f822c85f88692547e01df759e", kill_on_drop: false }`
[INFO] running `Command { std: "docker" "rm" "-f" "a59b4422df1f28a7d3a743576759db0a13d9fe9f822c85f88692547e01df759e", kill_on_drop: false }`
[INFO] [stdout] a59b4422df1f28a7d3a743576759db0a13d9fe9f822c85f88692547e01df759e
