[INFO] cloning repository https://github.com/AdrienDML/seed_rs
[INFO] running `Command { std: "git" "-c" "credential.helper=" "-c" "credential.helper=/workspace/cargo-home/bin/git-credential-null" "clone" "--bare" "https://github.com/AdrienDML/seed_rs" "/workspace/cache/git-repos/https%3A%2F%2Fgithub.com%2FAdrienDML%2Fseed_rs", kill_on_drop: false }`
[INFO] [stderr] Cloning into bare repository '/workspace/cache/git-repos/https%3A%2F%2Fgithub.com%2FAdrienDML%2Fseed_rs'...
[INFO] running `Command { std: "git" "rev-parse" "HEAD", kill_on_drop: false }`
[INFO] [stdout] 61ce3ca7d98ac1cecd75156bba9d676a5dd92e9d
[INFO] documenting AdrienDML/seed_rs against 1.75.0 for beta-1.76-rustdoc-1
[INFO] running `Command { std: "git" "clone" "/workspace/cache/git-repos/https%3A%2F%2Fgithub.com%2FAdrienDML%2Fseed_rs" "/workspace/builds/worker-6-tc1/source", kill_on_drop: false }`
[INFO] [stderr] Cloning into '/workspace/builds/worker-6-tc1/source'...
[INFO] [stderr] done.
[INFO] validating manifest of git repo https://github.com/AdrienDML/seed_rs on toolchain 1.75.0
[INFO] running `Command { std: CARGO_HOME="/workspace/cargo-home" RUSTUP_HOME="/workspace/rustup-home" "/workspace/cargo-home/bin/cargo" "+1.75.0" "metadata" "--manifest-path" "Cargo.toml" "--no-deps", kill_on_drop: false }`
[INFO] started tweaking git repo https://github.com/AdrienDML/seed_rs
[INFO] finished tweaking git repo https://github.com/AdrienDML/seed_rs
[INFO] tweaked toml for git repo https://github.com/AdrienDML/seed_rs written to /workspace/builds/worker-6-tc1/source/Cargo.toml
[INFO] crate git repo https://github.com/AdrienDML/seed_rs already has a lockfile, it will not be regenerated
[INFO] running `Command { std: CARGO_HOME="/workspace/cargo-home" RUSTUP_HOME="/workspace/rustup-home" "/workspace/cargo-home/bin/cargo" "+1.75.0" "fetch" "--manifest-path" "Cargo.toml", kill_on_drop: false }`
[INFO] running `Command { std: "docker" "create" "-v" "/var/lib/crater-agent-workspace/builds/worker-6-tc1/target:/opt/rustwide/target:rw,Z" "-v" "/var/lib/crater-agent-workspace/builds/worker-6-tc1/source:/opt/rustwide/workdir:ro,Z" "-v" "/var/lib/crater-agent-workspace/cargo-home:/opt/rustwide/cargo-home:ro,Z" "-v" "/var/lib/crater-agent-workspace/rustup-home:/opt/rustwide/rustup-home:ro,Z" "-e" "SOURCE_DIR=/opt/rustwide/workdir" "-e" "CARGO_TARGET_DIR=/opt/rustwide/target" "-e" "CARGO_HOME=/opt/rustwide/cargo-home" "-e" "RUSTUP_HOME=/opt/rustwide/rustup-home" "-w" "/opt/rustwide/workdir" "-m" "1610612736" "--user" "0:0" "--network" "none" "ghcr.io/rust-lang/crates-build-env/linux@sha256:2788e3201cd34a07e3172128adcd8b3090168a8e3bcc40d7c032b9dda1df7d1c" "/opt/rustwide/cargo-home/bin/cargo" "+1.75.0" "metadata" "--no-deps" "--format-version=1", kill_on_drop: false }`
[INFO] [stdout] 60e2a0071ce55edd71879ba194f054e3075b80f0d52ea8a50dcc1966aa65b8d8
[INFO] running `Command { std: "docker" "start" "-a" "60e2a0071ce55edd71879ba194f054e3075b80f0d52ea8a50dcc1966aa65b8d8", kill_on_drop: false }`
[INFO] running `Command { std: "docker" "inspect" "60e2a0071ce55edd71879ba194f054e3075b80f0d52ea8a50dcc1966aa65b8d8", kill_on_drop: false }`
[INFO] running `Command { std: "docker" "rm" "-f" "60e2a0071ce55edd71879ba194f054e3075b80f0d52ea8a50dcc1966aa65b8d8", kill_on_drop: false }`
[INFO] [stdout] 60e2a0071ce55edd71879ba194f054e3075b80f0d52ea8a50dcc1966aa65b8d8
[INFO] running `Command { std: "docker" "create" "-v" "/var/lib/crater-agent-workspace/builds/worker-6-tc1/target:/opt/rustwide/target:rw,Z" "-v" "/var/lib/crater-agent-workspace/builds/worker-6-tc1/source:/opt/rustwide/workdir:ro,Z" "-v" "/var/lib/crater-agent-workspace/cargo-home:/opt/rustwide/cargo-home:ro,Z" "-v" "/var/lib/crater-agent-workspace/rustup-home:/opt/rustwide/rustup-home:ro,Z" "-e" "SOURCE_DIR=/opt/rustwide/workdir" "-e" "CARGO_TARGET_DIR=/opt/rustwide/target" "-e" "CARGO_INCREMENTAL=0" "-e" "RUST_BACKTRACE=full" "-e" "RUSTFLAGS=--cap-lints=warn" "-e" "RUSTDOCFLAGS=--cap-lints=warn" "-e" "CARGO_HOME=/opt/rustwide/cargo-home" "-e" "RUSTUP_HOME=/opt/rustwide/rustup-home" "-w" "/opt/rustwide/workdir" "-m" "1610612736" "--user" "0:0" "--network" "none" "ghcr.io/rust-lang/crates-build-env/linux@sha256:2788e3201cd34a07e3172128adcd8b3090168a8e3bcc40d7c032b9dda1df7d1c" "/opt/rustwide/cargo-home/bin/cargo" "+1.75.0" "doc" "--frozen" "--no-deps" "--document-private-items" "--message-format=json", kill_on_drop: false }`
[INFO] [stdout] e25096c71707bfde03b74a782cc9df70e37c300f11f0d53a2717bc465b76127d
[INFO] running `Command { std: "docker" "start" "-a" "e25096c71707bfde03b74a782cc9df70e37c300f11f0d53a2717bc465b76127d", kill_on_drop: false }`
[INFO] [stderr]     Checking seed_ecs v0.1.0 (/opt/rustwide/workdir/internals/seed_ecs)
[INFO] [stderr]     Checking seed_window v0.1.0 (/opt/rustwide/workdir/internals/seed_window)
[INFO] [stderr]     Checking seed_app v0.1.0 (/opt/rustwide/workdir/internals/seed_app)
[INFO] [stderr]     Checking seed_input v0.1.0 (/opt/rustwide/workdir/internals/seed_input)
[INFO] [stderr]     Checking seed_math v0.1.0 (/opt/rustwide/workdir/internals/seed_math)
[INFO] [stderr]     Checking seed_asset v0.1.0 (/opt/rustwide/workdir/internals/seed_asset)
[INFO] [stderr]     Checking seed_node v0.1.0 (/opt/rustwide/workdir/internals/seed_node)
[INFO] [stderr]     Checking seed_render v0.1.0 (/opt/rustwide/workdir/internals/seed_render)
[INFO] [stdout] error[E0583]: file not found for module `entity`
[INFO] [stdout]  --> internals/seed_ecs/src/lib.rs:8:1
[INFO] [stdout]   |
[INFO] [stdout] 8 | pub mod entity;
[INFO] [stdout]   | ^^^^^^^^^^^^^^^
[INFO] [stdout]   |
[INFO] [stdout]   = help: to create the module `entity`, create file "internals/seed_ecs/src/entity.rs" or "internals/seed_ecs/src/entity/mod.rs"
[INFO] [stdout]   = note: if there is a `mod entity` elsewhere in the crate already, import it with `use crate::...` instead
[INFO] [stdout] 
[INFO] [stdout] 
[INFO] [stdout] error[E0432]: unresolved imports `entity::Entities`, `entity::Entity`
[INFO] [stdout]  --> internals/seed_ecs/src/lib.rs:6:14
[INFO] [stdout]   |
[INFO] [stdout] 6 | use entity::{Entities, Entity};
[INFO] [stdout]   |              ^^^^^^^^  ^^^^^^ no `Entity` in `entity`
[INFO] [stdout]   |              |
[INFO] [stdout]   |              no `Entities` in `entity`
[INFO] [stdout] 
[INFO] [stdout] 
[INFO] [stdout] error[E0308]: mismatched types
[INFO] [stdout]    --> internals/seed_ecs/src/utils/bvec.rs:178:9
[INFO] [stdout]     |
[INFO] [stdout] 173 | impl<T> Iterator for BVecIterator<T> {
[INFO] [stdout]     |      - expected this type parameter
[INFO] [stdout] ...
[INFO] [stdout] 176 |     fn next(&mut self) -> Option<Self::Item> {
[INFO] [stdout]     |                           ------------------ expected `Option<T>` because of return type
[INFO] [stdout] 177 |         let idx = self.inner.next_item_index(self.cursor);
[INFO] [stdout] 178 |         self.inner.get_mut(idx)
[INFO] [stdout]     |         ^^^^^^^^^^^^^^^^^^^^^^^ expected `Option<T>`, found `Option<&mut T>`
[INFO] [stdout]     |
[INFO] [stdout]     = note: expected enum `Option<T>`
[INFO] [stdout]                found enum `Option<&mut T>`
[INFO] [stdout] 
[INFO] [stdout] 
[INFO] [stdout] error: aborting due to 3 previous errors
[INFO] [stdout] 
[INFO] [stdout] 
[INFO] [stdout] Some errors have detailed explanations: E0308, E0432, E0583.
[INFO] [stdout] 
[INFO] [stdout] For more information about an error, try `rustc --explain E0308`.
[INFO] [stdout] 
[INFO] [stderr] error: could not compile `seed_ecs` (lib) due to 4 previous errors
[INFO] running `Command { std: "docker" "inspect" "e25096c71707bfde03b74a782cc9df70e37c300f11f0d53a2717bc465b76127d", kill_on_drop: false }`
[INFO] running `Command { std: "docker" "rm" "-f" "e25096c71707bfde03b74a782cc9df70e37c300f11f0d53a2717bc465b76127d", kill_on_drop: false }`
[INFO] [stdout] e25096c71707bfde03b74a782cc9df70e37c300f11f0d53a2717bc465b76127d
[INFO] documenting AdrienDML/seed_rs against beta-2023-12-22 for beta-1.76-rustdoc-1
[INFO] running `Command { std: "git" "clone" "/workspace/cache/git-repos/https%3A%2F%2Fgithub.com%2FAdrienDML%2Fseed_rs" "/workspace/builds/worker-6-tc2/source", kill_on_drop: false }`
[INFO] [stderr] Cloning into '/workspace/builds/worker-6-tc2/source'...
[INFO] [stderr] done.
[INFO] validating manifest of git repo https://github.com/AdrienDML/seed_rs on toolchain beta-2023-12-22
[INFO] running `Command { std: CARGO_HOME="/workspace/cargo-home" RUSTUP_HOME="/workspace/rustup-home" "/workspace/cargo-home/bin/cargo" "+beta-2023-12-22" "metadata" "--manifest-path" "Cargo.toml" "--no-deps", kill_on_drop: false }`
[INFO] started tweaking git repo https://github.com/AdrienDML/seed_rs
[INFO] finished tweaking git repo https://github.com/AdrienDML/seed_rs
[INFO] tweaked toml for git repo https://github.com/AdrienDML/seed_rs written to /workspace/builds/worker-6-tc2/source/Cargo.toml
[INFO] crate git repo https://github.com/AdrienDML/seed_rs already has a lockfile, it will not be regenerated
[INFO] running `Command { std: CARGO_HOME="/workspace/cargo-home" RUSTUP_HOME="/workspace/rustup-home" "/workspace/cargo-home/bin/cargo" "+beta-2023-12-22" "fetch" "--manifest-path" "Cargo.toml", kill_on_drop: false }`
[INFO] running `Command { std: "docker" "create" "-v" "/var/lib/crater-agent-workspace/builds/worker-6-tc2/target:/opt/rustwide/target:rw,Z" "-v" "/var/lib/crater-agent-workspace/builds/worker-6-tc2/source:/opt/rustwide/workdir:ro,Z" "-v" "/var/lib/crater-agent-workspace/cargo-home:/opt/rustwide/cargo-home:ro,Z" "-v" "/var/lib/crater-agent-workspace/rustup-home:/opt/rustwide/rustup-home:ro,Z" "-e" "SOURCE_DIR=/opt/rustwide/workdir" "-e" "CARGO_TARGET_DIR=/opt/rustwide/target" "-e" "CARGO_HOME=/opt/rustwide/cargo-home" "-e" "RUSTUP_HOME=/opt/rustwide/rustup-home" "-w" "/opt/rustwide/workdir" "-m" "1610612736" "--user" "0:0" "--network" "none" "ghcr.io/rust-lang/crates-build-env/linux@sha256:2788e3201cd34a07e3172128adcd8b3090168a8e3bcc40d7c032b9dda1df7d1c" "/opt/rustwide/cargo-home/bin/cargo" "+beta-2023-12-22" "metadata" "--no-deps" "--format-version=1", kill_on_drop: false }`
[INFO] [stdout] 15e34e7481a07b0d7f4b9f8b97e1bac35c90eb8ac45afa91e8bdafb373443f38
[INFO] running `Command { std: "docker" "start" "-a" "15e34e7481a07b0d7f4b9f8b97e1bac35c90eb8ac45afa91e8bdafb373443f38", kill_on_drop: false }`
[INFO] running `Command { std: "docker" "inspect" "15e34e7481a07b0d7f4b9f8b97e1bac35c90eb8ac45afa91e8bdafb373443f38", kill_on_drop: false }`
[INFO] running `Command { std: "docker" "rm" "-f" "15e34e7481a07b0d7f4b9f8b97e1bac35c90eb8ac45afa91e8bdafb373443f38", kill_on_drop: false }`
[INFO] [stdout] 15e34e7481a07b0d7f4b9f8b97e1bac35c90eb8ac45afa91e8bdafb373443f38
[INFO] running `Command { std: "docker" "create" "-v" "/var/lib/crater-agent-workspace/builds/worker-6-tc2/target:/opt/rustwide/target:rw,Z" "-v" "/var/lib/crater-agent-workspace/builds/worker-6-tc2/source:/opt/rustwide/workdir:ro,Z" "-v" "/var/lib/crater-agent-workspace/cargo-home:/opt/rustwide/cargo-home:ro,Z" "-v" "/var/lib/crater-agent-workspace/rustup-home:/opt/rustwide/rustup-home:ro,Z" "-e" "SOURCE_DIR=/opt/rustwide/workdir" "-e" "CARGO_TARGET_DIR=/opt/rustwide/target" "-e" "CARGO_INCREMENTAL=0" "-e" "RUST_BACKTRACE=full" "-e" "RUSTFLAGS=--cap-lints=warn" "-e" "RUSTDOCFLAGS=--cap-lints=warn" "-e" "CARGO_HOME=/opt/rustwide/cargo-home" "-e" "RUSTUP_HOME=/opt/rustwide/rustup-home" "-w" "/opt/rustwide/workdir" "-m" "1610612736" "--user" "0:0" "--network" "none" "ghcr.io/rust-lang/crates-build-env/linux@sha256:2788e3201cd34a07e3172128adcd8b3090168a8e3bcc40d7c032b9dda1df7d1c" "/opt/rustwide/cargo-home/bin/cargo" "+beta-2023-12-22" "doc" "--frozen" "--no-deps" "--document-private-items" "--message-format=json", kill_on_drop: false }`
[INFO] [stdout] 38f728b47dc4de15cb5e147785e4bfaa31291dfd2ee8d7b8f6e1c5cf3f3daa95
[INFO] running `Command { std: "docker" "start" "-a" "38f728b47dc4de15cb5e147785e4bfaa31291dfd2ee8d7b8f6e1c5cf3f3daa95", kill_on_drop: false }`
[INFO] [stderr]     Checking seed_ecs v0.1.0 (/opt/rustwide/workdir/internals/seed_ecs)
[INFO] [stderr]     Checking seed_math v0.1.0 (/opt/rustwide/workdir/internals/seed_math)
[INFO] [stderr]     Checking seed_window v0.1.0 (/opt/rustwide/workdir/internals/seed_window)
[INFO] [stderr]     Checking seed_app v0.1.0 (/opt/rustwide/workdir/internals/seed_app)
[INFO] [stderr]     Checking seed_input v0.1.0 (/opt/rustwide/workdir/internals/seed_input)
[INFO] [stderr]     Checking seed_node v0.1.0 (/opt/rustwide/workdir/internals/seed_node)
[INFO] [stderr]     Checking seed_asset v0.1.0 (/opt/rustwide/workdir/internals/seed_asset)
[INFO] [stderr]     Checking seed_render v0.1.0 (/opt/rustwide/workdir/internals/seed_render)
[INFO] [stdout] error[E0583]: file not found for module `entity`
[INFO] [stdout]  --> internals/seed_ecs/src/lib.rs:8:1
[INFO] [stdout]   |
[INFO] [stdout] 8 | pub mod entity;
[INFO] [stdout]   | ^^^^^^^^^^^^^^^
[INFO] [stdout]   |
[INFO] [stdout]   = help: to create the module `entity`, create file "internals/seed_ecs/src/entity.rs" or "internals/seed_ecs/src/entity/mod.rs"
[INFO] [stdout]   = note: if there is a `mod entity` elsewhere in the crate already, import it with `use crate::...` instead
[INFO] [stdout] 
[INFO] [stdout] 
[INFO] [stdout] error[E0432]: unresolved imports `entity::Entities`, `entity::Entity`
[INFO] [stdout]  --> internals/seed_ecs/src/lib.rs:6:14
[INFO] [stdout]   |
[INFO] [stdout] 6 | use entity::{Entities, Entity};
[INFO] [stdout]   |              ^^^^^^^^  ^^^^^^ no `Entity` in `entity`
[INFO] [stdout]   |              |
[INFO] [stdout]   |              no `Entities` in `entity`
[INFO] [stdout] 
[INFO] [stdout] 
[INFO] [stdout] error[E0308]: mismatched types
[INFO] [stdout]    --> internals/seed_ecs/src/utils/bvec.rs:178:9
[INFO] [stdout]     |
[INFO] [stdout] 173 | impl<T> Iterator for BVecIterator<T> {
[INFO] [stdout]     |      - expected this type parameter
[INFO] [stdout] ...
[INFO] [stdout] 176 |     fn next(&mut self) -> Option<Self::Item> {
[INFO] [stdout]     |                           ------------------ expected `Option<T>` because of return type
[INFO] [stdout] 177 |         let idx = self.inner.next_item_index(self.cursor);
[INFO] [stdout] 178 |         self.inner.get_mut(idx)
[INFO] [stdout]     |         ^^^^^^^^^^^^^^^^^^^^^^^ expected `Option<T>`, found `Option<&mut T>`
[INFO] [stdout]     |
[INFO] [stdout]     = note: expected enum `Option<_>`
[INFO] [stdout]                found enum `Option<&mut _>`
[INFO] [stdout] 
[INFO] [stdout] 
[INFO] [stdout] error: aborting due to 3 previous errors
[INFO] [stdout] 
[INFO] [stdout] 
[INFO] [stdout] Some errors have detailed explanations: E0308, E0432, E0583.
[INFO] [stdout] 
[INFO] [stdout] For more information about an error, try `rustc --explain E0308`.
[INFO] [stdout] 
[INFO] [stderr] error: could not compile `seed_ecs` (lib) due to 4 previous errors
[INFO] running `Command { std: "docker" "inspect" "38f728b47dc4de15cb5e147785e4bfaa31291dfd2ee8d7b8f6e1c5cf3f3daa95", kill_on_drop: false }`
[INFO] running `Command { std: "docker" "rm" "-f" "38f728b47dc4de15cb5e147785e4bfaa31291dfd2ee8d7b8f6e1c5cf3f3daa95", kill_on_drop: false }`
[INFO] [stdout] 38f728b47dc4de15cb5e147785e4bfaa31291dfd2ee8d7b8f6e1c5cf3f3daa95
