[INFO] cloning repository https://github.com/AdamHarries/task_opencl
[INFO] running `Command { std: "git" "-c" "credential.helper=" "-c" "credential.helper=/workspace/cargo-home/bin/git-credential-null" "clone" "--bare" "https://github.com/AdamHarries/task_opencl" "/workspace/cache/git-repos/https%3A%2F%2Fgithub.com%2FAdamHarries%2Ftask_opencl", kill_on_drop: false }`
[INFO] [stderr] Cloning into bare repository '/workspace/cache/git-repos/https%3A%2F%2Fgithub.com%2FAdamHarries%2Ftask_opencl'...
[INFO] running `Command { std: "git" "rev-parse" "HEAD", kill_on_drop: false }`
[INFO] [stdout] d68f84960013c215289c9a5a1631f9a393b1420d
[INFO] documenting AdamHarries/task_opencl against 1.75.0 for beta-1.76-rustdoc-1
[INFO] running `Command { std: "git" "clone" "/workspace/cache/git-repos/https%3A%2F%2Fgithub.com%2FAdamHarries%2Ftask_opencl" "/workspace/builds/worker-4-tc1/source", kill_on_drop: false }`
[INFO] [stderr] Cloning into '/workspace/builds/worker-4-tc1/source'...
[INFO] [stderr] done.
[INFO] validating manifest of git repo https://github.com/AdamHarries/task_opencl on toolchain 1.75.0
[INFO] running `Command { std: CARGO_HOME="/workspace/cargo-home" RUSTUP_HOME="/workspace/rustup-home" "/workspace/cargo-home/bin/cargo" "+1.75.0" "metadata" "--manifest-path" "Cargo.toml" "--no-deps", kill_on_drop: false }`
[INFO] started tweaking git repo https://github.com/AdamHarries/task_opencl
[INFO] finished tweaking git repo https://github.com/AdamHarries/task_opencl
[INFO] tweaked toml for git repo https://github.com/AdamHarries/task_opencl written to /workspace/builds/worker-4-tc1/source/Cargo.toml
[INFO] crate git repo https://github.com/AdamHarries/task_opencl already has a lockfile, it will not be regenerated
[INFO] running `Command { std: CARGO_HOME="/workspace/cargo-home" RUSTUP_HOME="/workspace/rustup-home" "/workspace/cargo-home/bin/cargo" "+1.75.0" "fetch" "--manifest-path" "Cargo.toml", kill_on_drop: false }`
[INFO] [stderr]     Updating git repository `https://github.com/AdamHarries/rust-opencl.git`
[INFO] [stderr]  Downloading crates ...
[INFO] [stderr]   Downloaded log v0.3.4
[INFO] [stderr]   Downloaded libc v0.2.2
[INFO] running `Command { std: "docker" "create" "-v" "/var/lib/crater-agent-workspace/builds/worker-4-tc1/target:/opt/rustwide/target:rw,Z" "-v" "/var/lib/crater-agent-workspace/builds/worker-4-tc1/source:/opt/rustwide/workdir:ro,Z" "-v" "/var/lib/crater-agent-workspace/cargo-home:/opt/rustwide/cargo-home:ro,Z" "-v" "/var/lib/crater-agent-workspace/rustup-home:/opt/rustwide/rustup-home:ro,Z" "-e" "SOURCE_DIR=/opt/rustwide/workdir" "-e" "CARGO_TARGET_DIR=/opt/rustwide/target" "-e" "CARGO_HOME=/opt/rustwide/cargo-home" "-e" "RUSTUP_HOME=/opt/rustwide/rustup-home" "-w" "/opt/rustwide/workdir" "-m" "1610612736" "--user" "0:0" "--network" "none" "ghcr.io/rust-lang/crates-build-env/linux@sha256:2788e3201cd34a07e3172128adcd8b3090168a8e3bcc40d7c032b9dda1df7d1c" "/opt/rustwide/cargo-home/bin/cargo" "+1.75.0" "metadata" "--no-deps" "--format-version=1", kill_on_drop: false }`
[INFO] [stdout] 400db0255a83ef9360e9bf95e7916fab131ca0e5b899c152ac2b3a08e1b317ef
[INFO] running `Command { std: "docker" "start" "-a" "400db0255a83ef9360e9bf95e7916fab131ca0e5b899c152ac2b3a08e1b317ef", kill_on_drop: false }`
[INFO] running `Command { std: "docker" "inspect" "400db0255a83ef9360e9bf95e7916fab131ca0e5b899c152ac2b3a08e1b317ef", kill_on_drop: false }`
[INFO] running `Command { std: "docker" "rm" "-f" "400db0255a83ef9360e9bf95e7916fab131ca0e5b899c152ac2b3a08e1b317ef", kill_on_drop: false }`
[INFO] [stdout] 400db0255a83ef9360e9bf95e7916fab131ca0e5b899c152ac2b3a08e1b317ef
[INFO] running `Command { std: "docker" "create" "-v" "/var/lib/crater-agent-workspace/builds/worker-4-tc1/target:/opt/rustwide/target:rw,Z" "-v" "/var/lib/crater-agent-workspace/builds/worker-4-tc1/source:/opt/rustwide/workdir:ro,Z" "-v" "/var/lib/crater-agent-workspace/cargo-home:/opt/rustwide/cargo-home:ro,Z" "-v" "/var/lib/crater-agent-workspace/rustup-home:/opt/rustwide/rustup-home:ro,Z" "-e" "SOURCE_DIR=/opt/rustwide/workdir" "-e" "CARGO_TARGET_DIR=/opt/rustwide/target" "-e" "CARGO_INCREMENTAL=0" "-e" "RUST_BACKTRACE=full" "-e" "RUSTFLAGS=--cap-lints=warn" "-e" "RUSTDOCFLAGS=--cap-lints=warn" "-e" "CARGO_HOME=/opt/rustwide/cargo-home" "-e" "RUSTUP_HOME=/opt/rustwide/rustup-home" "-w" "/opt/rustwide/workdir" "-m" "1610612736" "--user" "0:0" "--network" "none" "ghcr.io/rust-lang/crates-build-env/linux@sha256:2788e3201cd34a07e3172128adcd8b3090168a8e3bcc40d7c032b9dda1df7d1c" "/opt/rustwide/cargo-home/bin/cargo" "+1.75.0" "doc" "--frozen" "--no-deps" "--document-private-items" "--message-format=json", kill_on_drop: false }`
[INFO] [stdout] 140ea43d4059a4f98027d9063355b53348f02b38bd880ab564628b250d5b024f
[INFO] running `Command { std: "docker" "start" "-a" "140ea43d4059a4f98027d9063355b53348f02b38bd880ab564628b250d5b024f", kill_on_drop: false }`
[INFO] [stderr]     Checking libc v0.2.2
[INFO] [stderr]     Checking libc v0.1.12
[INFO] [stderr]     Checking log v0.3.4
[INFO] [stderr]     Checking opencl v0.3.0-dev (https://github.com/AdamHarries/rust-opencl.git#6f9b4781)
[INFO] [stdout] error[E0412]: cannot find type `StaticMutex` in module `std::sync`
[INFO] [stdout]    --> /opt/rustwide/cargo-home/git/checkouts/rust-opencl-634a3434b823083b/6f9b478/src/hl.rs:134:40
[INFO] [stdout]     |
[INFO] [stdout] 134 | static mut platforms_mutex: std::sync::StaticMutex = std::sync::MUTEX_INIT;
[INFO] [stdout]     |                                        ^^^^^^^^^^^ not found in `std::sync`
[INFO] [stdout] 
[INFO] [stdout] 
[INFO] [stdout] error[E0425]: cannot find value `MUTEX_INIT` in module `std::sync`
[INFO] [stdout]    --> /opt/rustwide/cargo-home/git/checkouts/rust-opencl-634a3434b823083b/6f9b478/src/hl.rs:134:65
[INFO] [stdout]     |
[INFO] [stdout] 134 | static mut platforms_mutex: std::sync::StaticMutex = std::sync::MUTEX_INIT;
[INFO] [stdout]     |                                                                 ^^^^^^^^^^ not found in `std::sync`
[INFO] [stdout] 
[INFO] [stdout] 
[INFO] [stdout] error[E0554]: `#![feature]` may not be used on the stable release channel
[INFO] [stdout]  --> /opt/rustwide/cargo-home/git/checkouts/rust-opencl-634a3434b823083b/6f9b478/src/lib.rs:5:12
[INFO] [stdout]   |
[INFO] [stdout] 5 | #![feature(static_mutex)]
[INFO] [stdout]   |            ^^^^^^^^^^^^
[INFO] [stdout] 
[INFO] [stdout] 
[INFO] [stdout] error[E0635]: unknown feature `static_mutex`
[INFO] [stdout]  --> /opt/rustwide/cargo-home/git/checkouts/rust-opencl-634a3434b823083b/6f9b478/src/lib.rs:5:12
[INFO] [stdout]   |
[INFO] [stdout] 5 | #![feature(static_mutex)]
[INFO] [stdout]   |            ^^^^^^^^^^^^
[INFO] [stdout] 
[INFO] [stdout] 
[INFO] [stdout] error: aborting due to 4 previous errors
[INFO] [stdout] 
[INFO] [stdout] 
[INFO] [stdout] Some errors have detailed explanations: E0412, E0425, E0554, E0635.
[INFO] [stdout] 
[INFO] [stdout] For more information about an error, try `rustc --explain E0412`.
[INFO] [stdout] 
[INFO] [stderr] error: could not compile `opencl` (lib) due to 5 previous errors
[INFO] running `Command { std: "docker" "inspect" "140ea43d4059a4f98027d9063355b53348f02b38bd880ab564628b250d5b024f", kill_on_drop: false }`
[INFO] running `Command { std: "docker" "rm" "-f" "140ea43d4059a4f98027d9063355b53348f02b38bd880ab564628b250d5b024f", kill_on_drop: false }`
[INFO] [stdout] 140ea43d4059a4f98027d9063355b53348f02b38bd880ab564628b250d5b024f
[INFO] documenting AdamHarries/task_opencl against beta-2023-12-22 for beta-1.76-rustdoc-1
[INFO] running `Command { std: "git" "clone" "/workspace/cache/git-repos/https%3A%2F%2Fgithub.com%2FAdamHarries%2Ftask_opencl" "/workspace/builds/worker-4-tc2/source", kill_on_drop: false }`
[INFO] [stderr] Cloning into '/workspace/builds/worker-4-tc2/source'...
[INFO] [stderr] done.
[INFO] validating manifest of git repo https://github.com/AdamHarries/task_opencl on toolchain beta-2023-12-22
[INFO] running `Command { std: CARGO_HOME="/workspace/cargo-home" RUSTUP_HOME="/workspace/rustup-home" "/workspace/cargo-home/bin/cargo" "+beta-2023-12-22" "metadata" "--manifest-path" "Cargo.toml" "--no-deps", kill_on_drop: false }`
[INFO] started tweaking git repo https://github.com/AdamHarries/task_opencl
[INFO] finished tweaking git repo https://github.com/AdamHarries/task_opencl
[INFO] tweaked toml for git repo https://github.com/AdamHarries/task_opencl written to /workspace/builds/worker-4-tc2/source/Cargo.toml
[INFO] crate git repo https://github.com/AdamHarries/task_opencl already has a lockfile, it will not be regenerated
[INFO] running `Command { std: CARGO_HOME="/workspace/cargo-home" RUSTUP_HOME="/workspace/rustup-home" "/workspace/cargo-home/bin/cargo" "+beta-2023-12-22" "fetch" "--manifest-path" "Cargo.toml", kill_on_drop: false }`
[INFO] running `Command { std: "docker" "create" "-v" "/var/lib/crater-agent-workspace/builds/worker-4-tc2/target:/opt/rustwide/target:rw,Z" "-v" "/var/lib/crater-agent-workspace/builds/worker-4-tc2/source:/opt/rustwide/workdir:ro,Z" "-v" "/var/lib/crater-agent-workspace/cargo-home:/opt/rustwide/cargo-home:ro,Z" "-v" "/var/lib/crater-agent-workspace/rustup-home:/opt/rustwide/rustup-home:ro,Z" "-e" "SOURCE_DIR=/opt/rustwide/workdir" "-e" "CARGO_TARGET_DIR=/opt/rustwide/target" "-e" "CARGO_HOME=/opt/rustwide/cargo-home" "-e" "RUSTUP_HOME=/opt/rustwide/rustup-home" "-w" "/opt/rustwide/workdir" "-m" "1610612736" "--user" "0:0" "--network" "none" "ghcr.io/rust-lang/crates-build-env/linux@sha256:2788e3201cd34a07e3172128adcd8b3090168a8e3bcc40d7c032b9dda1df7d1c" "/opt/rustwide/cargo-home/bin/cargo" "+beta-2023-12-22" "metadata" "--no-deps" "--format-version=1", kill_on_drop: false }`
[INFO] [stdout] 20d622986a24d6333542574918e08584f82e75aed8d5e2d3ab3497faa05b8e6a
[INFO] running `Command { std: "docker" "start" "-a" "20d622986a24d6333542574918e08584f82e75aed8d5e2d3ab3497faa05b8e6a", kill_on_drop: false }`
[INFO] running `Command { std: "docker" "inspect" "20d622986a24d6333542574918e08584f82e75aed8d5e2d3ab3497faa05b8e6a", kill_on_drop: false }`
[INFO] running `Command { std: "docker" "rm" "-f" "20d622986a24d6333542574918e08584f82e75aed8d5e2d3ab3497faa05b8e6a", kill_on_drop: false }`
[INFO] [stdout] 20d622986a24d6333542574918e08584f82e75aed8d5e2d3ab3497faa05b8e6a
[INFO] running `Command { std: "docker" "create" "-v" "/var/lib/crater-agent-workspace/builds/worker-4-tc2/target:/opt/rustwide/target:rw,Z" "-v" "/var/lib/crater-agent-workspace/builds/worker-4-tc2/source:/opt/rustwide/workdir:ro,Z" "-v" "/var/lib/crater-agent-workspace/cargo-home:/opt/rustwide/cargo-home:ro,Z" "-v" "/var/lib/crater-agent-workspace/rustup-home:/opt/rustwide/rustup-home:ro,Z" "-e" "SOURCE_DIR=/opt/rustwide/workdir" "-e" "CARGO_TARGET_DIR=/opt/rustwide/target" "-e" "CARGO_INCREMENTAL=0" "-e" "RUST_BACKTRACE=full" "-e" "RUSTFLAGS=--cap-lints=warn" "-e" "RUSTDOCFLAGS=--cap-lints=warn" "-e" "CARGO_HOME=/opt/rustwide/cargo-home" "-e" "RUSTUP_HOME=/opt/rustwide/rustup-home" "-w" "/opt/rustwide/workdir" "-m" "1610612736" "--user" "0:0" "--network" "none" "ghcr.io/rust-lang/crates-build-env/linux@sha256:2788e3201cd34a07e3172128adcd8b3090168a8e3bcc40d7c032b9dda1df7d1c" "/opt/rustwide/cargo-home/bin/cargo" "+beta-2023-12-22" "doc" "--frozen" "--no-deps" "--document-private-items" "--message-format=json", kill_on_drop: false }`
[INFO] [stdout] 2ebf4228c0b56ce0961d9af2619f62b80df9a59ac4636e134c1527da3db444b7
[INFO] running `Command { std: "docker" "start" "-a" "2ebf4228c0b56ce0961d9af2619f62b80df9a59ac4636e134c1527da3db444b7", kill_on_drop: false }`
[INFO] [stderr]     Checking libc v0.2.2
[INFO] [stderr]     Checking libc v0.1.12
[INFO] [stderr]     Checking log v0.3.4
[INFO] [stderr]     Checking opencl v0.3.0-dev (https://github.com/AdamHarries/rust-opencl.git#6f9b4781)
[INFO] [stdout] error[E0412]: cannot find type `StaticMutex` in module `std::sync`
[INFO] [stdout]    --> /opt/rustwide/cargo-home/git/checkouts/rust-opencl-634a3434b823083b/6f9b478/src/hl.rs:134:40
[INFO] [stdout]     |
[INFO] [stdout] 134 | static mut platforms_mutex: std::sync::StaticMutex = std::sync::MUTEX_INIT;
[INFO] [stdout]     |                                        ^^^^^^^^^^^ not found in `std::sync`
[INFO] [stdout] 
[INFO] [stdout] 
[INFO] [stdout] error[E0425]: cannot find value `MUTEX_INIT` in module `std::sync`
[INFO] [stdout]    --> /opt/rustwide/cargo-home/git/checkouts/rust-opencl-634a3434b823083b/6f9b478/src/hl.rs:134:65
[INFO] [stdout]     |
[INFO] [stdout] 134 | static mut platforms_mutex: std::sync::StaticMutex = std::sync::MUTEX_INIT;
[INFO] [stdout]     |                                                                 ^^^^^^^^^^ not found in `std::sync`
[INFO] [stdout] 
[INFO] [stdout] 
[INFO] [stdout] error[E0554]: `#![feature]` may not be used on the beta release channel
[INFO] [stdout]  --> /opt/rustwide/cargo-home/git/checkouts/rust-opencl-634a3434b823083b/6f9b478/src/lib.rs:5:12
[INFO] [stdout]   |
[INFO] [stdout] 5 | #![feature(static_mutex)]
[INFO] [stdout]   |            ^^^^^^^^^^^^
[INFO] [stdout] 
[INFO] [stdout] 
[INFO] [stdout] error[E0635]: unknown feature `static_mutex`
[INFO] [stdout]  --> /opt/rustwide/cargo-home/git/checkouts/rust-opencl-634a3434b823083b/6f9b478/src/lib.rs:5:12
[INFO] [stdout]   |
[INFO] [stdout] 5 | #![feature(static_mutex)]
[INFO] [stdout]   |            ^^^^^^^^^^^^
[INFO] [stdout] 
[INFO] [stdout] 
[INFO] [stdout] error: aborting due to 4 previous errors
[INFO] [stdout] 
[INFO] [stdout] 
[INFO] [stdout] Some errors have detailed explanations: E0412, E0425, E0554, E0635.
[INFO] [stdout] 
[INFO] [stdout] For more information about an error, try `rustc --explain E0412`.
[INFO] [stdout] 
[INFO] [stderr] error: could not compile `opencl` (lib) due to 5 previous errors
[INFO] running `Command { std: "docker" "inspect" "2ebf4228c0b56ce0961d9af2619f62b80df9a59ac4636e134c1527da3db444b7", kill_on_drop: false }`
[INFO] running `Command { std: "docker" "rm" "-f" "2ebf4228c0b56ce0961d9af2619f62b80df9a59ac4636e134c1527da3db444b7", kill_on_drop: false }`
[INFO] [stdout] 2ebf4228c0b56ce0961d9af2619f62b80df9a59ac4636e134c1527da3db444b7
