[INFO] cloning repository https://github.com/ANtlord/rtest
[INFO] running `Command { std: "git" "-c" "credential.helper=" "-c" "credential.helper=/workspace/cargo-home/bin/git-credential-null" "clone" "--bare" "https://github.com/ANtlord/rtest" "/workspace/cache/git-repos/https%3A%2F%2Fgithub.com%2FANtlord%2Frtest", kill_on_drop: false }`
[INFO] [stderr] Cloning into bare repository '/workspace/cache/git-repos/https%3A%2F%2Fgithub.com%2FANtlord%2Frtest'...
[INFO] running `Command { std: "git" "rev-parse" "HEAD", kill_on_drop: false }`
[INFO] [stdout] 8dc929f821b55d5940f1d89c31bd4d889abb67eb
[INFO] documenting ANtlord/rtest against 1.75.0 for beta-1.76-rustdoc-1
[INFO] running `Command { std: "git" "clone" "/workspace/cache/git-repos/https%3A%2F%2Fgithub.com%2FANtlord%2Frtest" "/workspace/builds/worker-3-tc1/source", kill_on_drop: false }`
[INFO] [stderr] Cloning into '/workspace/builds/worker-3-tc1/source'...
[INFO] [stderr] done.
[INFO] validating manifest of git repo https://github.com/ANtlord/rtest on toolchain 1.75.0
[INFO] running `Command { std: CARGO_HOME="/workspace/cargo-home" RUSTUP_HOME="/workspace/rustup-home" "/workspace/cargo-home/bin/cargo" "+1.75.0" "metadata" "--manifest-path" "Cargo.toml" "--no-deps", kill_on_drop: false }`
[INFO] started tweaking git repo https://github.com/ANtlord/rtest
[INFO] finished tweaking git repo https://github.com/ANtlord/rtest
[INFO] tweaked toml for git repo https://github.com/ANtlord/rtest written to /workspace/builds/worker-3-tc1/source/Cargo.toml
[INFO] crate git repo https://github.com/ANtlord/rtest already has a lockfile, it will not be regenerated
[INFO] running `Command { std: CARGO_HOME="/workspace/cargo-home" RUSTUP_HOME="/workspace/rustup-home" "/workspace/cargo-home/bin/cargo" "+1.75.0" "fetch" "--manifest-path" "Cargo.toml", kill_on_drop: false }`
[INFO] [stderr]     Updating git repository `https://github.com/y-stm/rust-iconv`
[INFO] [stderr]     Updating crates.io index
[INFO] [stderr]  Downloading crates ...
[INFO] [stderr]   Downloaded advapi32-sys v0.1.2
[INFO] [stderr]   Downloaded num-integer v0.1.35
[INFO] [stderr]   Downloaded byteorder v1.1.0
[INFO] [stderr]   Downloaded num-iter v0.1.34
[INFO] [stderr]   Downloaded aho-corasick v0.6.3
[INFO] [stderr]   Downloaded utf8-ranges v1.0.0
[INFO] [stderr]   Downloaded memchr v1.0.1
[INFO] [stderr]   Downloaded pkg-config v0.3.9
[INFO] [stderr]   Downloaded time v0.1.38
[INFO] [stderr]   Downloaded redox_syscall v0.1.26
[INFO] [stderr]   Downloaded itoa v0.3.1
[INFO] [stderr]   Downloaded chrono v0.4.0
[INFO] [stderr]   Downloaded regex-syntax v0.4.1
[INFO] [stderr]   Downloaded libc v0.2.24
[INFO] [stderr]   Downloaded serde v1.0.10
[INFO] [stderr]   Downloaded dtoa v0.4.1
[INFO] [stderr]   Downloaded openssl-sys v0.9.14
[INFO] [stderr]   Downloaded gcc v0.3.51
[INFO] [stderr]   Downloaded log v0.3.8
[INFO] [stderr]   Downloaded kernel32-sys v0.1.4
[INFO] [stderr]   Downloaded thread_local v0.3.3
[INFO] [stderr]   Downloaded getopts v0.2.14
[INFO] [stderr]   Downloaded num v0.1.40
[INFO] [stderr]   Downloaded num-traits v0.1.40
[INFO] [stderr]   Downloaded linked-hash-map v0.4.2
[INFO] [stderr]   Downloaded lazy_static v0.2.8
[INFO] [stderr]   Downloaded serde_json v1.0.2
[INFO] [stderr]   Downloaded regex v0.2.2
[INFO] [stderr]   Downloaded errno v0.2.3
[INFO] [stderr]   Downloaded hostname v0.1.3
[INFO] [stderr]   Downloaded imap v0.3.2
[INFO] [stderr]   Downloaded winutil v0.1.0
[INFO] [stderr]   Downloaded foreign-types v0.2.0
[INFO] [stderr]   Downloaded thread-id v3.1.0
[INFO] [stderr]   Downloaded bson v0.9.0
[INFO] [stderr]   Downloaded openssl v0.9.14
[INFO] running `Command { std: "docker" "create" "-v" "/var/lib/crater-agent-workspace/builds/worker-3-tc1/target:/opt/rustwide/target:rw,Z" "-v" "/var/lib/crater-agent-workspace/builds/worker-3-tc1/source:/opt/rustwide/workdir:ro,Z" "-v" "/var/lib/crater-agent-workspace/cargo-home:/opt/rustwide/cargo-home:ro,Z" "-v" "/var/lib/crater-agent-workspace/rustup-home:/opt/rustwide/rustup-home:ro,Z" "-e" "SOURCE_DIR=/opt/rustwide/workdir" "-e" "CARGO_TARGET_DIR=/opt/rustwide/target" "-e" "CARGO_HOME=/opt/rustwide/cargo-home" "-e" "RUSTUP_HOME=/opt/rustwide/rustup-home" "-w" "/opt/rustwide/workdir" "-m" "1610612736" "--user" "0:0" "--network" "none" "ghcr.io/rust-lang/crates-build-env/linux@sha256:2788e3201cd34a07e3172128adcd8b3090168a8e3bcc40d7c032b9dda1df7d1c" "/opt/rustwide/cargo-home/bin/cargo" "+1.75.0" "metadata" "--no-deps" "--format-version=1", kill_on_drop: false }`
[INFO] [stdout] fb27f946ee9f8f2b21a6ea4b26496a9842d562433d457de3c7724c596ab06cab
[INFO] running `Command { std: "docker" "start" "-a" "fb27f946ee9f8f2b21a6ea4b26496a9842d562433d457de3c7724c596ab06cab", kill_on_drop: false }`
[INFO] running `Command { std: "docker" "inspect" "fb27f946ee9f8f2b21a6ea4b26496a9842d562433d457de3c7724c596ab06cab", kill_on_drop: false }`
[INFO] running `Command { std: "docker" "rm" "-f" "fb27f946ee9f8f2b21a6ea4b26496a9842d562433d457de3c7724c596ab06cab", kill_on_drop: false }`
[INFO] [stdout] fb27f946ee9f8f2b21a6ea4b26496a9842d562433d457de3c7724c596ab06cab
[INFO] running `Command { std: "docker" "create" "-v" "/var/lib/crater-agent-workspace/builds/worker-3-tc1/target:/opt/rustwide/target:rw,Z" "-v" "/var/lib/crater-agent-workspace/builds/worker-3-tc1/source:/opt/rustwide/workdir:ro,Z" "-v" "/var/lib/crater-agent-workspace/cargo-home:/opt/rustwide/cargo-home:ro,Z" "-v" "/var/lib/crater-agent-workspace/rustup-home:/opt/rustwide/rustup-home:ro,Z" "-e" "SOURCE_DIR=/opt/rustwide/workdir" "-e" "CARGO_TARGET_DIR=/opt/rustwide/target" "-e" "CARGO_INCREMENTAL=0" "-e" "RUST_BACKTRACE=full" "-e" "RUSTFLAGS=--cap-lints=warn" "-e" "RUSTDOCFLAGS=--cap-lints=warn" "-e" "CARGO_HOME=/opt/rustwide/cargo-home" "-e" "RUSTUP_HOME=/opt/rustwide/rustup-home" "-w" "/opt/rustwide/workdir" "-m" "1610612736" "--user" "0:0" "--network" "none" "ghcr.io/rust-lang/crates-build-env/linux@sha256:2788e3201cd34a07e3172128adcd8b3090168a8e3bcc40d7c032b9dda1df7d1c" "/opt/rustwide/cargo-home/bin/cargo" "+1.75.0" "doc" "--frozen" "--no-deps" "--document-private-items" "--message-format=json", kill_on_drop: false }`
[INFO] [stdout] 7bf6c7b1dfd24452ad1d4b9ad4cf91b3b247147c760b85057608577c49b2aba9
[INFO] running `Command { std: "docker" "start" "-a" "7bf6c7b1dfd24452ad1d4b9ad4cf91b3b247147c760b85057608577c49b2aba9", kill_on_drop: false }`
[INFO] [stderr]     Checking libc v0.2.24
[INFO] [stderr]    Compiling gcc v0.3.51
[INFO] [stderr]     Checking num-traits v0.1.40
[INFO] [stderr]    Compiling pkg-config v0.3.9
[INFO] [stderr]     Checking regex-syntax v0.4.1
[INFO] [stderr]     Checking utf8-ranges v1.0.0
[INFO] [stderr]    Compiling openssl v0.9.14
[INFO] [stderr]     Checking unreachable v0.1.1
[INFO] [stderr]     Checking serde v1.0.10
[INFO] [stderr]     Checking rustc-serialize v0.3.24
[INFO] [stderr]     Checking lazy_static v0.2.8
[INFO] [stderr]     Checking thread-id v3.1.0
[INFO] [stderr]     Checking memchr v1.0.1
[INFO] [stderr]     Checking thread_local v0.3.3
[INFO] [stderr]     Checking time v0.1.38
[INFO] [stderr]     Checking num-integer v0.1.35
[INFO] [stderr]     Checking aho-corasick v0.6.3
[INFO] [stderr]     Checking rand v0.3.15
[INFO] [stderr]     Checking num-iter v0.1.34
[INFO] [stderr]     Checking num v0.1.40
[INFO] [stderr]     Checking dtoa v0.4.1
[INFO] [stderr]     Checking log v0.3.8
[INFO] [stderr]     Checking linked-hash-map v0.4.2
[INFO] [stderr]    Compiling openssl-sys v0.9.14
[INFO] [stderr]    Compiling rust-crypto v0.2.36
[INFO] [stderr]     Checking itoa v0.3.1
[INFO] [stderr]     Checking bitflags v0.9.1
[INFO] [stderr]     Checking regex v0.2.2
[INFO] [stderr]     Checking foreign-types v0.2.0
[INFO] [stderr]     Checking chrono v0.4.0
[INFO] [stderr]     Checking errno v0.2.3
[INFO] [stderr]     Checking hostname v0.1.3
[INFO] [stderr]     Checking byteorder v1.1.0
[INFO] [stderr]     Checking linked-hash-map v0.3.0
[INFO] [stderr]     Checking hex v0.2.0
[INFO] [stderr]     Checking getopts v0.2.14
[INFO] [stderr] error: failed to run custom build command for `openssl-sys v0.9.14`
[INFO] [stderr] note: To improve backtraces for build dependencies, set the CARGO_PROFILE_DEV_BUILD_OVERRIDE_DEBUG=true environment variable to enable debug information generation.
[INFO] [stderr] 
[INFO] [stderr] Caused by:
[INFO] [stderr]   process didn't exit successfully: `/opt/rustwide/target/debug/build/openssl-sys-360c80030b028336/build-script-build` (exit status: 101)
[INFO] [stderr]   --- stdout
[INFO] [stderr]   cargo:rustc-link-lib=ssl
[INFO] [stderr]   cargo:rustc-link-lib=crypto
[INFO] [stderr]   OPT_LEVEL = Some("0")
[INFO] [stderr]   TARGET = Some("x86_64-unknown-linux-gnu")
[INFO] [stderr]   HOST = Some("x86_64-unknown-linux-gnu")
[INFO] [stderr]   TARGET = Some("x86_64-unknown-linux-gnu")
[INFO] [stderr]   TARGET = Some("x86_64-unknown-linux-gnu")
[INFO] [stderr]   HOST = Some("x86_64-unknown-linux-gnu")
[INFO] [stderr]   CC_x86_64-unknown-linux-gnu = None
[INFO] [stderr]   CC_x86_64_unknown_linux_gnu = None
[INFO] [stderr]   HOST_CC = None
[INFO] [stderr]   CC = None
[INFO] [stderr]   HOST = Some("x86_64-unknown-linux-gnu")
[INFO] [stderr]   TARGET = Some("x86_64-unknown-linux-gnu")
[INFO] [stderr]   HOST = Some("x86_64-unknown-linux-gnu")
[INFO] [stderr]   CFLAGS_x86_64-unknown-linux-gnu = None
[INFO] [stderr]   CFLAGS_x86_64_unknown_linux_gnu = None
[INFO] [stderr]   HOST_CFLAGS = None
[INFO] [stderr]   CFLAGS = None
[INFO] [stderr]   PROFILE = Some("debug")
[INFO] [stderr]   running: "cc" "-O0" "-ffunction-sections" "-fdata-sections" "-fPIC" "-g" "-m64" "-E" "/opt/rustwide/target/debug/build/openssl-sys-56c9d192f59ce046/out/expando.c"
[INFO] [stderr]   exit status: 0
[INFO] [stderr]   cargo:rustc-cfg=osslconf="OPENSSL_NO_SSL3_METHOD"
[INFO] [stderr]   cargo:conf=OPENSSL_NO_SSL3_METHOD
[INFO] [stderr] 
[INFO] [stderr]   --- stderr
[INFO] [stderr]   thread 'main' panicked at /opt/rustwide/cargo-home/registry/src/index.crates.io-6f17d22bba15001f/openssl-sys-0.9.14/build.rs:372:9:
[INFO] [stderr] 
[INFO] [stderr] 
[INFO] [stderr]   This crate is only compatible with OpenSSL 1.0.1, 1.0.2, and 1.1.0, or LibreSSL
[INFO] [stderr]   2.5.0, 2.5.1, 2.5.2, 2.5.3, and 2.5.4, but a different version of OpenSSL was
[INFO] [stderr]   found. The build is now aborting due to this version mismatch.
[INFO] [stderr] 
[INFO] [stderr] 
[INFO] [stderr]   stack backtrace:
[INFO] [stderr]      0:     0x5604bf78209c - std::backtrace_rs::backtrace::libunwind::trace::ha637c64ce894333a
[INFO] [stderr]                                  at /rustc/82e1608dfa6e0b5569232559e3d385fea5a93112/library/std/src/../../backtrace/src/backtrace/libunwind.rs:104:5
[INFO] [stderr]      1:     0x5604bf78209c - std::backtrace_rs::backtrace::trace_unsynchronized::h47f62dea28e0c88d
[INFO] [stderr]                                  at /rustc/82e1608dfa6e0b5569232559e3d385fea5a93112/library/std/src/../../backtrace/src/backtrace/mod.rs:66:5
[INFO] [stderr]      2:     0x5604bf78209c - std::sys_common::backtrace::_print_fmt::h9eef0abe20ede486
[INFO] [stderr]                                  at /rustc/82e1608dfa6e0b5569232559e3d385fea5a93112/library/std/src/sys_common/backtrace.rs:67:5
[INFO] [stderr]      3:     0x5604bf78209c - <std::sys_common::backtrace::_print::DisplayBacktrace as core::fmt::Display>::fmt::hed7f999df88cc644
[INFO] [stderr]                                  at /rustc/82e1608dfa6e0b5569232559e3d385fea5a93112/library/std/src/sys_common/backtrace.rs:44:22
[INFO] [stderr]      4:     0x5604bf7a7c10 - core::fmt::rt::Argument::fmt::h1539a9308b8d058d
[INFO] [stderr]                                  at /rustc/82e1608dfa6e0b5569232559e3d385fea5a93112/library/core/src/fmt/rt.rs:142:9
[INFO] [stderr]      5:     0x5604bf7a7c10 - core::fmt::write::h3a39390d8560d9c9
[INFO] [stderr]                                  at /rustc/82e1608dfa6e0b5569232559e3d385fea5a93112/library/core/src/fmt/mod.rs:1120:17
[INFO] [stderr]      6:     0x5604bf77f9df - std::io::Write::write_fmt::h5fc9997dfe05f882
[INFO] [stderr]                                  at /rustc/82e1608dfa6e0b5569232559e3d385fea5a93112/library/std/src/io/mod.rs:1762:15
[INFO] [stderr]      7:     0x5604bf781e84 - std::sys_common::backtrace::_print::h894006fb5c6f3d45
[INFO] [stderr]                                  at /rustc/82e1608dfa6e0b5569232559e3d385fea5a93112/library/std/src/sys_common/backtrace.rs:47:5
[INFO] [stderr]      8:     0x5604bf781e84 - std::sys_common::backtrace::print::h23a2d212c6fff936
[INFO] [stderr]                                  at /rustc/82e1608dfa6e0b5569232559e3d385fea5a93112/library/std/src/sys_common/backtrace.rs:34:9
[INFO] [stderr]      9:     0x5604bf783697 - std::panicking::default_hook::{{closure}}::h8a1d2ee00185001a
[INFO] [stderr]     10:     0x5604bf7833ff - std::panicking::default_hook::h6038f2eba384e475
[INFO] [stderr]                                  at /rustc/82e1608dfa6e0b5569232559e3d385fea5a93112/library/std/src/panicking.rs:292:9
[INFO] [stderr]     11:     0x5604bf783b18 - std::panicking::rust_panic_with_hook::h2b5517d590cab22e
[INFO] [stderr]                                  at /rustc/82e1608dfa6e0b5569232559e3d385fea5a93112/library/std/src/panicking.rs:779:13
[INFO] [stderr]     12:     0x5604bf7558ce - std::panicking::begin_panic::{{closure}}::h6b4e93bbe0c0e8fe
[INFO] [stderr]     13:     0x5604bf75177a - std::sys_common::backtrace::__rust_end_short_backtrace::h8b63441812259ac6
[INFO] [stderr]     14:     0x5604bf75584b - std::panicking::begin_panic::hd71a3dacdc6bfd96
[INFO] [stderr]     15:     0x5604bf726f71 - build_script_build::validate_headers::h002a6736b1b7df26
[INFO] [stderr]     16:     0x5604bf7260df - build_script_build::try_pkg_config::h6628e900dabe7629
[INFO] [stderr]     17:     0x5604bf7252d3 - build_script_build::find_openssl_dir::h7250d425d548235f
[INFO] [stderr]     18:     0x5604bf725138 - build_script_build::main::{{closure}}::hc6f3ca0a1a16df92
[INFO] [stderr]     19:     0x5604bf72c989 - core::option::Option<T>::unwrap_or_else::hec8b0589c411f485
[INFO] [stderr]     20:     0x5604bf724195 - build_script_build::main::hc294a3e68f598951
[INFO] [stderr]     21:     0x5604bf72e753 - core::ops::function::FnOnce::call_once::h3efe56e6f2f0f8d8
[INFO] [stderr]     22:     0x5604bf728a86 - std::sys_common::backtrace::__rust_begin_short_backtrace::h57ebd038a7315d63
[INFO] [stderr]     23:     0x5604bf728ca9 - std::rt::lang_start::{{closure}}::he47aa8ac8d35afa9
[INFO] [stderr]     24:     0x5604bf77bf27 - core::ops::function::impls::<impl core::ops::function::FnOnce<A> for &F>::call_once::hd95060ecd5e1ca24
[INFO] [stderr]                                  at /rustc/82e1608dfa6e0b5569232559e3d385fea5a93112/library/core/src/ops/function.rs:284:13
[INFO] [stderr]     25:     0x5604bf77bf27 - std::panicking::try::do_call::h6e8cf51db32a6e4b
[INFO] [stderr]                                  at /rustc/82e1608dfa6e0b5569232559e3d385fea5a93112/library/std/src/panicking.rs:552:40
[INFO] [stderr]     26:     0x5604bf77bf27 - std::panicking::try::h3a52eefe24fe3c29
[INFO] [stderr]                                  at /rustc/82e1608dfa6e0b5569232559e3d385fea5a93112/library/std/src/panicking.rs:516:19
[INFO] [stderr]     27:     0x5604bf77bf27 - std::panic::catch_unwind::h24c28c23c02c3841
[INFO] [stderr]                                  at /rustc/82e1608dfa6e0b5569232559e3d385fea5a93112/library/std/src/panic.rs:142:14
[INFO] [stderr]     28:     0x5604bf77bf27 - std::rt::lang_start_internal::{{closure}}::h705d3c9cbc06ef47
[INFO] [stderr]                                  at /rustc/82e1608dfa6e0b5569232559e3d385fea5a93112/library/std/src/rt.rs:148:48
[INFO] [stderr]     29:     0x5604bf77bf27 - std::panicking::try::do_call::ha21f52ba13158470
[INFO] [stderr]                                  at /rustc/82e1608dfa6e0b5569232559e3d385fea5a93112/library/std/src/panicking.rs:552:40
[INFO] [stderr]     30:     0x5604bf77bf27 - std::panicking::try::h5581346bf6aeb1f8
[INFO] [stderr]                                  at /rustc/82e1608dfa6e0b5569232559e3d385fea5a93112/library/std/src/panicking.rs:516:19
[INFO] [stderr]     31:     0x5604bf77bf27 - std::panic::catch_unwind::h7919645a6b72e25b
[INFO] [stderr]                                  at /rustc/82e1608dfa6e0b5569232559e3d385fea5a93112/library/std/src/panic.rs:142:14
[INFO] [stderr]     32:     0x5604bf77bf27 - std::rt::lang_start_internal::h12de51168669836e
[INFO] [stderr]                                  at /rustc/82e1608dfa6e0b5569232559e3d385fea5a93112/library/std/src/rt.rs:148:20
[INFO] [stderr]     33:     0x5604bf728c87 - std::rt::lang_start::h8086797482af32c7
[INFO] [stderr]     34:     0x5604bf728555 - main
[INFO] [stderr]     35:     0x7fa0f960fd90 - <unknown>
[INFO] [stderr]     36:     0x7fa0f960fe40 - __libc_start_main
[INFO] [stderr]     37:     0x5604bf71ee75 - _start
[INFO] [stderr]     38:                0x0 - <unknown>
[INFO] [stderr] warning: build failed, waiting for other jobs to finish...
[INFO] [stdout] error[E0503]: cannot use `state` because it was mutably borrowed
[INFO] [stdout]     --> /opt/rustwide/cargo-home/registry/src/index.crates.io-6f17d22bba15001f/getopts-0.2.14/src/lib.rs:1008:25
[INFO] [stdout]      |
[INFO] [stdout] 955  |     let mut machine = |cont: &mut bool, (i, c): (usize, char)| {
[INFO] [stdout]      |                       ---------------------------------------- `state` is borrowed here
[INFO] [stdout] ...
[INFO] [stdout] 959  |         state = match (state, whitespace, limit) {
[INFO] [stdout]      |         ----- borrow occurs due to use of `state` in closure
[INFO] [stdout] ...
[INFO] [stdout] 1008 |     while cont && match state { B | C => true, A => false } {
[INFO] [stdout]      |                         ^^^^^ use of borrowed `state`
[INFO] [stdout] 1009 |         machine(&mut cont, (fake_i, ' '));
[INFO] [stdout]      |         ------- borrow later used here
[INFO] [stdout] 
[INFO] [stdout] 
[INFO] [stdout] error: aborting due to previous error
[INFO] [stdout] 
[INFO] [stdout] 
[INFO] [stdout] For more information about this error, try `rustc --explain E0503`.
[INFO] [stdout] 
[INFO] [stderr] error: could not compile `getopts` (lib) due to 2 previous errors
[INFO] running `Command { std: "docker" "inspect" "7bf6c7b1dfd24452ad1d4b9ad4cf91b3b247147c760b85057608577c49b2aba9", kill_on_drop: false }`
[INFO] running `Command { std: "docker" "rm" "-f" "7bf6c7b1dfd24452ad1d4b9ad4cf91b3b247147c760b85057608577c49b2aba9", kill_on_drop: false }`
[INFO] [stdout] 7bf6c7b1dfd24452ad1d4b9ad4cf91b3b247147c760b85057608577c49b2aba9
[INFO] documenting ANtlord/rtest against beta-2023-12-22 for beta-1.76-rustdoc-1
[INFO] running `Command { std: "git" "clone" "/workspace/cache/git-repos/https%3A%2F%2Fgithub.com%2FANtlord%2Frtest" "/workspace/builds/worker-3-tc2/source", kill_on_drop: false }`
[INFO] [stderr] Cloning into '/workspace/builds/worker-3-tc2/source'...
[INFO] [stderr] done.
[INFO] validating manifest of git repo https://github.com/ANtlord/rtest on toolchain beta-2023-12-22
[INFO] running `Command { std: CARGO_HOME="/workspace/cargo-home" RUSTUP_HOME="/workspace/rustup-home" "/workspace/cargo-home/bin/cargo" "+beta-2023-12-22" "metadata" "--manifest-path" "Cargo.toml" "--no-deps", kill_on_drop: false }`
[INFO] started tweaking git repo https://github.com/ANtlord/rtest
[INFO] finished tweaking git repo https://github.com/ANtlord/rtest
[INFO] tweaked toml for git repo https://github.com/ANtlord/rtest written to /workspace/builds/worker-3-tc2/source/Cargo.toml
[INFO] crate git repo https://github.com/ANtlord/rtest already has a lockfile, it will not be regenerated
[INFO] running `Command { std: CARGO_HOME="/workspace/cargo-home" RUSTUP_HOME="/workspace/rustup-home" "/workspace/cargo-home/bin/cargo" "+beta-2023-12-22" "fetch" "--manifest-path" "Cargo.toml", kill_on_drop: false }`
[INFO] running `Command { std: "docker" "create" "-v" "/var/lib/crater-agent-workspace/builds/worker-3-tc2/target:/opt/rustwide/target:rw,Z" "-v" "/var/lib/crater-agent-workspace/builds/worker-3-tc2/source:/opt/rustwide/workdir:ro,Z" "-v" "/var/lib/crater-agent-workspace/cargo-home:/opt/rustwide/cargo-home:ro,Z" "-v" "/var/lib/crater-agent-workspace/rustup-home:/opt/rustwide/rustup-home:ro,Z" "-e" "SOURCE_DIR=/opt/rustwide/workdir" "-e" "CARGO_TARGET_DIR=/opt/rustwide/target" "-e" "CARGO_HOME=/opt/rustwide/cargo-home" "-e" "RUSTUP_HOME=/opt/rustwide/rustup-home" "-w" "/opt/rustwide/workdir" "-m" "1610612736" "--user" "0:0" "--network" "none" "ghcr.io/rust-lang/crates-build-env/linux@sha256:2788e3201cd34a07e3172128adcd8b3090168a8e3bcc40d7c032b9dda1df7d1c" "/opt/rustwide/cargo-home/bin/cargo" "+beta-2023-12-22" "metadata" "--no-deps" "--format-version=1", kill_on_drop: false }`
[INFO] [stdout] fc17de55ee0c51d95754e974eada78e69207ac437d02ad4101d8a08f8db47f1f
[INFO] running `Command { std: "docker" "start" "-a" "fc17de55ee0c51d95754e974eada78e69207ac437d02ad4101d8a08f8db47f1f", kill_on_drop: false }`
[INFO] running `Command { std: "docker" "inspect" "fc17de55ee0c51d95754e974eada78e69207ac437d02ad4101d8a08f8db47f1f", kill_on_drop: false }`
[INFO] running `Command { std: "docker" "rm" "-f" "fc17de55ee0c51d95754e974eada78e69207ac437d02ad4101d8a08f8db47f1f", kill_on_drop: false }`
[INFO] [stdout] fc17de55ee0c51d95754e974eada78e69207ac437d02ad4101d8a08f8db47f1f
[INFO] running `Command { std: "docker" "create" "-v" "/var/lib/crater-agent-workspace/builds/worker-3-tc2/target:/opt/rustwide/target:rw,Z" "-v" "/var/lib/crater-agent-workspace/builds/worker-3-tc2/source:/opt/rustwide/workdir:ro,Z" "-v" "/var/lib/crater-agent-workspace/cargo-home:/opt/rustwide/cargo-home:ro,Z" "-v" "/var/lib/crater-agent-workspace/rustup-home:/opt/rustwide/rustup-home:ro,Z" "-e" "SOURCE_DIR=/opt/rustwide/workdir" "-e" "CARGO_TARGET_DIR=/opt/rustwide/target" "-e" "CARGO_INCREMENTAL=0" "-e" "RUST_BACKTRACE=full" "-e" "RUSTFLAGS=--cap-lints=warn" "-e" "RUSTDOCFLAGS=--cap-lints=warn" "-e" "CARGO_HOME=/opt/rustwide/cargo-home" "-e" "RUSTUP_HOME=/opt/rustwide/rustup-home" "-w" "/opt/rustwide/workdir" "-m" "1610612736" "--user" "0:0" "--network" "none" "ghcr.io/rust-lang/crates-build-env/linux@sha256:2788e3201cd34a07e3172128adcd8b3090168a8e3bcc40d7c032b9dda1df7d1c" "/opt/rustwide/cargo-home/bin/cargo" "+beta-2023-12-22" "doc" "--frozen" "--no-deps" "--document-private-items" "--message-format=json", kill_on_drop: false }`
[INFO] [stdout] 52b8b73d72cd667564cba9c7e9879ed9d7ddd3d8b4773d61aaa6dafbfc9c75cd
[INFO] running `Command { std: "docker" "start" "-a" "52b8b73d72cd667564cba9c7e9879ed9d7ddd3d8b4773d61aaa6dafbfc9c75cd", kill_on_drop: false }`
[INFO] [stderr]     Checking libc v0.2.24
[INFO] [stderr]    Compiling gcc v0.3.51
[INFO] [stderr]    Compiling pkg-config v0.3.9
[INFO] [stderr]     Checking num-traits v0.1.40
[INFO] [stderr]     Checking utf8-ranges v1.0.0
[INFO] [stderr]     Checking regex-syntax v0.4.1
[INFO] [stderr]    Compiling openssl v0.9.14
[INFO] [stderr]     Checking unreachable v0.1.1
[INFO] [stderr]     Checking foreign-types v0.2.0
[INFO] [stderr]     Checking itoa v0.3.1
[INFO] [stderr]     Checking log v0.3.8
[INFO] [stderr]     Checking linked-hash-map v0.4.2
[INFO] [stderr]     Checking bitflags v0.9.1
[INFO] [stderr]     Checking serde v1.0.10
[INFO] [stderr]     Checking thread-id v3.1.0
[INFO] [stderr]     Checking memchr v1.0.1
[INFO] [stderr]     Checking time v0.1.38
[INFO] [stderr]     Checking rand v0.3.15
[INFO] [stderr]     Checking thread_local v0.3.3
[INFO] [stderr]     Checking num-integer v0.1.35
[INFO] [stderr]     Checking aho-corasick v0.6.3
[INFO] [stderr]     Checking dtoa v0.4.1
[INFO] [stderr]     Checking num-iter v0.1.34
[INFO] [stderr]     Checking rustc-serialize v0.3.24
[INFO] [stderr]     Checking lazy_static v0.2.8
[INFO] [stderr]     Checking num v0.1.40
[INFO] [stderr]     Checking errno v0.2.3
[INFO] [stderr]     Checking hostname v0.1.3
[INFO] [stderr]     Checking chrono v0.4.0
[INFO] [stderr]     Checking linked-hash-map v0.3.0
[INFO] [stderr]     Checking regex v0.2.2
[INFO] [stderr]    Compiling openssl-sys v0.9.14
[INFO] [stderr]    Compiling rust-crypto v0.2.36
[INFO] [stderr]     Checking byteorder v1.1.0
[INFO] [stderr]     Checking hex v0.2.0
[INFO] [stdout] error[E0310]: the parameter type `T` may not live long enough
[INFO] [stdout]     --> /opt/rustwide/cargo-home/registry/src/index.crates.io-6f17d22bba15001f/rustc-serialize-0.3.24/src/serialize.rs:1155:5
[INFO] [stdout]      |
[INFO] [stdout] 1155 |     fn decode<D: Decoder>(d: &mut D) -> Result<Cow<'static, T>, D::Error> {
[INFO] [stdout]      |     ^^^^^^^^^^^^^^^^^^^^^^^^^^^^^^^^^^^^^^^^^^^^^^^^^^^^^^^^^^^^^^^^^^^^^
[INFO] [stdout]      |     |
[INFO] [stdout]      |     the parameter type `T` must be valid for the static lifetime...
[INFO] [stdout]      |     ...so that the type `T` will meet its required lifetime bounds...
[INFO] [stdout]      |
[INFO] [stdout] note: ...that is required by this bound
[INFO] [stdout]     --> /rustc/0e09125c6c3c2fd70d7de961bcf0e51575235fad/library/alloc/src/borrow.rs:180:30
[INFO] [stdout] help: consider adding an explicit lifetime bound
[INFO] [stdout]      |
[INFO] [stdout] 1151 | impl<'a, T: ?Sized + 'static> Decodable for Cow<'a, T>
[INFO] [stdout]      |                    +++++++++
[INFO] [stdout] 
[INFO] [stdout] 
[INFO] [stderr]     Checking getopts v0.2.14
[INFO] [stdout] error[E0503]: cannot use `state` because it was mutably borrowed
[INFO] [stdout]     --> /opt/rustwide/cargo-home/registry/src/index.crates.io-6f17d22bba15001f/getopts-0.2.14/src/lib.rs:1008:25
[INFO] [stdout]      |
[INFO] [stdout] 955  |     let mut machine = |cont: &mut bool, (i, c): (usize, char)| {
[INFO] [stdout]      |                       ---------------------------------------- `state` is borrowed here
[INFO] [stdout] ...
[INFO] [stdout] 959  |         state = match (state, whitespace, limit) {
[INFO] [stdout]      |         ----- borrow occurs due to use of `state` in closure
[INFO] [stdout] ...
[INFO] [stdout] 1008 |     while cont && match state { B | C => true, A => false } {
[INFO] [stdout]      |                         ^^^^^ use of borrowed `state`
[INFO] [stdout] 1009 |         machine(&mut cont, (fake_i, ' '));
[INFO] [stdout]      |         ------- borrow later used here
[INFO] [stdout] 
[INFO] [stdout] 
[INFO] [stdout] error: aborting due to 1 previous error
[INFO] [stdout] 
[INFO] [stdout] 
[INFO] [stdout] For more information about this error, try `rustc --explain E0503`.
[INFO] [stdout] 
[INFO] [stderr] error: could not compile `getopts` (lib) due to 2 previous errors
[INFO] [stderr] warning: build failed, waiting for other jobs to finish...
[INFO] [stdout] error: aborting due to 1 previous error
[INFO] [stdout] 
[INFO] [stdout] 
[INFO] [stdout] For more information about this error, try `rustc --explain E0310`.
[INFO] [stdout] 
[INFO] [stderr] error: could not compile `rustc-serialize` (lib) due to 2 previous errors
[INFO] running `Command { std: "docker" "inspect" "52b8b73d72cd667564cba9c7e9879ed9d7ddd3d8b4773d61aaa6dafbfc9c75cd", kill_on_drop: false }`
[INFO] running `Command { std: "docker" "rm" "-f" "52b8b73d72cd667564cba9c7e9879ed9d7ddd3d8b4773d61aaa6dafbfc9c75cd", kill_on_drop: false }`
[INFO] [stdout] 52b8b73d72cd667564cba9c7e9879ed9d7ddd3d8b4773d61aaa6dafbfc9c75cd
