[INFO] cloning repository https://github.com/AISidelnikov/esp32-rust
[INFO] running `Command { std: "git" "-c" "credential.helper=" "-c" "credential.helper=/workspace/cargo-home/bin/git-credential-null" "clone" "--bare" "https://github.com/AISidelnikov/esp32-rust" "/workspace/cache/git-repos/https%3A%2F%2Fgithub.com%2FAISidelnikov%2Fesp32-rust", kill_on_drop: false }`
[INFO] [stderr] Cloning into bare repository '/workspace/cache/git-repos/https%3A%2F%2Fgithub.com%2FAISidelnikov%2Fesp32-rust'...
[INFO] running `Command { std: "git" "rev-parse" "HEAD", kill_on_drop: false }`
[INFO] [stdout] 32023bb1f27f5644ec6721da60e0ee1e40179c83
[INFO] documenting AISidelnikov/esp32-rust against 1.75.0 for beta-1.76-rustdoc-1
[INFO] running `Command { std: "git" "clone" "/workspace/cache/git-repos/https%3A%2F%2Fgithub.com%2FAISidelnikov%2Fesp32-rust" "/workspace/builds/worker-0-tc1/source", kill_on_drop: false }`
[INFO] [stderr] Cloning into '/workspace/builds/worker-0-tc1/source'...
[INFO] [stderr] done.
[INFO] validating manifest of git repo https://github.com/AISidelnikov/esp32-rust on toolchain 1.75.0
[INFO] running `Command { std: CARGO_HOME="/workspace/cargo-home" RUSTUP_HOME="/workspace/rustup-home" "/workspace/cargo-home/bin/cargo" "+1.75.0" "metadata" "--manifest-path" "Cargo.toml" "--no-deps", kill_on_drop: false }`
[INFO] removed /workspace/builds/worker-0-tc1/source/.cargo/config.toml
[INFO] removed /workspace/builds/worker-0-tc1/source/rust-toolchain.toml
[INFO] started tweaking git repo https://github.com/AISidelnikov/esp32-rust
[INFO] finished tweaking git repo https://github.com/AISidelnikov/esp32-rust
[INFO] tweaked toml for git repo https://github.com/AISidelnikov/esp32-rust written to /workspace/builds/worker-0-tc1/source/Cargo.toml
[INFO] crate git repo https://github.com/AISidelnikov/esp32-rust already has a lockfile, it will not be regenerated
[INFO] running `Command { std: CARGO_HOME="/workspace/cargo-home" RUSTUP_HOME="/workspace/rustup-home" "/workspace/cargo-home/bin/cargo" "+1.75.0" "fetch" "--manifest-path" "Cargo.toml", kill_on_drop: false }`
[INFO] [stderr]     Blocking waiting for file lock on package cache
[INFO] [stderr]     Updating crates.io index
[INFO] [stderr]  Downloading crates ...
[INFO] [stderr]   Downloaded embedded-dma v0.2.0
[INFO] [stderr]   Downloaded esp-hal-procmacros v0.6.0
[INFO] [stderr]   Downloaded xtensa-lx-rt-proc-macros v0.2.0
[INFO] [stderr]   Downloaded xtensa-lx-rt v0.15.0
[INFO] [stderr]   Downloaded fugit v0.3.7
[INFO] [stderr]   Downloaded xtensa-lx v0.8.0
[INFO] [stderr]   Downloaded basic-toml v0.1.3
[INFO] [stderr]   Downloaded minijinja v0.15.0
[INFO] [stderr]   Downloaded core-isa-parser v0.2.0
[INFO] [stderr]   Downloaded esp-hal-common v0.10.0
[INFO] [stderr]   Downloaded mutex-trait v0.2.0
[INFO] [stderr]   Downloaded esp32-hal v0.13.0
[INFO] [stderr]   Downloaded rustversion v1.0.13
[INFO] [stderr]   Downloaded esp-backtrace v0.7.0
[INFO] [stderr]   Downloaded winnow v0.4.9
[INFO] [stderr]   Downloaded r0 v1.0.0
[INFO] [stderr]   Downloaded esp-println v0.5.0
[INFO] [stderr]   Downloaded esp32 v0.24.0
[INFO] running `Command { std: "docker" "create" "-v" "/var/lib/crater-agent-workspace/builds/worker-0-tc1/target:/opt/rustwide/target:rw,Z" "-v" "/var/lib/crater-agent-workspace/builds/worker-0-tc1/source:/opt/rustwide/workdir:ro,Z" "-v" "/var/lib/crater-agent-workspace/cargo-home:/opt/rustwide/cargo-home:ro,Z" "-v" "/var/lib/crater-agent-workspace/rustup-home:/opt/rustwide/rustup-home:ro,Z" "-e" "SOURCE_DIR=/opt/rustwide/workdir" "-e" "CARGO_TARGET_DIR=/opt/rustwide/target" "-e" "CARGO_HOME=/opt/rustwide/cargo-home" "-e" "RUSTUP_HOME=/opt/rustwide/rustup-home" "-w" "/opt/rustwide/workdir" "-m" "1610612736" "--user" "0:0" "--network" "none" "ghcr.io/rust-lang/crates-build-env/linux@sha256:2788e3201cd34a07e3172128adcd8b3090168a8e3bcc40d7c032b9dda1df7d1c" "/opt/rustwide/cargo-home/bin/cargo" "+1.75.0" "metadata" "--no-deps" "--format-version=1", kill_on_drop: false }`
[INFO] [stdout] b5bec86b1bb17034ca38547c93b2652b75009575c55739eb3c677d3b9539645a
[INFO] running `Command { std: "docker" "start" "-a" "b5bec86b1bb17034ca38547c93b2652b75009575c55739eb3c677d3b9539645a", kill_on_drop: false }`
[INFO] running `Command { std: "docker" "inspect" "b5bec86b1bb17034ca38547c93b2652b75009575c55739eb3c677d3b9539645a", kill_on_drop: false }`
[INFO] running `Command { std: "docker" "rm" "-f" "b5bec86b1bb17034ca38547c93b2652b75009575c55739eb3c677d3b9539645a", kill_on_drop: false }`
[INFO] [stdout] b5bec86b1bb17034ca38547c93b2652b75009575c55739eb3c677d3b9539645a
[INFO] running `Command { std: "docker" "create" "-v" "/var/lib/crater-agent-workspace/builds/worker-0-tc1/target:/opt/rustwide/target:rw,Z" "-v" "/var/lib/crater-agent-workspace/builds/worker-0-tc1/source:/opt/rustwide/workdir:ro,Z" "-v" "/var/lib/crater-agent-workspace/cargo-home:/opt/rustwide/cargo-home:ro,Z" "-v" "/var/lib/crater-agent-workspace/rustup-home:/opt/rustwide/rustup-home:ro,Z" "-e" "SOURCE_DIR=/opt/rustwide/workdir" "-e" "CARGO_TARGET_DIR=/opt/rustwide/target" "-e" "CARGO_INCREMENTAL=0" "-e" "RUST_BACKTRACE=full" "-e" "RUSTFLAGS=--cap-lints=warn" "-e" "RUSTDOCFLAGS=--cap-lints=warn" "-e" "CARGO_HOME=/opt/rustwide/cargo-home" "-e" "RUSTUP_HOME=/opt/rustwide/rustup-home" "-w" "/opt/rustwide/workdir" "-m" "1610612736" "--user" "0:0" "--network" "none" "ghcr.io/rust-lang/crates-build-env/linux@sha256:2788e3201cd34a07e3172128adcd8b3090168a8e3bcc40d7c032b9dda1df7d1c" "/opt/rustwide/cargo-home/bin/cargo" "+1.75.0" "doc" "--frozen" "--no-deps" "--document-private-items" "--message-format=json", kill_on_drop: false }`
[INFO] [stdout] 5def0e68b18ba4e545e063ab5d504d5dac08a6316598af18cb1d80a5d5b5d118
[INFO] running `Command { std: "docker" "start" "-a" "5def0e68b18ba4e545e063ab5d504d5dac08a6316598af18cb1d80a5d5b5d118", kill_on_drop: false }`
[INFO] [stderr]    Compiling proc-macro2 v1.0.64
[INFO] [stderr]    Compiling unicode-ident v1.0.10
[INFO] [stderr]    Compiling quote v1.0.29
[INFO] [stderr]    Compiling serde v1.0.171
[INFO] [stderr]    Compiling rustversion v1.0.13
[INFO] [stderr]    Compiling regex-syntax v0.7.4
[INFO] [stderr]    Compiling xtensa-lx v0.8.0
[INFO] [stderr]    Compiling hashbrown v0.14.0
[INFO] [stderr]    Compiling memchr v2.5.0
[INFO] [stderr]    Compiling lock_api v0.4.10
[INFO] [stderr]    Compiling strum v0.24.1
[INFO] [stderr]    Compiling equivalent v1.0.1
[INFO] [stderr]    Compiling winnow v0.4.9
[INFO] [stderr]    Compiling toml_datetime v0.6.3
[INFO] [stderr]     Checking bare-metal v1.0.0
[INFO] [stderr]     Checking critical-section v1.1.1
[INFO] [stderr]    Compiling esp32 v0.24.0
[INFO] [stderr]     Checking mutex-trait v0.2.0
[INFO] [stderr]    Compiling paste v1.0.13
[INFO] [stderr]    Compiling once_cell v1.18.0
[INFO] [stderr]     Checking nb v1.1.0
[INFO] [stderr]     Checking nb v0.1.3
[INFO] [stderr]    Compiling log v0.4.18
[INFO] [stderr]     Checking gcd v2.3.0
[INFO] [stderr]     Checking r0 v1.0.0
[INFO] [stderr]     Checking void v1.0.2
[INFO] [stderr]    Compiling esp-println v0.5.0
[INFO] [stderr]     Checking stable_deref_trait v1.2.0
[INFO] [stderr]     Checking vcell v0.1.3
[INFO] [stderr]     Checking fugit v0.3.7
[INFO] [stderr]     Checking embedded-hal v0.2.7
[INFO] [stderr]     Checking embedded-dma v0.2.0
[INFO] [stderr]    Compiling esp32-hal v0.13.0
[INFO] [stderr]    Compiling aho-corasick v1.0.2
[INFO] [stderr]    Compiling esp-backtrace v0.7.0
[INFO] [stderr]     Checking bitflags v2.3.3
[INFO] [stderr]    Compiling indexmap v2.0.0
[INFO] [stderr]     Checking spin v0.9.8
[INFO] [stdout] error[E0583]: file not found for module `arch`
[INFO] [stdout]  --> /opt/rustwide/cargo-home/registry/src/index.crates.io-6f17d22bba15001f/esp-backtrace-0.7.0/src/lib.rs:8:1
[INFO] [stdout]   |
[INFO] [stdout] 8 | pub mod arch;
[INFO] [stdout]   | ^^^^^^^^^^^^^
[INFO] [stdout]   |
[INFO] [stdout]   = help: to create the module `arch`, create file "/opt/rustwide/cargo-home/registry/src/index.crates.io-6f17d22bba15001f/esp-backtrace-0.7.0/src/arch.rs" or "/opt/rustwide/cargo-home/registry/src/index.crates.io-6f17d22bba15001f/esp-backtrace-0.7.0/src/arch/mod.rs"
[INFO] [stdout]   = note: if there is a `mod arch` elsewhere in the crate already, import it with `use crate::...` instead
[INFO] [stdout] 
[INFO] [stdout] 
[INFO] [stdout] error[E0425]: cannot find function `backtrace` in module `crate::arch`
[INFO] [stdout]   --> /opt/rustwide/cargo-home/registry/src/index.crates.io-6f17d22bba15001f/esp-backtrace-0.7.0/src/lib.rs:31:34
[INFO] [stdout]    |
[INFO] [stdout] 31 |     let backtrace = crate::arch::backtrace();
[INFO] [stdout]    |                                  ^^^^^^^^^ not found in `crate::arch`
[INFO] [stdout] 
[INFO] [stdout] 
[INFO] [stdout] error: aborting due to 2 previous errors
[INFO] [stdout] 
[INFO] [stdout] 
[INFO] [stdout] Some errors have detailed explanations: E0425, E0583.
[INFO] [stdout] 
[INFO] [stdout] For more information about an error, try `rustc --explain E0425`.
[INFO] [stdout] 
[INFO] [stderr] error: could not compile `esp-backtrace` (lib) due to 3 previous errors
[INFO] [stderr] warning: build failed, waiting for other jobs to finish...
[INFO] running `Command { std: "docker" "inspect" "5def0e68b18ba4e545e063ab5d504d5dac08a6316598af18cb1d80a5d5b5d118", kill_on_drop: false }`
[INFO] running `Command { std: "docker" "rm" "-f" "5def0e68b18ba4e545e063ab5d504d5dac08a6316598af18cb1d80a5d5b5d118", kill_on_drop: false }`
[INFO] [stdout] 5def0e68b18ba4e545e063ab5d504d5dac08a6316598af18cb1d80a5d5b5d118
[INFO] documenting AISidelnikov/esp32-rust against beta-2023-12-22 for beta-1.76-rustdoc-1
[INFO] running `Command { std: "git" "clone" "/workspace/cache/git-repos/https%3A%2F%2Fgithub.com%2FAISidelnikov%2Fesp32-rust" "/workspace/builds/worker-0-tc2/source", kill_on_drop: false }`
[INFO] [stderr] Cloning into '/workspace/builds/worker-0-tc2/source'...
[INFO] [stderr] done.
[INFO] validating manifest of git repo https://github.com/AISidelnikov/esp32-rust on toolchain beta-2023-12-22
[INFO] running `Command { std: CARGO_HOME="/workspace/cargo-home" RUSTUP_HOME="/workspace/rustup-home" "/workspace/cargo-home/bin/cargo" "+beta-2023-12-22" "metadata" "--manifest-path" "Cargo.toml" "--no-deps", kill_on_drop: false }`
[INFO] removed /workspace/builds/worker-0-tc2/source/.cargo/config.toml
[INFO] removed /workspace/builds/worker-0-tc2/source/rust-toolchain.toml
[INFO] started tweaking git repo https://github.com/AISidelnikov/esp32-rust
[INFO] finished tweaking git repo https://github.com/AISidelnikov/esp32-rust
[INFO] tweaked toml for git repo https://github.com/AISidelnikov/esp32-rust written to /workspace/builds/worker-0-tc2/source/Cargo.toml
[INFO] crate git repo https://github.com/AISidelnikov/esp32-rust already has a lockfile, it will not be regenerated
[INFO] running `Command { std: CARGO_HOME="/workspace/cargo-home" RUSTUP_HOME="/workspace/rustup-home" "/workspace/cargo-home/bin/cargo" "+beta-2023-12-22" "fetch" "--manifest-path" "Cargo.toml", kill_on_drop: false }`
[INFO] running `Command { std: "docker" "create" "-v" "/var/lib/crater-agent-workspace/builds/worker-0-tc2/target:/opt/rustwide/target:rw,Z" "-v" "/var/lib/crater-agent-workspace/builds/worker-0-tc2/source:/opt/rustwide/workdir:ro,Z" "-v" "/var/lib/crater-agent-workspace/cargo-home:/opt/rustwide/cargo-home:ro,Z" "-v" "/var/lib/crater-agent-workspace/rustup-home:/opt/rustwide/rustup-home:ro,Z" "-e" "SOURCE_DIR=/opt/rustwide/workdir" "-e" "CARGO_TARGET_DIR=/opt/rustwide/target" "-e" "CARGO_HOME=/opt/rustwide/cargo-home" "-e" "RUSTUP_HOME=/opt/rustwide/rustup-home" "-w" "/opt/rustwide/workdir" "-m" "1610612736" "--user" "0:0" "--network" "none" "ghcr.io/rust-lang/crates-build-env/linux@sha256:2788e3201cd34a07e3172128adcd8b3090168a8e3bcc40d7c032b9dda1df7d1c" "/opt/rustwide/cargo-home/bin/cargo" "+beta-2023-12-22" "metadata" "--no-deps" "--format-version=1", kill_on_drop: false }`
[INFO] [stdout] 4bab65a0d189d377de43ba91b0047d86a9c2e23626dac8bf3b181218886ac6cc
[INFO] running `Command { std: "docker" "start" "-a" "4bab65a0d189d377de43ba91b0047d86a9c2e23626dac8bf3b181218886ac6cc", kill_on_drop: false }`
[INFO] running `Command { std: "docker" "inspect" "4bab65a0d189d377de43ba91b0047d86a9c2e23626dac8bf3b181218886ac6cc", kill_on_drop: false }`
[INFO] running `Command { std: "docker" "rm" "-f" "4bab65a0d189d377de43ba91b0047d86a9c2e23626dac8bf3b181218886ac6cc", kill_on_drop: false }`
[INFO] [stdout] 4bab65a0d189d377de43ba91b0047d86a9c2e23626dac8bf3b181218886ac6cc
[INFO] running `Command { std: "docker" "create" "-v" "/var/lib/crater-agent-workspace/builds/worker-0-tc2/target:/opt/rustwide/target:rw,Z" "-v" "/var/lib/crater-agent-workspace/builds/worker-0-tc2/source:/opt/rustwide/workdir:ro,Z" "-v" "/var/lib/crater-agent-workspace/cargo-home:/opt/rustwide/cargo-home:ro,Z" "-v" "/var/lib/crater-agent-workspace/rustup-home:/opt/rustwide/rustup-home:ro,Z" "-e" "SOURCE_DIR=/opt/rustwide/workdir" "-e" "CARGO_TARGET_DIR=/opt/rustwide/target" "-e" "CARGO_INCREMENTAL=0" "-e" "RUST_BACKTRACE=full" "-e" "RUSTFLAGS=--cap-lints=warn" "-e" "RUSTDOCFLAGS=--cap-lints=warn" "-e" "CARGO_HOME=/opt/rustwide/cargo-home" "-e" "RUSTUP_HOME=/opt/rustwide/rustup-home" "-w" "/opt/rustwide/workdir" "-m" "1610612736" "--user" "0:0" "--network" "none" "ghcr.io/rust-lang/crates-build-env/linux@sha256:2788e3201cd34a07e3172128adcd8b3090168a8e3bcc40d7c032b9dda1df7d1c" "/opt/rustwide/cargo-home/bin/cargo" "+beta-2023-12-22" "doc" "--frozen" "--no-deps" "--document-private-items" "--message-format=json", kill_on_drop: false }`
[INFO] [stdout] 8ebef71fd78161d2cbc9cd4c55d59fd77f8608c3bffa5c2896225e38fff96dfc
[INFO] running `Command { std: "docker" "start" "-a" "8ebef71fd78161d2cbc9cd4c55d59fd77f8608c3bffa5c2896225e38fff96dfc", kill_on_drop: false }`
[INFO] [stderr]    Compiling proc-macro2 v1.0.64
[INFO] [stderr]    Compiling unicode-ident v1.0.10
[INFO] [stderr]    Compiling quote v1.0.29
[INFO] [stderr]    Compiling serde v1.0.171
[INFO] [stderr]    Compiling rustversion v1.0.13
[INFO] [stderr]    Compiling regex-syntax v0.7.4
[INFO] [stderr]    Compiling xtensa-lx v0.8.0
[INFO] [stderr]    Compiling hashbrown v0.14.0
[INFO] [stderr]    Compiling memchr v2.5.0
[INFO] [stderr]    Compiling lock_api v0.4.10
[INFO] [stderr]    Compiling equivalent v1.0.1
[INFO] [stderr]    Compiling strum v0.24.1
[INFO] [stderr]    Compiling toml_datetime v0.6.3
[INFO] [stderr]    Compiling winnow v0.4.9
[INFO] [stderr]     Checking bare-metal v1.0.0
[INFO] [stderr]     Checking critical-section v1.1.1
[INFO] [stderr]     Checking mutex-trait v0.2.0
[INFO] [stderr]     Checking nb v1.1.0
[INFO] [stderr]    Compiling once_cell v1.18.0
[INFO] [stderr]    Compiling paste v1.0.13
[INFO] [stderr]    Compiling esp32 v0.24.0
[INFO] [stderr]    Compiling log v0.4.18
[INFO] [stderr]     Checking nb v0.1.3
[INFO] [stderr]     Checking gcd v2.3.0
[INFO] [stderr]     Checking r0 v1.0.0
[INFO] [stderr]     Checking void v1.0.2
[INFO] [stderr]    Compiling esp-println v0.5.0
[INFO] [stderr]     Checking vcell v0.1.3
[INFO] [stderr]     Checking stable_deref_trait v1.2.0
[INFO] [stderr]     Checking fugit v0.3.7
[INFO] [stderr]     Checking embedded-dma v0.2.0
[INFO] [stderr]     Checking embedded-hal v0.2.7
[INFO] [stderr]     Checking bitflags v2.3.3
[INFO] [stderr]     Checking spin v0.9.8
[INFO] [stderr]    Compiling esp-backtrace v0.7.0
[INFO] [stderr]    Compiling aho-corasick v1.0.2
[INFO] [stderr]    Compiling esp32-hal v0.13.0
[INFO] [stdout] error[E0554]: `#![feature]` may not be used on the beta release channel
[INFO] [stdout]  --> /opt/rustwide/cargo-home/registry/src/index.crates.io-6f17d22bba15001f/xtensa-lx-0.8.0/src/lib.rs:3:1
[INFO] [stdout]   |
[INFO] [stdout] 3 | #![feature(asm_experimental_arch)]
[INFO] [stdout]   | ^^^^^^^^^^^^^^^^^^^^^^^^^^^^^^^^^^
[INFO] [stdout] 
[INFO] [stdout] 
[INFO] [stderr]    Compiling indexmap v2.0.0
[INFO] [stdout] error: aborting due to 1 previous error
[INFO] [stdout] 
[INFO] [stdout] 
[INFO] [stdout] For more information about this error, try `rustc --explain E0554`.
[INFO] [stdout] 
[INFO] [stderr] error: could not compile `xtensa-lx` (lib) due to 2 previous errors
[INFO] [stderr] warning: build failed, waiting for other jobs to finish...
[INFO] running `Command { std: "docker" "inspect" "8ebef71fd78161d2cbc9cd4c55d59fd77f8608c3bffa5c2896225e38fff96dfc", kill_on_drop: false }`
[INFO] running `Command { std: "docker" "rm" "-f" "8ebef71fd78161d2cbc9cd4c55d59fd77f8608c3bffa5c2896225e38fff96dfc", kill_on_drop: false }`
[INFO] [stdout] 8ebef71fd78161d2cbc9cd4c55d59fd77f8608c3bffa5c2896225e38fff96dfc
