[INFO] cloning repository https://github.com/9999years/ray-marcher
[INFO] running `Command { std: "git" "-c" "credential.helper=" "-c" "credential.helper=/workspace/cargo-home/bin/git-credential-null" "clone" "--bare" "https://github.com/9999years/ray-marcher" "/workspace/cache/git-repos/https%3A%2F%2Fgithub.com%2F9999years%2Fray-marcher", kill_on_drop: false }`
[INFO] [stderr] Cloning into bare repository '/workspace/cache/git-repos/https%3A%2F%2Fgithub.com%2F9999years%2Fray-marcher'...
[INFO] running `Command { std: "git" "rev-parse" "HEAD", kill_on_drop: false }`
[INFO] [stdout] 716b75f783f03c3a9294511454872da93ebab161
[INFO] documenting 9999years/ray-marcher against 1.75.0 for beta-1.76-rustdoc-1
[INFO] running `Command { std: "git" "clone" "/workspace/cache/git-repos/https%3A%2F%2Fgithub.com%2F9999years%2Fray-marcher" "/workspace/builds/worker-0-tc1/source", kill_on_drop: false }`
[INFO] [stderr] Cloning into '/workspace/builds/worker-0-tc1/source'...
[INFO] [stderr] done.
[INFO] validating manifest of git repo https://github.com/9999years/ray-marcher on toolchain 1.75.0
[INFO] running `Command { std: CARGO_HOME="/workspace/cargo-home" RUSTUP_HOME="/workspace/rustup-home" "/workspace/cargo-home/bin/cargo" "+1.75.0" "metadata" "--manifest-path" "Cargo.toml" "--no-deps", kill_on_drop: false }`
[INFO] started tweaking git repo https://github.com/9999years/ray-marcher
[INFO] finished tweaking git repo https://github.com/9999years/ray-marcher
[INFO] tweaked toml for git repo https://github.com/9999years/ray-marcher written to /workspace/builds/worker-0-tc1/source/Cargo.toml
[INFO] crate git repo https://github.com/9999years/ray-marcher already has a lockfile, it will not be regenerated
[INFO] running `Command { std: CARGO_HOME="/workspace/cargo-home" RUSTUP_HOME="/workspace/rustup-home" "/workspace/cargo-home/bin/cargo" "+1.75.0" "fetch" "--manifest-path" "Cargo.toml", kill_on_drop: false }`
[INFO] [stderr]     Updating crates.io index
[INFO] [stderr]  Downloading crates ...
[INFO] [stderr]   Downloaded ctor v0.1.9
[INFO] [stderr]   Downloaded rand_jitter v0.1.3
[INFO] [stderr]   Downloaded serde_yaml v0.8.9
[INFO] [stderr]   Downloaded autocfg v0.1.2
[INFO] [stderr]   Downloaded dtoa v0.4.3
[INFO] [stderr]   Downloaded proc-macro2 v0.4.27
[INFO] [stderr]   Downloaded palette v0.4.1
[INFO] [stderr]   Downloaded syn v0.14.9
[INFO] [stderr]   Downloaded syn v0.15.32
[INFO] [stderr]   Downloaded num-complex v0.2.1
[INFO] [stderr]   Downloaded utf8-ranges v1.0.2
[INFO] [stderr]   Downloaded unindent v0.1.3
[INFO] [stderr]   Downloaded palette_derive v0.4.1
[INFO] [stderr]   Downloaded proc-macro-hack v0.5.5
[INFO] [stderr]   Downloaded png v0.15.0
[INFO] [stderr]   Downloaded serde_derive v1.0.90
[INFO] [stderr]   Downloaded color_processing v0.4.0
[INFO] [stderr]   Downloaded num-rational v0.2.1
[INFO] [stderr]   Downloaded deflate v0.7.19
[INFO] [stderr]   Downloaded vek v0.9.9
[INFO] [stderr]   Downloaded regex v1.1.6
[INFO] [stderr]   Downloaded regex-syntax v0.6.6
[INFO] running `Command { std: "docker" "create" "-v" "/var/lib/crater-agent-workspace/builds/worker-0-tc1/target:/opt/rustwide/target:rw,Z" "-v" "/var/lib/crater-agent-workspace/builds/worker-0-tc1/source:/opt/rustwide/workdir:ro,Z" "-v" "/var/lib/crater-agent-workspace/cargo-home:/opt/rustwide/cargo-home:ro,Z" "-v" "/var/lib/crater-agent-workspace/rustup-home:/opt/rustwide/rustup-home:ro,Z" "-e" "SOURCE_DIR=/opt/rustwide/workdir" "-e" "CARGO_TARGET_DIR=/opt/rustwide/target" "-e" "CARGO_HOME=/opt/rustwide/cargo-home" "-e" "RUSTUP_HOME=/opt/rustwide/rustup-home" "-w" "/opt/rustwide/workdir" "-m" "1610612736" "--user" "0:0" "--network" "none" "ghcr.io/rust-lang/crates-build-env/linux@sha256:2788e3201cd34a07e3172128adcd8b3090168a8e3bcc40d7c032b9dda1df7d1c" "/opt/rustwide/cargo-home/bin/cargo" "+1.75.0" "metadata" "--no-deps" "--format-version=1", kill_on_drop: false }`
[INFO] [stdout] bcd703073591f4cebe4b275e3f967a8699e59042d86e05bbc3bec185a1b05505
[INFO] running `Command { std: "docker" "start" "-a" "bcd703073591f4cebe4b275e3f967a8699e59042d86e05bbc3bec185a1b05505", kill_on_drop: false }`
[INFO] running `Command { std: "docker" "inspect" "bcd703073591f4cebe4b275e3f967a8699e59042d86e05bbc3bec185a1b05505", kill_on_drop: false }`
[INFO] running `Command { std: "docker" "rm" "-f" "bcd703073591f4cebe4b275e3f967a8699e59042d86e05bbc3bec185a1b05505", kill_on_drop: false }`
[INFO] [stdout] bcd703073591f4cebe4b275e3f967a8699e59042d86e05bbc3bec185a1b05505
[INFO] running `Command { std: "docker" "create" "-v" "/var/lib/crater-agent-workspace/builds/worker-0-tc1/target:/opt/rustwide/target:rw,Z" "-v" "/var/lib/crater-agent-workspace/builds/worker-0-tc1/source:/opt/rustwide/workdir:ro,Z" "-v" "/var/lib/crater-agent-workspace/cargo-home:/opt/rustwide/cargo-home:ro,Z" "-v" "/var/lib/crater-agent-workspace/rustup-home:/opt/rustwide/rustup-home:ro,Z" "-e" "SOURCE_DIR=/opt/rustwide/workdir" "-e" "CARGO_TARGET_DIR=/opt/rustwide/target" "-e" "CARGO_INCREMENTAL=0" "-e" "RUST_BACKTRACE=full" "-e" "RUSTFLAGS=--cap-lints=warn" "-e" "RUSTDOCFLAGS=--cap-lints=warn" "-e" "CARGO_HOME=/opt/rustwide/cargo-home" "-e" "RUSTUP_HOME=/opt/rustwide/rustup-home" "-w" "/opt/rustwide/workdir" "-m" "1610612736" "--user" "0:0" "--network" "none" "ghcr.io/rust-lang/crates-build-env/linux@sha256:2788e3201cd34a07e3172128adcd8b3090168a8e3bcc40d7c032b9dda1df7d1c" "/opt/rustwide/cargo-home/bin/cargo" "+1.75.0" "doc" "--frozen" "--no-deps" "--document-private-items" "--message-format=json", kill_on_drop: false }`
[INFO] [stdout] 62bec71b8b83e8a97e6090d0576242d14dff2f0e4fea9c892b36e5d7cf36427d
[INFO] running `Command { std: "docker" "start" "-a" "62bec71b8b83e8a97e6090d0576242d14dff2f0e4fea9c892b36e5d7cf36427d", kill_on_drop: false }`
[INFO] [stderr] warning: output filename collision.
[INFO] [stderr] The bin target `ray-marcher` in package `ray-marcher v0.0.1 (/opt/rustwide/workdir)` has the same output filename as the lib target `ray_marcher` in package `ray-marcher v0.0.1 (/opt/rustwide/workdir)`.
[INFO] [stderr] Colliding filename is: /opt/rustwide/target/doc/ray_marcher/index.html
[INFO] [stderr] The output filenames should be unique.
[INFO] [stderr] This is a known bug where multiple crates with the same name use
[INFO] [stderr] the same path; see <https://github.com/rust-lang/cargo/issues/6313>.
[INFO] [stderr] If this looks unexpected, it may be a bug in Cargo. Please file a bug report at
[INFO] [stderr] https://github.com/rust-lang/cargo/issues/ with as much information as you
[INFO] [stderr] can provide.
[INFO] [stderr] cargo 1.75.0 (1d8b05cdd 2023-11-20) running on `x86_64-unknown-linux-gnu` target `x86_64-unknown-linux-gnu`
[INFO] [stderr] First unit: Unit { pkg: Package { id: PackageId { name: "ray-marcher", version: "0.0.1", source: "/opt/rustwide/workdir" }, ..: ".." }, target: TargetInner { name: "ray-marcher", doc: true, ..: with_path("/opt/rustwide/workdir/src/main.rs", Edition2018) }, profile: Profile { incremental: false, ..: default_dev() }, kind: Host, mode: Doc { deps: false }, features: [], artifact: false, artifact_target_for_features: None, is_std: false, dep_hash: 13255987339712644231 }
[INFO] [stderr] Second unit: Unit { pkg: Package { id: PackageId { name: "ray-marcher", version: "0.0.1", source: "/opt/rustwide/workdir" }, ..: ".." }, target: TargetInner { ..: lib_target("ray_marcher", ["lib"], "/opt/rustwide/workdir/src/lib.rs", Edition2018) }, profile: Profile { incremental: false, ..: default_dev() }, kind: Host, mode: Doc { deps: false }, features: [], artifact: false, artifact_target_for_features: None, is_std: false, dep_hash: 7915765779188789588 }
[INFO] [stderr]    Compiling rand_core v0.4.0
[INFO] [stderr]    Compiling autocfg v0.1.2
[INFO] [stderr]    Compiling libc v0.2.51
[INFO] [stderr]    Compiling num-traits v0.2.6
[INFO] [stderr]    Compiling proc-macro2 v0.4.27
[INFO] [stderr]    Compiling unicode-xid v0.1.0
[INFO] [stderr]    Compiling num-integer v0.1.39
[INFO] [stderr]    Compiling siphasher v0.2.3
[INFO] [stderr]    Compiling syn v0.15.32
[INFO] [stderr]    Compiling semver-parser v0.7.0
[INFO] [stderr]    Compiling memchr v2.2.0
[INFO] [stderr]    Compiling serde v1.0.100
[INFO] [stderr]    Compiling num-bigint v0.2.2
[INFO] [stderr]    Compiling byteorder v1.3.1
[INFO] [stderr]    Compiling num-iter v0.1.37
[INFO] [stderr]    Compiling regex v1.1.6
[INFO] [stderr]    Compiling rand_core v0.3.1
[INFO] [stderr]    Compiling rand_hc v0.1.0
[INFO] [stderr]    Compiling rand_isaac v0.1.1
[INFO] [stderr]    Compiling rand_xorshift v0.1.1
[INFO] [stderr]    Compiling rand_jitter v0.1.3
[INFO] [stderr]    Compiling rand_pcg v0.1.2
[INFO] [stderr]    Compiling rand_chacha v0.1.1
[INFO] [stderr]    Compiling rand v0.6.5
[INFO] [stderr]    Compiling phf_shared v0.7.24
[INFO] [stderr]    Compiling semver v0.9.0
[INFO] [stderr]    Compiling crc32fast v1.2.0
[INFO] [stderr]     Checking ucd-util v0.1.3
[INFO] [stderr]    Compiling num-complex v0.2.1
[INFO] [stderr]     Checking lazy_static v1.3.0
[INFO] [stderr]     Checking adler32 v1.0.3
[INFO] [stderr]    Compiling num-rational v0.2.1
[INFO] [stderr]     Checking thread_local v0.3.6
[INFO] [stderr]     Checking regex-syntax v0.6.6
[INFO] [stderr]    Compiling rustc_version v0.2.3
[INFO] [stderr]     Checking bitflags v1.0.4
[INFO] [stderr]     Checking utf8-ranges v1.0.2
[INFO] [stderr]     Checking approx v0.1.1
[INFO] [stderr]     Checking cfg-if v0.1.9
[INFO] [stderr]     Checking linked-hash-map v0.5.2
[INFO] [stderr]     Checking aho-corasick v0.7.3
[INFO] [stderr]     Checking unicode-width v0.1.5
[INFO] [stderr]     Checking phf v0.7.24
[INFO] [stderr]     Checking deflate v0.7.19
[INFO] [stderr]     Checking inflate v0.4.5
[INFO] [stderr]     Checking textwrap v0.11.0
[INFO] [stderr]    Compiling vek v0.9.9
[INFO] [stderr]    Compiling rand_os v0.1.3
[INFO] [stderr]     Checking strsim v0.8.0
[INFO] [stderr]     Checking time v0.1.42
[INFO] [stderr]    Compiling quote v0.6.12
[INFO] [stderr]     Checking atty v0.2.11
[INFO] [stderr]     Checking yaml-rust v0.4.3
[INFO] [stderr]     Checking vec_map v0.8.1
[INFO] [stderr]     Checking static_assertions v0.2.5
[INFO] [stderr]     Checking ansi_term v0.11.0
[INFO] [stderr]     Checking dtoa v0.4.3
[INFO] [stderr]    Compiling syn v0.14.9
[INFO] [stderr]     Checking clap v2.33.0
[INFO] [stderr]     Checking num-traits v0.1.43
[INFO] [stderr]     Checking png v0.15.0
[INFO] [stderr]     Checking chrono v0.4.9
[INFO] [stderr]    Compiling phf_generator v0.7.24
[INFO] [stderr]    Compiling phf_codegen v0.7.24
[INFO] [stderr]    Compiling palette v0.4.1
[INFO] [stderr]     Checking num v0.2.0
[INFO] [stderr]     Checking color_processing v0.4.0
[INFO] [stderr]    Compiling palette_derive v0.4.1
[INFO] [stderr]    Compiling serde_derive v1.0.90
[INFO] [stderr]     Checking serde_yaml v0.8.9
[INFO] [stderr]     Checking ray-marcher v0.0.1 (/opt/rustwide/workdir)
[INFO] [stderr]  Documenting ray-marcher v0.0.1 (/opt/rustwide/workdir)
[INFO] [stdout] error[E0583]: file not found for module `assert`
[INFO] [stdout]  --> src/lib.rs:7:1
[INFO] [stdout]   |
[INFO] [stdout] 7 | pub mod assert;
[INFO] [stdout]   | ^^^^^^^^^^^^^^^
[INFO] [stdout]   |
[INFO] [stdout]   = help: to create the module `assert`, create file "src/assert.rs" or "src/assert/mod.rs"
[INFO] [stdout]   = note: if there is a `mod assert` elsewhere in the crate already, import it with `use crate::...` instead
[INFO] [stdout] 
[INFO] [stdout] 
[INFO] [stdout] error[E0583]: file not found for module `assert`
[INFO] [stdout]  --> src/lib.rs:7:1
[INFO] [stdout]   |
[INFO] [stdout] 7 | pub mod assert;
[INFO] [stdout]   | ^^^^^^^^^^^^^^^
[INFO] [stdout]   |
[INFO] [stdout]   = help: to create the module `assert`, create file "src/assert.rs" or "src/assert/mod.rs"
[INFO] [stdout]   = note: if there is a `mod assert` elsewhere in the crate already, import it with `use crate::...` instead
[INFO] [stdout] 
[INFO] [stdout] 
[INFO] [stdout] error: aborting due to previous error
[INFO] [stdout] 
[INFO] [stdout] 
[INFO] [stdout] For more information about this error, try `rustc --explain E0583`.
[INFO] [stdout] 
[INFO] [stderr] error: could not document `ray-marcher`
[INFO] [stderr] 
[INFO] [stderr] Caused by:
[INFO] [stderr]   process didn't exit successfully: `/opt/rustwide/rustup-home/toolchains/1.75.0-x86_64-unknown-linux-gnu/bin/rustdoc --edition=2018 --crate-type lib --crate-name ray_marcher src/lib.rs -o /opt/rustwide/target/doc --error-format=json --json=diagnostic-rendered-ansi,artifacts,future-incompat --document-private-items -C metadata=43e5f3b42455f32a -L dependency=/opt/rustwide/target/debug/deps --extern chrono=/opt/rustwide/target/debug/deps/libchrono-264168d24333574a.rmeta --extern clap=/opt/rustwide/target/debug/deps/libclap-6ff277b2bbfacbc3.rmeta --extern color_processing=/opt/rustwide/target/debug/deps/libcolor_processing-b5b4c2d01338c579.rmeta --extern num=/opt/rustwide/target/debug/deps/libnum-d4211f169137097d.rmeta --extern palette=/opt/rustwide/target/debug/deps/libpalette-32c2099d8311542f.rmeta --extern png=/opt/rustwide/target/debug/deps/libpng-b3121ad78afef1b8.rmeta --extern serde=/opt/rustwide/target/debug/deps/libserde-52128937a16f5836.rmeta --extern serde_yaml=/opt/rustwide/target/debug/deps/libserde_yaml-78035912fb36af4c.rmeta --extern vek=/opt/rustwide/target/debug/deps/libvek-02da33c2dd57a38b.rmeta --extern yaml_rust=/opt/rustwide/target/debug/deps/libyaml_rust-c6f969e838d79466.rmeta --cap-lints=warn --crate-version 0.0.1` (exit status: 1)
[INFO] [stderr] warning: build failed, waiting for other jobs to finish...
[INFO] [stdout] error: aborting due to previous error
[INFO] [stdout] 
[INFO] [stdout] 
[INFO] [stdout] For more information about this error, try `rustc --explain E0583`.
[INFO] [stdout] 
[INFO] [stderr] error: could not compile `ray-marcher` (lib) due to 2 previous errors
[INFO] running `Command { std: "docker" "inspect" "62bec71b8b83e8a97e6090d0576242d14dff2f0e4fea9c892b36e5d7cf36427d", kill_on_drop: false }`
[INFO] running `Command { std: "docker" "rm" "-f" "62bec71b8b83e8a97e6090d0576242d14dff2f0e4fea9c892b36e5d7cf36427d", kill_on_drop: false }`
[INFO] [stdout] 62bec71b8b83e8a97e6090d0576242d14dff2f0e4fea9c892b36e5d7cf36427d
[INFO] documenting 9999years/ray-marcher against beta-2023-12-22 for beta-1.76-rustdoc-1
[INFO] running `Command { std: "git" "clone" "/workspace/cache/git-repos/https%3A%2F%2Fgithub.com%2F9999years%2Fray-marcher" "/workspace/builds/worker-0-tc2/source", kill_on_drop: false }`
[INFO] [stderr] Cloning into '/workspace/builds/worker-0-tc2/source'...
[INFO] [stderr] done.
[INFO] validating manifest of git repo https://github.com/9999years/ray-marcher on toolchain beta-2023-12-22
[INFO] running `Command { std: CARGO_HOME="/workspace/cargo-home" RUSTUP_HOME="/workspace/rustup-home" "/workspace/cargo-home/bin/cargo" "+beta-2023-12-22" "metadata" "--manifest-path" "Cargo.toml" "--no-deps", kill_on_drop: false }`
[INFO] started tweaking git repo https://github.com/9999years/ray-marcher
[INFO] finished tweaking git repo https://github.com/9999years/ray-marcher
[INFO] tweaked toml for git repo https://github.com/9999years/ray-marcher written to /workspace/builds/worker-0-tc2/source/Cargo.toml
[INFO] crate git repo https://github.com/9999years/ray-marcher already has a lockfile, it will not be regenerated
[INFO] running `Command { std: CARGO_HOME="/workspace/cargo-home" RUSTUP_HOME="/workspace/rustup-home" "/workspace/cargo-home/bin/cargo" "+beta-2023-12-22" "fetch" "--manifest-path" "Cargo.toml", kill_on_drop: false }`
[INFO] running `Command { std: "docker" "create" "-v" "/var/lib/crater-agent-workspace/builds/worker-0-tc2/target:/opt/rustwide/target:rw,Z" "-v" "/var/lib/crater-agent-workspace/builds/worker-0-tc2/source:/opt/rustwide/workdir:ro,Z" "-v" "/var/lib/crater-agent-workspace/cargo-home:/opt/rustwide/cargo-home:ro,Z" "-v" "/var/lib/crater-agent-workspace/rustup-home:/opt/rustwide/rustup-home:ro,Z" "-e" "SOURCE_DIR=/opt/rustwide/workdir" "-e" "CARGO_TARGET_DIR=/opt/rustwide/target" "-e" "CARGO_HOME=/opt/rustwide/cargo-home" "-e" "RUSTUP_HOME=/opt/rustwide/rustup-home" "-w" "/opt/rustwide/workdir" "-m" "1610612736" "--user" "0:0" "--network" "none" "ghcr.io/rust-lang/crates-build-env/linux@sha256:2788e3201cd34a07e3172128adcd8b3090168a8e3bcc40d7c032b9dda1df7d1c" "/opt/rustwide/cargo-home/bin/cargo" "+beta-2023-12-22" "metadata" "--no-deps" "--format-version=1", kill_on_drop: false }`
[INFO] [stdout] 3f97a721968277eeeae63e5efc0b0d3dfb82e3f09037607eef8f3a71cd358ac0
[INFO] running `Command { std: "docker" "start" "-a" "3f97a721968277eeeae63e5efc0b0d3dfb82e3f09037607eef8f3a71cd358ac0", kill_on_drop: false }`
[INFO] running `Command { std: "docker" "inspect" "3f97a721968277eeeae63e5efc0b0d3dfb82e3f09037607eef8f3a71cd358ac0", kill_on_drop: false }`
[INFO] running `Command { std: "docker" "rm" "-f" "3f97a721968277eeeae63e5efc0b0d3dfb82e3f09037607eef8f3a71cd358ac0", kill_on_drop: false }`
[INFO] [stdout] 3f97a721968277eeeae63e5efc0b0d3dfb82e3f09037607eef8f3a71cd358ac0
[INFO] running `Command { std: "docker" "create" "-v" "/var/lib/crater-agent-workspace/builds/worker-0-tc2/target:/opt/rustwide/target:rw,Z" "-v" "/var/lib/crater-agent-workspace/builds/worker-0-tc2/source:/opt/rustwide/workdir:ro,Z" "-v" "/var/lib/crater-agent-workspace/cargo-home:/opt/rustwide/cargo-home:ro,Z" "-v" "/var/lib/crater-agent-workspace/rustup-home:/opt/rustwide/rustup-home:ro,Z" "-e" "SOURCE_DIR=/opt/rustwide/workdir" "-e" "CARGO_TARGET_DIR=/opt/rustwide/target" "-e" "CARGO_INCREMENTAL=0" "-e" "RUST_BACKTRACE=full" "-e" "RUSTFLAGS=--cap-lints=warn" "-e" "RUSTDOCFLAGS=--cap-lints=warn" "-e" "CARGO_HOME=/opt/rustwide/cargo-home" "-e" "RUSTUP_HOME=/opt/rustwide/rustup-home" "-w" "/opt/rustwide/workdir" "-m" "1610612736" "--user" "0:0" "--network" "none" "ghcr.io/rust-lang/crates-build-env/linux@sha256:2788e3201cd34a07e3172128adcd8b3090168a8e3bcc40d7c032b9dda1df7d1c" "/opt/rustwide/cargo-home/bin/cargo" "+beta-2023-12-22" "doc" "--frozen" "--no-deps" "--document-private-items" "--message-format=json", kill_on_drop: false }`
[INFO] [stdout] 2ef72422c708079a9ddc0939eb4aa52226e84909a812680149496d73f0f75301
[INFO] running `Command { std: "docker" "start" "-a" "2ef72422c708079a9ddc0939eb4aa52226e84909a812680149496d73f0f75301", kill_on_drop: false }`
[INFO] [stderr] warning: output filename collision.
[INFO] [stderr] The bin target `ray-marcher` in package `ray-marcher v0.0.1 (/opt/rustwide/workdir)` has the same output filename as the lib target `ray_marcher` in package `ray-marcher v0.0.1 (/opt/rustwide/workdir)`.
[INFO] [stderr] Colliding filename is: /opt/rustwide/target/doc/ray_marcher/index.html
[INFO] [stderr] The output filenames should be unique.
[INFO] [stderr] This is a known bug where multiple crates with the same name use
[INFO] [stderr] the same path; see <https://github.com/rust-lang/cargo/issues/6313>.
[INFO] [stderr] If this looks unexpected, it may be a bug in Cargo. Please file a bug report at
[INFO] [stderr] https://github.com/rust-lang/cargo/issues/ with as much information as you
[INFO] [stderr] can provide.
[INFO] [stderr] cargo 1.76.0-beta.1 (1a2666ddd 2023-12-17) running on `x86_64-unknown-linux-gnu` target `x86_64-unknown-linux-gnu`
[INFO] [stderr] First unit: Unit { pkg: Package { id: PackageId { name: "ray-marcher", version: "0.0.1", source: "/opt/rustwide/workdir" }, ..: ".." }, target: TargetInner { name: "ray-marcher", doc: true, ..: with_path("/opt/rustwide/workdir/src/main.rs", Edition2018) }, profile: Profile { incremental: false, ..: default_dev() }, kind: Host, mode: Doc { deps: false }, features: [], artifact: false, artifact_target_for_features: None, is_std: false, dep_hash: 11969140279678304758 }
[INFO] [stderr] Second unit: Unit { pkg: Package { id: PackageId { name: "ray-marcher", version: "0.0.1", source: "/opt/rustwide/workdir" }, ..: ".." }, target: TargetInner { ..: lib_target("ray_marcher", ["lib"], "/opt/rustwide/workdir/src/lib.rs", Edition2018) }, profile: Profile { incremental: false, ..: default_dev() }, kind: Host, mode: Doc { deps: false }, features: [], artifact: false, artifact_target_for_features: None, is_std: false, dep_hash: 2394290952281314156 }
[INFO] [stderr]    Compiling libc v0.2.51
[INFO] [stderr]    Compiling autocfg v0.1.2
[INFO] [stderr]    Compiling rand_core v0.4.0
[INFO] [stderr]    Compiling num-traits v0.2.6
[INFO] [stderr]    Compiling proc-macro2 v0.4.27
[INFO] [stderr]    Compiling unicode-xid v0.1.0
[INFO] [stderr]    Compiling num-integer v0.1.39
[INFO] [stderr]    Compiling siphasher v0.2.3
[INFO] [stderr]    Compiling syn v0.15.32
[INFO] [stderr]    Compiling memchr v2.2.0
[INFO] [stderr]    Compiling semver-parser v0.7.0
[INFO] [stderr]    Compiling byteorder v1.3.1
[INFO] [stderr]    Compiling num-bigint v0.2.2
[INFO] [stderr]    Compiling serde v1.0.100
[INFO] [stderr]    Compiling num-iter v0.1.37
[INFO] [stderr]     Checking lazy_static v1.3.0
[INFO] [stderr]    Compiling regex v1.1.6
[INFO] [stderr]    Compiling rand_core v0.3.1
[INFO] [stderr]    Compiling rand_isaac v0.1.1
[INFO] [stderr]    Compiling rand_hc v0.1.0
[INFO] [stderr]    Compiling rand_xorshift v0.1.1
[INFO] [stderr]    Compiling rand_chacha v0.1.1
[INFO] [stderr]    Compiling rand_pcg v0.1.2
[INFO] [stderr]    Compiling rand v0.6.5
[INFO] [stderr]    Compiling rand_jitter v0.1.3
[INFO] [stderr]    Compiling phf_shared v0.7.24
[INFO] [stderr]    Compiling semver v0.9.0
[INFO] [stderr]     Checking ucd-util v0.1.3
[INFO] [stderr]    Compiling num-rational v0.2.1
[INFO] [stderr]    Compiling num-complex v0.2.1
[INFO] [stderr]     Checking adler32 v1.0.3
[INFO] [stderr]    Compiling crc32fast v1.2.0
[INFO] [stderr]     Checking regex-syntax v0.6.6
[INFO] [stderr]    Compiling rustc_version v0.2.3
[INFO] [stderr]     Checking thread_local v0.3.6
[INFO] [stderr]     Checking approx v0.1.1
[INFO] [stderr]     Checking utf8-ranges v1.0.2
[INFO] [stderr]     Checking linked-hash-map v0.5.2
[INFO] [stderr]     Checking bitflags v1.0.4
[INFO] [stderr]     Checking aho-corasick v0.7.3
[INFO] [stderr]     Checking cfg-if v0.1.9
[INFO] [stderr]     Checking unicode-width v0.1.5
[INFO] [stderr]     Checking phf v0.7.24
[INFO] [stderr]     Checking deflate v0.7.19
[INFO] [stderr]     Checking inflate v0.4.5
[INFO] [stderr]     Checking static_assertions v0.2.5
[INFO] [stderr]     Checking textwrap v0.11.0
[INFO] [stderr]    Compiling vek v0.9.9
[INFO] [stderr]     Checking ansi_term v0.11.0
[INFO] [stderr]     Checking strsim v0.8.0
[INFO] [stderr]     Checking dtoa v0.4.3
[INFO] [stderr]    Compiling rand_os v0.1.3
[INFO] [stderr]    Compiling quote v0.6.12
[INFO] [stderr]     Checking time v0.1.42
[INFO] [stderr]     Checking atty v0.2.11
[INFO] [stderr]     Checking yaml-rust v0.4.3
[INFO] [stderr]     Checking vec_map v0.8.1
[INFO] [stderr]    Compiling syn v0.14.9
[INFO] [stderr]     Checking clap v2.33.0
[INFO] [stderr]     Checking num-traits v0.1.43
[INFO] [stderr]     Checking png v0.15.0
[INFO] [stderr]     Checking chrono v0.4.9
[INFO] [stderr]    Compiling phf_generator v0.7.24
[INFO] [stderr]    Compiling phf_codegen v0.7.24
[INFO] [stderr]    Compiling palette v0.4.1
[INFO] [stderr]     Checking num v0.2.0
[INFO] [stderr]     Checking color_processing v0.4.0
[INFO] [stderr]    Compiling palette_derive v0.4.1
[INFO] [stderr]    Compiling serde_derive v1.0.90
[INFO] [stderr]     Checking serde_yaml v0.8.9
[INFO] [stderr]     Checking ray-marcher v0.0.1 (/opt/rustwide/workdir)
[INFO] [stderr]  Documenting ray-marcher v0.0.1 (/opt/rustwide/workdir)
[INFO] [stdout] error[E0583]: file not found for module `assert`
[INFO] [stdout]  --> src/lib.rs:7:1
[INFO] [stdout]   |
[INFO] [stdout] 7 | pub mod assert;
[INFO] [stdout]   | ^^^^^^^^^^^^^^^
[INFO] [stdout]   |
[INFO] [stdout]   = help: to create the module `assert`, create file "src/assert.rs" or "src/assert/mod.rs"
[INFO] [stdout]   = note: if there is a `mod assert` elsewhere in the crate already, import it with `use crate::...` instead
[INFO] [stdout] 
[INFO] [stdout] 
[INFO] [stdout] error[E0583]: file not found for module `assert`
[INFO] [stdout]  --> src/lib.rs:7:1
[INFO] [stdout]   |
[INFO] [stdout] 7 | pub mod assert;
[INFO] [stdout]   | ^^^^^^^^^^^^^^^
[INFO] [stdout]   |
[INFO] [stdout]   = help: to create the module `assert`, create file "src/assert.rs" or "src/assert/mod.rs"
[INFO] [stdout]   = note: if there is a `mod assert` elsewhere in the crate already, import it with `use crate::...` instead
[INFO] [stdout] 
[INFO] [stdout] 
[INFO] [stdout] error: aborting due to 1 previous error
[INFO] [stdout] 
[INFO] [stdout] 
[INFO] [stdout] For more information about this error, try `rustc --explain E0583`.
[INFO] [stdout] 
[INFO] [stderr] error: could not document `ray-marcher`
[INFO] [stderr] 
[INFO] [stderr] Caused by:
[INFO] [stderr]   process didn't exit successfully: `/opt/rustwide/rustup-home/toolchains/beta-2023-12-22-x86_64-unknown-linux-gnu/bin/rustdoc --edition=2018 --crate-type lib --crate-name ray_marcher src/lib.rs -o /opt/rustwide/target/doc --error-format=json --json=diagnostic-rendered-ansi,artifacts,future-incompat --document-private-items -C metadata=5c141ddaa453b0d4 -L dependency=/opt/rustwide/target/debug/deps --extern chrono=/opt/rustwide/target/debug/deps/libchrono-5b5c9845f46c11ca.rmeta --extern clap=/opt/rustwide/target/debug/deps/libclap-70da39349df66d4a.rmeta --extern color_processing=/opt/rustwide/target/debug/deps/libcolor_processing-ad93b032384d616e.rmeta --extern num=/opt/rustwide/target/debug/deps/libnum-d3664542c027c383.rmeta --extern palette=/opt/rustwide/target/debug/deps/libpalette-1465107c6072dcbe.rmeta --extern png=/opt/rustwide/target/debug/deps/libpng-12cd2d1815ba2031.rmeta --extern serde=/opt/rustwide/target/debug/deps/libserde-67d53d0a0bfeb150.rmeta --extern serde_yaml=/opt/rustwide/target/debug/deps/libserde_yaml-2307bd6607632cd2.rmeta --extern vek=/opt/rustwide/target/debug/deps/libvek-2c6da457691a38ef.rmeta --extern yaml_rust=/opt/rustwide/target/debug/deps/libyaml_rust-00b11c2c701ee6c0.rmeta --cap-lints=warn --crate-version 0.0.1` (exit status: 1)
[INFO] [stderr] warning: build failed, waiting for other jobs to finish...
[INFO] [stdout] error: aborting due to 1 previous error
[INFO] [stdout] 
[INFO] [stdout] 
[INFO] [stdout] For more information about this error, try `rustc --explain E0583`.
[INFO] [stdout] 
[INFO] [stderr] error: could not compile `ray-marcher` (lib) due to 2 previous errors
[INFO] running `Command { std: "docker" "inspect" "2ef72422c708079a9ddc0939eb4aa52226e84909a812680149496d73f0f75301", kill_on_drop: false }`
[INFO] running `Command { std: "docker" "rm" "-f" "2ef72422c708079a9ddc0939eb4aa52226e84909a812680149496d73f0f75301", kill_on_drop: false }`
[INFO] [stdout] 2ef72422c708079a9ddc0939eb4aa52226e84909a812680149496d73f0f75301
