[INFO] cloning repository https://github.com/6br/phase
[INFO] running `Command { std: "git" "-c" "credential.helper=" "-c" "credential.helper=/workspace/cargo-home/bin/git-credential-null" "clone" "--bare" "https://github.com/6br/phase" "/workspace/cache/git-repos/https%3A%2F%2Fgithub.com%2F6br%2Fphase", kill_on_drop: false }`
[INFO] [stderr] Cloning into bare repository '/workspace/cache/git-repos/https%3A%2F%2Fgithub.com%2F6br%2Fphase'...
[INFO] running `Command { std: "git" "rev-parse" "HEAD", kill_on_drop: false }`
[INFO] [stdout] 3ec9d273fe929d587dfeb1e60151ed96e066b812
[INFO] documenting 6br/phase against 1.75.0 for beta-1.76-rustdoc-1
[INFO] running `Command { std: "git" "clone" "/workspace/cache/git-repos/https%3A%2F%2Fgithub.com%2F6br%2Fphase" "/workspace/builds/worker-7-tc1/source", kill_on_drop: false }`
[INFO] [stderr] Cloning into '/workspace/builds/worker-7-tc1/source'...
[INFO] [stderr] done.
[INFO] validating manifest of git repo https://github.com/6br/phase on toolchain 1.75.0
[INFO] running `Command { std: CARGO_HOME="/workspace/cargo-home" RUSTUP_HOME="/workspace/rustup-home" "/workspace/cargo-home/bin/cargo" "+1.75.0" "metadata" "--manifest-path" "Cargo.toml" "--no-deps", kill_on_drop: false }`
[INFO] started tweaking git repo https://github.com/6br/phase
[INFO] finished tweaking git repo https://github.com/6br/phase
[INFO] tweaked toml for git repo https://github.com/6br/phase written to /workspace/builds/worker-7-tc1/source/Cargo.toml
[INFO] crate git repo https://github.com/6br/phase already has a lockfile, it will not be regenerated
[INFO] running `Command { std: CARGO_HOME="/workspace/cargo-home" RUSTUP_HOME="/workspace/rustup-home" "/workspace/cargo-home/bin/cargo" "+1.75.0" "fetch" "--manifest-path" "Cargo.toml", kill_on_drop: false }`
[INFO] [stderr]  Downloading crates ...
[INFO] [stderr]   Downloaded num v0.1.41
[INFO] [stderr]   Downloaded atty v0.2.6
[INFO] [stderr]   Downloaded num-iter v0.1.34
[INFO] [stderr]   Downloaded textwrap v0.9.0
[INFO] [stderr]   Downloaded vec_map v0.8.0
[INFO] [stderr]   Downloaded num-complex v0.1.41
[INFO] [stderr]   Downloaded termion v1.5.1
[INFO] [stderr]   Downloaded url v1.6.0
[INFO] [stderr]   Downloaded libc v0.2.36
[INFO] [stderr]   Downloaded regex v0.2.5
[INFO] [stderr]   Downloaded num-traits v0.1.41
[INFO] [stderr]   Downloaded rand v0.3.20
[INFO] [stderr]   Downloaded either v1.4.0
[INFO] [stderr]   Downloaded num-integer v0.1.35
[INFO] [stderr]   Downloaded getopts v0.2.15
[INFO] [stderr]   Downloaded unicode-width v0.1.4
[INFO] [stderr]   Downloaded winapi-x86_64-pc-windows-gnu v0.3.2
[INFO] [stderr]   Downloaded gcollections v0.3.5
[INFO] [stderr]   Downloaded intervallum v0.6.5
[INFO] [stderr]   Downloaded clang-sys v0.21.1
[INFO] [stderr]   Downloaded num-bigint v0.1.41
[INFO] [stderr]   Downloaded cexpr v0.2.2
[INFO] [stderr]   Downloaded which v1.0.3
[INFO] [stderr]   Downloaded fs-utils v1.0.0
[INFO] [stderr]   Downloaded ieee754 v0.2.2
[INFO] [stderr]   Downloaded winapi-i686-pc-windows-gnu v0.3.2
[INFO] [stderr]   Downloaded winapi v0.3.3
[INFO] [stderr]   Downloaded bindgen v0.32.1
[INFO] [stderr]   Downloaded rust-htslib v0.16.0
[INFO] [stderr]   Downloaded clap v2.29.1
[INFO] [stderr]   Downloaded num-rational v0.1.40
[INFO] [stderr]   Downloaded quick-error v1.2.1
[INFO] [stderr]   Downloaded itertools v0.6.5
[INFO] running `Command { std: "docker" "create" "-v" "/var/lib/crater-agent-workspace/builds/worker-7-tc1/target:/opt/rustwide/target:rw,Z" "-v" "/var/lib/crater-agent-workspace/builds/worker-7-tc1/source:/opt/rustwide/workdir:ro,Z" "-v" "/var/lib/crater-agent-workspace/cargo-home:/opt/rustwide/cargo-home:ro,Z" "-v" "/var/lib/crater-agent-workspace/rustup-home:/opt/rustwide/rustup-home:ro,Z" "-e" "SOURCE_DIR=/opt/rustwide/workdir" "-e" "CARGO_TARGET_DIR=/opt/rustwide/target" "-e" "CARGO_HOME=/opt/rustwide/cargo-home" "-e" "RUSTUP_HOME=/opt/rustwide/rustup-home" "-w" "/opt/rustwide/workdir" "-m" "1610612736" "--user" "0:0" "--network" "none" "ghcr.io/rust-lang/crates-build-env/linux@sha256:2788e3201cd34a07e3172128adcd8b3090168a8e3bcc40d7c032b9dda1df7d1c" "/opt/rustwide/cargo-home/bin/cargo" "+1.75.0" "metadata" "--no-deps" "--format-version=1", kill_on_drop: false }`
[INFO] [stdout] e3719b1e3514afd399acd2347931b5949dd7ee6e35b15f7cf0b6850bb2d3c474
[INFO] running `Command { std: "docker" "start" "-a" "e3719b1e3514afd399acd2347931b5949dd7ee6e35b15f7cf0b6850bb2d3c474", kill_on_drop: false }`
[INFO] running `Command { std: "docker" "inspect" "e3719b1e3514afd399acd2347931b5949dd7ee6e35b15f7cf0b6850bb2d3c474", kill_on_drop: false }`
[INFO] running `Command { std: "docker" "rm" "-f" "e3719b1e3514afd399acd2347931b5949dd7ee6e35b15f7cf0b6850bb2d3c474", kill_on_drop: false }`
[INFO] [stdout] e3719b1e3514afd399acd2347931b5949dd7ee6e35b15f7cf0b6850bb2d3c474
[INFO] running `Command { std: "docker" "create" "-v" "/var/lib/crater-agent-workspace/builds/worker-7-tc1/target:/opt/rustwide/target:rw,Z" "-v" "/var/lib/crater-agent-workspace/builds/worker-7-tc1/source:/opt/rustwide/workdir:ro,Z" "-v" "/var/lib/crater-agent-workspace/cargo-home:/opt/rustwide/cargo-home:ro,Z" "-v" "/var/lib/crater-agent-workspace/rustup-home:/opt/rustwide/rustup-home:ro,Z" "-e" "SOURCE_DIR=/opt/rustwide/workdir" "-e" "CARGO_TARGET_DIR=/opt/rustwide/target" "-e" "CARGO_INCREMENTAL=0" "-e" "RUST_BACKTRACE=full" "-e" "RUSTFLAGS=--cap-lints=warn" "-e" "RUSTDOCFLAGS=--cap-lints=warn" "-e" "CARGO_HOME=/opt/rustwide/cargo-home" "-e" "RUSTUP_HOME=/opt/rustwide/rustup-home" "-w" "/opt/rustwide/workdir" "-m" "1610612736" "--user" "0:0" "--network" "none" "ghcr.io/rust-lang/crates-build-env/linux@sha256:2788e3201cd34a07e3172128adcd8b3090168a8e3bcc40d7c032b9dda1df7d1c" "/opt/rustwide/cargo-home/bin/cargo" "+1.75.0" "doc" "--frozen" "--no-deps" "--document-private-items" "--message-format=json", kill_on_drop: false }`
[INFO] [stdout] 289ced38f4cb0b260fe8db1f3e1b746d3a96053128bf9c4500ead7c178b1a1b9
[INFO] running `Command { std: "docker" "start" "-a" "289ced38f4cb0b260fe8db1f3e1b746d3a96053128bf9c4500ead7c178b1a1b9", kill_on_drop: false }`
[INFO] [stderr]    Compiling libc v0.2.36
[INFO] [stderr]    Compiling lazy_static v1.0.0
[INFO] [stderr]     Checking num-traits v0.1.41
[INFO] [stderr]    Compiling glob v0.2.11
[INFO] [stderr]    Compiling void v1.0.2
[INFO] [stderr]    Compiling cfg-if v0.1.2
[INFO] [stderr]    Compiling libloading v0.4.3
[INFO] [stderr]    Compiling unicode-width v0.1.4
[INFO] [stderr]    Compiling utf8-ranges v1.0.0
[INFO] [stderr]    Compiling regex-syntax v0.4.2
[INFO] [stderr]     Checking rustc-serialize v0.3.24
[INFO] [stderr]    Compiling vec_map v0.8.0
[INFO] [stderr]    Compiling semver v0.1.20
[INFO] [stderr]    Compiling ansi_term v0.10.2
[INFO] [stderr]    Compiling strsim v0.6.0
[INFO] [stderr]    Compiling unreachable v1.0.0
[INFO] [stderr]    Compiling log v0.4.1
[INFO] [stderr]    Compiling thread_local v0.3.5
[INFO] [stderr]    Compiling textwrap v0.9.0
[INFO] [stderr]    Compiling bitflags v1.0.1
[INFO] [stderr]    Compiling bindgen v0.32.1
[INFO] [stderr]    Compiling quick-error v1.2.1
[INFO] [stderr]    Compiling log v0.3.9
[INFO] [stderr]    Compiling rustc_version v0.1.7
[INFO] [stderr]    Compiling peeking_take_while v0.1.2
[INFO] [stderr]     Checking matches v0.1.6
[INFO] [stderr]    Compiling quote v0.3.15
[INFO] [stderr]    Compiling fs-utils v1.0.0
[INFO] [stderr]    Compiling memchr v2.0.1
[INFO] [stderr]    Compiling memchr v1.0.2
[INFO] [stderr]    Compiling atty v0.2.6
[INFO] [stderr]     Checking rand v0.3.20
[INFO] [stderr]     Checking num-integer v0.1.35
[INFO] [stderr]    Compiling which v1.0.3
[INFO] [stderr]     Checking unicode-bidi v0.3.4
[INFO] [stderr]    Compiling aho-corasick v0.6.4
[INFO] [stderr]    Compiling nom v3.2.1
[INFO] [stderr]    Compiling clap v2.29.1
[INFO] [stderr]    Compiling newtype_derive v0.1.6
[INFO] [stderr]    Compiling clang-sys v0.21.1
[INFO] [stderr]     Checking unicode-normalization v0.1.5
[INFO] [stderr]     Checking bit-vec v0.4.4
[INFO] [stderr]     Checking num-iter v0.1.34
[INFO] [stderr]     Checking percent-encoding v1.0.1
[INFO] [stderr]     Checking either v1.4.0
[INFO] [stderr]     Checking bit-set v0.2.0
[INFO] [stderr]     Checking custom_derive v0.1.7
[INFO] [stderr]     Checking bitflags v0.9.1
[INFO] [stderr]     Checking itertools v0.6.5
[INFO] [stderr]     Checking ieee754 v0.2.2
[INFO] [stderr]     Checking getopts v0.2.15
[INFO] [stderr]    Compiling regex v0.2.5
[INFO] [stderr]     Checking idna v0.1.4
[INFO] [stdout] error[E0503]: cannot use `state` because it was mutably borrowed
[INFO] [stdout]     --> /opt/rustwide/cargo-home/registry/src/index.crates.io-6f17d22bba15001f/getopts-0.2.15/src/lib.rs:1033:25
[INFO] [stdout]      |
[INFO] [stdout] 978  |     let mut machine = |cont: &mut bool, (i, c): (usize, char)| {
[INFO] [stdout]      |                       ---------------------------------------- `state` is borrowed here
[INFO] [stdout] ...
[INFO] [stdout] 982  |         state = match (state, whitespace, limit) {
[INFO] [stdout]      |         ----- borrow occurs due to use of `state` in closure
[INFO] [stdout] ...
[INFO] [stdout] 1033 |     while cont && match state { B | C => true, A => false } {
[INFO] [stdout]      |                         ^^^^^ use of borrowed `state`
[INFO] [stdout] 1034 |         machine(&mut cont, (fake_i, ' '));
[INFO] [stdout]      |         ------- borrow later used here
[INFO] [stdout] 
[INFO] [stdout] 
[INFO] [stdout] error: aborting due to previous error
[INFO] [stdout] 
[INFO] [stdout] 
[INFO] [stdout] For more information about this error, try `rustc --explain E0503`.
[INFO] [stdout] 
[INFO] [stderr] error: could not compile `getopts` (lib) due to 2 previous errors
[INFO] [stderr] warning: build failed, waiting for other jobs to finish...
[INFO] running `Command { std: "docker" "inspect" "289ced38f4cb0b260fe8db1f3e1b746d3a96053128bf9c4500ead7c178b1a1b9", kill_on_drop: false }`
[INFO] running `Command { std: "docker" "rm" "-f" "289ced38f4cb0b260fe8db1f3e1b746d3a96053128bf9c4500ead7c178b1a1b9", kill_on_drop: false }`
[INFO] [stdout] 289ced38f4cb0b260fe8db1f3e1b746d3a96053128bf9c4500ead7c178b1a1b9
[INFO] documenting 6br/phase against beta-2023-12-22 for beta-1.76-rustdoc-1
[INFO] running `Command { std: "git" "clone" "/workspace/cache/git-repos/https%3A%2F%2Fgithub.com%2F6br%2Fphase" "/workspace/builds/worker-7-tc2/source", kill_on_drop: false }`
[INFO] [stderr] Cloning into '/workspace/builds/worker-7-tc2/source'...
[INFO] [stderr] done.
[INFO] validating manifest of git repo https://github.com/6br/phase on toolchain beta-2023-12-22
[INFO] running `Command { std: CARGO_HOME="/workspace/cargo-home" RUSTUP_HOME="/workspace/rustup-home" "/workspace/cargo-home/bin/cargo" "+beta-2023-12-22" "metadata" "--manifest-path" "Cargo.toml" "--no-deps", kill_on_drop: false }`
[INFO] started tweaking git repo https://github.com/6br/phase
[INFO] finished tweaking git repo https://github.com/6br/phase
[INFO] tweaked toml for git repo https://github.com/6br/phase written to /workspace/builds/worker-7-tc2/source/Cargo.toml
[INFO] crate git repo https://github.com/6br/phase already has a lockfile, it will not be regenerated
[INFO] running `Command { std: CARGO_HOME="/workspace/cargo-home" RUSTUP_HOME="/workspace/rustup-home" "/workspace/cargo-home/bin/cargo" "+beta-2023-12-22" "fetch" "--manifest-path" "Cargo.toml", kill_on_drop: false }`
[INFO] running `Command { std: "docker" "create" "-v" "/var/lib/crater-agent-workspace/builds/worker-7-tc2/target:/opt/rustwide/target:rw,Z" "-v" "/var/lib/crater-agent-workspace/builds/worker-7-tc2/source:/opt/rustwide/workdir:ro,Z" "-v" "/var/lib/crater-agent-workspace/cargo-home:/opt/rustwide/cargo-home:ro,Z" "-v" "/var/lib/crater-agent-workspace/rustup-home:/opt/rustwide/rustup-home:ro,Z" "-e" "SOURCE_DIR=/opt/rustwide/workdir" "-e" "CARGO_TARGET_DIR=/opt/rustwide/target" "-e" "CARGO_HOME=/opt/rustwide/cargo-home" "-e" "RUSTUP_HOME=/opt/rustwide/rustup-home" "-w" "/opt/rustwide/workdir" "-m" "1610612736" "--user" "0:0" "--network" "none" "ghcr.io/rust-lang/crates-build-env/linux@sha256:2788e3201cd34a07e3172128adcd8b3090168a8e3bcc40d7c032b9dda1df7d1c" "/opt/rustwide/cargo-home/bin/cargo" "+beta-2023-12-22" "metadata" "--no-deps" "--format-version=1", kill_on_drop: false }`
[INFO] [stdout] 4e7f74ff088f4a744858ce3844eb16cda1dc9d6c498d5cf466777b5ad6f97160
[INFO] running `Command { std: "docker" "start" "-a" "4e7f74ff088f4a744858ce3844eb16cda1dc9d6c498d5cf466777b5ad6f97160", kill_on_drop: false }`
[INFO] running `Command { std: "docker" "inspect" "4e7f74ff088f4a744858ce3844eb16cda1dc9d6c498d5cf466777b5ad6f97160", kill_on_drop: false }`
[INFO] running `Command { std: "docker" "rm" "-f" "4e7f74ff088f4a744858ce3844eb16cda1dc9d6c498d5cf466777b5ad6f97160", kill_on_drop: false }`
[INFO] [stdout] 4e7f74ff088f4a744858ce3844eb16cda1dc9d6c498d5cf466777b5ad6f97160
[INFO] running `Command { std: "docker" "create" "-v" "/var/lib/crater-agent-workspace/builds/worker-7-tc2/target:/opt/rustwide/target:rw,Z" "-v" "/var/lib/crater-agent-workspace/builds/worker-7-tc2/source:/opt/rustwide/workdir:ro,Z" "-v" "/var/lib/crater-agent-workspace/cargo-home:/opt/rustwide/cargo-home:ro,Z" "-v" "/var/lib/crater-agent-workspace/rustup-home:/opt/rustwide/rustup-home:ro,Z" "-e" "SOURCE_DIR=/opt/rustwide/workdir" "-e" "CARGO_TARGET_DIR=/opt/rustwide/target" "-e" "CARGO_INCREMENTAL=0" "-e" "RUST_BACKTRACE=full" "-e" "RUSTFLAGS=--cap-lints=warn" "-e" "RUSTDOCFLAGS=--cap-lints=warn" "-e" "CARGO_HOME=/opt/rustwide/cargo-home" "-e" "RUSTUP_HOME=/opt/rustwide/rustup-home" "-w" "/opt/rustwide/workdir" "-m" "1610612736" "--user" "0:0" "--network" "none" "ghcr.io/rust-lang/crates-build-env/linux@sha256:2788e3201cd34a07e3172128adcd8b3090168a8e3bcc40d7c032b9dda1df7d1c" "/opt/rustwide/cargo-home/bin/cargo" "+beta-2023-12-22" "doc" "--frozen" "--no-deps" "--document-private-items" "--message-format=json", kill_on_drop: false }`
[INFO] [stdout] d76278bf2291f039581238f37997bda8643874d1cd2a6fe53f30b93e0129aba6
[INFO] running `Command { std: "docker" "start" "-a" "d76278bf2291f039581238f37997bda8643874d1cd2a6fe53f30b93e0129aba6", kill_on_drop: false }`
[INFO] [stderr]    Compiling libc v0.2.36
[INFO] [stderr]    Compiling lazy_static v1.0.0
[INFO] [stderr]    Compiling void v1.0.2
[INFO] [stderr]    Compiling glob v0.2.11
[INFO] [stderr]     Checking num-traits v0.1.41
[INFO] [stderr]    Compiling libloading v0.4.3
[INFO] [stderr]    Compiling cfg-if v0.1.2
[INFO] [stderr]     Checking rustc-serialize v0.3.24
[INFO] [stderr]    Compiling unicode-width v0.1.4
[INFO] [stderr]    Compiling utf8-ranges v1.0.0
[INFO] [stderr]    Compiling regex-syntax v0.4.2
[INFO] [stderr]    Compiling vec_map v0.8.0
[INFO] [stderr]    Compiling bindgen v0.32.1
[INFO] [stderr]    Compiling ansi_term v0.10.2
[INFO] [stderr]    Compiling bitflags v1.0.1
[INFO] [stderr]    Compiling unreachable v1.0.0
[INFO] [stderr]    Compiling log v0.4.1
[INFO] [stderr]    Compiling textwrap v0.9.0
[INFO] [stderr]    Compiling strsim v0.6.0
[INFO] [stderr]    Compiling thread_local v0.3.5
[INFO] [stderr]    Compiling semver v0.1.20
[INFO] [stderr]    Compiling quick-error v1.2.1
[INFO] [stderr]    Compiling quote v0.3.15
[INFO] [stderr]    Compiling log v0.3.9
[INFO] [stderr]     Checking matches v0.1.6
[INFO] [stderr]     Checking rand v0.3.20
[INFO] [stderr]    Compiling rustc_version v0.1.7
[INFO] [stderr]    Compiling peeking_take_while v0.1.2
[INFO] [stderr]     Checking unicode-bidi v0.3.4
[INFO] [stderr]     Checking memchr v2.0.1
[INFO] [stderr]     Checking num-integer v0.1.35
[INFO] [stderr]    Compiling fs-utils v1.0.0
[INFO] [stderr]     Checking unicode-normalization v0.1.5
[INFO] [stderr]     Checking bit-vec v0.4.4
[INFO] [stdout] error[E0310]: the parameter type `T` may not live long enough
[INFO] [stdout]     --> /opt/rustwide/cargo-home/registry/src/index.crates.io-6f17d22bba15001f/rustc-serialize-0.3.24/src/serialize.rs:1155:5
[INFO] [stdout]      |
[INFO] [stdout] 1155 |     fn decode<D: Decoder>(d: &mut D) -> Result<Cow<'static, T>, D::Error> {
[INFO] [stdout]      |     ^^^^^^^^^^^^^^^^^^^^^^^^^^^^^^^^^^^^^^^^^^^^^^^^^^^^^^^^^^^^^^^^^^^^^
[INFO] [stdout]      |     |
[INFO] [stdout]      |     the parameter type `T` must be valid for the static lifetime...
[INFO] [stdout]      |     ...so that the type `T` will meet its required lifetime bounds...
[INFO] [stdout]      |
[INFO] [stdout] note: ...that is required by this bound
[INFO] [stdout]     --> /rustc/0e09125c6c3c2fd70d7de961bcf0e51575235fad/library/alloc/src/borrow.rs:180:30
[INFO] [stdout] help: consider adding an explicit lifetime bound
[INFO] [stdout]      |
[INFO] [stdout] 1151 | impl<'a, T: ?Sized + 'static> Decodable for Cow<'a, T>
[INFO] [stdout]      |                    +++++++++
[INFO] [stdout] 
[INFO] [stdout] 
[INFO] [stderr]     Checking aho-corasick v0.6.4
[INFO] [stderr]    Compiling newtype_derive v0.1.6
[INFO] [stderr]    Compiling memchr v1.0.2
[INFO] [stderr]    Compiling atty v0.2.6
[INFO] [stderr]    Compiling clang-sys v0.21.1
[INFO] [stderr]    Compiling which v1.0.3
[INFO] [stderr]    Compiling nom v3.2.1
[INFO] [stderr]    Compiling clap v2.29.1
[INFO] [stderr]     Checking num-iter v0.1.34
[INFO] [stderr]     Checking bit-set v0.2.0
[INFO] [stderr]     Checking percent-encoding v1.0.1
[INFO] [stderr]     Checking either v1.4.0
[INFO] [stderr]     Checking custom_derive v0.1.7
[INFO] [stderr]     Checking ieee754 v0.2.2
[INFO] [stderr]    Compiling regex v0.2.5
[INFO] [stderr]     Checking bitflags v0.9.1
[INFO] [stderr]     Checking itertools v0.6.5
[INFO] [stderr]     Checking getopts v0.2.15
[INFO] [stderr]     Checking idna v0.1.4
[INFO] [stdout] error[E0503]: cannot use `state` because it was mutably borrowed
[INFO] [stdout]     --> /opt/rustwide/cargo-home/registry/src/index.crates.io-6f17d22bba15001f/getopts-0.2.15/src/lib.rs:1033:25
[INFO] [stdout]      |
[INFO] [stdout] 978  |     let mut machine = |cont: &mut bool, (i, c): (usize, char)| {
[INFO] [stdout]      |                       ---------------------------------------- `state` is borrowed here
[INFO] [stdout] ...
[INFO] [stdout] 982  |         state = match (state, whitespace, limit) {
[INFO] [stdout]      |         ----- borrow occurs due to use of `state` in closure
[INFO] [stdout] ...
[INFO] [stdout] 1033 |     while cont && match state { B | C => true, A => false } {
[INFO] [stdout]      |                         ^^^^^ use of borrowed `state`
[INFO] [stdout] 1034 |         machine(&mut cont, (fake_i, ' '));
[INFO] [stdout]      |         ------- borrow later used here
[INFO] [stdout] 
[INFO] [stdout] 
[INFO] [stdout] error: aborting due to 1 previous error
[INFO] [stdout] 
[INFO] [stdout] 
[INFO] [stdout] For more information about this error, try `rustc --explain E0503`.
[INFO] [stdout] 
[INFO] [stderr] error: could not compile `getopts` (lib) due to 2 previous errors
[INFO] [stderr] warning: build failed, waiting for other jobs to finish...
[INFO] [stdout] error: aborting due to 1 previous error
[INFO] [stdout] 
[INFO] [stdout] 
[INFO] [stdout] For more information about this error, try `rustc --explain E0310`.
[INFO] [stdout] 
[INFO] [stderr] error: could not compile `rustc-serialize` (lib) due to 2 previous errors
[INFO] running `Command { std: "docker" "inspect" "d76278bf2291f039581238f37997bda8643874d1cd2a6fe53f30b93e0129aba6", kill_on_drop: false }`
[INFO] running `Command { std: "docker" "rm" "-f" "d76278bf2291f039581238f37997bda8643874d1cd2a6fe53f30b93e0129aba6", kill_on_drop: false }`
[INFO] [stdout] d76278bf2291f039581238f37997bda8643874d1cd2a6fe53f30b93e0129aba6
