[INFO] cloning repository https://github.com/4321louis/RustWaveFunctionCollapse
[INFO] running `Command { std: "git" "-c" "credential.helper=" "-c" "credential.helper=/workspace/cargo-home/bin/git-credential-null" "clone" "--bare" "https://github.com/4321louis/RustWaveFunctionCollapse" "/workspace/cache/git-repos/https%3A%2F%2Fgithub.com%2F4321louis%2FRustWaveFunctionCollapse", kill_on_drop: false }`
[INFO] [stderr] Cloning into bare repository '/workspace/cache/git-repos/https%3A%2F%2Fgithub.com%2F4321louis%2FRustWaveFunctionCollapse'...
[INFO] running `Command { std: "git" "rev-parse" "HEAD", kill_on_drop: false }`
[INFO] [stdout] 03939c1f56b94f058d2cc4f833f332544191338d
[INFO] documenting 4321louis/RustWaveFunctionCollapse against 1.75.0 for beta-1.76-rustdoc-1
[INFO] running `Command { std: "git" "clone" "/workspace/cache/git-repos/https%3A%2F%2Fgithub.com%2F4321louis%2FRustWaveFunctionCollapse" "/workspace/builds/worker-7-tc1/source", kill_on_drop: false }`
[INFO] [stderr] Cloning into '/workspace/builds/worker-7-tc1/source'...
[INFO] [stderr] done.
[INFO] validating manifest of git repo https://github.com/4321louis/RustWaveFunctionCollapse on toolchain 1.75.0
[INFO] running `Command { std: CARGO_HOME="/workspace/cargo-home" RUSTUP_HOME="/workspace/rustup-home" "/workspace/cargo-home/bin/cargo" "+1.75.0" "metadata" "--manifest-path" "Cargo.toml" "--no-deps", kill_on_drop: false }`
[INFO] started tweaking git repo https://github.com/4321louis/RustWaveFunctionCollapse
[INFO] finished tweaking git repo https://github.com/4321louis/RustWaveFunctionCollapse
[INFO] tweaked toml for git repo https://github.com/4321louis/RustWaveFunctionCollapse written to /workspace/builds/worker-7-tc1/source/Cargo.toml
[INFO] crate git repo https://github.com/4321louis/RustWaveFunctionCollapse already has a lockfile, it will not be regenerated
[INFO] running `Command { std: CARGO_HOME="/workspace/cargo-home" RUSTUP_HOME="/workspace/rustup-home" "/workspace/cargo-home/bin/cargo" "+1.75.0" "fetch" "--manifest-path" "Cargo.toml", kill_on_drop: false }`
[INFO] [stderr] warning: virtual workspace defaulting to `resolver = "1"` despite one or more workspace members being on edition 2021 which implies `resolver = "2"`
[INFO] [stderr] note: to keep the current resolver, specify `workspace.resolver = "1"` in the workspace root's manifest
[INFO] [stderr] note: to use the edition 2021 resolver, specify `workspace.resolver = "2"` in the workspace root's manifest
[INFO] [stderr] note: for more details see https://doc.rust-lang.org/cargo/reference/resolver.html#resolver-versions
[INFO] [stderr]     Updating crates.io index
[INFO] [stderr]  Downloading crates ...
[INFO] [stderr]   Downloaded strum_macros v0.25.0
[INFO] [stderr]   Downloaded aaudio-sys v0.1.0
[INFO] [stderr]   Downloaded toml v0.7.5
[INFO] [stderr]   Downloaded tbc v0.3.0
[INFO] [stderr]   Downloaded nalgebra-macros v0.2.0
[INFO] [stderr]   Downloaded realfft v2.0.1
[INFO] [stderr]   Downloaded hrtf v0.8.0
[INFO] [stderr]   Downloaded rubato v0.10.1
[INFO] [stderr]   Downloaded aaudio v0.1.1
[INFO] [stderr]   Downloaded copypasta v0.8.2
[INFO] [stderr]   Downloaded uuid v1.3.4
[INFO] [stderr]   Downloaded glutin v0.30.9
[INFO] [stderr]   Downloaded clap_builder v4.3.8
[INFO] [stderr]   Downloaded fyrox-sound v0.31.0
[INFO] [stderr]   Downloaded nalgebra v0.32.2
[INFO] [stderr]   Downloaded rapier3d v0.17.2
[INFO] [stderr]   Downloaded fontdue v0.7.3
[INFO] [stderr]   Downloaded parry2d v0.13.4
[INFO] [stderr]   Downloaded fyrox-ui v0.21.0
[INFO] [stderr]   Downloaded rapier2d v0.17.2
[INFO] [stderr]   Downloaded clap v4.3.8
[INFO] [stderr]   Downloaded ddsfile v0.5.1
[INFO] [stderr]   Downloaded fyrox-resource v0.8.0
[INFO] [stderr]   Downloaded tinyaudio v0.1.1
[INFO] [stderr]   Downloaded fyrox-core-derive v0.19.0
[INFO] [stderr]   Downloaded fyrox-core v0.24.0
[INFO] [stderr]   Downloaded parry3d v0.13.4
[INFO] [stderr]   Downloaded fyrox v0.30.0
[INFO] [stderr]   Downloaded fyroxed_base v0.17.0
[INFO] running `Command { std: "docker" "create" "-v" "/var/lib/crater-agent-workspace/builds/worker-7-tc1/target:/opt/rustwide/target:rw,Z" "-v" "/var/lib/crater-agent-workspace/builds/worker-7-tc1/source:/opt/rustwide/workdir:ro,Z" "-v" "/var/lib/crater-agent-workspace/cargo-home:/opt/rustwide/cargo-home:ro,Z" "-v" "/var/lib/crater-agent-workspace/rustup-home:/opt/rustwide/rustup-home:ro,Z" "-e" "SOURCE_DIR=/opt/rustwide/workdir" "-e" "CARGO_TARGET_DIR=/opt/rustwide/target" "-e" "CARGO_HOME=/opt/rustwide/cargo-home" "-e" "RUSTUP_HOME=/opt/rustwide/rustup-home" "-w" "/opt/rustwide/workdir" "-m" "1610612736" "--user" "0:0" "--network" "none" "ghcr.io/rust-lang/crates-build-env/linux@sha256:2788e3201cd34a07e3172128adcd8b3090168a8e3bcc40d7c032b9dda1df7d1c" "/opt/rustwide/cargo-home/bin/cargo" "+1.75.0" "metadata" "--no-deps" "--format-version=1", kill_on_drop: false }`
[INFO] [stdout] 2e9a97ac009cd48e3771a9a8180662aac42acdb112139c362a4324bcf08a9427
[INFO] running `Command { std: "docker" "start" "-a" "2e9a97ac009cd48e3771a9a8180662aac42acdb112139c362a4324bcf08a9427", kill_on_drop: false }`
[INFO] running `Command { std: "docker" "inspect" "2e9a97ac009cd48e3771a9a8180662aac42acdb112139c362a4324bcf08a9427", kill_on_drop: false }`
[INFO] running `Command { std: "docker" "rm" "-f" "2e9a97ac009cd48e3771a9a8180662aac42acdb112139c362a4324bcf08a9427", kill_on_drop: false }`
[INFO] [stdout] 2e9a97ac009cd48e3771a9a8180662aac42acdb112139c362a4324bcf08a9427
[INFO] running `Command { std: "docker" "create" "-v" "/var/lib/crater-agent-workspace/builds/worker-7-tc1/target:/opt/rustwide/target:rw,Z" "-v" "/var/lib/crater-agent-workspace/builds/worker-7-tc1/source:/opt/rustwide/workdir:ro,Z" "-v" "/var/lib/crater-agent-workspace/cargo-home:/opt/rustwide/cargo-home:ro,Z" "-v" "/var/lib/crater-agent-workspace/rustup-home:/opt/rustwide/rustup-home:ro,Z" "-e" "SOURCE_DIR=/opt/rustwide/workdir" "-e" "CARGO_TARGET_DIR=/opt/rustwide/target" "-e" "CARGO_INCREMENTAL=0" "-e" "RUST_BACKTRACE=full" "-e" "RUSTFLAGS=--cap-lints=warn" "-e" "RUSTDOCFLAGS=--cap-lints=warn" "-e" "CARGO_HOME=/opt/rustwide/cargo-home" "-e" "RUSTUP_HOME=/opt/rustwide/rustup-home" "-w" "/opt/rustwide/workdir" "-m" "1610612736" "--user" "0:0" "--network" "none" "ghcr.io/rust-lang/crates-build-env/linux@sha256:2788e3201cd34a07e3172128adcd8b3090168a8e3bcc40d7c032b9dda1df7d1c" "/opt/rustwide/cargo-home/bin/cargo" "+1.75.0" "doc" "--frozen" "--no-deps" "--document-private-items" "--message-format=json", kill_on_drop: false }`
[INFO] [stdout] 9ae9b6832f1d7335b2d2fabeb734466a1f1401049113a2e8ff155b763f4e0e09
[INFO] running `Command { std: "docker" "start" "-a" "9ae9b6832f1d7335b2d2fabeb734466a1f1401049113a2e8ff155b763f4e0e09", kill_on_drop: false }`
[INFO] [stderr] warning: virtual workspace defaulting to `resolver = "1"` despite one or more workspace members being on edition 2021 which implies `resolver = "2"`
[INFO] [stderr] note: to keep the current resolver, specify `workspace.resolver = "1"` in the workspace root's manifest
[INFO] [stderr] note: to use the edition 2021 resolver, specify `workspace.resolver = "2"` in the workspace root's manifest
[INFO] [stderr] note: for more details see https://doc.rust-lang.org/cargo/reference/resolver.html#resolver-versions
[INFO] [stderr]    Compiling autocfg v1.1.0
[INFO] [stderr]    Compiling proc-macro2 v1.0.60
[INFO] [stderr]    Compiling unicode-ident v1.0.9
[INFO] [stderr]    Compiling quote v1.0.28
[INFO] [stderr]     Checking cfg-if v1.0.0
[INFO] [stderr]    Compiling libc v0.2.146
[INFO] [stderr]     Checking bitflags v1.3.2
[INFO] [stderr]    Compiling libm v0.2.7
[INFO] [stderr]    Compiling pkg-config v0.3.27
[INFO] [stderr]    Compiling xml-rs v0.8.14
[INFO] [stderr]    Compiling serde v1.0.164
[INFO] [stderr]    Compiling version_check v0.9.4
[INFO] [stderr]     Checking once_cell v1.18.0
[INFO] [stderr]     Checking smallvec v1.10.0
[INFO] [stderr]     Checking bytemuck v1.13.1
[INFO] [stderr]    Compiling syn v1.0.109
[INFO] [stderr]    Compiling log v0.4.19
[INFO] [stderr]    Compiling memchr v2.5.0
[INFO] [stderr]    Compiling crossbeam-utils v0.8.16
[INFO] [stderr]     Checking lazy_static v1.4.0
[INFO] [stderr]     Checking libloading v0.8.0
[INFO] [stderr]     Checking downcast-rs v1.2.0
[INFO] [stderr]     Checking scopeguard v1.1.0
[INFO] [stderr]     Checking arrayvec v0.7.4
[INFO] [stderr]    Compiling paste v1.0.12
[INFO] [stderr]     Checking dlib v0.5.2
[INFO] [stderr]     Checking safe_arch v0.7.0
[INFO] [stderr]    Compiling wasm-bindgen-shared v0.2.87
[INFO] [stderr]    Compiling khronos_api v3.1.0
[INFO] [stderr]    Compiling thiserror v1.0.40
[INFO] [stderr]    Compiling typenum v1.16.0
[INFO] [stderr]     Checking byteorder v1.4.3
[INFO] [stderr]     Checking rawpointer v0.2.1
[INFO] [stderr]     Checking wide v0.7.10
[INFO] [stderr]     Checking crossbeam-channel v0.5.8
[INFO] [stderr]    Compiling crc32fast v1.3.2
[INFO] [stderr]     Checking simd-adler32 v0.3.5
[INFO] [stderr]     Checking minimal-lexical v0.2.1
[INFO] [stderr]    Compiling futures-core v0.3.28
[INFO] [stderr]     Checking scoped-tls v1.0.1
[INFO] [stderr]    Compiling futures-channel v0.3.28
[INFO] [stderr]     Checking nom v7.1.3
[INFO] [stderr]    Compiling futures-task v0.3.28
[INFO] [stderr]    Compiling cfg_aliases v0.1.1
[INFO] [stderr]    Compiling bumpalo v3.13.0
[INFO] [stderr]    Compiling num-traits v0.2.15
[INFO] [stderr]    Compiling num-integer v0.1.45
[INFO] [stderr]    Compiling memoffset v0.6.5
[INFO] [stderr]    Compiling slab v0.4.8
[INFO] [stderr]    Compiling syn v2.0.20
[INFO] [stderr]    Compiling wayland-scanner v0.29.5
[INFO] [stderr]    Compiling num-rational v0.4.1
[INFO] [stderr]    Compiling memoffset v0.9.0
[INFO] [stderr]    Compiling matrixmultiply v0.3.7
[INFO] [stderr]    Compiling slotmap v1.0.6
[INFO] [stderr]    Compiling wayland-sys v0.29.5
[INFO] [stderr]    Compiling crossbeam-epoch v0.9.15
[INFO] [stderr]     Checking nix v0.24.3
[INFO] [stderr]     Checking num_cpus v1.15.0
[INFO] [stderr]     Checking adler v1.0.2
[INFO] [stderr]     Checking getrandom v0.2.10
[INFO] [stderr]     Checking miniz_oxide v0.7.1
[INFO] [stderr]     Checking nix v0.25.1
[INFO] [stderr]    Compiling smithay-client-toolkit v0.16.0
[INFO] [stderr]     Checking approx v0.5.1
[INFO] [stderr]    Compiling gl_generator v0.14.0
[INFO] [stderr]     Checking futures-sink v0.3.28
[INFO] [stderr]    Compiling futures-util v0.3.28
[INFO] [stderr]    Compiling strsim v0.10.0
[INFO] [stderr]    Compiling ident_case v1.0.1
[INFO] [stderr]    Compiling fnv v1.0.7
[INFO] [stderr]     Checking xcursor v0.3.4
[INFO] [stderr]     Checking vec_map v0.8.2
[INFO] [stderr]     Checking crossbeam-deque v0.8.3
[INFO] [stderr]     Checking flate2 v1.0.26
[INFO] [stderr]     Checking mio v0.8.8
[INFO] [stderr]     Checking memmap2 v0.5.10
[INFO] [stderr]    Compiling lock_api v0.4.10
[INFO] [stderr]    Compiling parking_lot_core v0.9.8
[INFO] [stderr]     Checking pin-project-lite v0.2.9
[INFO] [stderr]     Checking pin-utils v0.1.0
[INFO] [stderr]     Checking futures-io v0.3.28
[INFO] [stderr]    Compiling wasm-bindgen v0.2.87
[INFO] [stderr]     Checking either v1.8.1
[INFO] [stderr]    Compiling io-lifetimes v1.0.11
[INFO] [stderr]     Checking rand_core v0.6.4
[INFO] [stderr]     Checking inotify-sys v0.1.5
[INFO] [stderr]    Compiling x11-dl v2.21.0
[INFO] [stderr]    Compiling rustfft v6.1.0
[INFO] [stderr]    Compiling memoffset v0.8.0
[INFO] [stderr]     Checking fdeflate v0.3.0
[INFO] [stderr]     Checking instant v0.1.12
[INFO] [stderr]    Compiling unicode-segmentation v1.10.1
[INFO] [stderr]     Checking same-file v1.0.6
[INFO] [stderr]     Checking ppv-lite86 v0.2.17
[INFO] [stderr]     Checking strength_reduce v0.2.4
[INFO] [stderr]    Compiling rustversion v1.0.12
[INFO] [stderr]    Compiling rustix v0.37.20
[INFO] [stderr]    Compiling heck v0.4.1
[INFO] [stderr]    Compiling convert_case v0.6.0
[INFO] [stderr]    Compiling fxhash v0.2.1
[INFO] [stderr]     Checking rand_chacha v0.3.1
[INFO] [stderr]     Checking png v0.17.9
[INFO] [stderr]     Checking transpose v0.2.2
[INFO] [stderr]     Checking walkdir v2.3.3
[INFO] [stderr]     Checking inotify v0.9.6
[INFO] [stderr]     Checking primal-check v0.3.3
[INFO] [stderr]     Checking filetime v0.2.21
[INFO] [stderr]    Compiling ahash v0.8.3
[INFO] [stderr]     Checking strict-num v0.1.1
[INFO] [stderr]     Checking optional v0.5.0
[INFO] [stderr]     Checking arrayref v0.3.7
[INFO] [stderr]    Compiling crossbeam-queue v0.3.8
[INFO] [stderr]     Checking linux-raw-sys v0.3.8
[INFO] [stderr]     Checking robust v0.2.3
[INFO] [stderr]    Compiling rayon-core v1.11.0
[INFO] [stderr]     Checking ttf-parser v0.19.1
[INFO] [stderr]     Checking notify v5.2.0
[INFO] [stderr]     Checking spade v2.2.0
[INFO] [stderr]     Checking tiny-skia-path v0.8.4
[INFO] [stderr]     Checking parking_lot v0.12.1
[INFO] [stderr]     Checking rand v0.8.5
[INFO] [stderr]     Checking gethostname v0.2.3
[INFO] [stderr]    Compiling wayland-sys v0.30.1
[INFO] [stderr]    Compiling alsa-sys v0.3.1
[INFO] [stderr]     Checking ab_glyph_rasterizer v0.1.8
[INFO] [stderr]     Checking rustc-hash v1.1.0
[INFO] [stderr]    Compiling glutin_egl_sys v0.5.0
[INFO] [stderr]    Compiling glutin_glx_sys v0.4.0
[INFO] [stderr]     Checking utf8parse v0.2.1
[INFO] [stderr]     Checking base64 v0.21.2
[INFO] [stderr]     Checking tiny-skia v0.8.4
[INFO] [stderr]     Checking anstyle-parse v0.2.1
[INFO] [stderr]    Compiling glutin v0.30.9
[INFO] [stderr]     Checking anstyle-query v1.0.0
[INFO] [stderr]     Checking base64 v0.13.1
[INFO] [stderr]     Checking anstyle v1.0.1
[INFO] [stderr]     Checking raw-window-handle v0.5.2
[INFO] [stderr]     Checking weezl v0.1.7
[INFO] [stderr]     Checking colorchoice v1.0.0
[INFO] [stderr]     Checking tinyvec_macros v0.1.1
[INFO] [stderr]     Checking tinyvec v1.6.0
[INFO] [stderr]     Checking hashbrown v0.13.2
[INFO] [stderr]     Checking wayland-commons v0.29.5
[INFO] [stderr]    Compiling wasm-bindgen-backend v0.2.87
[INFO] [stderr]     Checking x11rb-protocol v0.10.0
[INFO] [stderr]    Compiling wayland-client v0.29.5
[INFO] [stderr]    Compiling wayland-protocols v0.29.5
[INFO] [stderr]    Compiling darling_core v0.14.4
[INFO] [stderr]     Checking is-terminal v0.4.7
[INFO] [stderr]    Compiling winit v0.28.6
[INFO] [stderr]     Checking anstream v0.3.2
[INFO] [stderr]     Checking rayon v1.7.0
[INFO] [stderr]     Checking crossbeam v0.8.2
[INFO] [stderr]     Checking owned_ttf_parser v0.19.0
[INFO] [stderr]     Checking num-traits v0.1.43
[INFO] [stderr]     Checking ab_glyph v0.2.21
[INFO] [stderr]    Compiling glutin-winit v0.3.0
[INFO] [stderr]     Checking ogg v0.8.0
[INFO] [stderr]    Compiling wasm-bindgen-macro-support v0.2.87
[INFO] [stderr]     Checking libloading v0.7.4
[INFO] [stderr]     Checking ttf-parser v0.15.2
[INFO] [stderr]     Checking color_quant v1.1.0
[INFO] [stderr]     Checking bit-vec v0.6.3
[INFO] [stderr]     Checking percent-encoding v2.3.0
[INFO] [stderr]     Checking strum v0.24.1
[INFO] [stderr]     Checking jpeg-decoder v0.3.0
[INFO] [stderr]     Checking clap_lex v0.5.0
[INFO] [stderr]     Checking clap_builder v4.3.8
[INFO] [stderr]     Checking fontdue v0.7.3
[INFO] [stderr]     Checking gif v0.12.0
[INFO] [stderr]     Checking tiff v0.8.1
[INFO] [stderr]     Checking tinyaudio v0.1.1
[INFO] [stderr]     Checking lewton v0.10.2
[INFO] [stderr]     Checking enum_primitive v0.1.1
[INFO] [stderr]     Checking hound v3.5.0
[INFO] [stderr]     Checking sysinfo v0.26.9
[INFO] [stderr]     Checking adler32 v1.2.0
[INFO] [stderr]     Checking inflate v0.4.5
[INFO] [stderr]     Checking image v0.24.6
[INFO] [stderr]     Checking ddsfile v0.5.1
[INFO] [stderr]     Checking tbc v0.3.0
[INFO] [stderr]     Checking half v2.2.1
[INFO] [stderr]     Checking glow v0.12.2
[INFO] [stderr]     Checking strum v0.25.0
[INFO] [stderr]     Checking equivalent v1.0.0
[INFO] [stderr]     Checking hashbrown v0.14.0
[INFO] [stderr]     Checking winnow v0.4.7
[INFO] [stderr]     Checking indexmap v2.0.0
[INFO] [stderr]     Checking pathdiff v0.2.1
[INFO] [stderr]     Checking open v3.2.0
[INFO] [stderr]     Checking wayland-cursor v0.29.5
[INFO] [stderr]     Checking x11rb v0.10.1
[INFO] [stderr]     Checking x11-clipboard v0.7.1
[INFO] [stderr]    Compiling serde_derive v1.0.164
[INFO] [stderr]    Compiling thiserror-impl v1.0.40
[INFO] [stderr]    Compiling futures-macro v0.3.28
[INFO] [stderr]    Compiling wasm-bindgen-macro v0.2.87
[INFO] [stderr]    Compiling clap_derive v4.3.2
[INFO] [stderr]    Compiling strum_macros v0.25.0
[INFO] [stderr]    Compiling nalgebra-macros v0.2.0
[INFO] [stderr]    Compiling darling_macro v0.14.4
[INFO] [stderr]     Checking uuid v1.3.4
[INFO] [stderr]    Compiling num-derive v0.3.3
[INFO] [stderr]    Compiling strum_macros v0.24.3
[INFO] [stderr]    Compiling darling v0.14.4
[INFO] [stderr]    Compiling fyrox-core-derive v0.19.0
[INFO] [stderr]     Checking calloop v0.10.6
[INFO] [stderr]     Checking fast_image_resize v2.7.3
[INFO] [stderr]     Checking futures-executor v0.3.28
[INFO] [stderr]     Checking futures v0.3.28
[INFO] [stderr]     Checking clap v4.3.8
[INFO] [stderr]     Checking num-complex v0.4.3
[INFO] [stderr]     Checking ron v0.8.0
[INFO] [stderr]     Checking toml_datetime v0.6.3
[INFO] [stderr]     Checking serde_spanned v0.6.3
[INFO] [stderr]     Checking toml_edit v0.19.11
[INFO] [stderr]     Checking simba v0.8.1
[INFO] [stderr]     Checking toml v0.7.5
[INFO] [stderr]     Checking realfft v2.0.1
[INFO] [stderr]     Checking rubato v0.10.1
[INFO] [stderr]     Checking hrtf v0.8.0
[INFO] [stderr]     Checking nalgebra v0.32.2
[INFO] [stderr]     Checking fyrox-core v0.24.0
[INFO] [stderr]     Checking parry2d v0.13.4
[INFO] [stderr]     Checking parry3d v0.13.4
[INFO] [stderr]     Checking fyrox-resource v0.8.0
[INFO] [stderr]     Checking rapier2d v0.17.2
[INFO] [stderr]     Checking fyrox-sound v0.31.0
[INFO] [stderr]     Checking rapier3d v0.17.2
[INFO] [stderr]     Checking sctk-adwaita v0.5.4
[INFO] [stderr]     Checking smithay-clipboard v0.6.6
[INFO] [stderr]     Checking copypasta v0.8.2
[INFO] [stderr]     Checking fyrox-ui v0.21.0
[INFO] [stderr]     Checking fyrox v0.30.0
[INFO] [stderr]     Checking RustWaveFunctionCollapse v0.1.0 (/opt/rustwide/workdir/game)
[INFO] [stderr]     Checking fyroxed_base v0.17.0
[INFO] [stderr]  Documenting RustWaveFunctionCollapse v0.1.0 (/opt/rustwide/workdir/game)
[INFO] [stdout] warning: unused imports: `Pool`, `node::Node`, `script::ScriptMessagePayload`, `self`, `self`
[INFO] [stdout]   --> game/src/lib.rs:9:24
[INFO] [stdout]    |
[INFO] [stdout] 9  |         pool::{Handle, Pool},
[INFO] [stdout]    |                        ^^^^
[INFO] [stdout] 10 |         log::{Log, self}, algebra::{Vector3, UnitQuaternion}, futures::{self, executor::block_on}
[INFO] [stdout]    |                    ^^^^                                                 ^^^^
[INFO] [stdout] ...
[INFO] [stdout] 14 |         loader::AsyncSceneLoader, Scene, node::Node,
[INFO] [stdout]    |                                          ^^^^^^^^^^
[INFO] [stdout] 15 |     }, event::Event, resource::model::{Model, ModelResourceExtension}, asset::manager::ResourceManager, script::ScriptMessagePayload,
[INFO] [stdout]    |                                                                                                         ^^^^^^^^^^^^^^^^^^^^^^^^^^^^
[INFO] [stdout]    |
[INFO] [stdout]    = note: `#[warn(unused_imports)]` on by default
[INFO] [stdout] 
[INFO] [stdout] 
[INFO] [stdout] warning: unused import: `sync::Arc`
[INFO] [stdout]  --> game/src/generation.rs:2:29
[INFO] [stdout]   |
[INFO] [stdout] 2 | use std::{fs, str::FromStr, sync::Arc};
[INFO] [stdout]   |                             ^^^^^^^^^
[INFO] [stdout] 
[INFO] [stdout] 
[INFO] [stdout] warning: unused imports: `Direction`, `Tile`
[INFO] [stdout]   --> game/src/lib.rs:19:59
[INFO] [stdout]    |
[INFO] [stdout] 19 | use generation::{import_biome, do_wave_function_collapse, Tile, Direction};
[INFO] [stdout]    |                                                           ^^^^  ^^^^^^^^^
[INFO] [stdout] 
[INFO] [stdout] 
[INFO] [stdout] warning: unused import: `crate::generation::connects`
[INFO] [stdout]   --> game/src/lib.rs:22:5
[INFO] [stdout]    |
[INFO] [stdout] 22 | use crate::generation::connects;
[INFO] [stdout]    |     ^^^^^^^^^^^^^^^^^^^^^^^^^^^
[INFO] [stdout] 
[INFO] [stdout] 
[INFO] [stdout] warning: unused variable: `context`
[INFO] [stdout]   --> game/src/player.rs:42:27
[INFO] [stdout]    |
[INFO] [stdout] 42 |     fn on_init(&mut self, context: &mut ScriptContext) {}
[INFO] [stdout]    |                           ^^^^^^^ help: if this is intentional, prefix it with an underscore: `_context`
[INFO] [stdout]    |
[INFO] [stdout]    = note: `#[warn(unused_variables)]` on by default
[INFO] [stdout] 
[INFO] [stdout] 
[INFO] [stdout] warning: unused variable: `context`
[INFO] [stdout]   --> game/src/player.rs:45:28
[INFO] [stdout]    |
[INFO] [stdout] 45 |     fn on_start(&mut self, context: &mut ScriptContext) { }
[INFO] [stdout]    |                            ^^^^^^^ help: if this is intentional, prefix it with an underscore: `_context`
[INFO] [stdout] 
[INFO] [stdout] 
[INFO] [stdout] warning: unused variable: `context`
[INFO] [stdout]   --> game/src/player.rs:48:58
[INFO] [stdout]    |
[INFO] [stdout] 48 |     fn on_os_event(&mut self, trigger_event: &Event<()>, context: &mut ScriptContext) {
[INFO] [stdout]    |                                                          ^^^^^^^ help: if this is intentional, prefix it with an underscore: `_context`
[INFO] [stdout] 
[INFO] [stdout] 
[INFO] [stdout] warning: function `getLowestEntropy` is never used
[INFO] [stdout]   --> game/src/generation.rs:65:4
[INFO] [stdout]    |
[INFO] [stdout] 65 | fn getLowestEntropy() {
[INFO] [stdout]    |    ^^^^^^^^^^^^^^^^
[INFO] [stdout]    |
[INFO] [stdout]    = note: `#[warn(dead_code)]` on by default
[INFO] [stdout] 
[INFO] [stdout] 
[INFO] [stdout] warning: crate `RustWaveFunctionCollapse` should have a snake case name
[INFO] [stdout]   |
[INFO] [stdout]   = help: convert the identifier to snake case: `rust_wave_function_collapse`
[INFO] [stdout]   = note: `#[warn(non_snake_case)]` on by default
[INFO] [stdout] 
[INFO] [stdout] 
[INFO] [stdout] warning: function `getLowestEntropy` should have a snake case name
[INFO] [stdout]   --> game/src/generation.rs:65:4
[INFO] [stdout]    |
[INFO] [stdout] 65 | fn getLowestEntropy() {
[INFO] [stdout]    |    ^^^^^^^^^^^^^^^^ help: convert the identifier to snake case: `get_lowest_entropy`
[INFO] [stdout] 
[INFO] [stdout] 
[INFO] [stdout] warning: variable `nextX` should have a snake case name
[INFO] [stdout]   --> game/src/generation.rs:83:10
[INFO] [stdout]    |
[INFO] [stdout] 83 |     for (nextX,nextY,direction) in [(x,y+1,Direction::North),(x,y-1,Direction::South),(x-1,y,Direction::East),(x+1,y,Direction::West)] {
[INFO] [stdout]    |          ^^^^^ help: convert the identifier to snake case: `next_x`
[INFO] [stdout] 
[INFO] [stdout] 
[INFO] [stdout] warning: variable `nextY` should have a snake case name
[INFO] [stdout]   --> game/src/generation.rs:83:16
[INFO] [stdout]    |
[INFO] [stdout] 83 |     for (nextX,nextY,direction) in [(x,y+1,Direction::North),(x,y-1,Direction::South),(x-1,y,Direction::East),(x+1,y,Direction::West)] {
[INFO] [stdout]    |                ^^^^^ help: convert the identifier to snake case: `next_y`
[INFO] [stdout] 
[INFO] [stdout] 
[INFO] [stdout] warning: variable `adjacentPossibles` should have a snake case name
[INFO] [stdout]   --> game/src/generation.rs:87:20
[INFO] [stdout]    |
[INFO] [stdout] 87 |         if let Err(adjacentPossibles) = &grid[(nextX+nextY*16) as usize] {
[INFO] [stdout]    |                    ^^^^^^^^^^^^^^^^^ help: convert the identifier to snake case: `adjacent_possibles`
[INFO] [stdout] 
[INFO] [stdout] 
[INFO] [stdout] warning: 13 warnings emitted
[INFO] [stdout] 
[INFO] [stdout] 
[INFO] [stderr]  Documenting executor-android v0.1.0 (/opt/rustwide/workdir/executor-android)
[INFO] [stderr]  Documenting executor-wasm v0.1.0 (/opt/rustwide/workdir/executor-wasm)
[INFO] [stderr]  Documenting executor v0.1.0 (/opt/rustwide/workdir/executor)
[INFO] [stdout] error[E0432]: unresolved import `fyrox::platform::android`
[INFO] [stdout]  --> executor-android/src/lib.rs:4:15
[INFO] [stdout]   |
[INFO] [stdout] 4 |     platform::android::EventLoopBuilderExtAndroid,
[INFO] [stdout]   |               ^^^^^^^ could not find `android` in `platform`
[INFO] [stdout] 
[INFO] [stdout] 
[INFO] [stdout] error[E0433]: failed to resolve: could not find `wasm_bindgen` in `core`
[INFO] [stdout]  --> executor-wasm/src/lib.rs:4:18
[INFO] [stdout]   |
[INFO] [stdout] 4 | use fyrox::core::wasm_bindgen::{self, prelude::*};
[INFO] [stdout]   |                  ^^^^^^^^^^^^ could not find `wasm_bindgen` in `core`
[INFO] [stdout] 
[INFO] [stdout] 
[INFO] [stdout] error[E0432]: unresolved import `fyrox::core::wasm_bindgen`
[INFO] [stdout]   --> executor-wasm/src/lib.rs:4:33
[INFO] [stdout]    |
[INFO] [stdout] 4  | use fyrox::core::wasm_bindgen::{self, prelude::*};
[INFO] [stdout]    |                                 ^^^^ no `wasm_bindgen` in the root
[INFO] [stdout]    |
[INFO] [stdout] note: found an item that was configured out
[INFO] [stdout]   --> /opt/rustwide/cargo-home/registry/src/index.crates.io-6f17d22bba15001f/fyrox-core-0.24.0/src/lib.rs:59:9
[INFO] [stdout]    |
[INFO] [stdout] 59 | pub use wasm_bindgen;
[INFO] [stdout]    |         ^^^^^^^^^^^^
[INFO] [stdout]    = note: the item is gated behind the `wasm32` feature
[INFO] [stdout] 
[INFO] [stdout] 
[INFO] [stdout] error[E0433]: failed to resolve: could not find `android` in `platform`
[INFO] [stdout]  --> executor-android/src/lib.rs:9:39
[INFO] [stdout]   |
[INFO] [stdout] 9 | fn android_main(app: fyrox::platform::android::activity::AndroidApp) {
[INFO] [stdout]   |                                       ^^^^^^^ could not find `android` in `platform`
[INFO] [stdout] 
[INFO] [stdout] 
[INFO] [stdout] error: cannot determine resolution for the attribute macro `wasm_bindgen`
[INFO] [stdout]   --> executor-wasm/src/lib.rs:39:3
[INFO] [stdout]    |
[INFO] [stdout] 39 | #[wasm_bindgen]
[INFO] [stdout]    |   ^^^^^^^^^^^^
[INFO] [stdout]    |
[INFO] [stdout]    = note: import resolution is stuck, try simplifying macro imports
[INFO] [stdout] 
[INFO] [stdout] 
[INFO] [stdout] error: cannot determine resolution for the attribute macro `wasm_bindgen`
[INFO] [stdout]  --> executor-wasm/src/lib.rs:6:3
[INFO] [stdout]   |
[INFO] [stdout] 6 | #[wasm_bindgen]
[INFO] [stdout]   |   ^^^^^^^^^^^^
[INFO] [stdout]   |
[INFO] [stdout]   = note: import resolution is stuck, try simplifying macro imports
[INFO] [stdout] 
[INFO] [stdout] 
[INFO] [stdout] error: cannot determine resolution for the attribute macro `wasm_bindgen`
[INFO] [stdout]  --> executor-wasm/src/lib.rs:8:7
[INFO] [stdout]   |
[INFO] [stdout] 8 |     #[wasm_bindgen(js_namespace = console)]
[INFO] [stdout]   |       ^^^^^^^^^^^^
[INFO] [stdout]   |
[INFO] [stdout]   = note: import resolution is stuck, try simplifying macro imports
[INFO] [stdout] 
[INFO] [stdout] 
[INFO] [stdout] error: cannot determine resolution for the attribute macro `wasm_bindgen`
[INFO] [stdout]   --> executor-wasm/src/lib.rs:13:7
[INFO] [stdout]    |
[INFO] [stdout] 13 |     #[wasm_bindgen(constructor)]
[INFO] [stdout]    |       ^^^^^^^^^^^^
[INFO] [stdout]    |
[INFO] [stdout]    = note: import resolution is stuck, try simplifying macro imports
[INFO] [stdout] 
[INFO] [stdout] 
[INFO] [stdout] error: cannot determine resolution for the attribute macro `wasm_bindgen`
[INFO] [stdout]   --> executor-wasm/src/lib.rs:16:7
[INFO] [stdout]    |
[INFO] [stdout] 16 |     #[wasm_bindgen(structural, method, getter)]
[INFO] [stdout]    |       ^^^^^^^^^^^^
[INFO] [stdout]    |
[INFO] [stdout]    = note: import resolution is stuck, try simplifying macro imports
[INFO] [stdout] 
[INFO] [stdout] 
[INFO] [stdout] error[E0658]: extern types are experimental
[INFO] [stdout]   --> executor-wasm/src/lib.rs:11:5
[INFO] [stdout]    |
[INFO] [stdout] 11 |     type Error;
[INFO] [stdout]    |     ^^^^^^^^^^^
[INFO] [stdout]    |
[INFO] [stdout]    = note: see issue #43467 <https://github.com/rust-lang/rust/issues/43467> for more information
[INFO] [stdout] 
[INFO] [stdout] 
[INFO] [stdout] error: aborting due to 2 previous errors
[INFO] [stdout] 
[INFO] [stdout] 
[INFO] [stdout] error: aborting due to 8 previous errors
[INFO] [stdout] 
[INFO] [stdout] 
[INFO] [stdout] Some errors have detailed explanations: E0432, E0433.
[INFO] [stdout] 
[INFO] [stdout] Some errors have detailed explanations: E0432, E0433, E0658.
[INFO] [stdout] 
[INFO] [stdout] For more information about an error, try `rustc --explain E0432`.
[INFO] [stdout] 
[INFO] [stdout] For more information about an error, try `rustc --explain E0432`.
[INFO] [stdout] 
[INFO] [stderr] error: could not document `executor-android`
[INFO] [stderr] 
[INFO] [stderr] Caused by:
[INFO] [stderr]   process didn't exit successfully: `/opt/rustwide/rustup-home/toolchains/1.75.0-x86_64-unknown-linux-gnu/bin/rustdoc --edition=2021 --crate-type cdylib --crate-name executor_android executor-android/src/lib.rs -o /opt/rustwide/target/doc --error-format=json --json=diagnostic-rendered-ansi,artifacts,future-incompat --document-private-items -C metadata=5a986005820e6395 -L dependency=/opt/rustwide/target/debug/deps --extern RustWaveFunctionCollapse=/opt/rustwide/target/debug/deps/libRustWaveFunctionCollapse-7b4121ac33bded90.rmeta --extern fyrox=/opt/rustwide/target/debug/deps/libfyrox-17036f0d65958224.rmeta --cap-lints=warn --crate-version 0.1.0` (exit status: 1)
[INFO] [stderr] warning: build failed, waiting for other jobs to finish...
[INFO] [stderr] error: could not document `executor-wasm`
[INFO] [stderr] 
[INFO] [stderr] Caused by:
[INFO] [stderr]   process didn't exit successfully: `/opt/rustwide/rustup-home/toolchains/1.75.0-x86_64-unknown-linux-gnu/bin/rustdoc --edition=2021 --crate-type cdylib --crate-type rlib --crate-name executor_wasm executor-wasm/src/lib.rs -o /opt/rustwide/target/doc --error-format=json --json=diagnostic-rendered-ansi,artifacts,future-incompat --document-private-items -C metadata=b4cb635f37cb3b08 -L dependency=/opt/rustwide/target/debug/deps --extern RustWaveFunctionCollapse=/opt/rustwide/target/debug/deps/libRustWaveFunctionCollapse-7b4121ac33bded90.rmeta --extern fyrox=/opt/rustwide/target/debug/deps/libfyrox-17036f0d65958224.rmeta --cap-lints=warn --crate-version 0.1.0` (exit status: 1)
[INFO] running `Command { std: "docker" "inspect" "9ae9b6832f1d7335b2d2fabeb734466a1f1401049113a2e8ff155b763f4e0e09", kill_on_drop: false }`
[INFO] running `Command { std: "docker" "rm" "-f" "9ae9b6832f1d7335b2d2fabeb734466a1f1401049113a2e8ff155b763f4e0e09", kill_on_drop: false }`
[INFO] [stdout] 9ae9b6832f1d7335b2d2fabeb734466a1f1401049113a2e8ff155b763f4e0e09
[INFO] documenting 4321louis/RustWaveFunctionCollapse against beta-2023-12-22 for beta-1.76-rustdoc-1
[INFO] running `Command { std: "git" "clone" "/workspace/cache/git-repos/https%3A%2F%2Fgithub.com%2F4321louis%2FRustWaveFunctionCollapse" "/workspace/builds/worker-7-tc2/source", kill_on_drop: false }`
[INFO] [stderr] Cloning into '/workspace/builds/worker-7-tc2/source'...
[INFO] [stderr] done.
[INFO] validating manifest of git repo https://github.com/4321louis/RustWaveFunctionCollapse on toolchain beta-2023-12-22
[INFO] running `Command { std: CARGO_HOME="/workspace/cargo-home" RUSTUP_HOME="/workspace/rustup-home" "/workspace/cargo-home/bin/cargo" "+beta-2023-12-22" "metadata" "--manifest-path" "Cargo.toml" "--no-deps", kill_on_drop: false }`
[INFO] started tweaking git repo https://github.com/4321louis/RustWaveFunctionCollapse
[INFO] finished tweaking git repo https://github.com/4321louis/RustWaveFunctionCollapse
[INFO] tweaked toml for git repo https://github.com/4321louis/RustWaveFunctionCollapse written to /workspace/builds/worker-7-tc2/source/Cargo.toml
[INFO] crate git repo https://github.com/4321louis/RustWaveFunctionCollapse already has a lockfile, it will not be regenerated
[INFO] running `Command { std: CARGO_HOME="/workspace/cargo-home" RUSTUP_HOME="/workspace/rustup-home" "/workspace/cargo-home/bin/cargo" "+beta-2023-12-22" "fetch" "--manifest-path" "Cargo.toml", kill_on_drop: false }`
[INFO] [stderr] warning: virtual workspace defaulting to `resolver = "1"` despite one or more workspace members being on edition 2021 which implies `resolver = "2"`
[INFO] [stderr] note: to keep the current resolver, specify `workspace.resolver = "1"` in the workspace root's manifest
[INFO] [stderr] note: to use the edition 2021 resolver, specify `workspace.resolver = "2"` in the workspace root's manifest
[INFO] [stderr] note: for more details see https://doc.rust-lang.org/cargo/reference/resolver.html#resolver-versions
[INFO] running `Command { std: "docker" "create" "-v" "/var/lib/crater-agent-workspace/builds/worker-7-tc2/target:/opt/rustwide/target:rw,Z" "-v" "/var/lib/crater-agent-workspace/builds/worker-7-tc2/source:/opt/rustwide/workdir:ro,Z" "-v" "/var/lib/crater-agent-workspace/cargo-home:/opt/rustwide/cargo-home:ro,Z" "-v" "/var/lib/crater-agent-workspace/rustup-home:/opt/rustwide/rustup-home:ro,Z" "-e" "SOURCE_DIR=/opt/rustwide/workdir" "-e" "CARGO_TARGET_DIR=/opt/rustwide/target" "-e" "CARGO_HOME=/opt/rustwide/cargo-home" "-e" "RUSTUP_HOME=/opt/rustwide/rustup-home" "-w" "/opt/rustwide/workdir" "-m" "1610612736" "--user" "0:0" "--network" "none" "ghcr.io/rust-lang/crates-build-env/linux@sha256:2788e3201cd34a07e3172128adcd8b3090168a8e3bcc40d7c032b9dda1df7d1c" "/opt/rustwide/cargo-home/bin/cargo" "+beta-2023-12-22" "metadata" "--no-deps" "--format-version=1", kill_on_drop: false }`
[INFO] [stdout] 202e1a4ca95bad356a396eed5ddbfa1accb40976a4658d99f8316806b791762b
[INFO] running `Command { std: "docker" "start" "-a" "202e1a4ca95bad356a396eed5ddbfa1accb40976a4658d99f8316806b791762b", kill_on_drop: false }`
[INFO] running `Command { std: "docker" "inspect" "202e1a4ca95bad356a396eed5ddbfa1accb40976a4658d99f8316806b791762b", kill_on_drop: false }`
[INFO] running `Command { std: "docker" "rm" "-f" "202e1a4ca95bad356a396eed5ddbfa1accb40976a4658d99f8316806b791762b", kill_on_drop: false }`
[INFO] [stdout] 202e1a4ca95bad356a396eed5ddbfa1accb40976a4658d99f8316806b791762b
[INFO] running `Command { std: "docker" "create" "-v" "/var/lib/crater-agent-workspace/builds/worker-7-tc2/target:/opt/rustwide/target:rw,Z" "-v" "/var/lib/crater-agent-workspace/builds/worker-7-tc2/source:/opt/rustwide/workdir:ro,Z" "-v" "/var/lib/crater-agent-workspace/cargo-home:/opt/rustwide/cargo-home:ro,Z" "-v" "/var/lib/crater-agent-workspace/rustup-home:/opt/rustwide/rustup-home:ro,Z" "-e" "SOURCE_DIR=/opt/rustwide/workdir" "-e" "CARGO_TARGET_DIR=/opt/rustwide/target" "-e" "CARGO_INCREMENTAL=0" "-e" "RUST_BACKTRACE=full" "-e" "RUSTFLAGS=--cap-lints=warn" "-e" "RUSTDOCFLAGS=--cap-lints=warn" "-e" "CARGO_HOME=/opt/rustwide/cargo-home" "-e" "RUSTUP_HOME=/opt/rustwide/rustup-home" "-w" "/opt/rustwide/workdir" "-m" "1610612736" "--user" "0:0" "--network" "none" "ghcr.io/rust-lang/crates-build-env/linux@sha256:2788e3201cd34a07e3172128adcd8b3090168a8e3bcc40d7c032b9dda1df7d1c" "/opt/rustwide/cargo-home/bin/cargo" "+beta-2023-12-22" "doc" "--frozen" "--no-deps" "--document-private-items" "--message-format=json", kill_on_drop: false }`
[INFO] [stdout] c305b68371ac0b8bfe2833c74538684ae5de2078cb2af5e8ea732ed170ba051d
[INFO] running `Command { std: "docker" "start" "-a" "c305b68371ac0b8bfe2833c74538684ae5de2078cb2af5e8ea732ed170ba051d", kill_on_drop: false }`
[INFO] [stderr] warning: virtual workspace defaulting to `resolver = "1"` despite one or more workspace members being on edition 2021 which implies `resolver = "2"`
[INFO] [stderr] note: to keep the current resolver, specify `workspace.resolver = "1"` in the workspace root's manifest
[INFO] [stderr] note: to use the edition 2021 resolver, specify `workspace.resolver = "2"` in the workspace root's manifest
[INFO] [stderr] note: for more details see https://doc.rust-lang.org/cargo/reference/resolver.html#resolver-versions
[INFO] [stderr]    Compiling autocfg v1.1.0
[INFO] [stderr]    Compiling proc-macro2 v1.0.60
[INFO] [stderr]    Compiling quote v1.0.28
[INFO] [stderr]    Compiling unicode-ident v1.0.9
[INFO] [stderr]     Checking cfg-if v1.0.0
[INFO] [stderr]    Compiling libc v0.2.146
[INFO] [stderr]     Checking bitflags v1.3.2
[INFO] [stderr]    Compiling libm v0.2.7
[INFO] [stderr]    Compiling pkg-config v0.3.27
[INFO] [stderr]    Compiling xml-rs v0.8.14
[INFO] [stderr]    Compiling serde v1.0.164
[INFO] [stderr]    Compiling version_check v0.9.4
[INFO] [stderr]     Checking once_cell v1.18.0
[INFO] [stderr]     Checking smallvec v1.10.0
[INFO] [stderr]    Compiling syn v1.0.109
[INFO] [stderr]    Compiling memchr v2.5.0
[INFO] [stderr]    Compiling log v0.4.19
[INFO] [stderr]     Checking bytemuck v1.13.1
[INFO] [stderr]    Compiling crossbeam-utils v0.8.16
[INFO] [stderr]     Checking lazy_static v1.4.0
[INFO] [stderr]     Checking libloading v0.8.0
[INFO] [stderr]     Checking downcast-rs v1.2.0
[INFO] [stderr]     Checking scopeguard v1.1.0
[INFO] [stderr]     Checking arrayvec v0.7.4
[INFO] [stderr]    Compiling paste v1.0.12
[INFO] [stderr]     Checking safe_arch v0.7.0
[INFO] [stderr]     Checking dlib v0.5.2
[INFO] [stderr]    Compiling thiserror v1.0.40
[INFO] [stderr]    Compiling wasm-bindgen-shared v0.2.87
[INFO] [stderr]    Compiling typenum v1.16.0
[INFO] [stderr]    Compiling khronos_api v3.1.0
[INFO] [stderr]     Checking rawpointer v0.2.1
[INFO] [stderr]     Checking minimal-lexical v0.2.1
[INFO] [stderr]     Checking wide v0.7.10
[INFO] [stderr]     Checking crossbeam-channel v0.5.8
[INFO] [stderr]    Compiling crc32fast v1.3.2
[INFO] [stderr]     Checking scoped-tls v1.0.1
[INFO] [stderr]     Checking simd-adler32 v0.3.5
[INFO] [stderr]     Checking byteorder v1.4.3
[INFO] [stderr]    Compiling futures-core v0.3.28
[INFO] [stderr]     Checking nom v7.1.3
[INFO] [stderr]    Compiling bumpalo v3.13.0
[INFO] [stderr]     Checking adler v1.0.2
[INFO] [stderr]    Compiling slotmap v1.0.6
[INFO] [stderr]    Compiling futures-task v0.3.28
[INFO] [stderr]    Compiling cfg_aliases v0.1.1
[INFO] [stderr]    Compiling num-traits v0.2.15
[INFO] [stderr]    Compiling memoffset v0.6.5
[INFO] [stderr]    Compiling syn v2.0.20
[INFO] [stderr]    Compiling num-integer v0.1.45
[INFO] [stderr]    Compiling wayland-scanner v0.29.5
[INFO] [stderr]    Compiling slab v0.4.8
[INFO] [stderr]    Compiling num-rational v0.4.1
[INFO] [stderr]    Compiling matrixmultiply v0.3.7
[INFO] [stderr]    Compiling memoffset v0.9.0
[INFO] [stderr]    Compiling crossbeam-epoch v0.9.15
[INFO] [stderr]    Compiling wayland-sys v0.29.5
[INFO] [stderr]     Checking nix v0.24.3
[INFO] [stderr]     Checking num_cpus v1.15.0
[INFO] [stderr]    Compiling futures-channel v0.3.28
[INFO] [stderr]     Checking nix v0.25.1
[INFO] [stderr]     Checking getrandom v0.2.10
[INFO] [stderr]    Compiling smithay-client-toolkit v0.16.0
[INFO] [stderr]     Checking xcursor v0.3.4
[INFO] [stderr]     Checking miniz_oxide v0.7.1
[INFO] [stderr]     Checking approx v0.5.1
[INFO] [stderr]    Compiling gl_generator v0.14.0
[INFO] [stderr]    Compiling ident_case v1.0.1
[INFO] [stderr]    Compiling strsim v0.10.0
[INFO] [stderr]    Compiling fnv v1.0.7
[INFO] [stderr]     Checking futures-sink v0.3.28
[INFO] [stderr]    Compiling futures-util v0.3.28
[INFO] [stderr]     Checking vec_map v0.8.2
[INFO] [stderr]     Checking crossbeam-deque v0.8.3
[INFO] [stderr]     Checking memmap2 v0.5.10
[INFO] [stderr]     Checking mio v0.8.8
[INFO] [stderr]    Compiling lock_api v0.4.10
[INFO] [stderr]     Checking pin-utils v0.1.0
[INFO] [stderr]    Compiling wasm-bindgen v0.2.87
[INFO] [stderr]    Compiling parking_lot_core v0.9.8
[INFO] [stderr]     Checking futures-io v0.3.28
[INFO] [stderr]     Checking flate2 v1.0.26
[INFO] [stderr]    Compiling io-lifetimes v1.0.11
[INFO] [stderr]     Checking pin-project-lite v0.2.9
[INFO] [stderr]     Checking either v1.8.1
[INFO] [stderr]     Checking rand_core v0.6.4
[INFO] [stderr]     Checking inotify-sys v0.1.5
[INFO] [stderr]    Compiling x11-dl v2.21.0
[INFO] [stderr]    Compiling memoffset v0.8.0
[INFO] [stderr]    Compiling rustfft v6.1.0
[INFO] [stderr]     Checking fdeflate v0.3.0
[INFO] [stderr]     Checking instant v0.1.12
[INFO] [stderr]    Compiling rustix v0.37.20
[INFO] [stderr]    Compiling heck v0.4.1
[INFO] [stderr]     Checking ppv-lite86 v0.2.17
[INFO] [stderr]    Compiling unicode-segmentation v1.10.1
[INFO] [stderr]     Checking same-file v1.0.6
[INFO] [stderr]     Checking strength_reduce v0.2.4
[INFO] [stderr]    Compiling rustversion v1.0.12
[INFO] [stderr]     Checking transpose v0.2.2
[INFO] [stderr]     Checking walkdir v2.3.3
[INFO] [stderr]     Checking png v0.17.9
[INFO] [stderr]     Checking rand_chacha v0.3.1
[INFO] [stderr]    Compiling fxhash v0.2.1
[INFO] [stderr]    Compiling convert_case v0.6.0
[INFO] [stderr]     Checking inotify v0.9.6
[INFO] [stderr]     Checking primal-check v0.3.3
[INFO] [stderr]     Checking filetime v0.2.21
[INFO] [stderr]    Compiling ahash v0.8.3
[INFO] [stderr]     Checking strict-num v0.1.1
[INFO] [stderr]     Checking ttf-parser v0.19.1
[INFO] [stderr]     Checking optional v0.5.0
[INFO] [stderr]     Checking robust v0.2.3
[INFO] [stderr]    Compiling rayon-core v1.11.0
[INFO] [stderr]     Checking linux-raw-sys v0.3.8
[INFO] [stderr]    Compiling crossbeam-queue v0.3.8
[INFO] [stderr]     Checking arrayref v0.3.7
[INFO] [stderr]     Checking tiny-skia-path v0.8.4
[INFO] [stderr]     Checking notify v5.2.0
[INFO] [stderr]     Checking spade v2.2.0
[INFO] [stderr]     Checking parking_lot v0.12.1
[INFO] [stderr]     Checking rand v0.8.5
[INFO] [stderr]     Checking gethostname v0.2.3
[INFO] [stderr]    Compiling wayland-sys v0.30.1
[INFO] [stderr]    Compiling alsa-sys v0.3.1
[INFO] [stderr]     Checking base64 v0.21.2
[INFO] [stderr]     Checking ab_glyph_rasterizer v0.1.8
[INFO] [stderr]    Compiling glutin_egl_sys v0.5.0
[INFO] [stderr]    Compiling glutin_glx_sys v0.4.0
[INFO] [stderr]     Checking utf8parse v0.2.1
[INFO] [stderr]     Checking rustc-hash v1.1.0
[INFO] [stderr]     Checking anstyle-parse v0.2.1
[INFO] [stderr]     Checking tiny-skia v0.8.4
[INFO] [stderr]    Compiling glutin v0.30.9
[INFO] [stderr]     Checking base64 v0.13.1
[INFO] [stderr]     Checking tinyvec_macros v0.1.1
[INFO] [stderr]     Checking colorchoice v1.0.0
[INFO] [stderr]     Checking weezl v0.1.7
[INFO] [stderr]     Checking anstyle-query v1.0.0
[INFO] [stderr]     Checking anstyle v1.0.1
[INFO] [stderr]     Checking raw-window-handle v0.5.2
[INFO] [stderr]     Checking tinyvec v1.6.0
[INFO] [stderr]     Checking hashbrown v0.13.2
[INFO] [stderr]     Checking wayland-commons v0.29.5
[INFO] [stderr]     Checking x11rb-protocol v0.10.0
[INFO] [stderr]     Checking rayon v1.7.0
[INFO] [stderr]    Compiling wayland-client v0.29.5
[INFO] [stderr]    Compiling wayland-protocols v0.29.5
[INFO] [stderr]    Compiling wasm-bindgen-backend v0.2.87
[INFO] [stderr]    Compiling darling_core v0.14.4
[INFO] [stderr]     Checking owned_ttf_parser v0.19.0
[INFO] [stderr]     Checking ab_glyph v0.2.21
[INFO] [stderr]     Checking is-terminal v0.4.7
[INFO] [stderr]    Compiling winit v0.28.6
[INFO] [stderr]     Checking anstream v0.3.2
[INFO] [stderr]     Checking crossbeam v0.8.2
[INFO] [stderr]     Checking num-traits v0.1.43
[INFO] [stderr]    Compiling glutin-winit v0.3.0
[INFO] [stderr]     Checking ogg v0.8.0
[INFO] [stderr]     Checking libloading v0.7.4
[INFO] [stderr]     Checking jpeg-decoder v0.3.0
[INFO] [stderr]     Checking color_quant v1.1.0
[INFO] [stderr]     Checking percent-encoding v2.3.0
[INFO] [stderr]     Checking bit-vec v0.6.3
[INFO] [stderr]     Checking clap_lex v0.5.0
[INFO] [stderr]    Compiling wasm-bindgen-macro-support v0.2.87
[INFO] [stderr]     Checking strum v0.24.1
[INFO] [stderr]     Checking ttf-parser v0.15.2
[INFO] [stderr]     Checking tiff v0.8.1
[INFO] [stderr]     Checking sysinfo v0.26.9
[INFO] [stderr]     Checking clap_builder v4.3.8
[INFO] [stderr]     Checking gif v0.12.0
[INFO] [stderr]     Checking fontdue v0.7.3
[INFO] [stderr]     Checking tinyaudio v0.1.1
[INFO] [stderr]     Checking lewton v0.10.2
[INFO] [stderr]     Checking enum_primitive v0.1.1
[INFO] [stderr]     Checking adler32 v1.2.0
[INFO] [stderr]     Checking hound v3.5.0
[INFO] [stderr]     Checking inflate v0.4.5
[INFO] [stderr]     Checking ddsfile v0.5.1
[INFO] [stderr]     Checking image v0.24.6
[INFO] [stderr]     Checking half v2.2.1
[INFO] [stderr]     Checking glow v0.12.2
[INFO] [stderr]     Checking tbc v0.3.0
[INFO] [stderr]     Checking strum v0.25.0
[INFO] [stderr]     Checking equivalent v1.0.0
[INFO] [stderr]     Checking hashbrown v0.14.0
[INFO] [stderr]     Checking winnow v0.4.7
[INFO] [stderr]     Checking indexmap v2.0.0
[INFO] [stderr] error: could not compile `syn` (lib)
[INFO] [stderr] 
[INFO] [stderr] Caused by:
[INFO] [stderr]   process didn't exit successfully: `/opt/rustwide/rustup-home/toolchains/beta-2023-12-22-x86_64-unknown-linux-gnu/bin/rustc --crate-name syn --edition=2018 /opt/rustwide/cargo-home/registry/src/index.crates.io-6f17d22bba15001f/syn-1.0.109/src/lib.rs --error-format=json --json=diagnostic-rendered-ansi,artifacts,future-incompat --crate-type lib --emit=dep-info,metadata,link -C opt-level=3 -C embed-bitcode=no -C debug-assertions=on --cfg 'feature="clone-impls"' --cfg 'feature="default"' --cfg 'feature="derive"' --cfg 'feature="extra-traits"' --cfg 'feature="full"' --cfg 'feature="parsing"' --cfg 'feature="printing"' --cfg 'feature="proc-macro"' --cfg 'feature="quote"' --cfg 'feature="visit-mut"' -C metadata=a32d534ac2dfc1ca -C extra-filename=-a32d534ac2dfc1ca --out-dir /opt/rustwide/target/debug/deps -L dependency=/opt/rustwide/target/debug/deps --extern proc_macro2=/opt/rustwide/target/debug/deps/libproc_macro2-1a81d80957fb4e4f.rmeta --extern quote=/opt/rustwide/target/debug/deps/libquote-05cdf3211bcd036d.rmeta --extern unicode_ident=/opt/rustwide/target/debug/deps/libunicode_ident-81a6e4f58e098dd1.rmeta --cap-lints allow --cap-lints=warn --cfg syn_disable_nightly_tests` (signal: 9, SIGKILL: kill)
[INFO] [stderr] warning: build failed, waiting for other jobs to finish...
[INFO] running `Command { std: "docker" "inspect" "c305b68371ac0b8bfe2833c74538684ae5de2078cb2af5e8ea732ed170ba051d", kill_on_drop: false }`
[INFO] running `Command { std: "docker" "rm" "-f" "c305b68371ac0b8bfe2833c74538684ae5de2078cb2af5e8ea732ed170ba051d", kill_on_drop: false }`
[INFO] [stdout] c305b68371ac0b8bfe2833c74538684ae5de2078cb2af5e8ea732ed170ba051d
