[INFO] cloning repository https://github.com/3TiSite/rust
[INFO] running `Command { std: "git" "-c" "credential.helper=" "-c" "credential.helper=/workspace/cargo-home/bin/git-credential-null" "clone" "--bare" "https://github.com/3TiSite/rust" "/workspace/cache/git-repos/https%3A%2F%2Fgithub.com%2F3TiSite%2Frust", kill_on_drop: false }`
[INFO] [stderr] Cloning into bare repository '/workspace/cache/git-repos/https%3A%2F%2Fgithub.com%2F3TiSite%2Frust'...
[INFO] running `Command { std: "git" "rev-parse" "HEAD", kill_on_drop: false }`
[INFO] [stdout] f9640ca12ee0e114d0cc760dd7a62bac1028dd39
[INFO] documenting 3TiSite/rust against 1.75.0 for beta-1.76-rustdoc-1
[INFO] running `Command { std: "git" "clone" "/workspace/cache/git-repos/https%3A%2F%2Fgithub.com%2F3TiSite%2Frust" "/workspace/builds/worker-6-tc1/source", kill_on_drop: false }`
[INFO] [stderr] Cloning into '/workspace/builds/worker-6-tc1/source'...
[INFO] [stderr] done.
[INFO] validating manifest of git repo https://github.com/3TiSite/rust on toolchain 1.75.0
[INFO] running `Command { std: CARGO_HOME="/workspace/cargo-home" RUSTUP_HOME="/workspace/rustup-home" "/workspace/cargo-home/bin/cargo" "+1.75.0" "metadata" "--manifest-path" "Cargo.toml" "--no-deps", kill_on_drop: false }`
[INFO] started tweaking git repo https://github.com/3TiSite/rust
[INFO] finished tweaking git repo https://github.com/3TiSite/rust
[INFO] tweaked toml for git repo https://github.com/3TiSite/rust written to /workspace/builds/worker-6-tc1/source/Cargo.toml
[INFO] crate git repo https://github.com/3TiSite/rust already has a lockfile, it will not be regenerated
[INFO] running `Command { std: CARGO_HOME="/workspace/cargo-home" RUSTUP_HOME="/workspace/rustup-home" "/workspace/cargo-home/bin/cargo" "+1.75.0" "fetch" "--manifest-path" "Cargo.toml", kill_on_drop: false }`
[INFO] [stderr] warning: profiles for the non root package will be ignored, specify profiles at the workspace root:
[INFO] [stderr] package:   /workspace/builds/worker-6-tc1/source/sts/Cargo.toml
[INFO] [stderr] workspace: /workspace/builds/worker-6-tc1/source/Cargo.toml
[INFO] [stderr]     Updating crates.io index
[INFO] [stderr]  Downloading crates ...
[INFO] [stderr]   Downloaded coarsetime v0.1.33
[INFO] [stderr]   Downloaded saturating v0.1.0
[INFO] [stderr]   Downloaded frunk v0.4.2
[INFO] [stderr]   Downloaded trt v0.1.21
[INFO] [stderr]   Downloaded serde v1.0.194
[INFO] [stderr]   Downloaded syn v2.0.47
[INFO] [stderr]   Downloaded axum-core v0.4.2
[INFO] [stderr]   Downloaded mysql-common-derive v0.30.2
[INFO] [stderr]   Downloaded mysql_common v0.31.0
[INFO] [stderr]   Downloaded tiny-skia v0.11.3
[INFO] [stderr]   Downloaded rustybuzz v0.12.1
[INFO] [stderr]   Downloaded mail-parser v0.9.2
[INFO] [stderr]   Downloaded tracing-stackdriver v0.9.0
[INFO] [stderr]   Downloaded libwebp-sys v0.9.4
[INFO] [stderr]   Downloaded sonic-rs v0.3.1
[INFO] [stderr]   Downloaded keyed_priority_queue v0.4.2
[INFO] [stderr]   Downloaded h3-quinn v0.0.4
[INFO] [stderr]   Downloaded webp v0.2.6
[INFO] [stderr]   Downloaded xstr v0.1.9
[INFO] [stderr]   Downloaded mail-auth v0.3.7
[INFO] [stderr]   Downloaded gxhash v3.1.0
[INFO] [stderr]   Downloaded usvg-parser v0.37.0
[INFO] [stderr]   Downloaded tokio-rustls v0.25.0
[INFO] [stderr]   Downloaded webpki-roots v0.26.0
[INFO] [stderr]   Downloaded genv v0.1.5
[INFO] [stderr]   Downloaded tiny-skia-path v0.11.3
[INFO] [stderr]   Downloaded mail-send v0.4.6
[INFO] [stderr]   Downloaded usvg v0.37.0
[INFO] [stderr]   Downloaded hyper-util v0.1.2
[INFO] [stderr]   Downloaded rustls-pemfile v2.0.0
[INFO] [stderr]   Downloaded h3 v0.0.3
[INFO] [stderr]   Downloaded usvg-tree v0.37.0
[INFO] [stderr]   Downloaded psl v2.1.13
[INFO] [stderr]   Downloaded smtp-proto v0.1.3
[INFO] [stderr]   Downloaded usvg-text-layout v0.37.0
[INFO] [stderr]   Downloaded svgtypes v0.13.0
[INFO] [stderr]   Downloaded punycode v0.4.1
[INFO] [stderr]   Downloaded axum v0.7.3
[INFO] [stderr]   Downloaded resvg v0.37.0
[INFO] [stderr]   Downloaded roxmltree v0.19.0
[INFO] [stderr]   Downloaded hyper v1.1.0
[INFO] [stderr]   Downloaded serde_derive v1.0.194
[INFO] [stderr]   Downloaded page_size v0.6.0
[INFO] [stderr]   Downloaded frunk_proc_macro_helpers v0.1.2
[INFO] [stderr]   Downloaded fontdb v0.16.0
[INFO] [stderr]   Downloaded proc-macro2 v1.0.75
[INFO] [stderr]   Downloaded frunk_proc_macros v0.1.2
[INFO] [stderr]   Downloaded winnow v0.5.32
[INFO] [stderr]   Downloaded bigdecimal v0.4.2
[INFO] [stderr]   Downloaded mysql_async v0.33.0
[INFO] [stderr]   Downloaded frunk_derives v0.4.2
[INFO] [stderr]   Downloaded lru v0.12.1
[INFO] running `Command { std: "docker" "create" "-v" "/var/lib/crater-agent-workspace/builds/worker-6-tc1/target:/opt/rustwide/target:rw,Z" "-v" "/var/lib/crater-agent-workspace/builds/worker-6-tc1/source:/opt/rustwide/workdir:ro,Z" "-v" "/var/lib/crater-agent-workspace/cargo-home:/opt/rustwide/cargo-home:ro,Z" "-v" "/var/lib/crater-agent-workspace/rustup-home:/opt/rustwide/rustup-home:ro,Z" "-e" "SOURCE_DIR=/opt/rustwide/workdir" "-e" "CARGO_TARGET_DIR=/opt/rustwide/target" "-e" "CARGO_HOME=/opt/rustwide/cargo-home" "-e" "RUSTUP_HOME=/opt/rustwide/rustup-home" "-w" "/opt/rustwide/workdir" "-m" "1610612736" "--user" "0:0" "--network" "none" "ghcr.io/rust-lang/crates-build-env/linux@sha256:2788e3201cd34a07e3172128adcd8b3090168a8e3bcc40d7c032b9dda1df7d1c" "/opt/rustwide/cargo-home/bin/cargo" "+1.75.0" "metadata" "--no-deps" "--format-version=1", kill_on_drop: false }`
[INFO] [stdout] 2c21495487bef517e47ddee7bd1ee730e06d7fbeb3b374a63aacc47e7dfd8684
[INFO] running `Command { std: "docker" "start" "-a" "2c21495487bef517e47ddee7bd1ee730e06d7fbeb3b374a63aacc47e7dfd8684", kill_on_drop: false }`
[INFO] running `Command { std: "docker" "inspect" "2c21495487bef517e47ddee7bd1ee730e06d7fbeb3b374a63aacc47e7dfd8684", kill_on_drop: false }`
[INFO] running `Command { std: "docker" "rm" "-f" "2c21495487bef517e47ddee7bd1ee730e06d7fbeb3b374a63aacc47e7dfd8684", kill_on_drop: false }`
[INFO] [stdout] 2c21495487bef517e47ddee7bd1ee730e06d7fbeb3b374a63aacc47e7dfd8684
[INFO] running `Command { std: "docker" "create" "-v" "/var/lib/crater-agent-workspace/builds/worker-6-tc1/target:/opt/rustwide/target:rw,Z" "-v" "/var/lib/crater-agent-workspace/builds/worker-6-tc1/source:/opt/rustwide/workdir:ro,Z" "-v" "/var/lib/crater-agent-workspace/cargo-home:/opt/rustwide/cargo-home:ro,Z" "-v" "/var/lib/crater-agent-workspace/rustup-home:/opt/rustwide/rustup-home:ro,Z" "-e" "SOURCE_DIR=/opt/rustwide/workdir" "-e" "CARGO_TARGET_DIR=/opt/rustwide/target" "-e" "CARGO_INCREMENTAL=0" "-e" "RUST_BACKTRACE=full" "-e" "RUSTFLAGS=--cap-lints=warn" "-e" "RUSTDOCFLAGS=--cap-lints=warn" "-e" "CARGO_HOME=/opt/rustwide/cargo-home" "-e" "RUSTUP_HOME=/opt/rustwide/rustup-home" "-w" "/opt/rustwide/workdir" "-m" "1610612736" "--user" "0:0" "--network" "none" "ghcr.io/rust-lang/crates-build-env/linux@sha256:2788e3201cd34a07e3172128adcd8b3090168a8e3bcc40d7c032b9dda1df7d1c" "/opt/rustwide/cargo-home/bin/cargo" "+1.75.0" "doc" "--frozen" "--no-deps" "--document-private-items" "--message-format=json", kill_on_drop: false }`
[INFO] [stdout] 9420febc5d020ecea63fd1fc7a96d3f16a570ccd25543835d1d597a520641238
[INFO] running `Command { std: "docker" "start" "-a" "9420febc5d020ecea63fd1fc7a96d3f16a570ccd25543835d1d597a520641238", kill_on_drop: false }`
[INFO] [stderr] warning: profiles for the non root package will be ignored, specify profiles at the workspace root:
[INFO] [stderr] package:   /opt/rustwide/workdir/sts/Cargo.toml
[INFO] [stderr] workspace: /opt/rustwide/workdir/Cargo.toml
[INFO] [stderr]    Compiling libc v0.2.151
[INFO] [stderr]    Compiling proc-macro2 v1.0.75
[INFO] [stderr]    Compiling unicode-ident v1.0.12
[INFO] [stderr]     Checking cfg-if v1.0.0
[INFO] [stderr]    Compiling autocfg v1.1.0
[INFO] [stderr]    Compiling version_check v0.9.4
[INFO] [stderr]     Checking log v0.4.20
[INFO] [stderr]     Checking once_cell v1.19.0
[INFO] [stderr]     Checking pin-project-lite v0.2.13
[INFO] [stderr]     Checking bytes v1.5.0
[INFO] [stderr]    Compiling pkg-config v0.3.28
[INFO] [stderr]     Checking scopeguard v1.2.0
[INFO] [stderr]     Checking memchr v2.7.1
[INFO] [stderr]     Checking smallvec v1.11.2
[INFO] [stderr]     Checking itoa v1.0.10
[INFO] [stderr]     Checking futures-core v0.3.30
[INFO] [stderr]    Compiling vcpkg v0.2.15
[INFO] [stderr]     Checking futures-sink v0.3.30
[INFO] [stderr]     Checking pin-utils v0.1.0
[INFO] [stderr]     Checking futures-io v0.3.30
[INFO] [stderr]     Checking futures-task v0.3.30
[INFO] [stderr]     Checking zerocopy v0.7.32
[INFO] [stderr]     Checking futures-channel v0.3.30
[INFO] [stderr]    Compiling serde v1.0.194
[INFO] [stderr]     Checking tracing-core v0.1.32
[INFO] [stderr]     Checking tinyvec_macros v0.1.1
[INFO] [stderr]    Compiling thiserror v1.0.56
[INFO] [stderr]     Checking tinyvec v1.6.0
[INFO] [stderr]     Checking fnv v1.0.7
[INFO] [stderr]     Checking allocator-api2 v0.2.16
[INFO] [stderr]    Compiling ahash v0.8.7
[INFO] [stderr]     Checking ppv-lite86 v0.2.17
[INFO] [stderr]     Checking equivalent v1.0.1
[INFO] [stderr]    Compiling lock_api v0.4.11
[INFO] [stderr]    Compiling slab v0.4.9
[INFO] [stderr]     Checking percent-encoding v2.3.1
[INFO] [stderr]    Compiling anyhow v1.0.79
[INFO] [stderr]     Checking bitflags v1.3.2
[INFO] [stderr]     Checking form_urlencoded v1.2.1
[INFO] [stderr]    Compiling syn v1.0.109
[INFO] [stderr]     Checking base64 v0.21.5
[INFO] [stderr]     Checking untrusted v0.9.0
[INFO] [stderr]     Checking ryu v1.0.16
[INFO] [stderr]     Checking unicode-bidi v0.3.14
[INFO] [stderr]    Compiling serde_json v1.0.111
[INFO] [stderr]     Checking simd-adler32 v0.3.7
[INFO] [stderr]    Compiling cfg_aliases v0.1.1
[INFO] [stderr]     Checking bitflags v2.4.1
[INFO] [stderr]    Compiling crc32fast v1.3.2
[INFO] [stderr]     Checking adler v1.0.2
[INFO] [stderr]    Compiling httparse v1.8.0
[INFO] [stderr]    Compiling typenum v1.17.0
[INFO] [stderr]     Checking spin v0.9.8
[INFO] [stderr]     Checking miniz_oxide v0.7.1
[INFO] [stderr]    Compiling parking_lot_core v0.8.6
[INFO] [stderr]    Compiling quote v1.0.35
[INFO] [stderr]    Compiling static_init_macro v1.0.2
[INFO] [stderr]    Compiling num-traits v0.2.17
[INFO] [stderr]    Compiling generic-array v0.14.7
[INFO] [stderr]     Checking instant v0.1.12
[INFO] [stderr]    Compiling rustls v0.21.10
[INFO] [stderr]     Checking unicode-normalization v0.1.22
[INFO] [stderr]    Compiling jobserver v0.1.27
[INFO] [stderr]    Compiling syn v2.0.47
[INFO] [stderr]     Checking getrandom v0.2.11
[INFO] [stderr]     Checking socket2 v0.5.5
[INFO] [stderr]     Checking num_cpus v1.16.0
[INFO] [stderr]     Checking mio v0.8.10
[INFO] [stderr]    Compiling cc v1.0.83
[INFO] [stderr]     Checking rand_core v0.6.4
[INFO] [stderr]    Compiling static_init v1.0.3
[INFO] [stderr]     Checking tower-service v0.3.2
[INFO] [stderr]     Checking httpdate v1.0.3
[INFO] [stderr]     Checking parking_lot v0.11.2
[INFO] [stderr]    Compiling crossbeam-utils v0.8.18
[INFO] [stderr]    Compiling async-trait v0.1.77
[INFO] [stderr]     Checking idna v0.5.0
[INFO] [stderr]     Checking rand_chacha v0.3.1
[INFO] [stderr]     Checking untrusted v0.7.1
[INFO] [stderr]     Checking hashbrown v0.14.3
[INFO] [stderr]     Checking spin v0.5.2
[INFO] [stderr]     Checking mime v0.3.17
[INFO] [stderr]     Checking subtle v2.5.0
[INFO] [stderr]    Compiling glob v0.3.1
[INFO] [stderr]    Compiling openssl v0.10.62
[INFO] [stderr]     Checking foreign-types-shared v0.1.1
[INFO] [stderr]    Compiling num-integer v0.1.45
[INFO] [stderr]     Checking rand v0.8.5
[INFO] [stderr]     Checking foreign-types v0.3.2
[INFO] [stderr]     Checking http v0.2.11
[INFO] [stderr]    Compiling native-tls v0.2.11
[INFO] [stderr]     Checking arrayref v0.3.7
[INFO] [stderr]     Checking rustls-pemfile v1.0.4
[INFO] [stderr]    Compiling unicase v2.7.0
[INFO] [stderr]     Checking ipnet v2.9.0
[INFO] [stderr]     Checking url v2.5.0
[INFO] [stderr]     Checking arrayvec v0.7.4
[INFO] [stderr]     Checking openssl-probe v0.1.5
[INFO] [stderr]    Compiling parking_lot_core v0.9.9
[INFO] [stderr]     Checking byteorder v1.5.0
[INFO] [stderr]     Checking encoding_rs v0.8.33
[INFO] [stderr]     Checking cpufeatures v0.2.11
[INFO] [stderr]     Checking indexmap v2.1.0
[INFO] [stderr]     Checking try-lock v0.2.5
[INFO] [stderr]    Compiling strsim v0.10.0
[INFO] [stderr]     Checking bytemuck v1.14.0
[INFO] [stderr]    Compiling ident_case v1.0.1
[INFO] [stderr]    Compiling heck v0.4.1
[INFO] [stderr]     Checking alloc-no-stdlib v2.0.4
[INFO] [stderr]     Checking crossbeam-epoch v0.9.17
[INFO] [stderr]     Checking want v0.3.1
[INFO] [stderr]     Checking http-body v0.4.6
[INFO] [stderr]     Checking alloc-stdlib v0.2.2
[INFO] [stderr]     Checking const-str v0.5.6
[INFO] [stderr]     Checking rustc-hash v1.1.0
[INFO] [stderr]     Checking parking_lot v0.12.1
[INFO] [stderr]    Compiling rustversion v1.0.14
[INFO] [stderr]     Checking powerfmt v0.2.0
[INFO] [stderr]     Checking brotli-decompressor v2.5.1
[INFO] [stderr]    Compiling mime_guess v2.0.4
[INFO] [stderr]     Checking crossbeam-deque v0.8.4
[INFO] [stderr]     Checking http v1.0.0
[INFO] [stderr]     Checking deranged v0.3.11
[INFO] [stderr]     Checking fastrand v2.0.1
[INFO] [stderr]     Checking time-core v0.1.2
[INFO] [stderr]    Compiling rayon-core v1.12.0
[INFO] [stderr]    Compiling ring v0.17.7
[INFO] [stderr]    Compiling libz-sys v1.1.12
[INFO] [stderr]    Compiling openssl-sys v0.9.98
[INFO] [stderr]    Compiling ring v0.16.20
[INFO] [stderr]    Compiling zstd-sys v2.0.9+zstd.1.5.5
[INFO] [stderr]     Checking siphasher v0.3.11
[INFO] [stderr]     Checking rustls-pki-types v1.1.0
[INFO] [stderr]     Checking crypto-common v0.1.6
[INFO] [stderr]     Checking block-buffer v0.10.4
[INFO] [stderr]    Compiling bzip2-sys v0.1.11+1.0.8
[INFO] [stderr]     Checking digest v0.10.7
[INFO] [stderr]    Compiling clang-sys v1.7.0
[INFO] [stderr]    Compiling zstd-safe v5.0.2+zstd.1.5.2
[INFO] [stderr]     Checking sha2 v0.10.8
[INFO] [stderr]     Checking sha1 v0.10.6
[INFO] [stderr]     Checking http-body v1.0.0
[INFO] [stderr]     Checking flate2 v1.0.28
[INFO] [stderr]     Checking float-cmp v0.9.0
[INFO] [stderr]     Checking inout v0.1.3
[INFO] [stderr]    Compiling num-bigint v0.4.4
[INFO] [stderr]     Checking time v0.3.31
[INFO] [stderr]     Checking brotli v3.4.0
[INFO] [stderr]     Checking strict-num v0.1.1
[INFO] [stderr]     Checking base64ct v1.6.0
[INFO] [stderr]     Checking match_cfg v0.1.0
[INFO] [stderr]    Compiling minimal-lexical v0.2.1
[INFO] [stderr]    Compiling regex-syntax v0.8.2
[INFO] [stderr]     Checking tiny-skia-path v0.11.3
[INFO] [stderr]     Checking password-hash v0.4.2
[INFO] [stderr]     Checking hostname v0.3.1
[INFO] [stderr]    Compiling nom v7.1.3
[INFO] [stderr]    Compiling libloading v0.8.1
[INFO] [stderr]     Checking cipher v0.4.4
[INFO] [stderr]    Compiling axum-core v0.4.2
[INFO] [stderr]     Checking hmac v0.12.1
[INFO] [stderr]     Checking kurbo v0.9.5
[INFO] [stderr]     Checking idna v0.4.0
[INFO] [stderr]     Checking aho-corasick v1.1.2
[INFO] [stderr]    Compiling slotmap v1.0.7
[INFO] [stderr]    Compiling proc-macro-error-attr v1.0.4
[INFO] [stderr]     Checking either v1.9.0
[INFO] [stderr]     Checking xmlparser v0.13.6
[INFO] [stderr]     Checking quick-error v1.2.3
[INFO] [stderr]    Compiling frunk_core v0.4.2
[INFO] [stderr]     Checking data-encoding v2.5.0
[INFO] [stderr]     Checking simdutf8 v0.1.4
[INFO] [stderr]     Checking tower-layer v0.3.2
[INFO] [stderr]     Checking linked-hash-map v0.5.6
[INFO] [stderr]    Compiling bindgen v0.69.1
[INFO] [stderr]    Compiling rustls v0.22.1
[INFO] [stderr]    Compiling darling_core v0.20.3
[INFO] [stderr]     Checking lru-cache v0.1.2
[INFO] [stderr]     Checking svgtypes v0.13.0
[INFO] [stderr]     Checking roxmltree v0.18.1
[INFO] [stderr]     Checking resolv-conf v0.7.0
[INFO] [stderr]     Checking rayon v1.8.0
[INFO] [stderr]     Checking pbkdf2 v0.11.0
[INFO] [stderr]     Checking aes v0.8.3
[INFO] [stderr]    Compiling axum v0.7.3
[INFO] [stderr]     Checking page_size v0.6.0
[INFO] [stderr]     Checking gethostname v0.4.3
[INFO] [stderr]     Checking fdeflate v0.3.3
[INFO] [stderr]    Compiling proc-macro-error v1.0.4
[INFO] [stderr]    Compiling libm v0.2.8
[INFO] [stderr]     Checking bumpalo v3.14.0
[INFO] [stderr]    Compiling cexpr v0.6.0
[INFO] [stderr]    Compiling regex-automata v0.4.3
[INFO] [stderr]     Checking zeroize v1.7.0
[INFO] [stderr]     Checking ttf-parser v0.20.0
[INFO] [stderr]    Compiling shlex v1.2.0
[INFO] [stderr]    Compiling lazy_static v1.4.0
[INFO] [stderr]     Checking rctree v0.5.0
[INFO] [stderr]    Compiling toml_datetime v0.6.5
[INFO] [stderr]    Compiling winnow v0.5.32
[INFO] [stderr]    Compiling zstd-safe v6.0.6
[INFO] [stderr]    Compiling peeking_take_while v0.1.2
[INFO] [stderr]    Compiling radium v0.7.0
[INFO] [stderr] error: could not compile `brotli` (lib)
[INFO] [stderr] 
[INFO] [stderr] Caused by:
[INFO] [stderr]   process didn't exit successfully: `/opt/rustwide/rustup-home/toolchains/1.75.0-x86_64-unknown-linux-gnu/bin/rustc --crate-name brotli /opt/rustwide/cargo-home/registry/src/index.crates.io-6f17d22bba15001f/brotli-3.4.0/src/lib.rs --error-format=json --json=diagnostic-rendered-ansi,artifacts,future-incompat --crate-type lib --emit=dep-info,metadata -C embed-bitcode=no -C debuginfo=2 -C split-debuginfo=unpacked --cfg 'feature="alloc-stdlib"' --cfg 'feature="std"' -C metadata=b1d84ff25d664ef7 -C extra-filename=-b1d84ff25d664ef7 --out-dir /opt/rustwide/target/debug/deps -L dependency=/opt/rustwide/target/debug/deps --extern alloc_no_stdlib=/opt/rustwide/target/debug/deps/liballoc_no_stdlib-2ceb9fb2ed5aebbe.rmeta --extern alloc_stdlib=/opt/rustwide/target/debug/deps/liballoc_stdlib-abed622b591fdf50.rmeta --extern brotli_decompressor=/opt/rustwide/target/debug/deps/libbrotli_decompressor-2914b8ee47744980.rmeta --cap-lints allow --cap-lints=warn` (signal: 9, SIGKILL: kill)
[INFO] [stderr] warning: build failed, waiting for other jobs to finish...
[INFO] running `Command { std: "docker" "inspect" "9420febc5d020ecea63fd1fc7a96d3f16a570ccd25543835d1d597a520641238", kill_on_drop: false }`
[INFO] running `Command { std: "docker" "rm" "-f" "9420febc5d020ecea63fd1fc7a96d3f16a570ccd25543835d1d597a520641238", kill_on_drop: false }`
[INFO] [stdout] 9420febc5d020ecea63fd1fc7a96d3f16a570ccd25543835d1d597a520641238
[INFO] documenting 3TiSite/rust against beta-2023-12-22 for beta-1.76-rustdoc-1
[INFO] running `Command { std: "git" "clone" "/workspace/cache/git-repos/https%3A%2F%2Fgithub.com%2F3TiSite%2Frust" "/workspace/builds/worker-6-tc2/source", kill_on_drop: false }`
[INFO] [stderr] Cloning into '/workspace/builds/worker-6-tc2/source'...
[INFO] [stderr] done.
[INFO] validating manifest of git repo https://github.com/3TiSite/rust on toolchain beta-2023-12-22
[INFO] running `Command { std: CARGO_HOME="/workspace/cargo-home" RUSTUP_HOME="/workspace/rustup-home" "/workspace/cargo-home/bin/cargo" "+beta-2023-12-22" "metadata" "--manifest-path" "Cargo.toml" "--no-deps", kill_on_drop: false }`
[INFO] started tweaking git repo https://github.com/3TiSite/rust
[INFO] finished tweaking git repo https://github.com/3TiSite/rust
[INFO] tweaked toml for git repo https://github.com/3TiSite/rust written to /workspace/builds/worker-6-tc2/source/Cargo.toml
[INFO] crate git repo https://github.com/3TiSite/rust already has a lockfile, it will not be regenerated
[INFO] running `Command { std: CARGO_HOME="/workspace/cargo-home" RUSTUP_HOME="/workspace/rustup-home" "/workspace/cargo-home/bin/cargo" "+beta-2023-12-22" "fetch" "--manifest-path" "Cargo.toml", kill_on_drop: false }`
[INFO] [stderr] warning: profiles for the non root package will be ignored, specify profiles at the workspace root:
[INFO] [stderr] package:   /workspace/builds/worker-6-tc2/source/sts/Cargo.toml
[INFO] [stderr] workspace: /workspace/builds/worker-6-tc2/source/Cargo.toml
[INFO] running `Command { std: "docker" "create" "-v" "/var/lib/crater-agent-workspace/builds/worker-6-tc2/target:/opt/rustwide/target:rw,Z" "-v" "/var/lib/crater-agent-workspace/builds/worker-6-tc2/source:/opt/rustwide/workdir:ro,Z" "-v" "/var/lib/crater-agent-workspace/cargo-home:/opt/rustwide/cargo-home:ro,Z" "-v" "/var/lib/crater-agent-workspace/rustup-home:/opt/rustwide/rustup-home:ro,Z" "-e" "SOURCE_DIR=/opt/rustwide/workdir" "-e" "CARGO_TARGET_DIR=/opt/rustwide/target" "-e" "CARGO_HOME=/opt/rustwide/cargo-home" "-e" "RUSTUP_HOME=/opt/rustwide/rustup-home" "-w" "/opt/rustwide/workdir" "-m" "1610612736" "--user" "0:0" "--network" "none" "ghcr.io/rust-lang/crates-build-env/linux@sha256:2788e3201cd34a07e3172128adcd8b3090168a8e3bcc40d7c032b9dda1df7d1c" "/opt/rustwide/cargo-home/bin/cargo" "+beta-2023-12-22" "metadata" "--no-deps" "--format-version=1", kill_on_drop: false }`
[INFO] [stdout] d31b7d88455c60376bc4a8347e25d0f24a8e9908a87fc0001dafe67e05443e34
[INFO] running `Command { std: "docker" "start" "-a" "d31b7d88455c60376bc4a8347e25d0f24a8e9908a87fc0001dafe67e05443e34", kill_on_drop: false }`
[INFO] running `Command { std: "docker" "inspect" "d31b7d88455c60376bc4a8347e25d0f24a8e9908a87fc0001dafe67e05443e34", kill_on_drop: false }`
[INFO] running `Command { std: "docker" "rm" "-f" "d31b7d88455c60376bc4a8347e25d0f24a8e9908a87fc0001dafe67e05443e34", kill_on_drop: false }`
[INFO] [stdout] d31b7d88455c60376bc4a8347e25d0f24a8e9908a87fc0001dafe67e05443e34
[INFO] running `Command { std: "docker" "create" "-v" "/var/lib/crater-agent-workspace/builds/worker-6-tc2/target:/opt/rustwide/target:rw,Z" "-v" "/var/lib/crater-agent-workspace/builds/worker-6-tc2/source:/opt/rustwide/workdir:ro,Z" "-v" "/var/lib/crater-agent-workspace/cargo-home:/opt/rustwide/cargo-home:ro,Z" "-v" "/var/lib/crater-agent-workspace/rustup-home:/opt/rustwide/rustup-home:ro,Z" "-e" "SOURCE_DIR=/opt/rustwide/workdir" "-e" "CARGO_TARGET_DIR=/opt/rustwide/target" "-e" "CARGO_INCREMENTAL=0" "-e" "RUST_BACKTRACE=full" "-e" "RUSTFLAGS=--cap-lints=warn" "-e" "RUSTDOCFLAGS=--cap-lints=warn" "-e" "CARGO_HOME=/opt/rustwide/cargo-home" "-e" "RUSTUP_HOME=/opt/rustwide/rustup-home" "-w" "/opt/rustwide/workdir" "-m" "1610612736" "--user" "0:0" "--network" "none" "ghcr.io/rust-lang/crates-build-env/linux@sha256:2788e3201cd34a07e3172128adcd8b3090168a8e3bcc40d7c032b9dda1df7d1c" "/opt/rustwide/cargo-home/bin/cargo" "+beta-2023-12-22" "doc" "--frozen" "--no-deps" "--document-private-items" "--message-format=json", kill_on_drop: false }`
[INFO] [stdout] 7b1c7c06a03a89f51e69d1a0eb9c3c4a648bae678ee6ded5fe00285e3df5472b
[INFO] running `Command { std: "docker" "start" "-a" "7b1c7c06a03a89f51e69d1a0eb9c3c4a648bae678ee6ded5fe00285e3df5472b", kill_on_drop: false }`
[INFO] [stderr] warning: profiles for the non root package will be ignored, specify profiles at the workspace root:
[INFO] [stderr] package:   /opt/rustwide/workdir/sts/Cargo.toml
[INFO] [stderr] workspace: /opt/rustwide/workdir/Cargo.toml
[INFO] [stderr]    Compiling libc v0.2.151
[INFO] [stderr]    Compiling proc-macro2 v1.0.75
[INFO] [stderr]    Compiling unicode-ident v1.0.12
[INFO] [stderr]     Checking cfg-if v1.0.0
[INFO] [stderr]    Compiling autocfg v1.1.0
[INFO] [stderr]    Compiling version_check v0.9.4
[INFO] [stderr]     Checking log v0.4.20
[INFO] [stderr]     Checking once_cell v1.19.0
[INFO] [stderr]     Checking pin-project-lite v0.2.13
[INFO] [stderr]     Checking bytes v1.5.0
[INFO] [stderr]    Compiling pkg-config v0.3.28
[INFO] [stderr]     Checking scopeguard v1.2.0
[INFO] [stderr]     Checking memchr v2.7.1
[INFO] [stderr]     Checking smallvec v1.11.2
[INFO] [stderr]     Checking futures-core v0.3.30
[INFO] [stderr]     Checking itoa v1.0.10
[INFO] [stderr]    Compiling vcpkg v0.2.15
[INFO] [stderr]     Checking futures-sink v0.3.30
[INFO] [stderr]     Checking pin-utils v0.1.0
[INFO] [stderr]     Checking futures-io v0.3.30
[INFO] [stderr]     Checking futures-task v0.3.30
[INFO] [stderr]     Checking zerocopy v0.7.32
[INFO] [stderr]    Compiling serde v1.0.194
[INFO] [stderr]     Checking futures-channel v0.3.30
[INFO] [stderr]     Checking tinyvec_macros v0.1.1
[INFO] [stderr]     Checking tracing-core v0.1.32
[INFO] [stderr]    Compiling thiserror v1.0.56
[INFO] [stderr]     Checking tinyvec v1.6.0
[INFO] [stderr]     Checking fnv v1.0.7
[INFO] [stderr]     Checking allocator-api2 v0.2.16
[INFO] [stderr]     Checking ppv-lite86 v0.2.17
[INFO] [stderr]    Compiling anyhow v1.0.79
[INFO] [stderr]    Compiling lock_api v0.4.11
[INFO] [stderr]    Compiling slab v0.4.9
[INFO] [stderr]    Compiling ahash v0.8.7
[INFO] [stderr]     Checking bitflags v1.3.2
[INFO] [stderr]     Checking percent-encoding v2.3.1
[INFO] [stderr]     Checking equivalent v1.0.1
[INFO] [stderr]     Checking untrusted v0.9.0
[INFO] [stderr]     Checking ryu v1.0.16
[INFO] [stderr]    Compiling syn v1.0.109
[INFO] [stderr]     Checking base64 v0.21.5
[INFO] [stderr]     Checking unicode-bidi v0.3.14
[INFO] [stderr]     Checking form_urlencoded v1.2.1
[INFO] [stderr]    Compiling serde_json v1.0.111
[INFO] [stderr]     Checking simd-adler32 v0.3.7
[INFO] [stderr]    Compiling cfg_aliases v0.1.1
[INFO] [stderr]    Compiling crc32fast v1.3.2
[INFO] [stderr]     Checking bitflags v2.4.1
[INFO] [stderr]     Checking adler v1.0.2
[INFO] [stderr]    Compiling quote v1.0.35
[INFO] [stderr]     Checking spin v0.9.8
[INFO] [stderr]     Checking miniz_oxide v0.7.1
[INFO] [stderr]    Compiling parking_lot_core v0.8.6
[INFO] [stderr]    Compiling typenum v1.17.0
[INFO] [stderr]    Compiling httparse v1.8.0
[INFO] [stderr]    Compiling static_init_macro v1.0.2
[INFO] [stderr]    Compiling syn v2.0.47
[INFO] [stderr]    Compiling generic-array v0.14.7
[INFO] [stderr]    Compiling num-traits v0.2.17
[INFO] [stderr]     Checking instant v0.1.12
[INFO] [stderr]     Checking getrandom v0.2.11
[INFO] [stderr]     Checking socket2 v0.5.5
[INFO] [stderr]     Checking mio v0.8.10
[INFO] [stderr]    Compiling jobserver v0.1.27
[INFO] [stderr]     Checking num_cpus v1.16.0
[INFO] [stderr]    Compiling rustls v0.21.10
[INFO] [stderr]     Checking unicode-normalization v0.1.22
[INFO] [stderr]     Checking rand_core v0.6.4
[INFO] [stderr]    Compiling static_init v1.0.3
[INFO] [stderr]     Checking httpdate v1.0.3
[INFO] [stderr]    Compiling cc v1.0.83
[INFO] [stderr]     Checking tower-service v0.3.2
[INFO] [stderr]     Checking rand_chacha v0.3.1
[INFO] [stderr]     Checking parking_lot v0.11.2
[INFO] [stderr]    Compiling crossbeam-utils v0.8.18
[INFO] [stderr]    Compiling async-trait v0.1.77
[INFO] [stderr]     Checking spin v0.5.2
[INFO] [stderr]     Checking untrusted v0.7.1
[INFO] [stderr]     Checking hashbrown v0.14.3
[INFO] [stderr]     Checking mime v0.3.17
[INFO] [stderr]     Checking subtle v2.5.0
[INFO] [stderr]     Checking foreign-types-shared v0.1.1
[INFO] [stderr]    Compiling openssl v0.10.62
[INFO] [stderr]    Compiling glob v0.3.1
[INFO] [stderr]     Checking rand v0.8.5
[INFO] [stderr]     Checking foreign-types v0.3.2
[INFO] [stderr]    Compiling num-integer v0.1.45
[INFO] [stderr]     Checking idna v0.5.0
[INFO] [stderr]     Checking http v0.2.11
[INFO] [stderr]     Checking arrayref v0.3.7
[INFO] [stderr]    Compiling native-tls v0.2.11
[INFO] [stderr]     Checking rustls-pemfile v1.0.4
[INFO] [stderr]    Compiling unicase v2.7.0
[INFO] [stderr]     Checking byteorder v1.5.0
[INFO] [stderr]     Checking arrayvec v0.7.4
[INFO] [stderr]    Compiling parking_lot_core v0.9.9
[INFO] [stderr]     Checking ipnet v2.9.0
[INFO] [stderr]     Checking openssl-probe v0.1.5
[INFO] [stderr]     Checking encoding_rs v0.8.33
[INFO] [stderr]     Checking cpufeatures v0.2.11
[INFO] [stderr]     Checking bytemuck v1.14.0
[INFO] [stderr]    Compiling ident_case v1.0.1
[INFO] [stderr]     Checking indexmap v2.1.0
[INFO] [stderr]     Checking crossbeam-epoch v0.9.17
[INFO] [stderr]     Checking url v2.5.0
[INFO] [stderr]    Compiling strsim v0.10.0
[INFO] [stderr]     Checking alloc-no-stdlib v2.0.4
[INFO] [stderr]     Checking try-lock v0.2.5
[INFO] [stderr]    Compiling heck v0.4.1
[INFO] [stderr]     Checking want v0.3.1
[INFO] [stderr]     Checking alloc-stdlib v0.2.2
[INFO] [stderr]     Checking http-body v0.4.6
[INFO] [stderr]     Checking parking_lot v0.12.1
[INFO] [stderr]     Checking const-str v0.5.6
[INFO] [stderr]     Checking crossbeam-deque v0.8.4
[INFO] [stderr]     Checking powerfmt v0.2.0
[INFO] [stderr]     Checking rustc-hash v1.1.0
[INFO] [stderr]    Compiling rustversion v1.0.14
[INFO] [stderr]    Compiling mime_guess v2.0.4
[INFO] [stderr]     Checking brotli-decompressor v2.5.1
[INFO] [stderr]     Checking deranged v0.3.11
[INFO] [stderr]     Checking http v1.0.0
[INFO] [stderr]     Checking fastrand v2.0.1
[INFO] [stderr]     Checking time-core v0.1.2
[INFO] [stderr]     Checking rustls-pki-types v1.1.0
[INFO] [stderr]    Compiling rayon-core v1.12.0
[INFO] [stderr]     Checking siphasher v0.3.11
[INFO] [stderr]    Compiling clang-sys v1.7.0
[INFO] [stderr]    Compiling zstd-safe v5.0.2+zstd.1.5.2
[INFO] [stderr]     Checking float-cmp v0.9.0
[INFO] [stderr]    Compiling num-bigint v0.4.4
[INFO] [stderr]     Checking strict-num v0.1.1
[INFO] [stderr]    Compiling ring v0.17.7
[INFO] [stderr]    Compiling libz-sys v1.1.12
[INFO] [stderr]    Compiling ring v0.16.20
[INFO] [stderr]    Compiling openssl-sys v0.9.98
[INFO] [stderr]    Compiling zstd-sys v2.0.9+zstd.1.5.5
[INFO] [stderr]     Checking crypto-common v0.1.6
[INFO] [stderr]     Checking block-buffer v0.10.4
[INFO] [stderr]    Compiling bzip2-sys v0.1.11+1.0.8
[INFO] [stderr]     Checking inout v0.1.3
[INFO] [stderr]     Checking match_cfg v0.1.0
[INFO] [stderr]     Checking digest v0.10.7
[INFO] [stderr]    Compiling minimal-lexical v0.2.1
[INFO] [stderr]     Checking base64ct v1.6.0
[INFO] [stderr]     Checking http-body v1.0.0
[INFO] [stderr]    Compiling regex-syntax v0.8.2
[INFO] [stderr]     Checking cipher v0.4.4
[INFO] [stderr]     Checking sha2 v0.10.8
[INFO] [stderr]     Checking time v0.3.31
[INFO] [stderr]     Checking sha1 v0.10.6
[INFO] [stderr]     Checking password-hash v0.4.2
[INFO] [stderr]     Checking flate2 v1.0.28
[INFO] [stderr]     Checking brotli v3.4.0
[INFO] [stderr]    Compiling nom v7.1.3
[INFO] [stderr]     Checking hmac v0.12.1
[INFO] [stderr]     Checking hostname v0.3.1
[INFO] [stderr]    Compiling axum-core v0.4.2
[INFO] [stderr]    Compiling libloading v0.8.1
[INFO] [stderr]     Checking tiny-skia-path v0.11.3
[INFO] [stderr]     Checking kurbo v0.9.5
[INFO] [stderr]     Checking idna v0.4.0
[INFO] [stderr]     Checking aho-corasick v1.1.2
[INFO] [stderr]    Compiling proc-macro-error-attr v1.0.4
[INFO] [stderr]    Compiling slotmap v1.0.7
[INFO] [stderr]     Checking simdutf8 v0.1.4
[INFO] [stderr]    Compiling rustls v0.22.1
[INFO] [stderr]     Checking data-encoding v2.5.0
[INFO] [stderr]     Checking quick-error v1.2.3
[INFO] [stderr]     Checking linked-hash-map v0.5.6
[INFO] [stderr]    Compiling bindgen v0.69.1
[INFO] [stderr]    Compiling frunk_core v0.4.2
[INFO] [stderr]     Checking xmlparser v0.13.6
[INFO] [stderr]     Checking tower-layer v0.3.2
[INFO] [stderr]    Compiling darling_core v0.20.3
[INFO] [stderr]     Checking either v1.9.0
[INFO] [stderr]     Checking roxmltree v0.18.1
[INFO] [stderr]     Checking rayon v1.8.0
[INFO] [stderr]     Checking svgtypes v0.13.0
[INFO] [stderr]     Checking lru-cache v0.1.2
[INFO] [stderr]     Checking resolv-conf v0.7.0
[INFO] [stderr]     Checking pbkdf2 v0.11.0
[INFO] [stderr]    Compiling axum v0.7.3
[INFO] [stderr]     Checking aes v0.8.3
[INFO] [stderr]     Checking page_size v0.6.0
[INFO] [stderr]     Checking gethostname v0.4.3
[INFO] [stderr]    Compiling regex-automata v0.4.3
[INFO] [stderr]    Compiling cexpr v0.6.0
[INFO] [stderr]     Checking fdeflate v0.3.3
[INFO] [stderr]    Compiling proc-macro-error v1.0.4
[INFO] [stderr]    Compiling lazycell v1.3.0
[INFO] [stderr]     Checking lazy_static v1.4.0
[INFO] [stderr]    Compiling winnow v0.5.32
[INFO] [stderr]     Checking sync_wrapper v0.1.2
[INFO] [stderr]     Checking zeroize v1.7.0
[INFO] [stderr]    Compiling zstd-safe v6.0.6
[INFO] [stderr]    Compiling toml_datetime v0.6.5
[INFO] [stderr]     Checking rctree v0.5.0
[INFO] [stderr]    Compiling libm v0.2.8
[INFO] [stderr]    Compiling shlex v1.2.0
[INFO] [stderr]    Compiling radium v0.7.0
[INFO] [stderr]     Checking bumpalo v3.14.0
[INFO] [stderr]     Checking weezl v0.1.7
[INFO] [stderr]     Checking constant_time_eq v0.1.5
[INFO] [stderr]     Checking ttf-parser v0.20.0
[INFO] [stderr]    Compiling peeking_take_while v0.1.2
[INFO] [stderr]    Compiling frunk_proc_macro_helpers v0.1.2
[INFO] [stderr]     Checking usvg-tree v0.37.0
[INFO] [stderr]     Checking png v0.17.10
[INFO] [stderr]     Checking mail-builder v0.3.1
[INFO] [stderr]     Checking jpeg-decoder v0.3.0
[INFO] [stderr]     Checking fontconfig-parser v0.5.3
[INFO] [stderr]    Compiling regex v1.10.2
[INFO] [stderr]     Checking mail-parser v0.9.2
[INFO] [stderr]     Checking rustls-pemfile v2.0.0
[INFO] [stderr]    Compiling cmake v0.1.50
[INFO] [stderr]    Compiling subprocess v0.2.9
[INFO] [stderr]     Checking memmap2 v0.9.3
[INFO] [stderr]     Checking quick-xml v0.31.0
[INFO] [stderr]    Compiling bigdecimal v0.4.2
[INFO] [stderr]    Compiling tracing-attributes v0.1.27
[INFO] [stderr]    Compiling tokio-macros v2.2.0
[INFO] [stderr]    Compiling futures-macro v0.3.30
[INFO] [stderr]    Compiling serde_derive v1.0.194
[INFO] [stderr]    Compiling thiserror-impl v1.0.56
[INFO] [stderr]    Compiling openssl-macros v0.1.1
[INFO] [stderr]    Compiling darling_macro v0.20.3
[INFO] [stderr]    Compiling pin-project-internal v1.1.3
[INFO] [stderr]    Compiling enum-as-inner v0.6.0
[INFO] [stderr]    Compiling toml_edit v0.19.15
[INFO] [stderr]    Compiling num-rational v0.4.1
[INFO] [stderr]     Checking unicode-script v0.5.5
[INFO] [stderr]     Checking matchit v0.7.3
[INFO] [stderr]    Compiling rust_decimal v1.33.1
[INFO] [stderr]     Checking tokio v1.35.1
[INFO] [stderr]     Checking color_quant v1.1.0
[INFO] [stderr]     Checking iana-time-zone v0.1.59
[INFO] [stderr]    Compiling darling v0.20.3
[INFO] [stderr]    Compiling semver v1.0.21
[INFO] [stderr]     Checking unicode-ccc v0.1.2
[INFO] [stderr]     Checking unicode-properties v0.1.0
[INFO] [stderr]     Checking tap v1.0.1
[INFO] [stderr]     Checking futures-util v0.3.30
[INFO] [stderr]     Checking unicode-bidi-mirroring v0.1.0
[INFO] [stderr]     Checking wyz v0.5.1
[INFO] [stderr]     Checking chrono v0.4.31
[INFO] [stderr]    Compiling serde_with_macros v3.4.0
[INFO] [stderr]     Checking rustybuzz v0.12.1
[INFO] [stderr]     Checking gif v0.12.0
[INFO] [stderr]     Checking fontdb v0.16.0
[INFO] [stderr]    Compiling frunk_derives v0.4.2
[INFO] [stderr]    Compiling frunk_proc_macros v0.1.2
[INFO] [stderr]     Checking tracing v0.1.40
[INFO] [stderr]     Checking quinn-udp v0.4.1
[INFO] [stderr]     Checking genv v0.1.5
[INFO] [stderr]     Checking genv v0.1.5 (/opt/rustwide/workdir/genv)
[INFO] [stderr]     Checking pin-project v1.1.3
[INFO] [stderr]    Compiling proc-macro-crate v1.3.1
[INFO] [stderr]    Compiling libwebp-sys v0.9.4
[INFO] [stderr]     Checking webpki-roots v0.26.0
[INFO] [stderr]     Checking flume v0.11.0
[INFO] [stderr]     Checking zune-inflate v0.2.54
[INFO] [stderr]     Checking simplecss v0.2.1
[INFO] [stderr]    Compiling termcolor v1.4.0
[INFO] [stderr]     Checking imagesize v0.12.0
[INFO] [stderr]     Checking smtp-proto v0.1.3
[INFO] [stderr]     Checking unicode-vo v0.1.0
[INFO] [stderr]     Checking data-url v0.3.1
[INFO] [stderr]     Checking lebe v0.5.2
[INFO] [stderr]     Checking roxmltree v0.19.0
[INFO] [stderr]     Checking md5 v0.7.0
[INFO] [stderr]     Checking bit_field v0.10.2
[INFO] [stderr]     Checking funty v2.0.0
[INFO] [stderr]     Checking half v2.2.1
[INFO] [stderr]     Checking exr v1.71.0
[INFO] [stderr]     Checking usvg-parser v0.37.0
[INFO] [stderr]     Checking usvg-text-layout v0.37.0
[INFO] [stderr]     Checking tiff v0.9.0
[INFO] [stderr]     Checking btoi v0.4.3
[INFO] [stderr]     Checking bitvec v1.0.1
[INFO] [stderr]     Checking qoi v0.4.1
[INFO] [stderr]     Checking crossbeam-channel v0.5.10
[INFO] [stderr]     Checking crossbeam-queue v0.3.10
[INFO] [stderr]     Checking aok v0.1.2 (/opt/rustwide/workdir/aok)
[INFO] [stderr]     Checking xstr v0.1.9 (/opt/rustwide/workdir/xstr)
[INFO] [stderr]     Checking uuid v1.6.1
[INFO] [stderr]     Checking futures-executor v0.3.30
[INFO] [stderr]     Checking http-body-util v0.1.0
[INFO] [stderr]     Checking xmlwriter v0.1.0
[INFO] [stderr]     Checking futures v0.3.30
[INFO] [stderr]     Checking pico-args v0.5.0
[INFO] [stderr]     Checking static_assertions v1.1.0
[INFO] [stderr]     Checking saturating v0.1.0
[INFO] [stderr]    Compiling phf_shared v0.11.2
[INFO] [stderr]     Checking crossbeam v0.8.3
[INFO] [stderr]    Compiling mysql-common-derive v0.30.2
[INFO] [stderr]     Checking twox-hash v1.6.3
[INFO] [stderr]    Compiling rustc_version v0.4.0
[INFO] [stderr]     Checking usvg v0.37.0
[INFO] [stderr]     Checking tiny-skia v0.11.3
[INFO] [stderr]     Checking keyed_priority_queue v0.4.2
[INFO] [stderr]     Checking rgb v0.8.37
[INFO] [stderr]     Checking lru v0.12.1
[INFO] [stderr]     Checking pem v3.0.3
[INFO] [stderr]     Checking daachorse v1.0.0
[INFO] [stderr]     Checking regex-syntax v0.6.29
[INFO] [stderr]    Compiling paste v1.0.14
[INFO] [stderr]     Checking psl-types v2.0.11
[INFO] [stderr]    Compiling itertools v0.11.0
[INFO] [stderr]    Compiling gxhash v3.1.0
[INFO] [stderr]     Checking psl v2.1.13
[INFO] [stderr]     Checking frunk v0.4.2
[INFO] [stderr]     Checking tokio-util v0.7.10
[INFO] [stderr]     Checking tokio-native-tls v0.3.1
[INFO] [stderr]     Checking h3 v0.0.3
[INFO] [stderr]     Checking async-compression v0.4.5
[INFO] [stderr]     Checking trt v0.1.21
[INFO] [stderr]     Checking tower v0.4.13
[INFO] [stderr]    Compiling phf_generator v0.11.2
[INFO] [stderr]     Checking xerr v0.1.2 (/opt/rustwide/workdir/xerr)
[INFO] [stderr]     Checking coarsetime v0.1.33
[INFO] [stderr]     Checking task-local-extensions v0.1.4
[INFO] [stderr]     Checking overload v0.1.1
[INFO] [stderr]     Checking xstr v0.1.9
[INFO] [stderr]     Checking nu-ansi-term v0.46.0
[INFO] [stderr]    Compiling phf_macros v0.11.2
[INFO] [stderr]     Checking h2 v0.3.22
[INFO] [stderr]     Checking h2 v0.4.0
[INFO] [stderr]     Checking retry-policies v0.2.1
[INFO] [stderr]     Checking resvg v0.37.0
[INFO] [stderr]     Checking sharded-slab v0.1.7
[INFO] [stderr]     Checking image v0.24.7
[INFO] [stderr]     Checking tracing-log v0.2.0
[INFO] [stderr]     Checking thread_local v1.1.7
[INFO] [stderr]    Compiling prost-derive v0.12.3
[INFO] [stdout] error[E0432]: unresolved import `platform`
[INFO] [stdout]  --> /opt/rustwide/cargo-home/registry/src/index.crates.io-6f17d22bba15001f/gxhash-3.1.0/src/gxhash/platform/mod.rs:9:9
[INFO] [stdout]   |
[INFO] [stdout] 9 | pub use platform::*;
[INFO] [stdout]   |         ^^^^^^^^ help: a similar path exists: `crate::platform`
[INFO] [stdout]   |
[INFO] [stdout]   = note: `use` statements changed in Rust 2018; read more at <https://doc.rust-lang.org/edition-guide/rust-2018/module-system/path-clarity.html>
[INFO] [stdout] 
[INFO] [stdout] 
[INFO] [stdout] error[E0412]: cannot find type `State` in this scope
[INFO] [stdout]   --> /opt/rustwide/cargo-home/registry/src/index.crates.io-6f17d22bba15001f/gxhash-3.1.0/src/gxhash/platform/mod.rs:13:49
[INFO] [stdout]    |
[INFO] [stdout] 13 | pub(crate) const VECTOR_SIZE: usize = size_of::<State>();
[INFO] [stdout]    |                                                 ^^^^^ not found in this scope
[INFO] [stdout]    |
[INFO] [stdout] help: you might be missing a type parameter
[INFO] [stdout]    |
[INFO] [stdout] 13 | pub(crate) const VECTOR_SIZE<State>: usize = size_of::<State>();
[INFO] [stdout]    |                             +++++++
[INFO] [stdout] 
[INFO] [stdout] 
[INFO] [stdout] error[E0412]: cannot find type `State` in this scope
[INFO] [stdout]   --> /opt/rustwide/cargo-home/registry/src/index.crates.io-6f17d22bba15001f/gxhash-3.1.0/src/gxhash/platform/mod.rs:18:39
[INFO] [stdout]    |
[INFO] [stdout] 18 | unsafe fn check_same_page(ptr: *const State) -> bool {
[INFO] [stdout]    |                                       ^^^^^ not found in this scope
[INFO] [stdout] 
[INFO] [stdout] 
[INFO] [stdout] error[E0412]: cannot find type `State` in this scope
[INFO] [stdout]   --> /opt/rustwide/cargo-home/registry/src/index.crates.io-6f17d22bba15001f/gxhash-3.1.0/src/gxhash/mod.rs:17:61
[INFO] [stdout]    |
[INFO] [stdout] 17 |         let p = &gxhash(input, create_seed(seed)) as *const State as *const u32;
[INFO] [stdout]    |                                                             ^^^^^ not found in this scope
[INFO] [stdout] 
[INFO] [stdout] 
[INFO] [stdout] error[E0412]: cannot find type `State` in this scope
[INFO] [stdout]   --> /opt/rustwide/cargo-home/registry/src/index.crates.io-6f17d22bba15001f/gxhash-3.1.0/src/gxhash/mod.rs:34:61
[INFO] [stdout]    |
[INFO] [stdout] 34 |         let p = &gxhash(input, create_seed(seed)) as *const State as *const u64;
[INFO] [stdout]    |                                                             ^^^^^ not found in this scope
[INFO] [stdout] 
[INFO] [stdout] 
[INFO] [stdout] error[E0412]: cannot find type `State` in this scope
[INFO] [stdout]   --> /opt/rustwide/cargo-home/registry/src/index.crates.io-6f17d22bba15001f/gxhash-3.1.0/src/gxhash/mod.rs:51:61
[INFO] [stdout]    |
[INFO] [stdout] 51 |         let p = &gxhash(input, create_seed(seed)) as *const State as *const u128;
[INFO] [stdout]    |                                                             ^^^^^ not found in this scope
[INFO] [stdout] 
[INFO] [stdout] 
[INFO] [stdout] error[E0412]: cannot find type `State` in this scope
[INFO] [stdout]   --> /opt/rustwide/cargo-home/registry/src/index.crates.io-6f17d22bba15001f/gxhash-3.1.0/src/gxhash/mod.rs:69:49
[INFO] [stdout]    |
[INFO] [stdout] 69 | pub(crate) unsafe fn gxhash(input: &[u8], seed: State) -> State {
[INFO] [stdout]    |                                                 ^^^^^ not found in this scope
[INFO] [stdout] 
[INFO] [stdout] 
[INFO] [stdout] error[E0412]: cannot find type `State` in this scope
[INFO] [stdout]   --> /opt/rustwide/cargo-home/registry/src/index.crates.io-6f17d22bba15001f/gxhash-3.1.0/src/gxhash/mod.rs:69:59
[INFO] [stdout]    |
[INFO] [stdout] 69 | pub(crate) unsafe fn gxhash(input: &[u8], seed: State) -> State {
[INFO] [stdout]    |                                                           ^^^^^ not found in this scope
[INFO] [stdout] 
[INFO] [stdout] 
[INFO] [stdout] error[E0412]: cannot find type `State` in this scope
[INFO] [stdout]   --> /opt/rustwide/cargo-home/registry/src/index.crates.io-6f17d22bba15001f/gxhash-3.1.0/src/gxhash/mod.rs:74:52
[INFO] [stdout]    |
[INFO] [stdout] 74 | pub(crate) unsafe fn compress_all(input: &[u8]) -> State {
[INFO] [stdout]    |                                                    ^^^^^ not found in this scope
[INFO] [stdout] 
[INFO] [stdout] 
[INFO] [stdout] error[E0412]: cannot find type `State` in this scope
[INFO] [stdout]   --> /opt/rustwide/cargo-home/registry/src/index.crates.io-6f17d22bba15001f/gxhash-3.1.0/src/gxhash/mod.rs:77:44
[INFO] [stdout]    |
[INFO] [stdout] 77 |     let mut ptr = input.as_ptr() as *const State;
[INFO] [stdout]    |                                            ^^^^^ not found in this scope
[INFO] [stdout] 
[INFO] [stdout] 
[INFO] [stdout] error[E0412]: cannot find type `State` in this scope
[INFO] [stdout]   --> /opt/rustwide/cargo-home/registry/src/index.crates.io-6f17d22bba15001f/gxhash-3.1.0/src/gxhash/mod.rs:89:26
[INFO] [stdout]    |
[INFO] [stdout] 89 |     let mut hash_vector: State;
[INFO] [stdout]    |                          ^^^^^ not found in this scope
[INFO] [stdout] 
[INFO] [stdout] 
[INFO] [stdout] error[E0412]: cannot find type `State` in this scope
[INFO] [stdout]    --> /opt/rustwide/cargo-home/registry/src/index.crates.io-6f17d22bba15001f/gxhash-3.1.0/src/gxhash/mod.rs:129:41
[INFO] [stdout]     |
[INFO] [stdout] 129 | unsafe fn compress_many(mut ptr: *const State, end: usize, hash_vector: State, len: usize) -> State {
[INFO] [stdout]     |                                         ^^^^^ not found in this scope
[INFO] [stdout] 
[INFO] [stdout] 
[INFO] [stdout] error[E0412]: cannot find type `State` in this scope
[INFO] [stdout]    --> /opt/rustwide/cargo-home/registry/src/index.crates.io-6f17d22bba15001f/gxhash-3.1.0/src/gxhash/mod.rs:129:73
[INFO] [stdout]     |
[INFO] [stdout] 129 | unsafe fn compress_many(mut ptr: *const State, end: usize, hash_vector: State, len: usize) -> State {
[INFO] [stdout]     |                                                                         ^^^^^ not found in this scope
[INFO] [stdout] 
[INFO] [stdout] 
[INFO] [stdout] error[E0412]: cannot find type `State` in this scope
[INFO] [stdout]    --> /opt/rustwide/cargo-home/registry/src/index.crates.io-6f17d22bba15001f/gxhash-3.1.0/src/gxhash/mod.rs:129:95
[INFO] [stdout]     |
[INFO] [stdout] 129 | unsafe fn compress_many(mut ptr: *const State, end: usize, hash_vector: State, len: usize) -> State {
[INFO] [stdout]     |                                                                                               ^^^^^ not found in this scope
[INFO] [stdout] 
[INFO] [stdout] 
[INFO] [stdout] error[E0412]: cannot find type `State` in this scope
[INFO] [stdout]   --> /opt/rustwide/cargo-home/registry/src/index.crates.io-6f17d22bba15001f/gxhash-3.1.0/src/hasher.rs:19:12
[INFO] [stdout]    |
[INFO] [stdout] 19 |     state: State,
[INFO] [stdout]    |            ^^^^^ not found in this scope
[INFO] [stdout] 
[INFO] [stdout] 
[INFO] [stdout] error[E0412]: cannot find type `State` in this scope
[INFO] [stdout]   --> /opt/rustwide/cargo-home/registry/src/index.crates.io-6f17d22bba15001f/gxhash-3.1.0/src/hasher.rs:24:26
[INFO] [stdout]    |
[INFO] [stdout] 24 |     fn with_state(state: State) -> GxHasher {
[INFO] [stdout]    |                          ^^^^^ not found in this scope
[INFO] [stdout] 
[INFO] [stdout] 
[INFO] [stdout] error[E0412]: cannot find type `State` in this scope
[INFO] [stdout]   --> /opt/rustwide/cargo-home/registry/src/index.crates.io-6f17d22bba15001f/gxhash-3.1.0/src/hasher.rs:87:43
[INFO] [stdout]    |
[INFO] [stdout] 87 |         debug_assert!(std::mem::size_of::<State>() >= std::mem::size_of::<u128>());
[INFO] [stdout]    |                                           ^^^^^ not found in this scope
[INFO] [stdout]    |
[INFO] [stdout] help: you might be missing a type parameter
[INFO] [stdout]    |
[INFO] [stdout] 56 | impl<State> GxHasher {
[INFO] [stdout]    |     +++++++
[INFO] [stdout] 
[INFO] [stdout] 
[INFO] [stdout] error[E0412]: cannot find type `State` in this scope
[INFO] [stdout]   --> /opt/rustwide/cargo-home/registry/src/index.crates.io-6f17d22bba15001f/gxhash-3.1.0/src/hasher.rs:90:53
[INFO] [stdout]    |
[INFO] [stdout] 90 |             let p = &finalize(self.state) as *const State as *const u128;
[INFO] [stdout]    |                                                     ^^^^^ not found in this scope
[INFO] [stdout] 
[INFO] [stdout] 
[INFO] [stdout] error[E0412]: cannot find type `State` in this scope
[INFO] [stdout]    --> /opt/rustwide/cargo-home/registry/src/index.crates.io-6f17d22bba15001f/gxhash-3.1.0/src/hasher.rs:111:53
[INFO] [stdout]     |
[INFO] [stdout] 111 |             let p = &finalize(self.state) as *const State as *const u64;
[INFO] [stdout]     |                                                     ^^^^^ not found in this scope
[INFO] [stdout] 
[INFO] [stdout] 
[INFO] [stdout] error[E0412]: cannot find type `State` in this scope
[INFO] [stdout]    --> /opt/rustwide/cargo-home/registry/src/index.crates.io-6f17d22bba15001f/gxhash-3.1.0/src/hasher.rs:136:26
[INFO] [stdout]     |
[INFO] [stdout] 136 | pub struct GxBuildHasher(State);
[INFO] [stdout]     |                          ^^^^^ not found in this scope
[INFO] [stdout] 
[INFO] [stdout] 
[INFO] [stdout] error[E0412]: cannot find type `State` in this scope
[INFO] [stdout]    --> /opt/rustwide/cargo-home/registry/src/index.crates.io-6f17d22bba15001f/gxhash-3.1.0/src/hasher.rs:141:37
[INFO] [stdout]     |
[INFO] [stdout] 141 |         let mut uninit: MaybeUninit<State> = MaybeUninit::uninit();
[INFO] [stdout]     |                                     ^^^^^ not found in this scope
[INFO] [stdout]     |
[INFO] [stdout] help: you might be missing a type parameter
[INFO] [stdout]     |
[INFO] [stdout] 138 | impl<State> Default for GxBuildHasher {
[INFO] [stdout]     |     +++++++
[INFO] [stdout] 
[INFO] [stdout] 
[INFO] [stdout] error[E0425]: cannot find function `create_seed` in this scope
[INFO] [stdout]   --> /opt/rustwide/cargo-home/registry/src/index.crates.io-6f17d22bba15001f/gxhash-3.1.0/src/gxhash/mod.rs:17:32
[INFO] [stdout]    |
[INFO] [stdout] 17 |         let p = &gxhash(input, create_seed(seed)) as *const State as *const u32;
[INFO] [stdout]    |                                ^^^^^^^^^^^ not found in this scope
[INFO] [stdout] 
[INFO] [stdout] 
[INFO] [stderr]     Checking sts v0.1.13 (/opt/rustwide/workdir/sts)
[INFO] [stderr]     Checking tp v0.1.5 (/opt/rustwide/workdir/tp)
[INFO] [stdout] error[E0425]: cannot find function `create_seed` in this scope
[INFO] [stdout]   --> /opt/rustwide/cargo-home/registry/src/index.crates.io-6f17d22bba15001f/gxhash-3.1.0/src/gxhash/mod.rs:34:32
[INFO] [stdout]    |
[INFO] [stdout] 34 |         let p = &gxhash(input, create_seed(seed)) as *const State as *const u64;
[INFO] [stdout]    |                                ^^^^^^^^^^^ not found in this scope
[INFO] [stdout] 
[INFO] [stdout] 
[INFO] [stdout] error[E0425]: cannot find function `create_seed` in this scope
[INFO] [stdout]   --> /opt/rustwide/cargo-home/registry/src/index.crates.io-6f17d22bba15001f/gxhash-3.1.0/src/gxhash/mod.rs:51:32
[INFO] [stdout]    |
[INFO] [stdout] 51 |         let p = &gxhash(input, create_seed(seed)) as *const State as *const u128;
[INFO] [stdout]    |                                ^^^^^^^^^^^ not found in this scope
[INFO] [stdout] 
[INFO] [stdout] 
[INFO] [stdout] error[E0425]: cannot find function `aes_encrypt` in this scope
[INFO] [stdout]   --> /opt/rustwide/cargo-home/registry/src/index.crates.io-6f17d22bba15001f/gxhash-3.1.0/src/gxhash/mod.rs:70:14
[INFO] [stdout]    |
[INFO] [stdout] 70 |     finalize(aes_encrypt(compress_all(input), seed))
[INFO] [stdout]    |              ^^^^^^^^^^^ not found in this scope
[INFO] [stdout] 
[INFO] [stdout] 
[INFO] [stdout] error[E0425]: cannot find function `finalize` in this scope
[INFO] [stdout]   --> /opt/rustwide/cargo-home/registry/src/index.crates.io-6f17d22bba15001f/gxhash-3.1.0/src/gxhash/mod.rs:70:5
[INFO] [stdout]    |
[INFO] [stdout] 70 |     finalize(aes_encrypt(compress_all(input), seed))
[INFO] [stdout]    |     ^^^^^^^^ not found in this scope
[INFO] [stdout] 
[INFO] [stdout] 
[INFO] [stdout] error[E0425]: cannot find function `create_empty` in this scope
[INFO] [stdout]   --> /opt/rustwide/cargo-home/registry/src/index.crates.io-6f17d22bba15001f/gxhash-3.1.0/src/gxhash/mod.rs:80:16
[INFO] [stdout]    |
[INFO] [stdout] 80 |         return create_empty();
[INFO] [stdout]    |                ^^^^^^^^^^^^ not found in this scope
[INFO] [stdout] 
[INFO] [stdout] 
[INFO] [stdout] error[E0425]: cannot find function `get_partial` in this scope
[INFO] [stdout]   --> /opt/rustwide/cargo-home/registry/src/index.crates.io-6f17d22bba15001f/gxhash-3.1.0/src/gxhash/mod.rs:86:16
[INFO] [stdout]    |
[INFO] [stdout] 86 |         return get_partial(ptr, len);
[INFO] [stdout]    |                ^^^^^^^^^^^ not found in this scope
[INFO] [stdout] 
[INFO] [stdout] 
[INFO] [stdout] error[E0425]: cannot find function `get_partial_unsafe` in this scope
[INFO] [stdout]    --> /opt/rustwide/cargo-home/registry/src/index.crates.io-6f17d22bba15001f/gxhash-3.1.0/src/gxhash/mod.rs:101:23
[INFO] [stdout]     |
[INFO] [stdout] 101 |         hash_vector = get_partial_unsafe(ptr, extra_bytes_count);
[INFO] [stdout]     |                       ^^^^^^^^^^^^^^^^^^ not found in this scope
[INFO] [stdout] 
[INFO] [stdout] 
[INFO] [stdout] error[E0425]: cannot find function `aes_encrypt` in this scope
[INFO] [stdout]    --> /opt/rustwide/cargo-home/registry/src/index.crates.io-6f17d22bba15001f/gxhash-3.1.0/src/gxhash/mod.rs:110:14
[INFO] [stdout]     |
[INFO] [stdout] 110 |         v0 = aes_encrypt(v0, v);
[INFO] [stdout]     |              ^^^^^^^^^^^ not found in this scope
[INFO] [stdout] 
[INFO] [stdout] 
[INFO] [stdout] error[E0425]: cannot find function `aes_encrypt` in this scope
[INFO] [stdout]    --> /opt/rustwide/cargo-home/registry/src/index.crates.io-6f17d22bba15001f/gxhash-3.1.0/src/gxhash/mod.rs:115:18
[INFO] [stdout]     |
[INFO] [stdout] 115 |             v0 = aes_encrypt(v0, v);
[INFO] [stdout]     |                  ^^^^^^^^^^^ not found in this scope
[INFO] [stdout] 
[INFO] [stdout] 
[INFO] [stdout] error[E0425]: cannot find function `ld` in this scope
[INFO] [stdout]    --> /opt/rustwide/cargo-home/registry/src/index.crates.io-6f17d22bba15001f/gxhash-3.1.0/src/gxhash/mod.rs:125:37
[INFO] [stdout]     |
[INFO] [stdout] 125 |         aes_encrypt(aes_encrypt(v0, ld(KEYS.as_ptr())), ld(KEYS.as_ptr().offset(4))));
[INFO] [stdout]     |                                     ^^ not found in this scope
[INFO] [stdout] 
[INFO] [stdout] 
[INFO] [stdout] error[E0425]: cannot find function `aes_encrypt` in this scope
[INFO] [stdout]    --> /opt/rustwide/cargo-home/registry/src/index.crates.io-6f17d22bba15001f/gxhash-3.1.0/src/gxhash/mod.rs:125:21
[INFO] [stdout]     |
[INFO] [stdout] 125 |         aes_encrypt(aes_encrypt(v0, ld(KEYS.as_ptr())), ld(KEYS.as_ptr().offset(4))));
[INFO] [stdout]     |                     ^^^^^^^^^^^ not found in this scope
[INFO] [stdout] 
[INFO] [stdout] 
[INFO] [stdout] error[E0425]: cannot find function `ld` in this scope
[INFO] [stdout]    --> /opt/rustwide/cargo-home/registry/src/index.crates.io-6f17d22bba15001f/gxhash-3.1.0/src/gxhash/mod.rs:125:57
[INFO] [stdout]     |
[INFO] [stdout] 125 |         aes_encrypt(aes_encrypt(v0, ld(KEYS.as_ptr())), ld(KEYS.as_ptr().offset(4))));
[INFO] [stdout]     |                                                         ^^ not found in this scope
[INFO] [stdout] 
[INFO] [stdout] 
[INFO] [stdout] error[E0425]: cannot find function `aes_encrypt` in this scope
[INFO] [stdout]    --> /opt/rustwide/cargo-home/registry/src/index.crates.io-6f17d22bba15001f/gxhash-3.1.0/src/gxhash/mod.rs:125:9
[INFO] [stdout]     |
[INFO] [stdout] 125 |         aes_encrypt(aes_encrypt(v0, ld(KEYS.as_ptr())), ld(KEYS.as_ptr().offset(4))));
[INFO] [stdout]     |         ^^^^^^^^^^^ not found in this scope
[INFO] [stdout] 
[INFO] [stdout] 
[INFO] [stdout] error[E0425]: cannot find function `aes_encrypt_last` in this scope
[INFO] [stdout]    --> /opt/rustwide/cargo-home/registry/src/index.crates.io-6f17d22bba15001f/gxhash-3.1.0/src/gxhash/mod.rs:124:12
[INFO] [stdout]     |
[INFO] [stdout] 124 |     return aes_encrypt_last(hash_vector, 
[INFO] [stdout]     |            ^^^^^^^^^^^^^^^^ not found in this scope
[INFO] [stdout] 
[INFO] [stdout] 
[INFO] [stdout] error[E0425]: cannot find function `aes_encrypt` in this scope
[INFO] [stdout]    --> /opt/rustwide/cargo-home/registry/src/index.crates.io-6f17d22bba15001f/gxhash-3.1.0/src/gxhash/mod.rs:144:23
[INFO] [stdout]     |
[INFO] [stdout] 144 |         hash_vector = aes_encrypt(hash_vector, v0);
[INFO] [stdout]     |                       ^^^^^^^^^^^ not found in this scope
[INFO] [stdout] 
[INFO] [stdout] 
[INFO] [stdout] error[E0425]: cannot find function `compress_8` in this scope
[INFO] [stdout]    --> /opt/rustwide/cargo-home/registry/src/index.crates.io-6f17d22bba15001f/gxhash-3.1.0/src/gxhash/mod.rs:149:5
[INFO] [stdout]     |
[INFO] [stdout] 74  | pub(crate) unsafe fn compress_all(input: &[u8]) -> State {
[INFO] [stdout]     | -------------------------------------------------------- similarly named function `compress_all` defined here
[INFO] [stdout] ...
[INFO] [stdout] 149 |     compress_8(ptr, end, hash_vector, len)
[INFO] [stdout]     |     ^^^^^^^^^^ help: a function with a similar name exists: `compress_all`
[INFO] [stdout] 
[INFO] [stdout] 
[INFO] [stdout] error[E0425]: cannot find function `create_empty` in this scope
[INFO] [stdout]   --> /opt/rustwide/cargo-home/registry/src/index.crates.io-6f17d22bba15001f/gxhash-3.1.0/src/hasher.rs:52:39
[INFO] [stdout]    |
[INFO] [stdout] 52 |         GxHasher::with_state(unsafe { create_empty() })
[INFO] [stdout]    |                                       ^^^^^^^^^^^^ not found in this scope
[INFO] [stdout] 
[INFO] [stdout] 
[INFO] [stdout] error[E0425]: cannot find function `create_seed` in this scope
[INFO] [stdout]   --> /opt/rustwide/cargo-home/registry/src/index.crates.io-6f17d22bba15001f/gxhash-3.1.0/src/hasher.rs:80:39
[INFO] [stdout]    |
[INFO] [stdout] 80 |         GxHasher::with_state(unsafe { create_seed(seed) })
[INFO] [stdout]    |                                       ^^^^^^^^^^^ not found in this scope
[INFO] [stdout] 
[INFO] [stdout] 
[INFO] [stdout] error[E0425]: cannot find function `finalize` in this scope
[INFO] [stdout]   --> /opt/rustwide/cargo-home/registry/src/index.crates.io-6f17d22bba15001f/gxhash-3.1.0/src/hasher.rs:90:22
[INFO] [stdout]    |
[INFO] [stdout] 90 |             let p = &finalize(self.state) as *const State as *const u128;
[INFO] [stdout]    |                      ^^^^^^^^ not found in this scope
[INFO] [stdout] 
[INFO] [stdout] 
[INFO] [stdout] error[E0425]: cannot find function `finalize` in this scope
[INFO] [stdout]    --> /opt/rustwide/cargo-home/registry/src/index.crates.io-6f17d22bba15001f/gxhash-3.1.0/src/hasher.rs:111:22
[INFO] [stdout]     |
[INFO] [stdout] 111 |             let p = &finalize(self.state) as *const State as *const u64;
[INFO] [stdout]     |                      ^^^^^^^^ not found in this scope
[INFO] [stdout] 
[INFO] [stdout] 
[INFO] [stdout] error[E0425]: cannot find function `ld` in this scope
[INFO] [stdout]    --> /opt/rustwide/cargo-home/registry/src/index.crates.io-6f17d22bba15001f/gxhash-3.1.0/src/hasher.rs:119:93
[INFO] [stdout]     |
[INFO] [stdout] 119 |         self.state = unsafe { aes_encrypt_last(compress_all(bytes), aes_encrypt(self.state, ld(KEYS.as_ptr()))) };
[INFO] [stdout]     |                                                                                             ^^ not found in this scope
[INFO] [stdout] 
[INFO] [stdout] 
[INFO] [stdout] error[E0425]: cannot find function `aes_encrypt` in this scope
[INFO] [stdout]    --> /opt/rustwide/cargo-home/registry/src/index.crates.io-6f17d22bba15001f/gxhash-3.1.0/src/hasher.rs:119:69
[INFO] [stdout]     |
[INFO] [stdout] 119 |         self.state = unsafe { aes_encrypt_last(compress_all(bytes), aes_encrypt(self.state, ld(KEYS.as_ptr()))) };
[INFO] [stdout]     |                                                                     ^^^^^^^^^^^ not found in this scope
[INFO] [stdout] 
[INFO] [stdout] 
[INFO] [stdout] error[E0425]: cannot find function `aes_encrypt_last` in this scope
[INFO] [stdout]    --> /opt/rustwide/cargo-home/registry/src/index.crates.io-6f17d22bba15001f/gxhash-3.1.0/src/hasher.rs:119:31
[INFO] [stdout]     |
[INFO] [stdout] 119 |         self.state = unsafe { aes_encrypt_last(compress_all(bytes), aes_encrypt(self.state, ld(KEYS.as_ptr()))) };
[INFO] [stdout]     |                               ^^^^^^^^^^^^^^^^ not found in this scope
[INFO] [stdout] 
[INFO] [stdout] 
[INFO] [stdout] error[E0425]: cannot find function `load_u8` in this scope
[INFO] [stdout]    --> /opt/rustwide/cargo-home/registry/src/index.crates.io-6f17d22bba15001f/gxhash-3.1.0/src/hasher.rs:122:26
[INFO] [stdout]     |
[INFO] [stdout] 122 |     write!(write_u8, u8, load_u8);
[INFO] [stdout]     |                          ^^^^^^^ not found in this scope
[INFO] [stdout] 
[INFO] [stdout] 
[INFO] [stdout] error[E0425]: cannot find function `ld` in this scope
[INFO] [stdout]    --> /opt/rustwide/cargo-home/registry/src/index.crates.io-6f17d22bba15001f/gxhash-3.1.0/src/hasher.rs:101:72
[INFO] [stdout]     |
[INFO] [stdout] 101 |                 aes_encrypt_last($load(value), aes_encrypt(self.state, ld(KEYS.as_ptr())))
[INFO] [stdout]     |                                                                        ^^ not found in this scope
[INFO] [stdout] ...
[INFO] [stdout] 122 |     write!(write_u8, u8, load_u8);
[INFO] [stdout]     |     ----------------------------- in this macro invocation
[INFO] [stdout]     |
[INFO] [stdout]     = note: this error originates in the macro `write` (in Nightly builds, run with -Z macro-backtrace for more info)
[INFO] [stdout] 
[INFO] [stdout] 
[INFO] [stdout] error[E0425]: cannot find function `aes_encrypt` in this scope
[INFO] [stdout]    --> /opt/rustwide/cargo-home/registry/src/index.crates.io-6f17d22bba15001f/gxhash-3.1.0/src/hasher.rs:101:48
[INFO] [stdout]     |
[INFO] [stdout] 101 |                 aes_encrypt_last($load(value), aes_encrypt(self.state, ld(KEYS.as_ptr())))
[INFO] [stdout]     |                                                ^^^^^^^^^^^ not found in this scope
[INFO] [stdout] ...
[INFO] [stdout] 122 |     write!(write_u8, u8, load_u8);
[INFO] [stdout]     |     ----------------------------- in this macro invocation
[INFO] [stdout]     |
[INFO] [stdout]     = note: this error originates in the macro `write` (in Nightly builds, run with -Z macro-backtrace for more info)
[INFO] [stdout] 
[INFO] [stdout] 
[INFO] [stdout] error[E0425]: cannot find function `aes_encrypt_last` in this scope
[INFO] [stdout]    --> /opt/rustwide/cargo-home/registry/src/index.crates.io-6f17d22bba15001f/gxhash-3.1.0/src/hasher.rs:101:17
[INFO] [stdout]     |
[INFO] [stdout] 101 |                 aes_encrypt_last($load(value), aes_encrypt(self.state, ld(KEYS.as_ptr())))
[INFO] [stdout]     |                 ^^^^^^^^^^^^^^^^ not found in this scope
[INFO] [stdout] ...
[INFO] [stdout] 122 |     write!(write_u8, u8, load_u8);
[INFO] [stdout]     |     ----------------------------- in this macro invocation
[INFO] [stdout]     |
[INFO] [stdout]     = note: this error originates in the macro `write` (in Nightly builds, run with -Z macro-backtrace for more info)
[INFO] [stdout] 
[INFO] [stdout] 
[INFO] [stdout] error[E0425]: cannot find function `load_u16` in this scope
[INFO] [stdout]    --> /opt/rustwide/cargo-home/registry/src/index.crates.io-6f17d22bba15001f/gxhash-3.1.0/src/hasher.rs:123:28
[INFO] [stdout]     |
[INFO] [stdout] 123 |     write!(write_u16, u16, load_u16);
[INFO] [stdout]     |                            ^^^^^^^^ not found in this scope
[INFO] [stdout] 
[INFO] [stdout] 
[INFO] [stdout] error[E0425]: cannot find function `ld` in this scope
[INFO] [stdout]    --> /opt/rustwide/cargo-home/registry/src/index.crates.io-6f17d22bba15001f/gxhash-3.1.0/src/hasher.rs:101:72
[INFO] [stdout]     |
[INFO] [stdout] 101 |                 aes_encrypt_last($load(value), aes_encrypt(self.state, ld(KEYS.as_ptr())))
[INFO] [stdout]     |                                                                        ^^ not found in this scope
[INFO] [stdout] ...
[INFO] [stdout] 123 |     write!(write_u16, u16, load_u16);
[INFO] [stdout]     |     -------------------------------- in this macro invocation
[INFO] [stdout]     |
[INFO] [stdout]     = note: this error originates in the macro `write` (in Nightly builds, run with -Z macro-backtrace for more info)
[INFO] [stdout] 
[INFO] [stdout] 
[INFO] [stdout] error[E0425]: cannot find function `aes_encrypt` in this scope
[INFO] [stdout]    --> /opt/rustwide/cargo-home/registry/src/index.crates.io-6f17d22bba15001f/gxhash-3.1.0/src/hasher.rs:101:48
[INFO] [stdout]     |
[INFO] [stdout] 101 |                 aes_encrypt_last($load(value), aes_encrypt(self.state, ld(KEYS.as_ptr())))
[INFO] [stdout]     |                                                ^^^^^^^^^^^ not found in this scope
[INFO] [stdout] ...
[INFO] [stdout] 123 |     write!(write_u16, u16, load_u16);
[INFO] [stdout]     |     -------------------------------- in this macro invocation
[INFO] [stdout]     |
[INFO] [stdout]     = note: this error originates in the macro `write` (in Nightly builds, run with -Z macro-backtrace for more info)
[INFO] [stdout] 
[INFO] [stdout] 
[INFO] [stdout] error[E0425]: cannot find function `aes_encrypt_last` in this scope
[INFO] [stdout]    --> /opt/rustwide/cargo-home/registry/src/index.crates.io-6f17d22bba15001f/gxhash-3.1.0/src/hasher.rs:101:17
[INFO] [stdout]     |
[INFO] [stdout] 101 |                 aes_encrypt_last($load(value), aes_encrypt(self.state, ld(KEYS.as_ptr())))
[INFO] [stdout]     |                 ^^^^^^^^^^^^^^^^ not found in this scope
[INFO] [stdout] ...
[INFO] [stdout] 123 |     write!(write_u16, u16, load_u16);
[INFO] [stdout]     |     -------------------------------- in this macro invocation
[INFO] [stdout]     |
[INFO] [stdout]     = note: this error originates in the macro `write` (in Nightly builds, run with -Z macro-backtrace for more info)
[INFO] [stdout] 
[INFO] [stdout] 
[INFO] [stdout] error[E0425]: cannot find function `load_u32` in this scope
[INFO] [stdout]    --> /opt/rustwide/cargo-home/registry/src/index.crates.io-6f17d22bba15001f/gxhash-3.1.0/src/hasher.rs:124:28
[INFO] [stdout]     |
[INFO] [stdout] 124 |     write!(write_u32, u32, load_u32);
[INFO] [stdout]     |                            ^^^^^^^^ not found in this scope
[INFO] [stdout] 
[INFO] [stdout] 
[INFO] [stdout] error[E0425]: cannot find function `ld` in this scope
[INFO] [stdout]    --> /opt/rustwide/cargo-home/registry/src/index.crates.io-6f17d22bba15001f/gxhash-3.1.0/src/hasher.rs:101:72
[INFO] [stdout]     |
[INFO] [stdout] 101 |                 aes_encrypt_last($load(value), aes_encrypt(self.state, ld(KEYS.as_ptr())))
[INFO] [stdout]     |                                                                        ^^ not found in this scope
[INFO] [stdout] ...
[INFO] [stdout] 124 |     write!(write_u32, u32, load_u32);
[INFO] [stdout]     |     -------------------------------- in this macro invocation
[INFO] [stdout]     |
[INFO] [stdout]     = note: this error originates in the macro `write` (in Nightly builds, run with -Z macro-backtrace for more info)
[INFO] [stdout] 
[INFO] [stdout] 
[INFO] [stdout] error[E0425]: cannot find function `aes_encrypt` in this scope
[INFO] [stdout]    --> /opt/rustwide/cargo-home/registry/src/index.crates.io-6f17d22bba15001f/gxhash-3.1.0/src/hasher.rs:101:48
[INFO] [stdout]     |
[INFO] [stdout] 101 |                 aes_encrypt_last($load(value), aes_encrypt(self.state, ld(KEYS.as_ptr())))
[INFO] [stdout]     |                                                ^^^^^^^^^^^ not found in this scope
[INFO] [stdout] ...
[INFO] [stdout] 124 |     write!(write_u32, u32, load_u32);
[INFO] [stdout]     |     -------------------------------- in this macro invocation
[INFO] [stdout]     |
[INFO] [stdout]     = note: this error originates in the macro `write` (in Nightly builds, run with -Z macro-backtrace for more info)
[INFO] [stdout] 
[INFO] [stdout] 
[INFO] [stdout] error[E0425]: cannot find function `aes_encrypt_last` in this scope
[INFO] [stdout]    --> /opt/rustwide/cargo-home/registry/src/index.crates.io-6f17d22bba15001f/gxhash-3.1.0/src/hasher.rs:101:17
[INFO] [stdout]     |
[INFO] [stdout] 101 |                 aes_encrypt_last($load(value), aes_encrypt(self.state, ld(KEYS.as_ptr())))
[INFO] [stdout]     |                 ^^^^^^^^^^^^^^^^ not found in this scope
[INFO] [stdout] ...
[INFO] [stdout] 124 |     write!(write_u32, u32, load_u32);
[INFO] [stdout]     |     -------------------------------- in this macro invocation
[INFO] [stdout]     |
[INFO] [stdout]     = note: this error originates in the macro `write` (in Nightly builds, run with -Z macro-backtrace for more info)
[INFO] [stdout] 
[INFO] [stdout] 
[INFO] [stdout] error[E0425]: cannot find function `load_u64` in this scope
[INFO] [stdout]    --> /opt/rustwide/cargo-home/registry/src/index.crates.io-6f17d22bba15001f/gxhash-3.1.0/src/hasher.rs:125:28
[INFO] [stdout]     |
[INFO] [stdout] 125 |     write!(write_u64, u64, load_u64);
[INFO] [stdout]     |                            ^^^^^^^^ not found in this scope
[INFO] [stdout] 
[INFO] [stdout] 
[INFO] [stdout] error[E0425]: cannot find function `ld` in this scope
[INFO] [stdout]    --> /opt/rustwide/cargo-home/registry/src/index.crates.io-6f17d22bba15001f/gxhash-3.1.0/src/hasher.rs:101:72
[INFO] [stdout]     |
[INFO] [stdout] 101 |                 aes_encrypt_last($load(value), aes_encrypt(self.state, ld(KEYS.as_ptr())))
[INFO] [stdout]     |                                                                        ^^ not found in this scope
[INFO] [stdout] ...
[INFO] [stdout] 125 |     write!(write_u64, u64, load_u64);
[INFO] [stdout]     |     -------------------------------- in this macro invocation
[INFO] [stdout]     |
[INFO] [stdout]     = note: this error originates in the macro `write` (in Nightly builds, run with -Z macro-backtrace for more info)
[INFO] [stdout] 
[INFO] [stdout] 
[INFO] [stdout] error[E0425]: cannot find function `aes_encrypt` in this scope
[INFO] [stdout]    --> /opt/rustwide/cargo-home/registry/src/index.crates.io-6f17d22bba15001f/gxhash-3.1.0/src/hasher.rs:101:48
[INFO] [stdout]     |
[INFO] [stdout] 101 |                 aes_encrypt_last($load(value), aes_encrypt(self.state, ld(KEYS.as_ptr())))
[INFO] [stdout]     |                                                ^^^^^^^^^^^ not found in this scope
[INFO] [stdout] ...
[INFO] [stdout] 125 |     write!(write_u64, u64, load_u64);
[INFO] [stdout]     |     -------------------------------- in this macro invocation
[INFO] [stdout]     |
[INFO] [stdout]     = note: this error originates in the macro `write` (in Nightly builds, run with -Z macro-backtrace for more info)
[INFO] [stdout] 
[INFO] [stdout] 
[INFO] [stdout] error[E0425]: cannot find function `aes_encrypt_last` in this scope
[INFO] [stdout]    --> /opt/rustwide/cargo-home/registry/src/index.crates.io-6f17d22bba15001f/gxhash-3.1.0/src/hasher.rs:101:17
[INFO] [stdout]     |
[INFO] [stdout] 101 |                 aes_encrypt_last($load(value), aes_encrypt(self.state, ld(KEYS.as_ptr())))
[INFO] [stdout]     |                 ^^^^^^^^^^^^^^^^ not found in this scope
[INFO] [stdout] ...
[INFO] [stdout] 125 |     write!(write_u64, u64, load_u64);
[INFO] [stdout]     |     -------------------------------- in this macro invocation
[INFO] [stdout]     |
[INFO] [stdout]     = note: this error originates in the macro `write` (in Nightly builds, run with -Z macro-backtrace for more info)
[INFO] [stdout] 
[INFO] [stdout] 
[INFO] [stdout] error[E0425]: cannot find function `load_u128` in this scope
[INFO] [stdout]    --> /opt/rustwide/cargo-home/registry/src/index.crates.io-6f17d22bba15001f/gxhash-3.1.0/src/hasher.rs:126:30
[INFO] [stdout]     |
[INFO] [stdout] 126 |     write!(write_u128, u128, load_u128);
[INFO] [stdout]     |                              ^^^^^^^^^ not found in this scope
[INFO] [stdout] 
[INFO] [stdout] 
[INFO] [stdout] error[E0425]: cannot find function `ld` in this scope
[INFO] [stdout]    --> /opt/rustwide/cargo-home/registry/src/index.crates.io-6f17d22bba15001f/gxhash-3.1.0/src/hasher.rs:101:72
[INFO] [stdout]     |
[INFO] [stdout] 101 |                 aes_encrypt_last($load(value), aes_encrypt(self.state, ld(KEYS.as_ptr())))
[INFO] [stdout]     |                                                                        ^^ not found in this scope
[INFO] [stdout] ...
[INFO] [stdout] 126 |     write!(write_u128, u128, load_u128);
[INFO] [stdout]     |     ----------------------------------- in this macro invocation
[INFO] [stdout]     |
[INFO] [stdout]     = note: this error originates in the macro `write` (in Nightly builds, run with -Z macro-backtrace for more info)
[INFO] [stdout] 
[INFO] [stdout] 
[INFO] [stdout] error[E0425]: cannot find function `aes_encrypt` in this scope
[INFO] [stdout]    --> /opt/rustwide/cargo-home/registry/src/index.crates.io-6f17d22bba15001f/gxhash-3.1.0/src/hasher.rs:101:48
[INFO] [stdout]     |
[INFO] [stdout] 101 |                 aes_encrypt_last($load(value), aes_encrypt(self.state, ld(KEYS.as_ptr())))
[INFO] [stdout]     |                                                ^^^^^^^^^^^ not found in this scope
[INFO] [stdout] ...
[INFO] [stdout] 126 |     write!(write_u128, u128, load_u128);
[INFO] [stdout]     |     ----------------------------------- in this macro invocation
[INFO] [stdout]     |
[INFO] [stdout]     = note: this error originates in the macro `write` (in Nightly builds, run with -Z macro-backtrace for more info)
[INFO] [stdout] 
[INFO] [stdout] 
[INFO] [stdout] error[E0425]: cannot find function `aes_encrypt_last` in this scope
[INFO] [stdout]    --> /opt/rustwide/cargo-home/registry/src/index.crates.io-6f17d22bba15001f/gxhash-3.1.0/src/hasher.rs:101:17
[INFO] [stdout]     |
[INFO] [stdout] 101 |                 aes_encrypt_last($load(value), aes_encrypt(self.state, ld(KEYS.as_ptr())))
[INFO] [stdout]     |                 ^^^^^^^^^^^^^^^^ not found in this scope
[INFO] [stdout] ...
[INFO] [stdout] 126 |     write!(write_u128, u128, load_u128);
[INFO] [stdout]     |     ----------------------------------- in this macro invocation
[INFO] [stdout]     |
[INFO] [stdout]     = note: this error originates in the macro `write` (in Nightly builds, run with -Z macro-backtrace for more info)
[INFO] [stdout] 
[INFO] [stdout] 
[INFO] [stdout] error[E0425]: cannot find function `load_i8` in this scope
[INFO] [stdout]    --> /opt/rustwide/cargo-home/registry/src/index.crates.io-6f17d22bba15001f/gxhash-3.1.0/src/hasher.rs:127:26
[INFO] [stdout]     |
[INFO] [stdout] 127 |     write!(write_i8, i8, load_i8);
[INFO] [stdout]     |                          ^^^^^^^ not found in this scope
[INFO] [stdout] 
[INFO] [stdout] 
[INFO] [stdout] error[E0425]: cannot find function `ld` in this scope
[INFO] [stdout]    --> /opt/rustwide/cargo-home/registry/src/index.crates.io-6f17d22bba15001f/gxhash-3.1.0/src/hasher.rs:101:72
[INFO] [stdout]     |
[INFO] [stdout] 101 |                 aes_encrypt_last($load(value), aes_encrypt(self.state, ld(KEYS.as_ptr())))
[INFO] [stdout]     |                                                                        ^^ not found in this scope
[INFO] [stdout] ...
[INFO] [stdout] 127 |     write!(write_i8, i8, load_i8);
[INFO] [stdout]     |     ----------------------------- in this macro invocation
[INFO] [stdout]     |
[INFO] [stdout]     = note: this error originates in the macro `write` (in Nightly builds, run with -Z macro-backtrace for more info)
[INFO] [stdout] 
[INFO] [stdout] 
[INFO] [stdout] error[E0425]: cannot find function `aes_encrypt` in this scope
[INFO] [stdout]    --> /opt/rustwide/cargo-home/registry/src/index.crates.io-6f17d22bba15001f/gxhash-3.1.0/src/hasher.rs:101:48
[INFO] [stdout]     |
[INFO] [stdout] 101 |                 aes_encrypt_last($load(value), aes_encrypt(self.state, ld(KEYS.as_ptr())))
[INFO] [stdout]     |                                                ^^^^^^^^^^^ not found in this scope
[INFO] [stdout] ...
[INFO] [stdout] 127 |     write!(write_i8, i8, load_i8);
[INFO] [stdout]     |     ----------------------------- in this macro invocation
[INFO] [stdout]     |
[INFO] [stdout]     = note: this error originates in the macro `write` (in Nightly builds, run with -Z macro-backtrace for more info)
[INFO] [stdout] 
[INFO] [stdout] 
[INFO] [stdout] error[E0425]: cannot find function `aes_encrypt_last` in this scope
[INFO] [stdout]    --> /opt/rustwide/cargo-home/registry/src/index.crates.io-6f17d22bba15001f/gxhash-3.1.0/src/hasher.rs:101:17
[INFO] [stdout]     |
[INFO] [stdout] 101 |                 aes_encrypt_last($load(value), aes_encrypt(self.state, ld(KEYS.as_ptr())))
[INFO] [stdout]     |                 ^^^^^^^^^^^^^^^^ not found in this scope
[INFO] [stdout] ...
[INFO] [stdout] 127 |     write!(write_i8, i8, load_i8);
[INFO] [stdout]     |     ----------------------------- in this macro invocation
[INFO] [stdout]     |
[INFO] [stdout]     = note: this error originates in the macro `write` (in Nightly builds, run with -Z macro-backtrace for more info)
[INFO] [stdout] 
[INFO] [stdout] 
[INFO] [stdout] error[E0425]: cannot find function `load_i16` in this scope
[INFO] [stdout]    --> /opt/rustwide/cargo-home/registry/src/index.crates.io-6f17d22bba15001f/gxhash-3.1.0/src/hasher.rs:128:28
[INFO] [stdout]     |
[INFO] [stdout] 128 |     write!(write_i16, i16, load_i16);
[INFO] [stdout]     |                            ^^^^^^^^ not found in this scope
[INFO] [stdout] 
[INFO] [stdout] 
[INFO] [stdout] error[E0425]: cannot find function `ld` in this scope
[INFO] [stdout]    --> /opt/rustwide/cargo-home/registry/src/index.crates.io-6f17d22bba15001f/gxhash-3.1.0/src/hasher.rs:101:72
[INFO] [stdout]     |
[INFO] [stdout] 101 |                 aes_encrypt_last($load(value), aes_encrypt(self.state, ld(KEYS.as_ptr())))
[INFO] [stdout]     |                                                                        ^^ not found in this scope
[INFO] [stdout] ...
[INFO] [stdout] 128 |     write!(write_i16, i16, load_i16);
[INFO] [stdout]     |     -------------------------------- in this macro invocation
[INFO] [stdout]     |
[INFO] [stdout]     = note: this error originates in the macro `write` (in Nightly builds, run with -Z macro-backtrace for more info)
[INFO] [stdout] 
[INFO] [stdout] 
[INFO] [stdout] error[E0425]: cannot find function `aes_encrypt` in this scope
[INFO] [stdout]    --> /opt/rustwide/cargo-home/registry/src/index.crates.io-6f17d22bba15001f/gxhash-3.1.0/src/hasher.rs:101:48
[INFO] [stdout]     |
[INFO] [stdout] 101 |                 aes_encrypt_last($load(value), aes_encrypt(self.state, ld(KEYS.as_ptr())))
[INFO] [stdout]     |                                                ^^^^^^^^^^^ not found in this scope
[INFO] [stdout] ...
[INFO] [stdout] 128 |     write!(write_i16, i16, load_i16);
[INFO] [stdout]     |     -------------------------------- in this macro invocation
[INFO] [stdout]     |
[INFO] [stdout]     = note: this error originates in the macro `write` (in Nightly builds, run with -Z macro-backtrace for more info)
[INFO] [stdout] 
[INFO] [stdout] 
[INFO] [stdout] error[E0425]: cannot find function `aes_encrypt_last` in this scope
[INFO] [stdout]    --> /opt/rustwide/cargo-home/registry/src/index.crates.io-6f17d22bba15001f/gxhash-3.1.0/src/hasher.rs:101:17
[INFO] [stdout]     |
[INFO] [stdout] 101 |                 aes_encrypt_last($load(value), aes_encrypt(self.state, ld(KEYS.as_ptr())))
[INFO] [stdout]     |                 ^^^^^^^^^^^^^^^^ not found in this scope
[INFO] [stdout] ...
[INFO] [stdout] 128 |     write!(write_i16, i16, load_i16);
[INFO] [stdout]     |     -------------------------------- in this macro invocation
[INFO] [stdout]     |
[INFO] [stdout]     = note: this error originates in the macro `write` (in Nightly builds, run with -Z macro-backtrace for more info)
[INFO] [stdout] 
[INFO] [stdout] 
[INFO] [stdout] error[E0425]: cannot find function `load_i32` in this scope
[INFO] [stdout]    --> /opt/rustwide/cargo-home/registry/src/index.crates.io-6f17d22bba15001f/gxhash-3.1.0/src/hasher.rs:129:28
[INFO] [stdout]     |
[INFO] [stdout] 129 |     write!(write_i32, i32, load_i32);
[INFO] [stdout]     |                            ^^^^^^^^ not found in this scope
[INFO] [stdout] 
[INFO] [stdout] 
[INFO] [stdout] error[E0425]: cannot find function `ld` in this scope
[INFO] [stdout]    --> /opt/rustwide/cargo-home/registry/src/index.crates.io-6f17d22bba15001f/gxhash-3.1.0/src/hasher.rs:101:72
[INFO] [stdout]     |
[INFO] [stdout] 101 |                 aes_encrypt_last($load(value), aes_encrypt(self.state, ld(KEYS.as_ptr())))
[INFO] [stdout]     |                                                                        ^^ not found in this scope
[INFO] [stdout] ...
[INFO] [stdout] 129 |     write!(write_i32, i32, load_i32);
[INFO] [stdout]     |     -------------------------------- in this macro invocation
[INFO] [stdout]     |
[INFO] [stdout]     = note: this error originates in the macro `write` (in Nightly builds, run with -Z macro-backtrace for more info)
[INFO] [stdout] 
[INFO] [stdout] 
[INFO] [stdout] error[E0425]: cannot find function `aes_encrypt` in this scope
[INFO] [stdout]    --> /opt/rustwide/cargo-home/registry/src/index.crates.io-6f17d22bba15001f/gxhash-3.1.0/src/hasher.rs:101:48
[INFO] [stdout]     |
[INFO] [stdout] 101 |                 aes_encrypt_last($load(value), aes_encrypt(self.state, ld(KEYS.as_ptr())))
[INFO] [stdout]     |                                                ^^^^^^^^^^^ not found in this scope
[INFO] [stdout] ...
[INFO] [stdout] 129 |     write!(write_i32, i32, load_i32);
[INFO] [stdout]     |     -------------------------------- in this macro invocation
[INFO] [stdout]     |
[INFO] [stdout]     = note: this error originates in the macro `write` (in Nightly builds, run with -Z macro-backtrace for more info)
[INFO] [stdout] 
[INFO] [stdout] 
[INFO] [stdout] error[E0425]: cannot find function `aes_encrypt_last` in this scope
[INFO] [stdout]    --> /opt/rustwide/cargo-home/registry/src/index.crates.io-6f17d22bba15001f/gxhash-3.1.0/src/hasher.rs:101:17
[INFO] [stdout]     |
[INFO] [stdout] 101 |                 aes_encrypt_last($load(value), aes_encrypt(self.state, ld(KEYS.as_ptr())))
[INFO] [stdout]     |                 ^^^^^^^^^^^^^^^^ not found in this scope
[INFO] [stdout] ...
[INFO] [stdout] 129 |     write!(write_i32, i32, load_i32);
[INFO] [stdout]     |     -------------------------------- in this macro invocation
[INFO] [stdout]     |
[INFO] [stdout]     = note: this error originates in the macro `write` (in Nightly builds, run with -Z macro-backtrace for more info)
[INFO] [stdout] 
[INFO] [stdout] 
[INFO] [stdout] error[E0425]: cannot find function `load_i64` in this scope
[INFO] [stdout]    --> /opt/rustwide/cargo-home/registry/src/index.crates.io-6f17d22bba15001f/gxhash-3.1.0/src/hasher.rs:130:28
[INFO] [stdout]     |
[INFO] [stdout] 130 |     write!(write_i64, i64, load_i64);
[INFO] [stdout]     |                            ^^^^^^^^ not found in this scope
[INFO] [stdout] 
[INFO] [stdout] 
[INFO] [stdout] error[E0425]: cannot find function `ld` in this scope
[INFO] [stdout]    --> /opt/rustwide/cargo-home/registry/src/index.crates.io-6f17d22bba15001f/gxhash-3.1.0/src/hasher.rs:101:72
[INFO] [stdout]     |
[INFO] [stdout] 101 |                 aes_encrypt_last($load(value), aes_encrypt(self.state, ld(KEYS.as_ptr())))
[INFO] [stdout]     |                                                                        ^^ not found in this scope
[INFO] [stdout] ...
[INFO] [stdout] 130 |     write!(write_i64, i64, load_i64);
[INFO] [stdout]     |     -------------------------------- in this macro invocation
[INFO] [stdout]     |
[INFO] [stdout]     = note: this error originates in the macro `write` (in Nightly builds, run with -Z macro-backtrace for more info)
[INFO] [stdout] 
[INFO] [stdout] 
[INFO] [stdout] error[E0425]: cannot find function `aes_encrypt` in this scope
[INFO] [stdout]    --> /opt/rustwide/cargo-home/registry/src/index.crates.io-6f17d22bba15001f/gxhash-3.1.0/src/hasher.rs:101:48
[INFO] [stdout]     |
[INFO] [stdout] 101 |                 aes_encrypt_last($load(value), aes_encrypt(self.state, ld(KEYS.as_ptr())))
[INFO] [stdout]     |                                                ^^^^^^^^^^^ not found in this scope
[INFO] [stdout] ...
[INFO] [stdout] 130 |     write!(write_i64, i64, load_i64);
[INFO] [stdout]     |     -------------------------------- in this macro invocation
[INFO] [stdout]     |
[INFO] [stdout]     = note: this error originates in the macro `write` (in Nightly builds, run with -Z macro-backtrace for more info)
[INFO] [stdout] 
[INFO] [stdout] 
[INFO] [stdout] error[E0425]: cannot find function `aes_encrypt_last` in this scope
[INFO] [stdout]    --> /opt/rustwide/cargo-home/registry/src/index.crates.io-6f17d22bba15001f/gxhash-3.1.0/src/hasher.rs:101:17
[INFO] [stdout]     |
[INFO] [stdout] 101 |                 aes_encrypt_last($load(value), aes_encrypt(self.state, ld(KEYS.as_ptr())))
[INFO] [stdout]     |                 ^^^^^^^^^^^^^^^^ not found in this scope
[INFO] [stdout] ...
[INFO] [stdout] 130 |     write!(write_i64, i64, load_i64);
[INFO] [stdout]     |     -------------------------------- in this macro invocation
[INFO] [stdout]     |
[INFO] [stdout]     = note: this error originates in the macro `write` (in Nightly builds, run with -Z macro-backtrace for more info)
[INFO] [stdout] 
[INFO] [stdout] 
[INFO] [stdout] error[E0425]: cannot find function `load_i128` in this scope
[INFO] [stdout]    --> /opt/rustwide/cargo-home/registry/src/index.crates.io-6f17d22bba15001f/gxhash-3.1.0/src/hasher.rs:131:30
[INFO] [stdout]     |
[INFO] [stdout] 131 |     write!(write_i128, i128, load_i128);
[INFO] [stdout]     |                              ^^^^^^^^^ not found in this scope
[INFO] [stdout] 
[INFO] [stdout] 
[INFO] [stdout] error[E0425]: cannot find function `ld` in this scope
[INFO] [stdout]    --> /opt/rustwide/cargo-home/registry/src/index.crates.io-6f17d22bba15001f/gxhash-3.1.0/src/hasher.rs:101:72
[INFO] [stdout]     |
[INFO] [stdout] 101 |                 aes_encrypt_last($load(value), aes_encrypt(self.state, ld(KEYS.as_ptr())))
[INFO] [stdout]     |                                                                        ^^ not found in this scope
[INFO] [stdout] ...
[INFO] [stdout] 131 |     write!(write_i128, i128, load_i128);
[INFO] [stdout]     |     ----------------------------------- in this macro invocation
[INFO] [stdout]     |
[INFO] [stdout]     = note: this error originates in the macro `write` (in Nightly builds, run with -Z macro-backtrace for more info)
[INFO] [stdout] 
[INFO] [stdout] 
[INFO] [stdout] error[E0425]: cannot find function `aes_encrypt` in this scope
[INFO] [stdout]    --> /opt/rustwide/cargo-home/registry/src/index.crates.io-6f17d22bba15001f/gxhash-3.1.0/src/hasher.rs:101:48
[INFO] [stdout]     |
[INFO] [stdout] 101 |                 aes_encrypt_last($load(value), aes_encrypt(self.state, ld(KEYS.as_ptr())))
[INFO] [stdout]     |                                                ^^^^^^^^^^^ not found in this scope
[INFO] [stdout] ...
[INFO] [stdout] 131 |     write!(write_i128, i128, load_i128);
[INFO] [stdout]     |     ----------------------------------- in this macro invocation
[INFO] [stdout]     |
[INFO] [stdout]     = note: this error originates in the macro `write` (in Nightly builds, run with -Z macro-backtrace for more info)
[INFO] [stdout] 
[INFO] [stdout] 
[INFO] [stdout] error[E0425]: cannot find function `aes_encrypt_last` in this scope
[INFO] [stdout]    --> /opt/rustwide/cargo-home/registry/src/index.crates.io-6f17d22bba15001f/gxhash-3.1.0/src/hasher.rs:101:17
[INFO] [stdout]     |
[INFO] [stdout] 101 |                 aes_encrypt_last($load(value), aes_encrypt(self.state, ld(KEYS.as_ptr())))
[INFO] [stdout]     |                 ^^^^^^^^^^^^^^^^ not found in this scope
[INFO] [stdout] ...
[INFO] [stdout] 131 |     write!(write_i128, i128, load_i128);
[INFO] [stdout]     |     ----------------------------------- in this macro invocation
[INFO] [stdout]     |
[INFO] [stdout]     = note: this error originates in the macro `write` (in Nightly builds, run with -Z macro-backtrace for more info)
[INFO] [stdout] 
[INFO] [stdout] 
[INFO] [stdout] error: aborting due to 85 previous errors
[INFO] [stdout] 
[INFO] [stdout] 
[INFO] [stdout] Some errors have detailed explanations: E0412, E0425, E0432.
[INFO] [stdout] 
[INFO] [stdout] For more information about an error, try `rustc --explain E0412`.
[INFO] [stdout] 
[INFO] [stderr] error: could not compile `gxhash` (lib) due to 86 previous errors
[INFO] [stderr] warning: build failed, waiting for other jobs to finish...
[INFO] running `Command { std: "docker" "inspect" "7b1c7c06a03a89f51e69d1a0eb9c3c4a648bae678ee6ded5fe00285e3df5472b", kill_on_drop: false }`
[INFO] running `Command { std: "docker" "rm" "-f" "7b1c7c06a03a89f51e69d1a0eb9c3c4a648bae678ee6ded5fe00285e3df5472b", kill_on_drop: false }`
[INFO] [stdout] 7b1c7c06a03a89f51e69d1a0eb9c3c4a648bae678ee6ded5fe00285e3df5472b
