[INFO] cloning repository https://github.com/23prime/follow-list
[INFO] running `Command { std: "git" "-c" "credential.helper=" "-c" "credential.helper=/workspace/cargo-home/bin/git-credential-null" "clone" "--bare" "https://github.com/23prime/follow-list" "/workspace/cache/git-repos/https%3A%2F%2Fgithub.com%2F23prime%2Ffollow-list", kill_on_drop: false }`
[INFO] [stderr] Cloning into bare repository '/workspace/cache/git-repos/https%3A%2F%2Fgithub.com%2F23prime%2Ffollow-list'...
[INFO] running `Command { std: "git" "rev-parse" "HEAD", kill_on_drop: false }`
[INFO] [stdout] 4ed80b47a9aa35d47c8e32c2f0994b718d3928ac
[INFO] documenting 23prime/follow-list against 1.75.0 for beta-1.76-rustdoc-1
[INFO] running `Command { std: "git" "clone" "/workspace/cache/git-repos/https%3A%2F%2Fgithub.com%2F23prime%2Ffollow-list" "/workspace/builds/worker-3-tc1/source", kill_on_drop: false }`
[INFO] [stderr] Cloning into '/workspace/builds/worker-3-tc1/source'...
[INFO] [stderr] done.
[INFO] validating manifest of git repo https://github.com/23prime/follow-list on toolchain 1.75.0
[INFO] running `Command { std: CARGO_HOME="/workspace/cargo-home" RUSTUP_HOME="/workspace/rustup-home" "/workspace/cargo-home/bin/cargo" "+1.75.0" "metadata" "--manifest-path" "Cargo.toml" "--no-deps", kill_on_drop: false }`
[INFO] started tweaking git repo https://github.com/23prime/follow-list
[INFO] finished tweaking git repo https://github.com/23prime/follow-list
[INFO] tweaked toml for git repo https://github.com/23prime/follow-list written to /workspace/builds/worker-3-tc1/source/Cargo.toml
[INFO] crate git repo https://github.com/23prime/follow-list already has a lockfile, it will not be regenerated
[INFO] running `Command { std: CARGO_HOME="/workspace/cargo-home" RUSTUP_HOME="/workspace/rustup-home" "/workspace/cargo-home/bin/cargo" "+1.75.0" "fetch" "--manifest-path" "Cargo.toml", kill_on_drop: false }`
[INFO] [stderr]  Downloading crates ...
[INFO] [stderr]   Downloaded tokio-current-thread v0.1.4
[INFO] [stderr]   Downloaded tokio-executor v0.1.6
[INFO] [stderr]   Downloaded tokio-timer v0.2.10
[INFO] [stderr]   Downloaded safemem v0.3.0
[INFO] [stderr]   Downloaded rand_os v0.1.2
[INFO] [stderr]   Downloaded security-framework-sys v0.1.16
[INFO] [stderr]   Downloaded digest v0.6.2
[INFO] [stderr]   Downloaded block-buffer v0.3.3
[INFO] [stderr]   Downloaded mio v0.6.16
[INFO] [stderr]   Downloaded smallvec v0.6.8
[INFO] [stderr]   Downloaded cc v1.0.29
[INFO] [stderr]   Downloaded tokio-io v0.1.11
[INFO] [stderr]   Downloaded tokio-tls v0.1.4
[INFO] [stderr]   Downloaded tokio-threadpool v0.1.11
[INFO] [stderr]   Downloaded libc v0.2.48
[INFO] [stderr]   Downloaded chrono v0.4.6
[INFO] [stderr]   Downloaded futures v0.1.25
[INFO] [stderr]   Downloaded openssl-sys v0.9.40
[INFO] [stderr]   Downloaded tokio v0.1.15
[INFO] [stderr]   Downloaded tokio-core v0.1.17
[INFO] [stderr]   Downloaded crossbeam-channel v0.3.8
[INFO] [stderr]   Downloaded bytes v0.4.11
[INFO] [stderr]   Downloaded sha-1 v0.4.1
[INFO] [stderr]   Downloaded tokio-fs v0.1.5
[INFO] [stderr]   Downloaded hyper-tls v0.1.4
[INFO] [stderr]   Downloaded autocfg v0.1.2
[INFO] [stderr]   Downloaded security-framework v0.1.16
[INFO] [stderr]   Downloaded schannel v0.1.14
[INFO] [stderr]   Downloaded byteorder v1.3.1
[INFO] [stderr]   Downloaded unicase v2.2.0
[INFO] [stderr]   Downloaded native-tls v0.1.5
[INFO] [stderr]   Downloaded num-integer v0.1.39
[INFO] [stderr]   Downloaded tokio-reactor v0.1.8
[INFO] [stderr]   Downloaded generic-array v0.8.3
[INFO] [stderr]   Downloaded rand_pcg v0.1.1
[INFO] [stderr]   Downloaded rand_jitter v0.1.3
[INFO] [stderr]   Downloaded num-traits v0.2.6
[INFO] [stderr]   Downloaded tokio-sync v0.1.1
[INFO] [stderr]   Downloaded hmac v0.4.2
[INFO] [stderr]   Downloaded crypto-mac v0.4.0
[INFO] [stderr]   Downloaded egg-mode v0.12.0
[INFO] running `Command { std: "docker" "create" "-v" "/var/lib/crater-agent-workspace/builds/worker-3-tc1/target:/opt/rustwide/target:rw,Z" "-v" "/var/lib/crater-agent-workspace/builds/worker-3-tc1/source:/opt/rustwide/workdir:ro,Z" "-v" "/var/lib/crater-agent-workspace/cargo-home:/opt/rustwide/cargo-home:ro,Z" "-v" "/var/lib/crater-agent-workspace/rustup-home:/opt/rustwide/rustup-home:ro,Z" "-e" "SOURCE_DIR=/opt/rustwide/workdir" "-e" "CARGO_TARGET_DIR=/opt/rustwide/target" "-e" "CARGO_HOME=/opt/rustwide/cargo-home" "-e" "RUSTUP_HOME=/opt/rustwide/rustup-home" "-w" "/opt/rustwide/workdir" "-m" "1610612736" "--user" "0:0" "--network" "none" "ghcr.io/rust-lang/crates-build-env/linux@sha256:2788e3201cd34a07e3172128adcd8b3090168a8e3bcc40d7c032b9dda1df7d1c" "/opt/rustwide/cargo-home/bin/cargo" "+1.75.0" "metadata" "--no-deps" "--format-version=1", kill_on_drop: false }`
[INFO] [stdout] 1b0b2c51645154e33fbb854dfbab70766ec8dc73381ac57996c9556edc3c628f
[INFO] running `Command { std: "docker" "start" "-a" "1b0b2c51645154e33fbb854dfbab70766ec8dc73381ac57996c9556edc3c628f", kill_on_drop: false }`
[INFO] running `Command { std: "docker" "inspect" "1b0b2c51645154e33fbb854dfbab70766ec8dc73381ac57996c9556edc3c628f", kill_on_drop: false }`
[INFO] running `Command { std: "docker" "rm" "-f" "1b0b2c51645154e33fbb854dfbab70766ec8dc73381ac57996c9556edc3c628f", kill_on_drop: false }`
[INFO] [stdout] 1b0b2c51645154e33fbb854dfbab70766ec8dc73381ac57996c9556edc3c628f
[INFO] running `Command { std: "docker" "create" "-v" "/var/lib/crater-agent-workspace/builds/worker-3-tc1/target:/opt/rustwide/target:rw,Z" "-v" "/var/lib/crater-agent-workspace/builds/worker-3-tc1/source:/opt/rustwide/workdir:ro,Z" "-v" "/var/lib/crater-agent-workspace/cargo-home:/opt/rustwide/cargo-home:ro,Z" "-v" "/var/lib/crater-agent-workspace/rustup-home:/opt/rustwide/rustup-home:ro,Z" "-e" "SOURCE_DIR=/opt/rustwide/workdir" "-e" "CARGO_TARGET_DIR=/opt/rustwide/target" "-e" "CARGO_INCREMENTAL=0" "-e" "RUST_BACKTRACE=full" "-e" "RUSTFLAGS=--cap-lints=warn" "-e" "RUSTDOCFLAGS=--cap-lints=warn" "-e" "CARGO_HOME=/opt/rustwide/cargo-home" "-e" "RUSTUP_HOME=/opt/rustwide/rustup-home" "-w" "/opt/rustwide/workdir" "-m" "1610612736" "--user" "0:0" "--network" "none" "ghcr.io/rust-lang/crates-build-env/linux@sha256:2788e3201cd34a07e3172128adcd8b3090168a8e3bcc40d7c032b9dda1df7d1c" "/opt/rustwide/cargo-home/bin/cargo" "+1.75.0" "doc" "--frozen" "--no-deps" "--document-private-items" "--message-format=json", kill_on_drop: false }`
[INFO] [stdout] 8173f26cd10ee3b32dda6600e898a0629ff0fdd6c8c5f717a233856e6f023a9c
[INFO] running `Command { std: "docker" "start" "-a" "8173f26cd10ee3b32dda6600e898a0629ff0fdd6c8c5f717a233856e6f023a9c", kill_on_drop: false }`
[INFO] [stderr]    Compiling libc v0.2.48
[INFO] [stderr]     Checking cfg-if v0.1.6
[INFO] [stderr]     Checking futures v0.1.25
[INFO] [stderr]     Checking lazy_static v1.2.0
[INFO] [stderr]    Compiling autocfg v0.1.2
[INFO] [stderr]     Checking void v1.0.2
[INFO] [stderr]    Compiling byteorder v1.3.1
[INFO] [stderr]     Checking lazycell v1.2.1
[INFO] [stderr]     Checking rand_jitter v0.1.3
[INFO] [stderr]    Compiling cc v1.0.29
[INFO] [stderr]    Compiling typenum v1.10.0
[INFO] [stderr]    Compiling rand_pcg v0.1.1
[INFO] [stderr]    Compiling unicase v2.2.0
[INFO] [stderr]     Checking scoped-tls v0.1.2
[INFO] [stderr]    Compiling openssl v0.9.24
[INFO] [stderr]    Compiling num-traits v0.2.6
[INFO] [stderr]     Checking log v0.4.6
[INFO] [stderr]     Checking unreachable v1.0.0
[INFO] [stderr]     Checking crossbeam-utils v0.6.5
[INFO] [stderr]     Checking bitflags v0.9.1
[INFO] [stderr]     Checking smallvec v0.6.8
[INFO] [stderr]     Checking smallvec v0.2.1
[INFO] [stderr]     Checking safemem v0.3.0
[INFO] [stderr]     Checking try-lock v0.1.0
[INFO] [stderr]     Checking lazy_static v0.2.11
[INFO] [stderr]     Checking log v0.3.9
[INFO] [stderr]    Compiling num-integer v0.1.39
[INFO] [stderr]     Checking take v0.1.0
[INFO] [stderr]     Checking slab v0.3.0
[INFO] [stderr]     Checking httparse v1.3.3
[INFO] [stderr]     Checking unicode-normalization v0.1.8
[INFO] [stderr]     Checking language-tags v0.2.2
[INFO] [stderr]    Compiling rand_chacha v0.1.1
[INFO] [stderr]    Compiling rand v0.6.5
[INFO] [stderr]     Checking crossbeam-epoch v0.7.1
[INFO] [stderr]     Checking crossbeam-channel v0.3.8
[INFO] [stderr]     Checking byte-tools v0.2.0
[INFO] [stderr]     Checking constant_time_eq v0.1.3
[INFO] [stderr]     Checking arrayref v0.3.5
[INFO] [stderr]     Checking fake-simd v0.1.2
[INFO] [stderr]     Checking rustc-serialize v0.3.24
[INFO] [stderr]     Checking block-buffer v0.3.3
[INFO] [stderr]     Checking crossbeam-deque v0.6.3
[INFO] [stderr]     Checking mime v0.3.13
[INFO] [stderr]     Checking base64 v0.9.3
[INFO] [stderr]    Compiling openssl-sys v0.9.40
[INFO] [stderr]     Checking rand_os v0.1.2
[INFO] [stderr]     Checking iovec v0.1.2
[INFO] [stderr]     Checking num_cpus v1.10.0
[INFO] [stderr]     Checking net2 v0.2.33
[INFO] [stderr]     Checking rand v0.4.6
[INFO] [stderr]     Checking time v0.1.42
[INFO] [stderr]     Checking thread-id v2.0.0
[INFO] [stderr]     Checking memchr v0.1.11
[INFO] [stderr]     Checking bytes v0.4.11
[INFO] [stderr]     Checking thread_local v0.2.7
[INFO] [stderr]     Checking aho-corasick v0.5.3
[INFO] [stderr]     Checking mio v0.6.16
[INFO] [stderr]     Checking regex v0.1.80
[INFO] [stderr]     Checking tokio-executor v0.1.6
[INFO] [stderr]     Checking tokio-sync v0.1.1
[INFO] [stderr]     Checking tokio-service v0.1.0
[INFO] [stderr]     Checking futures-cpupool v0.1.8
[INFO] [stderr]     Checking want v0.0.4
[INFO] [stderr]     Checking relay v0.1.1
[INFO] [stderr]     Checking tokio-io v0.1.11
[INFO] [stderr]     Checking tokio-timer v0.2.10
[INFO] [stderr]     Checking tokio-current-thread v0.1.4
[INFO] [stderr]     Checking idna v0.1.5
[INFO] [stderr]     Checking generic-array v0.8.3
[INFO] [stderr]     Checking chrono v0.4.6
[INFO] [stderr]     Checking rand v0.3.23
[INFO] [stderr] The following warnings were emitted during compilation:
[INFO] [stderr] 
[INFO] [stderr] warning: openssl-sys@0.9.40: /opt/rustwide/target/debug/build/openssl-sys-c5aa03d832da2fdc/out/expando.c:4:24: error: pasting "RUST_VERSION_OPENSSL_" and "(" does not give a valid preprocessing token
[INFO] [stderr] warning: openssl-sys@0.9.40:     4 | #define VERSION2(n, v) RUST_VERSION_ ## n ## _ ## v
[INFO] [stderr] warning: openssl-sys@0.9.40:       |                        ^~~~~~~~~~~~~
[INFO] [stderr] warning: openssl-sys@0.9.40: /opt/rustwide/target/debug/build/openssl-sys-c5aa03d832da2fdc/out/expando.c:5:23: note: in expansion of macro 'VERSION2'
[INFO] [stderr] warning: openssl-sys@0.9.40:     5 | #define VERSION(n, v) VERSION2(n, v)
[INFO] [stderr] warning: openssl-sys@0.9.40:       |                       ^~~~~~~~
[INFO] [stderr] warning: openssl-sys@0.9.40: /opt/rustwide/target/debug/build/openssl-sys-c5aa03d832da2fdc/out/expando.c:7:1: note: in expansion of macro 'VERSION'
[INFO] [stderr] warning: openssl-sys@0.9.40:     7 | VERSION(OPENSSL, OPENSSL_VERSION_NUMBER)
[INFO] [stderr] warning: openssl-sys@0.9.40:       | ^~~~~~~
[INFO] [stderr] 
[INFO] [stderr] error: failed to run custom build command for `openssl-sys v0.9.40`
[INFO] [stderr] note: To improve backtraces for build dependencies, set the CARGO_PROFILE_DEV_BUILD_OVERRIDE_DEBUG=true environment variable to enable debug information generation.
[INFO] [stderr] 
[INFO] [stderr] Caused by:
[INFO] [stderr]   process didn't exit successfully: `/opt/rustwide/target/debug/build/openssl-sys-93180d25e6f32cd0/build-script-main` (exit status: 101)
[INFO] [stderr]   --- stdout
[INFO] [stderr]   cargo:rerun-if-env-changed=X86_64_UNKNOWN_LINUX_GNU_OPENSSL_LIB_DIR
[INFO] [stderr]   cargo:rerun-if-env-changed=OPENSSL_LIB_DIR
[INFO] [stderr]   cargo:rerun-if-env-changed=X86_64_UNKNOWN_LINUX_GNU_OPENSSL_INCLUDE_DIR
[INFO] [stderr]   cargo:rerun-if-env-changed=OPENSSL_INCLUDE_DIR
[INFO] [stderr]   cargo:rerun-if-env-changed=X86_64_UNKNOWN_LINUX_GNU_OPENSSL_DIR
[INFO] [stderr]   cargo:rerun-if-env-changed=OPENSSL_DIR
[INFO] [stderr]   cargo:rustc-link-lib=ssl
[INFO] [stderr]   cargo:rustc-link-lib=crypto
[INFO] [stderr]   OPT_LEVEL = Some("0")
[INFO] [stderr]   TARGET = Some("x86_64-unknown-linux-gnu")
[INFO] [stderr]   HOST = Some("x86_64-unknown-linux-gnu")
[INFO] [stderr]   CC_x86_64-unknown-linux-gnu = None
[INFO] [stderr]   CC_x86_64_unknown_linux_gnu = None
[INFO] [stderr]   HOST_CC = None
[INFO] [stderr]   CC = None
[INFO] [stderr]   CFLAGS_x86_64-unknown-linux-gnu = None
[INFO] [stderr]   CFLAGS_x86_64_unknown_linux_gnu = None
[INFO] [stderr]   HOST_CFLAGS = None
[INFO] [stderr]   CFLAGS = None
[INFO] [stderr]   DEBUG = Some("true")
[INFO] [stderr]   running: "cc" "-O0" "-ffunction-sections" "-fdata-sections" "-fPIC" "-g" "-fno-omit-frame-pointer" "-m64" "-Wall" "-Wextra" "-E" "/opt/rustwide/target/debug/build/openssl-sys-c5aa03d832da2fdc/out/expando.c"
[INFO] [stderr]   cargo:warning=/opt/rustwide/target/debug/build/openssl-sys-c5aa03d832da2fdc/out/expando.c:4:24: error: pasting "RUST_VERSION_OPENSSL_" and "(" does not give a valid preprocessing token
[INFO] [stderr]   cargo:warning=    4 | #define VERSION2(n, v) RUST_VERSION_ ## n ## _ ## v
[INFO] [stderr]   cargo:warning=      |                        ^~~~~~~~~~~~~
[INFO] [stderr]   cargo:warning=/opt/rustwide/target/debug/build/openssl-sys-c5aa03d832da2fdc/out/expando.c:5:23: note: in expansion of macro 'VERSION2'
[INFO] [stderr]   cargo:warning=    5 | #define VERSION(n, v) VERSION2(n, v)
[INFO] [stderr]   cargo:warning=      |                       ^~~~~~~~
[INFO] [stderr]   cargo:warning=/opt/rustwide/target/debug/build/openssl-sys-c5aa03d832da2fdc/out/expando.c:7:1: note: in expansion of macro 'VERSION'
[INFO] [stderr]   cargo:warning=    7 | VERSION(OPENSSL, OPENSSL_VERSION_NUMBER)
[INFO] [stderr]   cargo:warning=      | ^~~~~~~
[INFO] [stderr]   exit status: 1
[INFO] [stderr] 
[INFO] [stderr]   --- stderr
[INFO] [stderr]   thread 'main' panicked at /opt/rustwide/cargo-home/registry/src/index.crates.io-6f17d22bba15001f/openssl-sys-0.9.40/build/main.rs:432:13:
[INFO] [stderr] 
[INFO] [stderr]   Header expansion error:
[INFO] [stderr]   Error { kind: ToolExecError, message: "Command \"cc\" \"-O0\" \"-ffunction-sections\" \"-fdata-sections\" \"-fPIC\" \"-g\" \"-fno-omit-frame-pointer\" \"-m64\" \"-Wall\" \"-Wextra\" \"-E\" \"/opt/rustwide/target/debug/build/openssl-sys-c5aa03d832da2fdc/out/expando.c\" with args \"cc\" did not execute successfully (status code exit status: 1)." }
[INFO] [stderr] 
[INFO] [stderr]   Failed to find OpenSSL development headers.
[INFO] [stderr] 
[INFO] [stderr]   You can try fixing this setting the `OPENSSL_DIR` environment variable
[INFO] [stderr]   pointing to your OpenSSL installation or installing OpenSSL headers package
[INFO] [stderr]   specific to your distribution:
[INFO] [stderr] 
[INFO] [stderr]       # On Ubuntu
[INFO] [stderr]       sudo apt-get install libssl-dev
[INFO] [stderr]       # On Arch Linux
[INFO] [stderr]       sudo pacman -S openssl
[INFO] [stderr]       # On Fedora
[INFO] [stderr]       sudo dnf install openssl-devel
[INFO] [stderr] 
[INFO] [stderr]   See rust-openssl README for more information:
[INFO] [stderr] 
[INFO] [stderr]       https://github.com/sfackler/rust-openssl#linux
[INFO] [stderr] 
[INFO] [stderr]   stack backtrace:
[INFO] [stderr]      0:     0x5566aae81f9c - std::backtrace_rs::backtrace::libunwind::trace::ha637c64ce894333a
[INFO] [stderr]                                  at /rustc/82e1608dfa6e0b5569232559e3d385fea5a93112/library/std/src/../../backtrace/src/backtrace/libunwind.rs:104:5
[INFO] [stderr]      1:     0x5566aae81f9c - std::backtrace_rs::backtrace::trace_unsynchronized::h47f62dea28e0c88d
[INFO] [stderr]                                  at /rustc/82e1608dfa6e0b5569232559e3d385fea5a93112/library/std/src/../../backtrace/src/backtrace/mod.rs:66:5
[INFO] [stderr]      2:     0x5566aae81f9c - std::sys_common::backtrace::_print_fmt::h9eef0abe20ede486
[INFO] [stderr]                                  at /rustc/82e1608dfa6e0b5569232559e3d385fea5a93112/library/std/src/sys_common/backtrace.rs:67:5
[INFO] [stderr]      3:     0x5566aae81f9c - <std::sys_common::backtrace::_print::DisplayBacktrace as core::fmt::Display>::fmt::hed7f999df88cc644
[INFO] [stderr]                                  at /rustc/82e1608dfa6e0b5569232559e3d385fea5a93112/library/std/src/sys_common/backtrace.rs:44:22
[INFO] [stderr]      4:     0x5566aaea80d0 - core::fmt::rt::Argument::fmt::h1539a9308b8d058d
[INFO] [stderr]                                  at /rustc/82e1608dfa6e0b5569232559e3d385fea5a93112/library/core/src/fmt/rt.rs:142:9
[INFO] [stderr]      5:     0x5566aaea80d0 - core::fmt::write::h3a39390d8560d9c9
[INFO] [stderr]                                  at /rustc/82e1608dfa6e0b5569232559e3d385fea5a93112/library/core/src/fmt/mod.rs:1120:17
[INFO] [stderr]      6:     0x5566aae7f8df - std::io::Write::write_fmt::h5fc9997dfe05f882
[INFO] [stderr]                                  at /rustc/82e1608dfa6e0b5569232559e3d385fea5a93112/library/std/src/io/mod.rs:1762:15
[INFO] [stderr]      7:     0x5566aae81d84 - std::sys_common::backtrace::_print::h894006fb5c6f3d45
[INFO] [stderr]                                  at /rustc/82e1608dfa6e0b5569232559e3d385fea5a93112/library/std/src/sys_common/backtrace.rs:47:5
[INFO] [stderr]      8:     0x5566aae81d84 - std::sys_common::backtrace::print::h23a2d212c6fff936
[INFO] [stderr]                                  at /rustc/82e1608dfa6e0b5569232559e3d385fea5a93112/library/std/src/sys_common/backtrace.rs:34:9
[INFO] [stderr]      9:     0x5566aae83597 - std::panicking::default_hook::{{closure}}::h8a1d2ee00185001a
[INFO] [stderr]     10:     0x5566aae832ff - std::panicking::default_hook::h6038f2eba384e475
[INFO] [stderr]                                  at /rustc/82e1608dfa6e0b5569232559e3d385fea5a93112/library/std/src/panicking.rs:292:9
[INFO] [stderr]     11:     0x5566aae83a18 - std::panicking::rust_panic_with_hook::h2b5517d590cab22e
[INFO] [stderr]                                  at /rustc/82e1608dfa6e0b5569232559e3d385fea5a93112/library/std/src/panicking.rs:779:13
[INFO] [stderr]     12:     0x5566aae838fe - std::panicking::begin_panic_handler::{{closure}}::h233112c06e0ef43e
[INFO] [stderr]                                  at /rustc/82e1608dfa6e0b5569232559e3d385fea5a93112/library/std/src/panicking.rs:657:13
[INFO] [stderr]     13:     0x5566aae82466 - std::sys_common::backtrace::__rust_end_short_backtrace::h6e893f24d7ebbff8
[INFO] [stderr]                                  at /rustc/82e1608dfa6e0b5569232559e3d385fea5a93112/library/std/src/sys_common/backtrace.rs:170:18
[INFO] [stderr]     14:     0x5566aae83662 - rust_begin_unwind
[INFO] [stderr]                                  at /rustc/82e1608dfa6e0b5569232559e3d385fea5a93112/library/std/src/panicking.rs:645:5
[INFO] [stderr]     15:     0x5566aae01685 - core::panicking::panic_fmt::hbf0e066aabfa482c
[INFO] [stderr]                                  at /rustc/82e1608dfa6e0b5569232559e3d385fea5a93112/library/core/src/panicking.rs:72:14
[INFO] [stderr]     16:     0x5566aae09764 - build_script_main::validate_headers::h8dcba2ebb5883afb
[INFO] [stderr]     17:     0x5566aae07b9f - build_script_main::imp::try_pkg_config::h4054f21c241b5cb7
[INFO] [stderr]     18:     0x5566aae06a64 - build_script_main::imp::find_openssl_dir::h34ff056b516ef1d6
[INFO] [stderr]     19:     0x5566aae06902 - build_script_main::imp::get_openssl::{{closure}}::h0f7f144c6fad04e3
[INFO] [stderr]     20:     0x5566aae0ccb9 - core::option::Option<T>::unwrap_or_else::h547ef5420c152447
[INFO] [stderr]     21:     0x5566aae06701 - build_script_main::imp::get_openssl::hd3cdb477a4bff7f9
[INFO] [stderr]     22:     0x5566aae05550 - build_script_main::main::h566eb08c671446ab
[INFO] [stderr]     23:     0x5566aae0bc53 - core::ops::function::FnOnce::call_once::he9d05d176371fd03
[INFO] [stderr]     24:     0x5566aae0af76 - std::sys_common::backtrace::__rust_begin_short_backtrace::h111b4aaf6a016463
[INFO] [stderr]     25:     0x5566aae02589 - std::rt::lang_start::{{closure}}::hae0f06d46514d851
[INFO] [stderr]     26:     0x5566aae7be27 - core::ops::function::impls::<impl core::ops::function::FnOnce<A> for &F>::call_once::hd95060ecd5e1ca24
[INFO] [stderr]                                  at /rustc/82e1608dfa6e0b5569232559e3d385fea5a93112/library/core/src/ops/function.rs:284:13
[INFO] [stderr]     27:     0x5566aae7be27 - std::panicking::try::do_call::h6e8cf51db32a6e4b
[INFO] [stderr]                                  at /rustc/82e1608dfa6e0b5569232559e3d385fea5a93112/library/std/src/panicking.rs:552:40
[INFO] [stderr]     28:     0x5566aae7be27 - std::panicking::try::h3a52eefe24fe3c29
[INFO] [stderr]                                  at /rustc/82e1608dfa6e0b5569232559e3d385fea5a93112/library/std/src/panicking.rs:516:19
[INFO] [stderr]     29:     0x5566aae7be27 - std::panic::catch_unwind::h24c28c23c02c3841
[INFO] [stderr]                                  at /rustc/82e1608dfa6e0b5569232559e3d385fea5a93112/library/std/src/panic.rs:142:14
[INFO] [stderr]     30:     0x5566aae7be27 - std::rt::lang_start_internal::{{closure}}::h705d3c9cbc06ef47
[INFO] [stderr]                                  at /rustc/82e1608dfa6e0b5569232559e3d385fea5a93112/library/std/src/rt.rs:148:48
[INFO] [stderr]     31:     0x5566aae7be27 - std::panicking::try::do_call::ha21f52ba13158470
[INFO] [stderr]                                  at /rustc/82e1608dfa6e0b5569232559e3d385fea5a93112/library/std/src/panicking.rs:552:40
[INFO] [stderr]     32:     0x5566aae7be27 - std::panicking::try::h5581346bf6aeb1f8
[INFO] [stderr]                                  at /rustc/82e1608dfa6e0b5569232559e3d385fea5a93112/library/std/src/panicking.rs:516:19
[INFO] [stderr]     33:     0x5566aae7be27 - std::panic::catch_unwind::h7919645a6b72e25b
[INFO] [stderr]                                  at /rustc/82e1608dfa6e0b5569232559e3d385fea5a93112/library/std/src/panic.rs:142:14
[INFO] [stderr]     34:     0x5566aae7be27 - std::rt::lang_start_internal::h12de51168669836e
[INFO] [stderr]                                  at /rustc/82e1608dfa6e0b5569232559e3d385fea5a93112/library/std/src/rt.rs:148:20
[INFO] [stderr]     35:     0x5566aae02567 - std::rt::lang_start::h0825004e53b6afa8
[INFO] [stderr]     36:     0x5566aae0a685 - main
[INFO] [stderr]     37:     0x7fbebc991d90 - <unknown>
[INFO] [stderr]     38:     0x7fbebc991e40 - __libc_start_main
[INFO] [stderr]     39:     0x5566aae01e95 - _start
[INFO] [stderr]     40:                0x0 - <unknown>
[INFO] [stderr] warning: build failed, waiting for other jobs to finish...
[INFO] running `Command { std: "docker" "inspect" "8173f26cd10ee3b32dda6600e898a0629ff0fdd6c8c5f717a233856e6f023a9c", kill_on_drop: false }`
[INFO] running `Command { std: "docker" "rm" "-f" "8173f26cd10ee3b32dda6600e898a0629ff0fdd6c8c5f717a233856e6f023a9c", kill_on_drop: false }`
[INFO] [stdout] 8173f26cd10ee3b32dda6600e898a0629ff0fdd6c8c5f717a233856e6f023a9c
