[INFO] cloning repository https://github.com/11bthornton/f1-telemetry
[INFO] running `Command { std: "git" "-c" "credential.helper=" "-c" "credential.helper=/workspace/cargo-home/bin/git-credential-null" "clone" "--bare" "https://github.com/11bthornton/f1-telemetry" "/workspace/cache/git-repos/https%3A%2F%2Fgithub.com%2F11bthornton%2Ff1-telemetry", kill_on_drop: false }`
[INFO] [stderr] Cloning into bare repository '/workspace/cache/git-repos/https%3A%2F%2Fgithub.com%2F11bthornton%2Ff1-telemetry'...
[INFO] running `Command { std: "git" "rev-parse" "HEAD", kill_on_drop: false }`
[INFO] [stdout] 06d79b6fa2e0bd42646055f3b504e4d6dbbd4710
[INFO] documenting 11bthornton/f1-telemetry against 1.75.0 for beta-1.76-rustdoc-1
[INFO] running `Command { std: "git" "clone" "/workspace/cache/git-repos/https%3A%2F%2Fgithub.com%2F11bthornton%2Ff1-telemetry" "/workspace/builds/worker-3-tc1/source", kill_on_drop: false }`
[INFO] [stderr] Cloning into '/workspace/builds/worker-3-tc1/source'...
[INFO] [stderr] done.
[INFO] validating manifest of git repo https://github.com/11bthornton/f1-telemetry on toolchain 1.75.0
[INFO] running `Command { std: CARGO_HOME="/workspace/cargo-home" RUSTUP_HOME="/workspace/rustup-home" "/workspace/cargo-home/bin/cargo" "+1.75.0" "metadata" "--manifest-path" "Cargo.toml" "--no-deps", kill_on_drop: false }`
[INFO] started tweaking git repo https://github.com/11bthornton/f1-telemetry
[INFO] finished tweaking git repo https://github.com/11bthornton/f1-telemetry
[INFO] tweaked toml for git repo https://github.com/11bthornton/f1-telemetry written to /workspace/builds/worker-3-tc1/source/Cargo.toml
[INFO] crate git repo https://github.com/11bthornton/f1-telemetry already has a lockfile, it will not be regenerated
[INFO] running `Command { std: CARGO_HOME="/workspace/cargo-home" RUSTUP_HOME="/workspace/rustup-home" "/workspace/cargo-home/bin/cargo" "+1.75.0" "fetch" "--manifest-path" "Cargo.toml", kill_on_drop: false }`
[INFO] [stderr] warning: profiles for the non root package will be ignored, specify profiles at the workspace root:
[INFO] [stderr] package:   /workspace/builds/worker-3-tc1/source/application/Cargo.toml
[INFO] [stderr] workspace: /workspace/builds/worker-3-tc1/source/Cargo.toml
[INFO] [stderr] warning: profiles for the non root package will be ignored, specify profiles at the workspace root:
[INFO] [stderr] package:   /workspace/builds/worker-3-tc1/source/f1-game-client/Cargo.toml
[INFO] [stderr] workspace: /workspace/builds/worker-3-tc1/source/Cargo.toml
[INFO] [stderr] warning: virtual workspace defaulting to `resolver = "1"` despite one or more workspace members being on edition 2021 which implies `resolver = "2"`
[INFO] [stderr] note: to keep the current resolver, specify `workspace.resolver = "1"` in the workspace root's manifest
[INFO] [stderr] note: to use the edition 2021 resolver, specify `workspace.resolver = "2"` in the workspace root's manifest
[INFO] [stderr] note: for more details see https://doc.rust-lang.org/cargo/reference/resolver.html#resolver-versions
[INFO] [stderr]     Updating crates.io index
[INFO] [stderr]  Downloading crates ...
[INFO] [stderr]   Downloaded gloo-timers v0.2.5
[INFO] [stderr]   Downloaded ron v0.8.0
[INFO] [stderr]   Downloaded coreaudio-sys v0.2.12
[INFO] [stderr]   Downloaded tts_rust v0.3.5
[INFO] [stderr]   Downloaded serde-bytes-repr v0.1.5
[INFO] [stderr]   Downloaded bytemuck_derive v1.3.0
[INFO] [stderr]   Downloaded ab_glyph v0.2.19
[INFO] [stderr]   Downloaded half v2.2.0
[INFO] [stderr]   Downloaded nom v7.1.2
[INFO] [stderr]   Downloaded regex-automata v0.3.5
[INFO] [stderr]   Downloaded epaint v0.19.0
[INFO] [stderr]   Downloaded unicode_names2 v0.5.1
[INFO] [stderr]   Downloaded regex v1.9.2
[INFO] [stderr]   Downloaded rodio v0.14.0
[INFO] [stderr]   Downloaded egui_extras v0.19.0
[INFO] [stderr]   Downloaded ttf-parser v0.18.0
[INFO] [stderr]   Downloaded owned_ttf_parser v0.18.0
[INFO] [stderr]   Downloaded egui v0.19.0
[INFO] [stderr]   Downloaded minreq v2.8.1
[INFO] [stderr]   Downloaded hound v3.5.0
[INFO] [stderr]   Downloaded cpal v0.13.5
[INFO] [stderr]   Downloaded x11-dl v2.20.1
[INFO] [stderr]   Downloaded egui-winit v0.19.0
[INFO] [stderr]   Downloaded eframe v0.19.0
[INFO] [stderr]   Downloaded atomic_refcell v0.1.9
[INFO] [stderr]   Downloaded serde-big-array v0.5.1
[INFO] [stderr]   Downloaded webbrowser v0.7.1
[INFO] [stderr]   Downloaded ab_glyph_rasterizer v0.1.7
[INFO] [stderr]   Downloaded ndk-glue v0.6.2
[INFO] [stderr]   Downloaded emath v0.19.0
[INFO] [stderr]   Downloaded enum-map v2.4.2
[INFO] [stderr]   Downloaded egui_glow v0.19.0
[INFO] [stderr]   Downloaded minimp3 v0.5.1
[INFO] running `Command { std: "docker" "create" "-v" "/var/lib/crater-agent-workspace/builds/worker-3-tc1/target:/opt/rustwide/target:rw,Z" "-v" "/var/lib/crater-agent-workspace/builds/worker-3-tc1/source:/opt/rustwide/workdir:ro,Z" "-v" "/var/lib/crater-agent-workspace/cargo-home:/opt/rustwide/cargo-home:ro,Z" "-v" "/var/lib/crater-agent-workspace/rustup-home:/opt/rustwide/rustup-home:ro,Z" "-e" "SOURCE_DIR=/opt/rustwide/workdir" "-e" "CARGO_TARGET_DIR=/opt/rustwide/target" "-e" "CARGO_HOME=/opt/rustwide/cargo-home" "-e" "RUSTUP_HOME=/opt/rustwide/rustup-home" "-w" "/opt/rustwide/workdir" "-m" "1610612736" "--user" "0:0" "--network" "none" "ghcr.io/rust-lang/crates-build-env/linux@sha256:2788e3201cd34a07e3172128adcd8b3090168a8e3bcc40d7c032b9dda1df7d1c" "/opt/rustwide/cargo-home/bin/cargo" "+1.75.0" "metadata" "--no-deps" "--format-version=1", kill_on_drop: false }`
[INFO] [stdout] 1c43789efb5075684d20e9c1891b518f5e5080a2680a1009b5f5b33f0ae27663
[INFO] running `Command { std: "docker" "start" "-a" "1c43789efb5075684d20e9c1891b518f5e5080a2680a1009b5f5b33f0ae27663", kill_on_drop: false }`
[INFO] running `Command { std: "docker" "inspect" "1c43789efb5075684d20e9c1891b518f5e5080a2680a1009b5f5b33f0ae27663", kill_on_drop: false }`
[INFO] running `Command { std: "docker" "rm" "-f" "1c43789efb5075684d20e9c1891b518f5e5080a2680a1009b5f5b33f0ae27663", kill_on_drop: false }`
[INFO] [stdout] 1c43789efb5075684d20e9c1891b518f5e5080a2680a1009b5f5b33f0ae27663
[INFO] running `Command { std: "docker" "create" "-v" "/var/lib/crater-agent-workspace/builds/worker-3-tc1/target:/opt/rustwide/target:rw,Z" "-v" "/var/lib/crater-agent-workspace/builds/worker-3-tc1/source:/opt/rustwide/workdir:ro,Z" "-v" "/var/lib/crater-agent-workspace/cargo-home:/opt/rustwide/cargo-home:ro,Z" "-v" "/var/lib/crater-agent-workspace/rustup-home:/opt/rustwide/rustup-home:ro,Z" "-e" "SOURCE_DIR=/opt/rustwide/workdir" "-e" "CARGO_TARGET_DIR=/opt/rustwide/target" "-e" "CARGO_INCREMENTAL=0" "-e" "RUST_BACKTRACE=full" "-e" "RUSTFLAGS=--cap-lints=warn" "-e" "RUSTDOCFLAGS=--cap-lints=warn" "-e" "CARGO_HOME=/opt/rustwide/cargo-home" "-e" "RUSTUP_HOME=/opt/rustwide/rustup-home" "-w" "/opt/rustwide/workdir" "-m" "1610612736" "--user" "0:0" "--network" "none" "ghcr.io/rust-lang/crates-build-env/linux@sha256:2788e3201cd34a07e3172128adcd8b3090168a8e3bcc40d7c032b9dda1df7d1c" "/opt/rustwide/cargo-home/bin/cargo" "+1.75.0" "doc" "--frozen" "--no-deps" "--document-private-items" "--message-format=json", kill_on_drop: false }`
[INFO] [stdout] 125edf761554208cee50a05a4096e31407e330406cf56c499f246e21ed18a129
[INFO] running `Command { std: "docker" "start" "-a" "125edf761554208cee50a05a4096e31407e330406cf56c499f246e21ed18a129", kill_on_drop: false }`
[INFO] [stderr] warning: profiles for the non root package will be ignored, specify profiles at the workspace root:
[INFO] [stderr] package:   /opt/rustwide/workdir/application/Cargo.toml
[INFO] [stderr] workspace: /opt/rustwide/workdir/Cargo.toml
[INFO] [stderr] warning: profiles for the non root package will be ignored, specify profiles at the workspace root:
[INFO] [stderr] package:   /opt/rustwide/workdir/f1-game-client/Cargo.toml
[INFO] [stderr] workspace: /opt/rustwide/workdir/Cargo.toml
[INFO] [stderr] warning: virtual workspace defaulting to `resolver = "1"` despite one or more workspace members being on edition 2021 which implies `resolver = "2"`
[INFO] [stderr] note: to keep the current resolver, specify `workspace.resolver = "1"` in the workspace root's manifest
[INFO] [stderr] note: to use the edition 2021 resolver, specify `workspace.resolver = "2"` in the workspace root's manifest
[INFO] [stderr] note: for more details see https://doc.rust-lang.org/cargo/reference/resolver.html#resolver-versions
[INFO] [stderr]    Compiling libc v0.2.139
[INFO] [stderr]    Compiling syn v1.0.107
[INFO] [stderr]    Compiling pkg-config v0.3.26
[INFO] [stderr]    Compiling value-bag v1.0.0-alpha.9
[INFO] [stderr]    Compiling log v0.4.17
[INFO] [stderr]    Compiling proc-macro2 v1.0.66
[INFO] [stderr]     Checking once_cell v1.17.0
[INFO] [stderr]     Checking smallvec v1.10.0
[INFO] [stderr]    Compiling memoffset v0.6.5
[INFO] [stderr]    Compiling xml-rs v0.8.4
[INFO] [stderr]    Compiling lock_api v0.4.9
[INFO] [stderr]    Compiling serde_derive v1.0.152
[INFO] [stderr]    Compiling quote v1.0.32
[INFO] [stderr]    Compiling serde v1.0.152
[INFO] [stderr]    Compiling crossbeam-utils v0.8.14
[INFO] [stderr]     Checking miniz_oxide v0.6.2
[INFO] [stderr]    Compiling futures-core v0.3.25
[INFO] [stderr]    Compiling wayland-scanner v0.29.5
[INFO] [stderr]     Checking vec_map v0.8.2
[INFO] [stderr]    Compiling wayland-sys v0.29.5
[INFO] [stderr]     Checking libloading v0.7.4
[INFO] [stderr]    Compiling parking_lot_core v0.9.5
[INFO] [stderr]    Compiling memoffset v0.7.1
[INFO] [stderr]     Checking dlib v0.5.0
[INFO] [stderr]    Compiling crc32fast v1.3.2
[INFO] [stderr]     Checking getrandom v0.2.8
[INFO] [stderr]     Checking nix v0.24.3
[INFO] [stderr]     Checking num_cpus v1.15.0
[INFO] [stderr]    Compiling jobserver v0.1.26
[INFO] [stderr]    Compiling crossbeam-epoch v0.9.13
[INFO] [stderr]    Compiling cc v1.0.78
[INFO] [stderr]    Compiling khronos_api v3.1.0
[INFO] [stderr]     Checking downcast-rs v1.2.0
[INFO] [stderr]     Checking scoped-tls v1.0.1
[INFO] [stderr]     Checking parking_lot v0.12.1
[INFO] [stderr]    Compiling slotmap v1.0.6
[INFO] [stderr]     Checking instant v0.1.12
[INFO] [stderr]     Checking futures-io v0.3.25
[INFO] [stderr]     Checking nom v7.1.2
[INFO] [stderr]     Checking flate2 v1.0.25
[INFO] [stderr]    Compiling cmake v0.1.49
[INFO] [stderr]    Compiling servo-fontconfig-sys v5.1.0
[INFO] [stderr]    Compiling wayland-client v0.29.5
[INFO] [stderr]    Compiling wayland-protocols v0.29.5
[INFO] [stderr]    Compiling slab v0.4.7
[INFO] [stderr]    Compiling rayon-core v1.10.1
[INFO] [stderr]     Checking wayland-commons v0.29.5
[INFO] [stderr]     Checking percent-encoding v2.2.0
[INFO] [stderr]    Compiling freetype-sys v0.13.1
[INFO] [stderr]    Compiling expat-sys v2.1.6
[INFO] [stderr]     Checking crossbeam-deque v0.8.2
[INFO] [stderr]     Checking nix v0.25.1
[INFO] [stderr]     Checking crossbeam-channel v0.5.6
[INFO] [stderr]    Compiling smithay-client-toolkit v0.16.0
[INFO] [stderr]    Compiling ahash v0.8.2
[INFO] [stderr]     Checking either v1.8.0
[INFO] [stderr]     Checking ttf-parser v0.18.0
[INFO] [stderr]     Checking xcursor v0.3.4
[INFO] [stderr]     Checking png v0.17.7
[INFO] [stderr]     Checking memmap2 v0.5.8
[INFO] [stderr]    Compiling x11-dl v2.20.1
[INFO] [stderr]    Compiling crossfont v0.5.1
[INFO] [stderr]     Checking parking v2.0.0
[INFO] [stderr]     Checking futures-sink v0.3.25
[INFO] [stderr]     Checking waker-fn v1.1.0
[INFO] [stderr]     Checking event-listener v2.5.3
[INFO] [stderr]     Checking foreign-types-shared v0.3.1
[INFO] [stderr]     Checking fastrand v1.8.0
[INFO] [stderr]     Checking ab_glyph_rasterizer v0.1.7
[INFO] [stderr]     Checking rayon v1.6.1
[INFO] [stderr]     Checking servo-fontconfig v0.5.1
[INFO] [stderr]     Checking futures-lite v1.12.0
[INFO] [stderr]     Checking freetype-rs v0.26.0
[INFO] [stderr]    Compiling ring v0.16.20
[INFO] [stderr]     Checking concurrent-queue v2.0.0
[INFO] [stderr]     Checking tracing-core v0.1.30
[INFO] [stderr]     Checking aho-corasick v1.0.2
[INFO] [stderr]     Checking regex-syntax v0.7.4
[INFO] [stderr]     Checking arrayvec v0.5.2
[INFO] [stderr]     Checking nohash-hasher v0.2.0
[INFO] [stderr]     Checking async-lock v2.6.0
[INFO] [stderr]     Checking wayland-cursor v0.29.5
[INFO] [stderr]     Checking owned_ttf_parser v0.18.0
[INFO] [stderr]     Checking tracing v0.1.37
[INFO] [stderr]     Checking ab_glyph v0.2.19
[INFO] [stderr]     Checking unicode-normalization v0.1.22
[INFO] [stderr]    Compiling num-traits v0.2.15
[INFO] [stderr]    Compiling polling v2.5.2
[INFO] [stderr]    Compiling futures-channel v0.3.25
[INFO] [stderr]     Checking regex-automata v0.3.5
[INFO] [stderr]    Compiling futures-task v0.3.25
[INFO] [stderr]     Checking idna v0.3.0
[INFO] [stderr]     Checking raw-window-handle v0.4.3
[INFO] [stderr]    Compiling ctor v0.1.26
[INFO] [stderr]    Compiling bytemuck_derive v1.3.0
[INFO] [stderr]    Compiling thiserror-impl v1.0.38
[INFO] [stderr]    Compiling foreign-types-macros v0.2.2
[INFO] [stderr]    Compiling pin-project-internal v1.0.12
[INFO] [stderr]     Checking bytemuck v1.12.3
[INFO] [stderr]     Checking foreign-types v0.5.0
[INFO] [stderr]     Checking tiny-skia-path v0.7.0
[INFO] [stderr]     Checking safe_arch v0.5.2
[INFO] [stderr]    Compiling gl_generator v0.14.0
[INFO] [stderr]     Checking mio v0.8.5
[INFO] [stderr]     Checking regex v1.9.2
[INFO] [stderr]     Checking thiserror v1.0.38
[INFO] [stderr]     Checking tiny-skia v0.7.0
[INFO] [stderr]     Checking calloop v0.10.5
[INFO] [stderr]     Checking raw-window-handle v0.5.0
[INFO] [stderr]     Checking form_urlencoded v1.1.0
[INFO] [stderr]    Compiling backtrace v0.3.67
[INFO] [stderr]     Checking gethostname v0.2.3
[INFO] [stderr]     Checking socket2 v0.4.7
[INFO] [stderr]     Checking nix v0.22.3
[INFO] [stderr]     Checking atty v0.2.14
[INFO] [stderr]    Compiling num-integer v0.1.45
[INFO] [stderr]    Compiling glutin_glx_sys v0.1.8
[INFO] [stderr]    Compiling glutin_egl_sys v0.1.6
[INFO] [stderr]    Compiling async-io v1.12.0
[INFO] [stderr]    Compiling syn v0.15.44
[INFO] [stderr]     Checking gimli v0.27.3
[INFO] [stderr]     Checking async-task v4.3.0
[INFO] [stderr]     Checking unicode-width v0.1.10
[INFO] [stderr]    Compiling futures-util v0.3.25
[INFO] [stderr]    Compiling failure_derive v0.1.8
[INFO] [stderr]    Compiling unicode-xid v0.2.4
[INFO] [stderr]    Compiling synstructure v0.12.6
[INFO] [stderr]     Checking textwrap v0.11.0
[INFO] [stderr]     Checking pin-project v1.0.12
[INFO] [stderr]     Checking url v2.3.1
[INFO] [stderr]    Compiling futures-macro v0.3.25
[INFO] [stderr]    Compiling quote v0.6.13
[INFO] [stderr]     Checking async-channel v1.8.0
[INFO] [stderr]     Checking nanorand v0.7.0
[INFO] [stderr]     Checking shared_library v0.1.9
[INFO] [stderr]     Checking spin v0.9.4
[INFO] [stderr]    Compiling alsa-sys v0.3.1
[INFO] [stderr]     Checking object v0.30.4
[INFO] [stderr]    Compiling proc-macro-error-attr v1.0.4
[INFO] [stderr]     Checking x11rb v0.9.0
[INFO] [stderr]    Compiling num-rational v0.4.1
[INFO] [stderr]     Checking strsim v0.8.0
[INFO] [stderr]     Checking addr2line v0.19.0
[INFO] [stderr]     Checking atomic-waker v1.0.0
[INFO] [stderr]    Compiling parking_lot_core v0.8.6
[INFO] [stderr]     Checking weezl v0.1.7
[INFO] [stderr]     Checking blocking v1.3.0
[INFO] [stderr]     Checking clap v2.34.0
[INFO] [stderr]     Checking flume v0.10.14
[INFO] [stderr]     Checking osmesa-sys v0.1.2
[INFO] [stderr]     Checking webbrowser v0.7.1
[INFO] [stderr]     Checking async-executor v1.5.0
[INFO] [stderr]     Checking jpeg-decoder v0.3.0
[INFO] [stderr]     Checking emath v0.19.0
[INFO] [stderr]     Checking ron v0.8.0
[INFO] [stderr]     Checking epaint v0.19.0
[INFO] [stderr]     Checking wayland-egl v0.29.5
[INFO] [stderr]    Compiling minimp3-sys v0.3.2
[INFO] [stderr]     Checking threadpool v1.8.1
[INFO] [stderr]     Checking dirs-sys-next v0.1.2
[INFO] [stderr]     Checking bstr v1.6.0
[INFO] [stderr]    Compiling tokio v1.24.1
[INFO] [stderr]    Compiling proc-macro-error v1.0.4
[INFO] [stderr]     Checking same-file v1.0.6
[INFO] [stderr]     Checking lebe v0.5.2
[INFO] [stderr]     Checking half v2.2.0
[INFO] [stderr]     Checking glow v0.11.2
[INFO] [stderr]    Compiling serde_json v1.0.91
[INFO] [stderr]     Checking quick-error v1.2.3
[INFO] [stderr]     Checking bit_field v0.10.1
[INFO] [stderr]     Checking color_quant v1.1.0
[INFO] [stderr]     Checking arboard v2.1.1
[INFO] [stderr]     Checking globset v0.4.13
[INFO] [stderr]     Checking exr v1.5.2
[INFO] [stderr]     Checking gif v0.11.4
[INFO] [stderr]     Checking humantime v1.3.0
[INFO] [stderr]    Compiling structopt-derive v0.2.18
[INFO] [stderr]     Checking walkdir v2.3.2
[INFO] [stderr]     Checking futures-executor v0.3.25
[INFO] [stderr]     Checking directories-next v2.0.0
[INFO] [stderr]     Checking tiff v0.8.1
[INFO] [stderr]     Checking egui v0.19.0
[INFO] [stderr]     Checking failure v0.1.8
[INFO] [stderr]     Checking async-global-executor v2.3.1
[INFO] [stderr]     Checking webpki v0.22.0
[INFO] [stderr]     Checking kv-log-macro v1.0.7
[INFO] [stderr]    Compiling tokio-macros v1.8.2
[INFO] [stderr]    Compiling enum-map-derive v0.11.0
[INFO] [stderr]     Checking signal-hook-registry v1.4.0
[INFO] [stderr]     Checking nix v0.23.2
[INFO] [stderr]    Compiling syn v2.0.28
[INFO] [stderr]     Checking thread_local v1.1.7
[INFO] [stderr]     Checking scoped_threadpool v0.1.9
[INFO] [stderr]    Compiling cpal v0.13.5
[INFO] [stderr]    Compiling rustls v0.20.8
[INFO] [stderr]     Checking termcolor v1.2.0
[INFO] [stderr]     Checking bytes v1.3.0
[INFO] [stderr]     Checking ryu v1.0.12
[INFO] [stderr]     Checking itoa v1.0.5
[INFO] [stderr]     Checking env_logger v0.5.13
[INFO] [stderr]     Checking image v0.24.5
[INFO] [stderr]     Checking serde-bytes-repr v0.1.5
[INFO] [stderr]     Checking enum-map v2.4.2
[INFO] [stderr]     Checking ignore v0.4.20
[INFO] [stderr]     Checking structopt v0.2.18
[INFO] [stderr]     Checking async-std v1.12.0
[INFO] [stderr]     Checking parking_lot v0.11.2
[INFO] [stderr]     Checking egui_glow v0.19.0
[INFO] [stderr]     Checking egui_extras v0.19.0
[INFO] [stderr]     Checking futures v0.3.25
[INFO] [stderr]     Checking bincode v1.3.3
[INFO] [stderr]     Checking serde-big-array v0.5.1
[INFO] [stderr]     Checking sct v0.7.0
[INFO] [stderr]    Compiling derivative v2.2.0
[INFO] [stderr]     Checking ogg v0.8.0
[INFO] [stderr]     Checking alsa v0.6.0
[INFO] [stderr]     Checking itertools v0.10.5
[INFO] [stderr]    Compiling serde_repr v0.1.16
[INFO] [stderr]     Checking slice-deque v0.3.0
[INFO] [stderr]    Compiling minreq v2.8.1
[INFO] [stderr]     Checking unicode_names2 v0.5.1
[INFO] [stderr]     Checking minimp3 v0.5.1
[INFO] [stderr]     Checking lewton v0.10.2
[INFO] [stderr]    Compiling structopt-derive v0.4.18
[INFO] [stderr]     Checking clap-verbosity-flag v0.2.0
[INFO] [stderr]     Checking globwalk v0.3.1
[INFO] [stderr]     Checking webpki-roots v0.22.6
[INFO] [stderr]     Checking exitfailure v0.5.1
[INFO] [stderr]     Checking rand_core v0.6.4
[INFO] [stderr]     Checking claxon v0.4.3
[INFO] [stderr]     Checking hound v3.5.0
[INFO] [stderr]     Checking remove_dir_all v0.5.3
[INFO] [stderr]     Checking quicli v0.4.0
[INFO] [stderr]     Checking rodio v0.14.0
[INFO] [stderr]     Checking rand_chacha v0.3.1
[INFO] [stderr]     Checking serde-big-array v0.3.3
[INFO] [stderr]     Checking rand v0.8.5
[INFO] [stderr]  Documenting spoofer v0.1.0 (/opt/rustwide/workdir/spoofer)
[INFO] [stderr]     Checking structopt v0.3.26
[INFO] [stderr]     Checking tts_rust v0.3.5
[INFO] [stderr]  Documenting gpt-to-speech v0.1.0 (/opt/rustwide/workdir/gpt-to-speech)
[INFO] [stderr]     Checking sctk-adwaita v0.4.3
[INFO] [stderr]     Checking smithay-clipboard v0.6.6
[INFO] [stderr]     Checking winit v0.27.5
[INFO] [stderr]     Checking glutin v0.29.1
[INFO] [stderr]     Checking egui-winit v0.19.0
[INFO] [stderr]     Checking eframe v0.19.0
[INFO] [stderr]     Checking f1-game-client v0.1.0 (/opt/rustwide/workdir/f1-game-client)
[INFO] [stderr]  Documenting f1-game-client v0.1.0 (/opt/rustwide/workdir/f1-game-client)
[INFO] [stdout] error[E0557]: feature has been removed
[INFO] [stdout]  --> f1-game-client/src/lib.rs:1:12
[INFO] [stdout]   |
[INFO] [stdout] 1 | #![feature(generators, generator_trait)]
[INFO] [stdout]   |            ^^^^^^^^^^ feature has been removed
[INFO] [stdout]   |
[INFO] [stdout]   = note: renamed to `coroutines`
[INFO] [stdout] 
[INFO] [stdout] 
[INFO] [stdout] error: Compilation failed, aborting rustdoc
[INFO] [stdout] 
[INFO] [stdout] 
[INFO] [stdout] error: aborting due to 2 previous errors
[INFO] [stdout] 
[INFO] [stdout] 
[INFO] [stdout] For more information about this error, try `rustc --explain E0557`.
[INFO] [stdout] 
[INFO] [stderr] error: could not document `f1-game-client`
[INFO] [stderr] 
[INFO] [stderr] Caused by:
[INFO] [stderr]   process didn't exit successfully: `/opt/rustwide/rustup-home/toolchains/1.75.0-x86_64-unknown-linux-gnu/bin/rustdoc --edition=2018 --crate-type lib --crate-name f1_game_client f1-game-client/src/lib.rs -o /opt/rustwide/target/doc --error-format=json --json=diagnostic-rendered-ansi,artifacts,future-incompat --document-private-items -C metadata=45bc3d1cfb600686 -L dependency=/opt/rustwide/target/debug/deps --extern async_std=/opt/rustwide/target/debug/deps/libasync_std-edeb5900bee0d5c7.rmeta --extern bincode=/opt/rustwide/target/debug/deps/libbincode-3978aa6da944caac.rmeta --extern derivative=/opt/rustwide/target/debug/deps/libderivative-c7794690f9f4e82e.so --extern eframe=/opt/rustwide/target/debug/deps/libeframe-9623a221d1b23599.rmeta --extern egui=/opt/rustwide/target/debug/deps/libegui-d65218a80c11970d.rmeta --extern egui_extras=/opt/rustwide/target/debug/deps/libegui_extras-7b518681a1532acd.rmeta --extern enum_map=/opt/rustwide/target/debug/deps/libenum_map-4c25a075a96eb76f.rmeta --extern futures=/opt/rustwide/target/debug/deps/libfutures-d115c4e53deb0279.rmeta --extern image=/opt/rustwide/target/debug/deps/libimage-88af33720c282ca7.rmeta --extern itertools=/opt/rustwide/target/debug/deps/libitertools-af381fadbc730c49.rmeta --extern lazy_static=/opt/rustwide/target/debug/deps/liblazy_static-e7445b4e8703c20b.rmeta --extern serde=/opt/rustwide/target/debug/deps/libserde-acf69fd292230ce1.rmeta --extern serde_big_array=/opt/rustwide/target/debug/deps/libserde_big_array-e79cfbd6e752a29f.rmeta --extern serde_bytes_repr=/opt/rustwide/target/debug/deps/libserde_bytes_repr-251bd15f5f63cc2d.rmeta --extern serde_json=/opt/rustwide/target/debug/deps/libserde_json-f0dabc107096d6fc.rmeta --extern serde_repr=/opt/rustwide/target/debug/deps/libserde_repr-8b4669621770c7df.so --extern tokio=/opt/rustwide/target/debug/deps/libtokio-88a5d2c69c448589.rmeta --extern unicode_names2=/opt/rustwide/target/debug/deps/libunicode_names2-9174f4ef916ce0b5.rmeta --cap-lints=warn --crate-version 0.1.0` (exit status: 1)
[INFO] [stderr] warning: build failed, waiting for other jobs to finish...
[INFO] [stdout] error[E0557]: feature has been removed
[INFO] [stdout]  --> f1-game-client/src/lib.rs:1:12
[INFO] [stdout]   |
[INFO] [stdout] 1 | #![feature(generators, generator_trait)]
[INFO] [stdout]   |            ^^^^^^^^^^ feature has been removed
[INFO] [stdout]   |
[INFO] [stdout]   = note: renamed to `coroutines`
[INFO] [stdout] 
[INFO] [stdout] 
[INFO] [stdout] error[E0432]: unresolved imports `std::ops::Generator`, `std::ops::GeneratorState`
[INFO] [stdout]  --> f1-game-client/src/event_loop/event_loop.rs:5:11
[INFO] [stdout]   |
[INFO] [stdout] 5 |     ops::{Generator, GeneratorState},
[INFO] [stdout]   |           ^^^^^^^^^  ^^^^^^^^^^^^^^ no `GeneratorState` in `ops`
[INFO] [stdout]   |           |
[INFO] [stdout]   |           no `Generator` in `ops`
[INFO] [stdout]   |
[INFO] [stdout]   = help: consider importing this variant instead:
[INFO] [stdout]           egui::plot::PlotPoints::Generator
[INFO] [stdout] 
[INFO] [stdout] 
[INFO] [stdout] error[E0554]: `#![feature]` may not be used on the stable release channel
[INFO] [stdout]  --> f1-game-client/src/lib.rs:1:1
[INFO] [stdout]   |
[INFO] [stdout] 1 | #![feature(generators, generator_trait)]
[INFO] [stdout]   | ^^^^^^^^^^^^^^^^^^^^^^^^^^^^^^^^^^^^^^^^
[INFO] [stdout] 
[INFO] [stdout] 
[INFO] [stdout] error[E0554]: `#![feature]` may not be used on the stable release channel
[INFO] [stdout]  --> f1-game-client/src/lib.rs:2:1
[INFO] [stdout]   |
[INFO] [stdout] 2 | #![feature(async_closure)]
[INFO] [stdout]   | ^^^^^^^^^^^^^^^^^^^^^^^^^^
[INFO] [stdout] 
[INFO] [stdout] 
[INFO] [stdout] error[E0658]: yield syntax is experimental
[INFO] [stdout]    --> f1-game-client/src/event_loop/event_loop.rs:137:17
[INFO] [stdout]     |
[INFO] [stdout] 137 |                   yield to_yield;
[INFO] [stdout]     |                   ^^^^^^^^^^^^^^
[INFO] [stdout] ...
[INFO] [stdout] 154 | /     deserialize!(
[INFO] [stdout] 155 | |         ip,
[INFO] [stdout] 156 | |         port,
[INFO] [stdout] 157 | |         // Packets of size _ bytes parsed into type X and shoved in Enum Variant Y
[INFO] [stdout] ...   |
[INFO] [stdout] 171 | |         231 => (PacketTyreSetsData, TyreSetData)
[INFO] [stdout] 172 | |     )
[INFO] [stdout]     | |_____- in this macro invocation
[INFO] [stdout]     |
[INFO] [stdout]     = note: see issue #43122 <https://github.com/rust-lang/rust/issues/43122> for more information
[INFO] [stdout]     = note: this error originates in the macro `deserialize` (in Nightly builds, run with -Z macro-backtrace for more info)
[INFO] [stdout] 
[INFO] [stdout] 
[INFO] [stdout] warning: unused macro definition: `deserialize_to`
[INFO] [stdout]   --> f1-game-client/src/telemetry_data/mod.rs:50:14
[INFO] [stdout]    |
[INFO] [stdout] 50 | macro_rules! deserialize_to {
[INFO] [stdout]    |              ^^^^^^^^^^^^^^
[INFO] [stdout]    |
[INFO] [stdout]    = note: `#[warn(unused_macros)]` on by default
[INFO] [stdout] 
[INFO] [stdout] 
[INFO] [stdout] error[E0554]: `#![feature]` may not be used on the stable release channel
[INFO] [stdout]  --> f1-game-client/src/lib.rs:1:24
[INFO] [stdout]   |
[INFO] [stdout] 1 | #![feature(generators, generator_trait)]
[INFO] [stdout]   |                        ^^^^^^^^^^^^^^^
[INFO] [stdout] 
[INFO] [stdout] 
[INFO] [stdout] error[E0635]: unknown feature `generator_trait`
[INFO] [stdout]  --> f1-game-client/src/lib.rs:1:24
[INFO] [stdout]   |
[INFO] [stdout] 1 | #![feature(generators, generator_trait)]
[INFO] [stdout]   |                        ^^^^^^^^^^^^^^^
[INFO] [stdout] 
[INFO] [stdout] 
[INFO] [stdout] error: aborting due to 7 previous errors; 1 warning emitted
[INFO] [stdout] 
[INFO] [stdout] 
[INFO] [stdout] Some errors have detailed explanations: E0432, E0554, E0557, E0635, E0658.
[INFO] [stdout] 
[INFO] [stdout] For more information about an error, try `rustc --explain E0432`.
[INFO] [stdout] 
[INFO] [stderr] error: could not compile `f1-game-client` (lib) due to 8 previous errors; 1 warning emitted
[INFO] running `Command { std: "docker" "inspect" "125edf761554208cee50a05a4096e31407e330406cf56c499f246e21ed18a129", kill_on_drop: false }`
[INFO] running `Command { std: "docker" "rm" "-f" "125edf761554208cee50a05a4096e31407e330406cf56c499f246e21ed18a129", kill_on_drop: false }`
[INFO] [stdout] 125edf761554208cee50a05a4096e31407e330406cf56c499f246e21ed18a129
[INFO] documenting 11bthornton/f1-telemetry against beta-2023-12-22 for beta-1.76-rustdoc-1
[INFO] running `Command { std: "git" "clone" "/workspace/cache/git-repos/https%3A%2F%2Fgithub.com%2F11bthornton%2Ff1-telemetry" "/workspace/builds/worker-3-tc2/source", kill_on_drop: false }`
[INFO] [stderr] Cloning into '/workspace/builds/worker-3-tc2/source'...
[INFO] [stderr] done.
[INFO] validating manifest of git repo https://github.com/11bthornton/f1-telemetry on toolchain beta-2023-12-22
[INFO] running `Command { std: CARGO_HOME="/workspace/cargo-home" RUSTUP_HOME="/workspace/rustup-home" "/workspace/cargo-home/bin/cargo" "+beta-2023-12-22" "metadata" "--manifest-path" "Cargo.toml" "--no-deps", kill_on_drop: false }`
[INFO] started tweaking git repo https://github.com/11bthornton/f1-telemetry
[INFO] finished tweaking git repo https://github.com/11bthornton/f1-telemetry
[INFO] tweaked toml for git repo https://github.com/11bthornton/f1-telemetry written to /workspace/builds/worker-3-tc2/source/Cargo.toml
[INFO] crate git repo https://github.com/11bthornton/f1-telemetry already has a lockfile, it will not be regenerated
[INFO] running `Command { std: CARGO_HOME="/workspace/cargo-home" RUSTUP_HOME="/workspace/rustup-home" "/workspace/cargo-home/bin/cargo" "+beta-2023-12-22" "fetch" "--manifest-path" "Cargo.toml", kill_on_drop: false }`
[INFO] [stderr] warning: profiles for the non root package will be ignored, specify profiles at the workspace root:
[INFO] [stderr] package:   /workspace/builds/worker-3-tc2/source/application/Cargo.toml
[INFO] [stderr] workspace: /workspace/builds/worker-3-tc2/source/Cargo.toml
[INFO] [stderr] warning: profiles for the non root package will be ignored, specify profiles at the workspace root:
[INFO] [stderr] package:   /workspace/builds/worker-3-tc2/source/f1-game-client/Cargo.toml
[INFO] [stderr] workspace: /workspace/builds/worker-3-tc2/source/Cargo.toml
[INFO] [stderr] warning: virtual workspace defaulting to `resolver = "1"` despite one or more workspace members being on edition 2021 which implies `resolver = "2"`
[INFO] [stderr] note: to keep the current resolver, specify `workspace.resolver = "1"` in the workspace root's manifest
[INFO] [stderr] note: to use the edition 2021 resolver, specify `workspace.resolver = "2"` in the workspace root's manifest
[INFO] [stderr] note: for more details see https://doc.rust-lang.org/cargo/reference/resolver.html#resolver-versions
[INFO] [stderr]     Blocking waiting for file lock on package cache
[INFO] [stderr]     Blocking waiting for file lock on package cache
[INFO] running `Command { std: "docker" "create" "-v" "/var/lib/crater-agent-workspace/builds/worker-3-tc2/target:/opt/rustwide/target:rw,Z" "-v" "/var/lib/crater-agent-workspace/builds/worker-3-tc2/source:/opt/rustwide/workdir:ro,Z" "-v" "/var/lib/crater-agent-workspace/cargo-home:/opt/rustwide/cargo-home:ro,Z" "-v" "/var/lib/crater-agent-workspace/rustup-home:/opt/rustwide/rustup-home:ro,Z" "-e" "SOURCE_DIR=/opt/rustwide/workdir" "-e" "CARGO_TARGET_DIR=/opt/rustwide/target" "-e" "CARGO_HOME=/opt/rustwide/cargo-home" "-e" "RUSTUP_HOME=/opt/rustwide/rustup-home" "-w" "/opt/rustwide/workdir" "-m" "1610612736" "--user" "0:0" "--network" "none" "ghcr.io/rust-lang/crates-build-env/linux@sha256:2788e3201cd34a07e3172128adcd8b3090168a8e3bcc40d7c032b9dda1df7d1c" "/opt/rustwide/cargo-home/bin/cargo" "+beta-2023-12-22" "metadata" "--no-deps" "--format-version=1", kill_on_drop: false }`
[INFO] [stdout] ab8cf21638779764fa874f78849425d840d81a661d1384b9f67ff39b97f9c2cd
[INFO] running `Command { std: "docker" "start" "-a" "ab8cf21638779764fa874f78849425d840d81a661d1384b9f67ff39b97f9c2cd", kill_on_drop: false }`
[INFO] running `Command { std: "docker" "inspect" "ab8cf21638779764fa874f78849425d840d81a661d1384b9f67ff39b97f9c2cd", kill_on_drop: false }`
[INFO] running `Command { std: "docker" "rm" "-f" "ab8cf21638779764fa874f78849425d840d81a661d1384b9f67ff39b97f9c2cd", kill_on_drop: false }`
[INFO] [stdout] ab8cf21638779764fa874f78849425d840d81a661d1384b9f67ff39b97f9c2cd
[INFO] running `Command { std: "docker" "create" "-v" "/var/lib/crater-agent-workspace/builds/worker-3-tc2/target:/opt/rustwide/target:rw,Z" "-v" "/var/lib/crater-agent-workspace/builds/worker-3-tc2/source:/opt/rustwide/workdir:ro,Z" "-v" "/var/lib/crater-agent-workspace/cargo-home:/opt/rustwide/cargo-home:ro,Z" "-v" "/var/lib/crater-agent-workspace/rustup-home:/opt/rustwide/rustup-home:ro,Z" "-e" "SOURCE_DIR=/opt/rustwide/workdir" "-e" "CARGO_TARGET_DIR=/opt/rustwide/target" "-e" "CARGO_INCREMENTAL=0" "-e" "RUST_BACKTRACE=full" "-e" "RUSTFLAGS=--cap-lints=warn" "-e" "RUSTDOCFLAGS=--cap-lints=warn" "-e" "CARGO_HOME=/opt/rustwide/cargo-home" "-e" "RUSTUP_HOME=/opt/rustwide/rustup-home" "-w" "/opt/rustwide/workdir" "-m" "1610612736" "--user" "0:0" "--network" "none" "ghcr.io/rust-lang/crates-build-env/linux@sha256:2788e3201cd34a07e3172128adcd8b3090168a8e3bcc40d7c032b9dda1df7d1c" "/opt/rustwide/cargo-home/bin/cargo" "+beta-2023-12-22" "doc" "--frozen" "--no-deps" "--document-private-items" "--message-format=json", kill_on_drop: false }`
[INFO] [stdout] 8442afe58b3e80467a67334b950ab5a27115fcbda95f64303200ea960920097b
[INFO] running `Command { std: "docker" "start" "-a" "8442afe58b3e80467a67334b950ab5a27115fcbda95f64303200ea960920097b", kill_on_drop: false }`
[INFO] [stderr] warning: profiles for the non root package will be ignored, specify profiles at the workspace root:
[INFO] [stderr] package:   /opt/rustwide/workdir/application/Cargo.toml
[INFO] [stderr] workspace: /opt/rustwide/workdir/Cargo.toml
[INFO] [stderr] warning: profiles for the non root package will be ignored, specify profiles at the workspace root:
[INFO] [stderr] package:   /opt/rustwide/workdir/f1-game-client/Cargo.toml
[INFO] [stderr] workspace: /opt/rustwide/workdir/Cargo.toml
[INFO] [stderr] warning: virtual workspace defaulting to `resolver = "1"` despite one or more workspace members being on edition 2021 which implies `resolver = "2"`
[INFO] [stderr] note: to keep the current resolver, specify `workspace.resolver = "1"` in the workspace root's manifest
[INFO] [stderr] note: to use the edition 2021 resolver, specify `workspace.resolver = "2"` in the workspace root's manifest
[INFO] [stderr] note: for more details see https://doc.rust-lang.org/cargo/reference/resolver.html#resolver-versions
[INFO] [stderr]    Compiling libc v0.2.139
[INFO] [stderr]    Compiling syn v1.0.107
[INFO] [stderr]    Compiling pkg-config v0.3.26
[INFO] [stderr]    Compiling value-bag v1.0.0-alpha.9
[INFO] [stderr]    Compiling log v0.4.17
[INFO] [stderr]    Compiling proc-macro2 v1.0.66
[INFO] [stderr]     Checking once_cell v1.17.0
[INFO] [stderr]     Checking smallvec v1.10.0
[INFO] [stderr]    Compiling memoffset v0.6.5
[INFO] [stderr]    Compiling xml-rs v0.8.4
[INFO] [stderr]    Compiling lock_api v0.4.9
[INFO] [stderr]    Compiling serde_derive v1.0.152
[INFO] [stderr]    Compiling serde v1.0.152
[INFO] [stderr]    Compiling quote v1.0.32
[INFO] [stderr]    Compiling crossbeam-utils v0.8.14
[INFO] [stderr]     Checking miniz_oxide v0.6.2
[INFO] [stderr]    Compiling futures-core v0.3.25
[INFO] [stderr]    Compiling wayland-scanner v0.29.5
[INFO] [stderr]     Checking vec_map v0.8.2
[INFO] [stderr]    Compiling wayland-sys v0.29.5
[INFO] [stderr]     Checking libloading v0.7.4
[INFO] [stderr]    Compiling parking_lot_core v0.9.5
[INFO] [stderr]    Compiling memoffset v0.7.1
[INFO] [stderr]     Checking dlib v0.5.0
[INFO] [stderr]    Compiling crc32fast v1.3.2
[INFO] [stderr]    Compiling crossbeam-epoch v0.9.13
[INFO] [stderr]     Checking getrandom v0.2.8
[INFO] [stderr]    Compiling jobserver v0.1.26
[INFO] [stderr]     Checking nix v0.24.3
[INFO] [stderr]     Checking num_cpus v1.15.0
[INFO] [stderr]     Checking downcast-rs v1.2.0
[INFO] [stderr]    Compiling cc v1.0.78
[INFO] [stderr]     Checking scoped-tls v1.0.1
[INFO] [stderr]    Compiling khronos_api v3.1.0
[INFO] [stderr]     Checking parking_lot v0.12.1
[INFO] [stderr]     Checking instant v0.1.12
[INFO] [stderr]    Compiling slotmap v1.0.6
[INFO] [stderr]     Checking futures-io v0.3.25
[INFO] [stderr]     Checking flate2 v1.0.25
[INFO] [stderr]     Checking nom v7.1.2
[INFO] [stderr]    Compiling wayland-client v0.29.5
[INFO] [stderr]    Compiling cmake v0.1.49
[INFO] [stderr]    Compiling wayland-protocols v0.29.5
[INFO] [stderr]    Compiling servo-fontconfig-sys v5.1.0
[INFO] [stderr]    Compiling slab v0.4.7
[INFO] [stderr]     Checking percent-encoding v2.2.0
[INFO] [stderr]     Checking wayland-commons v0.29.5
[INFO] [stderr]    Compiling rayon-core v1.10.1
[INFO] [stderr]     Checking crossbeam-deque v0.8.2
[INFO] [stderr]     Checking nix v0.25.1
[INFO] [stderr]     Checking xcursor v0.3.4
[INFO] [stderr]     Checking crossbeam-channel v0.5.6
[INFO] [stderr]    Compiling freetype-sys v0.13.1
[INFO] [stderr]    Compiling expat-sys v2.1.6
[INFO] [stderr]    Compiling smithay-client-toolkit v0.16.0
[INFO] [stderr]    Compiling ahash v0.8.2
[INFO] [stderr]     Checking ttf-parser v0.18.0
[INFO] [stderr]     Checking either v1.8.0
[INFO] [stderr]     Checking png v0.17.7
[INFO] [stderr]     Checking memmap2 v0.5.8
[INFO] [stderr]    Compiling x11-dl v2.20.1
[INFO] [stderr]    Compiling crossfont v0.5.1
[INFO] [stderr]     Checking futures-sink v0.3.25
[INFO] [stderr]     Checking fastrand v1.8.0
[INFO] [stderr]     Checking ab_glyph_rasterizer v0.1.7
[INFO] [stderr]     Checking waker-fn v1.1.0
[INFO] [stderr]     Checking foreign-types-shared v0.3.1
[INFO] [stderr]     Checking parking v2.0.0
[INFO] [stderr]     Checking event-listener v2.5.3
[INFO] [stderr]     Checking rayon v1.6.1
[INFO] [stderr]     Checking servo-fontconfig v0.5.1
[INFO] [stderr]     Checking futures-lite v1.12.0
[INFO] [stderr]     Checking freetype-rs v0.26.0
[INFO] [stderr]    Compiling ring v0.16.20
[INFO] [stderr]     Checking concurrent-queue v2.0.0
[INFO] [stderr]     Checking tracing-core v0.1.30
[INFO] [stderr]     Checking aho-corasick v1.0.2
[INFO] [stderr]     Checking arrayvec v0.5.2
[INFO] [stderr]     Checking owned_ttf_parser v0.18.0
[INFO] [stderr]     Checking wayland-cursor v0.29.5
[INFO] [stderr]     Checking regex-syntax v0.7.4
[INFO] [stderr]     Checking ab_glyph v0.2.19
[INFO] [stderr]     Checking nohash-hasher v0.2.0
[INFO] [stderr]     Checking async-lock v2.6.0
[INFO] [stderr]     Checking tracing v0.1.37
[INFO] [stderr]     Checking unicode-normalization v0.1.22
[INFO] [stderr]    Compiling num-traits v0.2.15
[INFO] [stderr]    Compiling polling v2.5.2
[INFO] [stderr]    Compiling futures-channel v0.3.25
[INFO] [stderr]    Compiling futures-task v0.3.25
[INFO] [stderr]    Compiling ctor v0.1.26
[INFO] [stderr]    Compiling bytemuck_derive v1.3.0
[INFO] [stderr]    Compiling thiserror-impl v1.0.38
[INFO] [stderr]    Compiling foreign-types-macros v0.2.2
[INFO] [stderr]     Checking regex-automata v0.3.5
[INFO] [stderr]     Checking bytemuck v1.12.3
[INFO] [stderr]     Checking safe_arch v0.5.2
[INFO] [stderr]     Checking foreign-types v0.5.0
[INFO] [stderr]     Checking tiny-skia-path v0.7.0
[INFO] [stderr]     Checking mio v0.8.5
[INFO] [stderr]     Checking idna v0.3.0
[INFO] [stderr]     Checking thiserror v1.0.38
[INFO] [stderr]    Compiling gl_generator v0.14.0
[INFO] [stderr]     Checking calloop v0.10.5
[INFO] [stderr]     Checking tiny-skia v0.7.0
[INFO] [stderr]    Compiling pin-project-internal v1.0.12
[INFO] [stderr]     Checking raw-window-handle v0.5.0
[INFO] [stderr]     Checking raw-window-handle v0.4.3
[INFO] [stderr]    Compiling backtrace v0.3.67
[INFO] [stderr]     Checking form_urlencoded v1.1.0
[INFO] [stderr]     Checking gethostname v0.2.3
[INFO] [stderr]    Compiling glutin_egl_sys v0.1.6
[INFO] [stderr]    Compiling glutin_glx_sys v0.1.8
[INFO] [stderr]     Checking regex v1.9.2
[INFO] [stderr]     Checking atty v0.2.14
[INFO] [stderr]     Checking socket2 v0.4.7
[INFO] [stderr]     Checking nix v0.22.3
[INFO] [stderr]    Compiling num-integer v0.1.45
[INFO] [stderr]    Compiling async-io v1.12.0
[INFO] [stderr]     Checking unicode-width v0.1.10
[INFO] [stderr]    Compiling syn v0.15.44
[INFO] [stderr]     Checking gimli v0.27.3
[INFO] [stderr]    Compiling unicode-xid v0.2.4
[INFO] [stderr]    Compiling failure_derive v0.1.8
[INFO] [stderr]     Checking async-task v4.3.0
[INFO] [stderr]    Compiling futures-util v0.3.25
[INFO] [stderr]    Compiling synstructure v0.12.6
[INFO] [stderr]     Checking pin-project v1.0.12
[INFO] [stderr]     Checking textwrap v0.11.0
[INFO] [stderr]     Checking url v2.3.1
[INFO] [stderr]    Compiling quote v0.6.13
[INFO] [stderr]    Compiling futures-macro v0.3.25
[INFO] [stderr]     Checking async-channel v1.8.0
[INFO] [stderr]     Checking nanorand v0.7.0
[INFO] [stderr]     Checking shared_library v0.1.9
[INFO] [stderr]     Checking spin v0.9.4
[INFO] [stderr]    Compiling alsa-sys v0.3.1
[INFO] [stderr]     Checking object v0.30.4
[INFO] [stderr]     Checking x11rb v0.9.0
[INFO] [stderr]    Compiling proc-macro-error-attr v1.0.4
[INFO] [stderr]     Checking addr2line v0.19.0
[INFO] [stderr]    Compiling num-rational v0.4.1
[INFO] [stderr]     Checking weezl v0.1.7
[INFO] [stderr]     Checking strsim v0.8.0
[INFO] [stderr]     Checking atomic-waker v1.0.0
[INFO] [stderr]    Compiling parking_lot_core v0.8.6
[INFO] [stderr]     Checking clap v2.34.0
[INFO] [stderr]     Checking blocking v1.3.0
[INFO] [stderr]     Checking flume v0.10.14
[INFO] [stderr]     Checking osmesa-sys v0.1.2
[INFO] [stderr]     Checking emath v0.19.0
[INFO] [stderr]     Checking epaint v0.19.0
[INFO] [stderr]     Checking ron v0.8.0
[INFO] [stderr]     Checking webbrowser v0.7.1
[INFO] [stderr]     Checking async-executor v1.5.0
[INFO] [stderr]     Checking jpeg-decoder v0.3.0
[INFO] [stderr]     Checking wayland-egl v0.29.5
[INFO] [stderr]    Compiling minimp3-sys v0.3.2
[INFO] [stderr]     Checking threadpool v1.8.1
[INFO] [stderr]     Checking dirs-sys-next v0.1.2
[INFO] [stderr]     Checking bstr v1.6.0
[INFO] [stderr]    Compiling proc-macro-error v1.0.4
[INFO] [stderr]    Compiling tokio v1.24.1
[INFO] [stderr]     Checking egui v0.19.0
[INFO] [stderr]     Checking color_quant v1.1.0
[INFO] [stderr]     Checking quick-error v1.2.3
[INFO] [stderr]    Compiling serde_json v1.0.91
[INFO] [stderr]     Checking same-file v1.0.6
[INFO] [stderr]     Checking bit_field v0.10.1
[INFO] [stderr]     Checking lebe v0.5.2
[INFO] [stderr]     Checking half v2.2.0
[INFO] [stderr]     Checking glow v0.11.2
[INFO] [stderr]     Checking globset v0.4.13
[INFO] [stderr]     Checking exr v1.5.2
[INFO] [stderr]     Checking walkdir v2.3.2
[INFO] [stderr]     Checking arboard v2.1.1
[INFO] [stderr]    Compiling structopt-derive v0.2.18
[INFO] [stderr]     Checking humantime v1.3.0
[INFO] [stderr]     Checking gif v0.11.4
[INFO] [stderr]     Checking tiff v0.8.1
[INFO] [stderr]     Checking directories-next v2.0.0
[INFO] [stderr]     Checking futures-executor v0.3.25
[INFO] [stderr]     Checking async-global-executor v2.3.1
[INFO] [stderr]     Checking failure v0.1.8
[INFO] [stderr]     Checking webpki v0.22.0
[INFO] [stderr]     Checking kv-log-macro v1.0.7
[INFO] [stderr]    Compiling enum-map-derive v0.11.0
[INFO] [stderr]    Compiling tokio-macros v1.8.2
[INFO] [stderr]     Checking nix v0.23.2
[INFO] [stderr]     Checking signal-hook-registry v1.4.0
[INFO] [stderr]    Compiling syn v2.0.28
[INFO] [stderr]     Checking thread_local v1.1.7
[INFO] [stderr]     Checking termcolor v1.2.0
[INFO] [stderr]    Compiling cpal v0.13.5
[INFO] [stderr]     Checking bytes v1.3.0
[INFO] [stderr]     Checking scoped_threadpool v0.1.9
[INFO] [stderr]     Checking itoa v1.0.5
[INFO] [stderr]     Checking ryu v1.0.12
[INFO] [stderr]    Compiling rustls v0.20.8
[INFO] [stderr]     Checking serde-bytes-repr v0.1.5
[INFO] [stderr]     Checking image v0.24.5
[INFO] [stderr]     Checking enum-map v2.4.2
[INFO] [stderr]     Checking env_logger v0.5.13
[INFO] [stderr]     Checking ignore v0.4.20
[INFO] [stderr]     Checking egui_glow v0.19.0
[INFO] [stderr]     Checking egui_extras v0.19.0
[INFO] [stderr]     Checking structopt v0.2.18
[INFO] [stderr]     Checking parking_lot v0.11.2
[INFO] [stderr]     Checking async-std v1.12.0
[INFO] [stderr]     Checking futures v0.3.25
[INFO] [stderr]     Checking serde-big-array v0.5.1
[INFO] [stderr]     Checking bincode v1.3.3
[INFO] [stderr]     Checking sct v0.7.0
[INFO] [stderr]    Compiling derivative v2.2.0
[INFO] [stderr]     Checking ogg v0.8.0
[INFO] [stderr]     Checking alsa v0.6.0
[INFO] [stderr]     Checking itertools v0.10.5
[INFO] [stderr]    Compiling serde_repr v0.1.16
[INFO] [stderr]     Checking slice-deque v0.3.0
[INFO] [stderr]     Checking unicode_names2 v0.5.1
[INFO] [stderr]    Compiling minreq v2.8.1
[INFO] [stderr]     Checking lewton v0.10.2
[INFO] [stderr]    Compiling structopt-derive v0.4.18
[INFO] [stderr]     Checking clap-verbosity-flag v0.2.0
[INFO] [stderr]     Checking globwalk v0.3.1
[INFO] [stderr]     Checking webpki-roots v0.22.6
[INFO] [stderr]     Checking exitfailure v0.5.1
[INFO] [stderr]     Checking rand_core v0.6.4
[INFO] [stderr]     Checking hound v3.5.0
[INFO] [stderr]     Checking claxon v0.4.3
[INFO] [stderr]     Checking remove_dir_all v0.5.3
[INFO] [stderr]     Checking rand_chacha v0.3.1
[INFO] [stderr]     Checking quicli v0.4.0
[INFO] [stderr]     Checking rand v0.8.5
[INFO] [stderr]     Checking serde-big-array v0.3.3
[INFO] [stderr]     Checking minimp3 v0.5.1
[INFO] [stderr]  Documenting spoofer v0.1.0 (/opt/rustwide/workdir/spoofer)
[INFO] [stderr]     Checking rodio v0.14.0
[INFO] [stderr]     Checking structopt v0.3.26
[INFO] [stderr]     Checking tts_rust v0.3.5
[INFO] [stderr]  Documenting gpt-to-speech v0.1.0 (/opt/rustwide/workdir/gpt-to-speech)
[INFO] [stderr]     Checking sctk-adwaita v0.4.3
[INFO] [stderr]     Checking smithay-clipboard v0.6.6
[INFO] [stderr]     Checking winit v0.27.5
[INFO] [stderr]     Checking egui-winit v0.19.0
[INFO] [stderr]     Checking glutin v0.29.1
[INFO] [stderr]     Checking eframe v0.19.0
[INFO] [stderr]     Checking f1-game-client v0.1.0 (/opt/rustwide/workdir/f1-game-client)
[INFO] [stderr]  Documenting f1-game-client v0.1.0 (/opt/rustwide/workdir/f1-game-client)
[INFO] [stdout] error[E0557]: feature has been removed
[INFO] [stdout]  --> f1-game-client/src/lib.rs:1:12
[INFO] [stdout]   |
[INFO] [stdout] 1 | #![feature(generators, generator_trait)]
[INFO] [stdout]   |            ^^^^^^^^^^ feature has been removed
[INFO] [stdout]   |
[INFO] [stdout]   = note: renamed to `coroutines`
[INFO] [stdout] 
[INFO] [stdout] 
[INFO] [stdout] error: Compilation failed, aborting rustdoc
[INFO] [stdout] 
[INFO] [stdout] 
[INFO] [stdout] error: aborting due to 2 previous errors
[INFO] [stdout] 
[INFO] [stdout] 
[INFO] [stdout] For more information about this error, try `rustc --explain E0557`.
[INFO] [stdout] 
[INFO] [stderr] error: could not document `f1-game-client`
[INFO] [stderr] 
[INFO] [stderr] Caused by:
[INFO] [stderr]   process didn't exit successfully: `/opt/rustwide/rustup-home/toolchains/beta-2023-12-22-x86_64-unknown-linux-gnu/bin/rustdoc --edition=2018 --crate-type lib --crate-name f1_game_client f1-game-client/src/lib.rs -o /opt/rustwide/target/doc --error-format=json --json=diagnostic-rendered-ansi,artifacts,future-incompat --document-private-items -C metadata=5ebe7cee1d02b693 -L dependency=/opt/rustwide/target/debug/deps --extern async_std=/opt/rustwide/target/debug/deps/libasync_std-ff7173db8b0ef9ab.rmeta --extern bincode=/opt/rustwide/target/debug/deps/libbincode-27bf411b3a907666.rmeta --extern derivative=/opt/rustwide/target/debug/deps/libderivative-b2a4a938c85e3a09.so --extern eframe=/opt/rustwide/target/debug/deps/libeframe-b6a1e4c221c2fdf7.rmeta --extern egui=/opt/rustwide/target/debug/deps/libegui-7128da61730c195a.rmeta --extern egui_extras=/opt/rustwide/target/debug/deps/libegui_extras-bc8535a0efdf688a.rmeta --extern enum_map=/opt/rustwide/target/debug/deps/libenum_map-dcde1a1430a12eec.rmeta --extern futures=/opt/rustwide/target/debug/deps/libfutures-8477d41022599467.rmeta --extern image=/opt/rustwide/target/debug/deps/libimage-0a21835f7e4aa1dd.rmeta --extern itertools=/opt/rustwide/target/debug/deps/libitertools-7dfd06ad0ec9f5c0.rmeta --extern lazy_static=/opt/rustwide/target/debug/deps/liblazy_static-cc91e7c9c894213a.rmeta --extern serde=/opt/rustwide/target/debug/deps/libserde-c28254f7d702c37c.rmeta --extern serde_big_array=/opt/rustwide/target/debug/deps/libserde_big_array-d0da83ff54540851.rmeta --extern serde_bytes_repr=/opt/rustwide/target/debug/deps/libserde_bytes_repr-de352ab28bcbc4b3.rmeta --extern serde_json=/opt/rustwide/target/debug/deps/libserde_json-781186aba2cce175.rmeta --extern serde_repr=/opt/rustwide/target/debug/deps/libserde_repr-30cac83121a0eef2.so --extern tokio=/opt/rustwide/target/debug/deps/libtokio-fadf16ffbfce3879.rmeta --extern unicode_names2=/opt/rustwide/target/debug/deps/libunicode_names2-fd5e667f32e44714.rmeta --cap-lints=warn --crate-version 0.1.0` (exit status: 1)
[INFO] [stderr] warning: build failed, waiting for other jobs to finish...
[INFO] [stdout] error[E0557]: feature has been removed
[INFO] [stdout]  --> f1-game-client/src/lib.rs:1:12
[INFO] [stdout]   |
[INFO] [stdout] 1 | #![feature(generators, generator_trait)]
[INFO] [stdout]   |            ^^^^^^^^^^ feature has been removed
[INFO] [stdout]   |
[INFO] [stdout]   = note: renamed to `coroutines`
[INFO] [stdout] 
[INFO] [stdout] 
[INFO] [stdout] error[E0432]: unresolved imports `std::ops::Generator`, `std::ops::GeneratorState`
[INFO] [stdout]  --> f1-game-client/src/event_loop/event_loop.rs:5:11
[INFO] [stdout]   |
[INFO] [stdout] 5 |     ops::{Generator, GeneratorState},
[INFO] [stdout]   |           ^^^^^^^^^  ^^^^^^^^^^^^^^ no `GeneratorState` in `ops`
[INFO] [stdout]   |           |
[INFO] [stdout]   |           no `Generator` in `ops`
[INFO] [stdout]   |
[INFO] [stdout]   = help: consider importing this variant instead:
[INFO] [stdout]           egui::plot::PlotPoints::Generator
[INFO] [stdout] 
[INFO] [stdout] 
[INFO] [stdout] error[E0554]: `#![feature]` may not be used on the beta release channel
[INFO] [stdout]  --> f1-game-client/src/lib.rs:1:1
[INFO] [stdout]   |
[INFO] [stdout] 1 | #![feature(generators, generator_trait)]
[INFO] [stdout]   | ^^^^^^^^^^^^^^^^^^^^^^^^^^^^^^^^^^^^^^^^
[INFO] [stdout] 
[INFO] [stdout] 
[INFO] [stdout] error[E0554]: `#![feature]` may not be used on the beta release channel
[INFO] [stdout]  --> f1-game-client/src/lib.rs:2:1
[INFO] [stdout]   |
[INFO] [stdout] 2 | #![feature(async_closure)]
[INFO] [stdout]   | ^^^^^^^^^^^^^^^^^^^^^^^^^^
[INFO] [stdout] 
[INFO] [stdout] 
[INFO] [stdout] error[E0658]: yield syntax is experimental
[INFO] [stdout]    --> f1-game-client/src/event_loop/event_loop.rs:137:17
[INFO] [stdout]     |
[INFO] [stdout] 137 |                   yield to_yield;
[INFO] [stdout]     |                   ^^^^^^^^^^^^^^
[INFO] [stdout] ...
[INFO] [stdout] 154 | /     deserialize!(
[INFO] [stdout] 155 | |         ip,
[INFO] [stdout] 156 | |         port,
[INFO] [stdout] 157 | |         // Packets of size _ bytes parsed into type X and shoved in Enum Variant Y
[INFO] [stdout] ...   |
[INFO] [stdout] 171 | |         231 => (PacketTyreSetsData, TyreSetData)
[INFO] [stdout] 172 | |     )
[INFO] [stdout]     | |_____- in this macro invocation
[INFO] [stdout]     |
[INFO] [stdout]     = note: see issue #43122 <https://github.com/rust-lang/rust/issues/43122> for more information
[INFO] [stdout]     = note: this error originates in the macro `deserialize` (in Nightly builds, run with -Z macro-backtrace for more info)
[INFO] [stdout] 
[INFO] [stdout] 
[INFO] [stdout] warning: unused macro definition: `deserialize_to`
[INFO] [stdout]   --> f1-game-client/src/telemetry_data/mod.rs:50:14
[INFO] [stdout]    |
[INFO] [stdout] 50 | macro_rules! deserialize_to {
[INFO] [stdout]    |              ^^^^^^^^^^^^^^
[INFO] [stdout]    |
[INFO] [stdout]    = note: `#[warn(unused_macros)]` on by default
[INFO] [stdout] 
[INFO] [stdout] 
[INFO] [stdout] error[E0554]: `#![feature]` may not be used on the beta release channel
[INFO] [stdout]  --> f1-game-client/src/lib.rs:1:24
[INFO] [stdout]   |
[INFO] [stdout] 1 | #![feature(generators, generator_trait)]
[INFO] [stdout]   |                        ^^^^^^^^^^^^^^^
[INFO] [stdout] 
[INFO] [stdout] 
[INFO] [stdout] error[E0635]: unknown feature `generator_trait`
[INFO] [stdout]  --> f1-game-client/src/lib.rs:1:24
[INFO] [stdout]   |
[INFO] [stdout] 1 | #![feature(generators, generator_trait)]
[INFO] [stdout]   |                        ^^^^^^^^^^^^^^^
[INFO] [stdout] 
[INFO] [stdout] 
[INFO] [stdout] error: aborting due to 7 previous errors; 1 warning emitted
[INFO] [stdout] 
[INFO] [stdout] 
[INFO] [stdout] Some errors have detailed explanations: E0432, E0554, E0557, E0635, E0658.
[INFO] [stdout] 
[INFO] [stdout] For more information about an error, try `rustc --explain E0432`.
[INFO] [stdout] 
[INFO] [stderr] error: could not compile `f1-game-client` (lib) due to 8 previous errors; 1 warning emitted
[INFO] running `Command { std: "docker" "inspect" "8442afe58b3e80467a67334b950ab5a27115fcbda95f64303200ea960920097b", kill_on_drop: false }`
[INFO] running `Command { std: "docker" "rm" "-f" "8442afe58b3e80467a67334b950ab5a27115fcbda95f64303200ea960920097b", kill_on_drop: false }`
[INFO] [stdout] 8442afe58b3e80467a67334b950ab5a27115fcbda95f64303200ea960920097b
