[INFO] cloning repository https://github.com/0xcaff/dht-crawler
[INFO] running `Command { std: "git" "-c" "credential.helper=" "-c" "credential.helper=/workspace/cargo-home/bin/git-credential-null" "clone" "--bare" "https://github.com/0xcaff/dht-crawler" "/workspace/cache/git-repos/https%3A%2F%2Fgithub.com%2F0xcaff%2Fdht-crawler", kill_on_drop: false }`
[INFO] [stderr] Cloning into bare repository '/workspace/cache/git-repos/https%3A%2F%2Fgithub.com%2F0xcaff%2Fdht-crawler'...
[INFO] running `Command { std: "git" "rev-parse" "HEAD", kill_on_drop: false }`
[INFO] [stdout] 1fbf4154a1f310176f0a1e236c2905b9ef505c56
[INFO] documenting 0xcaff/dht-crawler against 1.75.0 for beta-1.76-rustdoc-1
[INFO] running `Command { std: "git" "clone" "/workspace/cache/git-repos/https%3A%2F%2Fgithub.com%2F0xcaff%2Fdht-crawler" "/workspace/builds/worker-0-tc1/source", kill_on_drop: false }`
[INFO] [stderr] Cloning into '/workspace/builds/worker-0-tc1/source'...
[INFO] [stderr] done.
[INFO] validating manifest of git repo https://github.com/0xcaff/dht-crawler on toolchain 1.75.0
[INFO] running `Command { std: CARGO_HOME="/workspace/cargo-home" RUSTUP_HOME="/workspace/rustup-home" "/workspace/cargo-home/bin/cargo" "+1.75.0" "metadata" "--manifest-path" "Cargo.toml" "--no-deps", kill_on_drop: false }`
[INFO] started tweaking git repo https://github.com/0xcaff/dht-crawler
[INFO] finished tweaking git repo https://github.com/0xcaff/dht-crawler
[INFO] tweaked toml for git repo https://github.com/0xcaff/dht-crawler written to /workspace/builds/worker-0-tc1/source/Cargo.toml
[INFO] crate git repo https://github.com/0xcaff/dht-crawler already has a lockfile, it will not be regenerated
[INFO] running `Command { std: CARGO_HOME="/workspace/cargo-home" RUSTUP_HOME="/workspace/rustup-home" "/workspace/cargo-home/bin/cargo" "+1.75.0" "fetch" "--manifest-path" "Cargo.toml", kill_on_drop: false }`
[INFO] [stderr]     Updating git repository `https://github.com/0xcaff/serde-bencode.git`
[INFO] [stderr]  Downloading crates ...
[INFO] [stderr]   Downloaded sval v1.0.0-alpha.5
[INFO] [stderr]   Downloaded erased-serde v0.3.24
[INFO] [stderr]   Downloaded backtrace v0.3.33
[INFO] [stderr]   Downloaded syn v0.15.39
[INFO] [stderr]   Downloaded serde_fmt v1.0.1
[INFO] [stderr]   Downloaded serde_bytes v0.10.5
[INFO] [stderr]   Downloaded serde_test v1.0.97
[INFO] running `Command { std: "docker" "create" "-v" "/var/lib/crater-agent-workspace/builds/worker-0-tc1/target:/opt/rustwide/target:rw,Z" "-v" "/var/lib/crater-agent-workspace/builds/worker-0-tc1/source:/opt/rustwide/workdir:ro,Z" "-v" "/var/lib/crater-agent-workspace/cargo-home:/opt/rustwide/cargo-home:ro,Z" "-v" "/var/lib/crater-agent-workspace/rustup-home:/opt/rustwide/rustup-home:ro,Z" "-e" "SOURCE_DIR=/opt/rustwide/workdir" "-e" "CARGO_TARGET_DIR=/opt/rustwide/target" "-e" "CARGO_HOME=/opt/rustwide/cargo-home" "-e" "RUSTUP_HOME=/opt/rustwide/rustup-home" "-w" "/opt/rustwide/workdir" "-m" "1610612736" "--user" "0:0" "--network" "none" "ghcr.io/rust-lang/crates-build-env/linux@sha256:2788e3201cd34a07e3172128adcd8b3090168a8e3bcc40d7c032b9dda1df7d1c" "/opt/rustwide/cargo-home/bin/cargo" "+1.75.0" "metadata" "--no-deps" "--format-version=1", kill_on_drop: false }`
[INFO] [stdout] 3b459ce4d4af4ddd646cc1742f033cf7feedc95f9a16e082915e31385f1f14fa
[INFO] running `Command { std: "docker" "start" "-a" "3b459ce4d4af4ddd646cc1742f033cf7feedc95f9a16e082915e31385f1f14fa", kill_on_drop: false }`
[INFO] running `Command { std: "docker" "inspect" "3b459ce4d4af4ddd646cc1742f033cf7feedc95f9a16e082915e31385f1f14fa", kill_on_drop: false }`
[INFO] running `Command { std: "docker" "rm" "-f" "3b459ce4d4af4ddd646cc1742f033cf7feedc95f9a16e082915e31385f1f14fa", kill_on_drop: false }`
[INFO] [stdout] 3b459ce4d4af4ddd646cc1742f033cf7feedc95f9a16e082915e31385f1f14fa
[INFO] running `Command { std: "docker" "create" "-v" "/var/lib/crater-agent-workspace/builds/worker-0-tc1/target:/opt/rustwide/target:rw,Z" "-v" "/var/lib/crater-agent-workspace/builds/worker-0-tc1/source:/opt/rustwide/workdir:ro,Z" "-v" "/var/lib/crater-agent-workspace/cargo-home:/opt/rustwide/cargo-home:ro,Z" "-v" "/var/lib/crater-agent-workspace/rustup-home:/opt/rustwide/rustup-home:ro,Z" "-e" "SOURCE_DIR=/opt/rustwide/workdir" "-e" "CARGO_TARGET_DIR=/opt/rustwide/target" "-e" "CARGO_INCREMENTAL=0" "-e" "RUST_BACKTRACE=full" "-e" "RUSTFLAGS=--cap-lints=warn" "-e" "RUSTDOCFLAGS=--cap-lints=warn" "-e" "CARGO_HOME=/opt/rustwide/cargo-home" "-e" "RUSTUP_HOME=/opt/rustwide/rustup-home" "-w" "/opt/rustwide/workdir" "-m" "1610612736" "--user" "0:0" "--network" "none" "ghcr.io/rust-lang/crates-build-env/linux@sha256:2788e3201cd34a07e3172128adcd8b3090168a8e3bcc40d7c032b9dda1df7d1c" "/opt/rustwide/cargo-home/bin/cargo" "+1.75.0" "doc" "--frozen" "--no-deps" "--document-private-items" "--message-format=json", kill_on_drop: false }`
[INFO] [stdout] f9d0568d2f21c94cb99a424a68571177d6a8ff9df14cd43027bfb318132b6728
[INFO] running `Command { std: "docker" "start" "-a" "f9d0568d2f21c94cb99a424a68571177d6a8ff9df14cd43027bfb318132b6728", kill_on_drop: false }`
[INFO] [stderr]    Compiling proc-macro2 v1.0.49
[INFO] [stderr]    Compiling syn v1.0.107
[INFO] [stderr]    Compiling libc v0.2.139
[INFO] [stderr]    Compiling serde v1.0.152
[INFO] [stderr]    Compiling num-traits v0.2.15
[INFO] [stderr]    Compiling num-integer v0.1.45
[INFO] [stderr]    Compiling futures-core v0.3.25
[INFO] [stderr]    Compiling erased-serde v0.3.24
[INFO] [stderr]    Compiling value-bag v1.0.0-alpha.9
[INFO] [stderr]    Compiling slab v0.4.7
[INFO] [stderr]    Compiling byteorder v1.3.2
[INFO] [stderr]    Compiling futures-channel v0.3.25
[INFO] [stderr]    Compiling futures-task v0.3.25
[INFO] [stderr]     Checking pin-project-lite v0.2.9
[INFO] [stderr]    Compiling quote v1.0.23
[INFO] [stderr]    Compiling num-bigint v0.2.6
[INFO] [stderr]     Checking futures-sink v0.3.25
[INFO] [stderr]    Compiling thiserror v1.0.38
[INFO] [stderr]     Checking rand_core v0.4.2
[INFO] [stderr]    Compiling log v0.4.17
[INFO] [stderr]    Compiling proc-macro2 v0.4.30
[INFO] [stderr]    Compiling futures-util v0.3.25
[INFO] [stderr]     Checking rand_core v0.3.1
[INFO] [stderr]    Compiling generic-array v0.14.6
[INFO] [stderr]    Compiling unicode-xid v0.1.0
[INFO] [stderr]     Checking futures-io v0.3.25
[INFO] [stderr]     Checking rand v0.5.6
[INFO] [stderr]    Compiling tokio v1.23.0
[INFO] [stderr]     Checking once_cell v1.16.0
[INFO] [stderr]    Compiling cc v1.0.78
[INFO] [stderr]    Compiling syn v0.15.39
[INFO] [stderr]     Checking hex v0.3.2
[INFO] [stderr]    Compiling quote v0.6.13
[INFO] [stderr]     Checking tracing-core v0.1.30
[INFO] [stderr]     Checking iovec v0.1.4
[INFO] [stderr]     Checking socket2 v0.4.7
[INFO] [stderr]     Checking bytes v0.4.12
[INFO] [stderr]    Compiling failure_derive v0.1.5
[INFO] [stderr]     Checking time v0.1.45
[INFO] [stderr]     Checking rustc-demangle v0.1.15
[INFO] [stderr]     Checking block-buffer v0.10.3
[INFO] [stderr]     Checking crypto-common v0.1.6
[INFO] [stderr]     Checking iana-time-zone v0.1.53
[INFO] [stderr]     Checking cfg-if v0.1.9
[INFO] [stderr]     Checking digest v0.10.6
[INFO] [stderr]     Checking cpufeatures v0.2.5
[INFO] [stderr]     Checking chrono v0.4.23
[INFO] [stderr]     Checking serde_fmt v1.0.1
[INFO] [stderr]     Checking sval v1.0.0-alpha.5
[INFO] [stderr]     Checking serde_bytes v0.10.5
[INFO] [stderr]    Compiling backtrace-sys v0.1.31
[INFO] [stderr]     Checking serde_bencode v0.2.0 (https://github.com/0xcaff/serde-bencode.git?rev=0c1e6f4672c925c629b84fab2b66b24ec9f3458e#0c1e6f46)
[INFO] [stderr]     Checking sha1 v0.10.5
[INFO] [stderr]     Checking backtrace v0.3.33
[INFO] [stderr]    Compiling synstructure v0.10.2
[INFO] [stderr]     Checking failure v0.1.5
[INFO] [stderr]    Compiling ctor v0.1.26
[INFO] [stderr]    Compiling thiserror-impl v1.0.38
[INFO] [stderr]    Compiling futures-macro v0.3.25
[INFO] [stderr]    Compiling serde_derive v1.0.152
[INFO] [stderr]    Compiling tokio-macros v1.8.2
[INFO] [stderr]    Compiling tracing-attributes v0.1.23
[INFO] [stderr]    Compiling async-recursion v1.0.0
[INFO] [stderr]     Checking tracing v0.1.37
[INFO] [stderr]     Checking mio v0.8.5
[INFO] [stderr]     Checking krpc_encoding v0.1.0 (/opt/rustwide/workdir/packages/krpc_encoding)
[INFO] [stderr]  Documenting krpc_encoding v0.1.0 (/opt/rustwide/workdir/packages/krpc_encoding)
[INFO] [stdout] error[E0432]: unresolved import `thiserror`
[INFO] [stdout]    --> packages/krpc_encoding/src/errors.rs:22:17
[INFO] [stdout]     |
[INFO] [stdout] 22  | #[derive(Debug, Error)]
[INFO] [stdout]     |                 ^^^^^ no `ThiserrorProvide` in `__private`
[INFO] [stdout]     |
[INFO] [stdout] note: found an item that was configured out
[INFO] [stdout]    --> /opt/rustwide/cargo-home/registry/src/index.crates.io-6f17d22bba15001f/thiserror-1.0.38/src/lib.rs:253:29
[INFO] [stdout]     |
[INFO] [stdout] 253 |     pub use crate::provide::ThiserrorProvide;
[INFO] [stdout]     |                             ^^^^^^^^^^^^^^^^
[INFO] [stdout]     = note: this error originates in the derive macro `Error` (in Nightly builds, run with -Z macro-backtrace for more info)
[INFO] [stdout] 
[INFO] [stdout] 
[INFO] [stdout] error[E0412]: cannot find type `Demand` in module `std::any`
[INFO] [stdout]   --> packages/krpc_encoding/src/errors.rs:22:17
[INFO] [stdout]    |
[INFO] [stdout] 22 | #[derive(Debug, Error)]
[INFO] [stdout]    |                 ^^^^^ not found in `std::any`
[INFO] [stdout]    |
[INFO] [stdout]    = note: this error originates in the derive macro `Error` (in Nightly builds, run with -Z macro-backtrace for more info)
[INFO] [stdout] 
[INFO] [stdout] 
[INFO] [stdout] error[E0432]: unresolved import `thiserror`
[INFO] [stdout]    --> packages/krpc_encoding/src/errors.rs:22:17
[INFO] [stdout]     |
[INFO] [stdout] 22  | #[derive(Debug, Error)]
[INFO] [stdout]     |                 ^^^^^ no `ThiserrorProvide` in `__private`
[INFO] [stdout]     |
[INFO] [stdout] note: found an item that was configured out
[INFO] [stdout]    --> /opt/rustwide/cargo-home/registry/src/index.crates.io-6f17d22bba15001f/thiserror-1.0.38/src/lib.rs:253:29
[INFO] [stdout]     |
[INFO] [stdout] 253 |     pub use crate::provide::ThiserrorProvide;
[INFO] [stdout]     |                             ^^^^^^^^^^^^^^^^
[INFO] [stdout]     = note: this error originates in the derive macro `Error` (in Nightly builds, run with -Z macro-backtrace for more info)
[INFO] [stdout] 
[INFO] [stdout] 
[INFO] [stdout] error[E0412]: cannot find type `Demand` in module `std::any`
[INFO] [stdout]   --> packages/krpc_encoding/src/errors.rs:22:17
[INFO] [stdout]    |
[INFO] [stdout] 22 | #[derive(Debug, Error)]
[INFO] [stdout]    |                 ^^^^^ not found in `std::any`
[INFO] [stdout]    |
[INFO] [stdout]    = note: this error originates in the derive macro `Error` (in Nightly builds, run with -Z macro-backtrace for more info)
[INFO] [stdout] 
[INFO] [stdout] 
[INFO] [stdout] error[E0554]: `#![feature]` may not be used on the stable release channel
[INFO] [stdout]  --> packages/krpc_encoding/src/lib.rs:1:12
[INFO] [stdout]   |
[INFO] [stdout] 1 | #![feature(error_generic_member_access, provide_any)]
[INFO] [stdout]   |            ^^^^^^^^^^^^^^^^^^^^^^^^^^^
[INFO] [stdout] 
[INFO] [stdout] 
[INFO] [stdout] error[E0554]: `#![feature]` may not be used on the stable release channel
[INFO] [stdout]  --> packages/krpc_encoding/src/lib.rs:1:41
[INFO] [stdout]   |
[INFO] [stdout] 1 | #![feature(error_generic_member_access, provide_any)]
[INFO] [stdout]   |                                         ^^^^^^^^^^^
[INFO] [stdout] 
[INFO] [stdout] 
[INFO] [stdout] error[E0635]: unknown feature `provide_any`
[INFO] [stdout]  --> packages/krpc_encoding/src/lib.rs:1:41
[INFO] [stdout]   |
[INFO] [stdout] 1 | #![feature(error_generic_member_access, provide_any)]
[INFO] [stdout]   |                                         ^^^^^^^^^^^
[INFO] [stdout] 
[INFO] [stdout] 
[INFO] [stdout] error: aborting due to 2 previous errors
[INFO] [stdout] 
[INFO] [stdout] 
[INFO] [stdout] Some errors have detailed explanations: E0412, E0432.
[INFO] [stdout] 
[INFO] [stdout] For more information about an error, try `rustc --explain E0412`.
[INFO] [stdout] 
[INFO] [stderr] error: could not document `krpc_encoding`
[INFO] [stderr] 
[INFO] [stderr] Caused by:
[INFO] [stderr]   process didn't exit successfully: `/opt/rustwide/rustup-home/toolchains/1.75.0-x86_64-unknown-linux-gnu/bin/rustdoc --edition=2018 --crate-type lib --crate-name krpc_encoding packages/krpc_encoding/src/lib.rs -o /opt/rustwide/target/doc --error-format=json --json=diagnostic-rendered-ansi,artifacts,future-incompat --document-private-items -C metadata=3e805f648f5b5b23 -L dependency=/opt/rustwide/target/debug/deps --extern byteorder=/opt/rustwide/target/debug/deps/libbyteorder-56cb338e3faebbf4.rmeta --extern hex=/opt/rustwide/target/debug/deps/libhex-ebc0fc98e4182806.rmeta --extern num_bigint=/opt/rustwide/target/debug/deps/libnum_bigint-d4a799ddb29c63c1.rmeta --extern num_traits=/opt/rustwide/target/debug/deps/libnum_traits-6e6d03c61507ed6a.rmeta --extern rand=/opt/rustwide/target/debug/deps/librand-8c1956852abba86e.rmeta --extern serde=/opt/rustwide/target/debug/deps/libserde-4b16ff8c75a3fa00.rmeta --extern serde_bencode=/opt/rustwide/target/debug/deps/libserde_bencode-c0e5f1ab1c62e3e0.rmeta --extern serde_bytes=/opt/rustwide/target/debug/deps/libserde_bytes-4e690e5d380659b7.rmeta --extern serde_derive=/opt/rustwide/target/debug/deps/libserde_derive-7f66359431709626.so --extern thiserror=/opt/rustwide/target/debug/deps/libthiserror-6ba4e4c3feab5bc6.rmeta --cap-lints=warn --crate-version 0.1.0` (exit status: 1)
[INFO] [stderr] warning: build failed, waiting for other jobs to finish...
[INFO] [stdout] error[E0599]: no method named `thiserror_provide` found for enum `errors::ErrorKind` in the current scope
[INFO] [stdout]   --> packages/krpc_encoding/src/errors.rs:26:5
[INFO] [stdout]    |
[INFO] [stdout] 6  | pub enum ErrorKind {
[INFO] [stdout]    | ------------------ method `thiserror_provide` not found for this enum
[INFO] [stdout] ...
[INFO] [stdout] 26 |     inner: ErrorKind,
[INFO] [stdout]    |     ^^^^^ method not found in `ErrorKind`
[INFO] [stdout] 
[INFO] [stdout] 
[INFO] [stdout] error: aborting due to 6 previous errors
[INFO] [stdout] 
[INFO] [stdout] 
[INFO] [stdout] Some errors have detailed explanations: E0412, E0432, E0554, E0599, E0635.
[INFO] [stdout] 
[INFO] [stdout] For more information about an error, try `rustc --explain E0412`.
[INFO] [stdout] 
[INFO] [stderr] error: could not compile `krpc_encoding` (lib) due to 7 previous errors
[INFO] running `Command { std: "docker" "inspect" "f9d0568d2f21c94cb99a424a68571177d6a8ff9df14cd43027bfb318132b6728", kill_on_drop: false }`
[INFO] running `Command { std: "docker" "rm" "-f" "f9d0568d2f21c94cb99a424a68571177d6a8ff9df14cd43027bfb318132b6728", kill_on_drop: false }`
[INFO] [stdout] f9d0568d2f21c94cb99a424a68571177d6a8ff9df14cd43027bfb318132b6728
[INFO] documenting 0xcaff/dht-crawler against beta-2023-12-22 for beta-1.76-rustdoc-1
[INFO] running `Command { std: "git" "clone" "/workspace/cache/git-repos/https%3A%2F%2Fgithub.com%2F0xcaff%2Fdht-crawler" "/workspace/builds/worker-0-tc2/source", kill_on_drop: false }`
[INFO] [stderr] Cloning into '/workspace/builds/worker-0-tc2/source'...
[INFO] [stderr] done.
[INFO] validating manifest of git repo https://github.com/0xcaff/dht-crawler on toolchain beta-2023-12-22
[INFO] running `Command { std: CARGO_HOME="/workspace/cargo-home" RUSTUP_HOME="/workspace/rustup-home" "/workspace/cargo-home/bin/cargo" "+beta-2023-12-22" "metadata" "--manifest-path" "Cargo.toml" "--no-deps", kill_on_drop: false }`
[INFO] started tweaking git repo https://github.com/0xcaff/dht-crawler
[INFO] finished tweaking git repo https://github.com/0xcaff/dht-crawler
[INFO] tweaked toml for git repo https://github.com/0xcaff/dht-crawler written to /workspace/builds/worker-0-tc2/source/Cargo.toml
[INFO] crate git repo https://github.com/0xcaff/dht-crawler already has a lockfile, it will not be regenerated
[INFO] running `Command { std: CARGO_HOME="/workspace/cargo-home" RUSTUP_HOME="/workspace/rustup-home" "/workspace/cargo-home/bin/cargo" "+beta-2023-12-22" "fetch" "--manifest-path" "Cargo.toml", kill_on_drop: false }`
[INFO] running `Command { std: "docker" "create" "-v" "/var/lib/crater-agent-workspace/builds/worker-0-tc2/target:/opt/rustwide/target:rw,Z" "-v" "/var/lib/crater-agent-workspace/builds/worker-0-tc2/source:/opt/rustwide/workdir:ro,Z" "-v" "/var/lib/crater-agent-workspace/cargo-home:/opt/rustwide/cargo-home:ro,Z" "-v" "/var/lib/crater-agent-workspace/rustup-home:/opt/rustwide/rustup-home:ro,Z" "-e" "SOURCE_DIR=/opt/rustwide/workdir" "-e" "CARGO_TARGET_DIR=/opt/rustwide/target" "-e" "CARGO_HOME=/opt/rustwide/cargo-home" "-e" "RUSTUP_HOME=/opt/rustwide/rustup-home" "-w" "/opt/rustwide/workdir" "-m" "1610612736" "--user" "0:0" "--network" "none" "ghcr.io/rust-lang/crates-build-env/linux@sha256:2788e3201cd34a07e3172128adcd8b3090168a8e3bcc40d7c032b9dda1df7d1c" "/opt/rustwide/cargo-home/bin/cargo" "+beta-2023-12-22" "metadata" "--no-deps" "--format-version=1", kill_on_drop: false }`
[INFO] [stdout] c984359b9a190a3fc8f61f7905f8ceafe4878158ec2bf68a865b08e950e540b8
[INFO] running `Command { std: "docker" "start" "-a" "c984359b9a190a3fc8f61f7905f8ceafe4878158ec2bf68a865b08e950e540b8", kill_on_drop: false }`
[INFO] running `Command { std: "docker" "inspect" "c984359b9a190a3fc8f61f7905f8ceafe4878158ec2bf68a865b08e950e540b8", kill_on_drop: false }`
[INFO] running `Command { std: "docker" "rm" "-f" "c984359b9a190a3fc8f61f7905f8ceafe4878158ec2bf68a865b08e950e540b8", kill_on_drop: false }`
[INFO] [stdout] c984359b9a190a3fc8f61f7905f8ceafe4878158ec2bf68a865b08e950e540b8
[INFO] running `Command { std: "docker" "create" "-v" "/var/lib/crater-agent-workspace/builds/worker-0-tc2/target:/opt/rustwide/target:rw,Z" "-v" "/var/lib/crater-agent-workspace/builds/worker-0-tc2/source:/opt/rustwide/workdir:ro,Z" "-v" "/var/lib/crater-agent-workspace/cargo-home:/opt/rustwide/cargo-home:ro,Z" "-v" "/var/lib/crater-agent-workspace/rustup-home:/opt/rustwide/rustup-home:ro,Z" "-e" "SOURCE_DIR=/opt/rustwide/workdir" "-e" "CARGO_TARGET_DIR=/opt/rustwide/target" "-e" "CARGO_INCREMENTAL=0" "-e" "RUST_BACKTRACE=full" "-e" "RUSTFLAGS=--cap-lints=warn" "-e" "RUSTDOCFLAGS=--cap-lints=warn" "-e" "CARGO_HOME=/opt/rustwide/cargo-home" "-e" "RUSTUP_HOME=/opt/rustwide/rustup-home" "-w" "/opt/rustwide/workdir" "-m" "1610612736" "--user" "0:0" "--network" "none" "ghcr.io/rust-lang/crates-build-env/linux@sha256:2788e3201cd34a07e3172128adcd8b3090168a8e3bcc40d7c032b9dda1df7d1c" "/opt/rustwide/cargo-home/bin/cargo" "+beta-2023-12-22" "doc" "--frozen" "--no-deps" "--document-private-items" "--message-format=json", kill_on_drop: false }`
[INFO] [stdout] 133c8fc66e35b7f306444e160bd9766366dcd917eec131ebe347d620cee8ab03
[INFO] running `Command { std: "docker" "start" "-a" "133c8fc66e35b7f306444e160bd9766366dcd917eec131ebe347d620cee8ab03", kill_on_drop: false }`
[INFO] [stderr]    Compiling proc-macro2 v1.0.49
[INFO] [stderr]    Compiling syn v1.0.107
[INFO] [stderr]    Compiling libc v0.2.139
[INFO] [stderr]    Compiling serde v1.0.152
[INFO] [stderr]    Compiling num-traits v0.2.15
[INFO] [stderr]    Compiling num-integer v0.1.45
[INFO] [stderr]    Compiling erased-serde v0.3.24
[INFO] [stderr]    Compiling futures-core v0.3.25
[INFO] [stderr]    Compiling value-bag v1.0.0-alpha.9
[INFO] [stderr]    Compiling slab v0.4.7
[INFO] [stderr]     Checking pin-project-lite v0.2.9
[INFO] [stderr]    Compiling byteorder v1.3.2
[INFO] [stderr]    Compiling futures-task v0.3.25
[INFO] [stderr]    Compiling futures-channel v0.3.25
[INFO] [stderr]    Compiling num-bigint v0.2.6
[INFO] [stderr]     Checking rand_core v0.4.2
[INFO] [stderr]    Compiling thiserror v1.0.38
[INFO] [stderr]    Compiling quote v1.0.23
[INFO] [stderr]    Compiling futures-util v0.3.25
[INFO] [stderr]    Compiling log v0.4.17
[INFO] [stderr]     Checking futures-sink v0.3.25
[INFO] [stderr]    Compiling proc-macro2 v0.4.30
[INFO] [stderr]     Checking rand_core v0.3.1
[INFO] [stderr]    Compiling generic-array v0.14.6
[INFO] [stderr]    Compiling unicode-xid v0.1.0
[INFO] [stderr]     Checking futures-io v0.3.25
[INFO] [stderr]     Checking rand v0.5.6
[INFO] [stderr]    Compiling tokio v1.23.0
[INFO] [stderr]    Compiling syn v0.15.39
[INFO] [stderr]     Checking once_cell v1.16.0
[INFO] [stderr]     Checking hex v0.3.2
[INFO] [stderr]    Compiling cc v1.0.78
[INFO] [stderr]     Checking tracing-core v0.1.30
[INFO] [stderr]    Compiling quote v0.6.13
[INFO] [stderr]     Checking socket2 v0.4.7
[INFO] [stderr]     Checking iovec v0.1.4
[INFO] [stderr]     Checking bytes v0.4.12
[INFO] [stderr]    Compiling failure_derive v0.1.5
[INFO] [stderr]     Checking time v0.1.45
[INFO] [stderr]     Checking cfg-if v0.1.9
[INFO] [stderr]     Checking rustc-demangle v0.1.15
[INFO] [stderr]     Checking crypto-common v0.1.6
[INFO] [stderr]     Checking block-buffer v0.10.3
[INFO] [stderr]     Checking iana-time-zone v0.1.53
[INFO] [stderr]     Checking cpufeatures v0.2.5
[INFO] [stderr]     Checking digest v0.10.6
[INFO] [stderr]     Checking sval v1.0.0-alpha.5
[INFO] [stderr]     Checking serde_fmt v1.0.1
[INFO] [stderr]     Checking serde_bytes v0.10.5
[INFO] [stderr]     Checking chrono v0.4.23
[INFO] [stderr]     Checking sha1 v0.10.5
[INFO] [stderr]    Compiling backtrace-sys v0.1.31
[INFO] [stderr]     Checking serde_bencode v0.2.0 (https://github.com/0xcaff/serde-bencode.git?rev=0c1e6f4672c925c629b84fab2b66b24ec9f3458e#0c1e6f46)
[INFO] [stderr]     Checking backtrace v0.3.33
[INFO] [stderr]    Compiling synstructure v0.10.2
[INFO] [stderr]     Checking failure v0.1.5
[INFO] [stderr]    Compiling ctor v0.1.26
[INFO] [stderr]    Compiling futures-macro v0.3.25
[INFO] [stderr]    Compiling thiserror-impl v1.0.38
[INFO] [stderr]    Compiling serde_derive v1.0.152
[INFO] [stderr]    Compiling tokio-macros v1.8.2
[INFO] [stderr]    Compiling tracing-attributes v0.1.23
[INFO] [stderr]    Compiling async-recursion v1.0.0
[INFO] [stderr]     Checking mio v0.8.5
[INFO] [stderr]     Checking tracing v0.1.37
[INFO] [stderr]     Checking krpc_encoding v0.1.0 (/opt/rustwide/workdir/packages/krpc_encoding)
[INFO] [stderr]  Documenting krpc_encoding v0.1.0 (/opt/rustwide/workdir/packages/krpc_encoding)
[INFO] [stdout] error[E0432]: unresolved import `thiserror`
[INFO] [stdout]    --> packages/krpc_encoding/src/errors.rs:22:17
[INFO] [stdout]     |
[INFO] [stdout] 22  | #[derive(Debug, Error)]
[INFO] [stdout]     |                 ^^^^^ no `ThiserrorProvide` in `__private`
[INFO] [stdout]     |
[INFO] [stdout] note: found an item that was configured out
[INFO] [stdout]    --> /opt/rustwide/cargo-home/registry/src/index.crates.io-6f17d22bba15001f/thiserror-1.0.38/src/lib.rs:253:29
[INFO] [stdout]     |
[INFO] [stdout] 253 |     pub use crate::provide::ThiserrorProvide;
[INFO] [stdout]     |                             ^^^^^^^^^^^^^^^^
[INFO] [stdout]     = note: this error originates in the derive macro `Error` (in Nightly builds, run with -Z macro-backtrace for more info)
[INFO] [stdout] 
[INFO] [stdout] 
[INFO] [stdout] error[E0432]: unresolved import `thiserror`
[INFO] [stdout]    --> packages/krpc_encoding/src/errors.rs:22:17
[INFO] [stdout]     |
[INFO] [stdout] 22  | #[derive(Debug, Error)]
[INFO] [stdout]     |                 ^^^^^ no `ThiserrorProvide` in `__private`
[INFO] [stdout]     |
[INFO] [stdout] note: found an item that was configured out
[INFO] [stdout]    --> /opt/rustwide/cargo-home/registry/src/index.crates.io-6f17d22bba15001f/thiserror-1.0.38/src/lib.rs:253:29
[INFO] [stdout]     |
[INFO] [stdout] 253 |     pub use crate::provide::ThiserrorProvide;
[INFO] [stdout]     |                             ^^^^^^^^^^^^^^^^
[INFO] [stdout]     = note: this error originates in the derive macro `Error` (in Nightly builds, run with -Z macro-backtrace for more info)
[INFO] [stdout] 
[INFO] [stdout] 
[INFO] [stdout] error[E0412]: cannot find type `Demand` in module `std::any`
[INFO] [stdout]   --> packages/krpc_encoding/src/errors.rs:22:17
[INFO] [stdout]    |
[INFO] [stdout] 22 | #[derive(Debug, Error)]
[INFO] [stdout]    |                 ^^^^^ not found in `std::any`
[INFO] [stdout]    |
[INFO] [stdout]    = note: this error originates in the derive macro `Error` (in Nightly builds, run with -Z macro-backtrace for more info)
[INFO] [stdout] 
[INFO] [stdout] 
[INFO] [stdout] error[E0412]: cannot find type `Demand` in module `std::any`
[INFO] [stdout]   --> packages/krpc_encoding/src/errors.rs:22:17
[INFO] [stdout]    |
[INFO] [stdout] 22 | #[derive(Debug, Error)]
[INFO] [stdout]    |                 ^^^^^ not found in `std::any`
[INFO] [stdout]    |
[INFO] [stdout]    = note: this error originates in the derive macro `Error` (in Nightly builds, run with -Z macro-backtrace for more info)
[INFO] [stdout] 
[INFO] [stdout] 
[INFO] [stdout] error[E0554]: `#![feature]` may not be used on the beta release channel
[INFO] [stdout]  --> packages/krpc_encoding/src/lib.rs:1:12
[INFO] [stdout]   |
[INFO] [stdout] 1 | #![feature(error_generic_member_access, provide_any)]
[INFO] [stdout]   |            ^^^^^^^^^^^^^^^^^^^^^^^^^^^
[INFO] [stdout] 
[INFO] [stdout] 
[INFO] [stdout] error[E0554]: `#![feature]` may not be used on the beta release channel
[INFO] [stdout]  --> packages/krpc_encoding/src/lib.rs:1:41
[INFO] [stdout]   |
[INFO] [stdout] 1 | #![feature(error_generic_member_access, provide_any)]
[INFO] [stdout]   |                                         ^^^^^^^^^^^
[INFO] [stdout] 
[INFO] [stdout] 
[INFO] [stdout] error[E0635]: unknown feature `provide_any`
[INFO] [stdout]  --> packages/krpc_encoding/src/lib.rs:1:41
[INFO] [stdout]   |
[INFO] [stdout] 1 | #![feature(error_generic_member_access, provide_any)]
[INFO] [stdout]   |                                         ^^^^^^^^^^^
[INFO] [stdout] 
[INFO] [stdout] 
[INFO] [stdout] error: aborting due to 2 previous errors
[INFO] [stdout] 
[INFO] [stdout] 
[INFO] [stdout] Some errors have detailed explanations: E0412, E0432.
[INFO] [stdout] 
[INFO] [stdout] For more information about an error, try `rustc --explain E0412`.
[INFO] [stdout] 
[INFO] [stderr] error: could not document `krpc_encoding`
[INFO] [stderr] 
[INFO] [stderr] Caused by:
[INFO] [stderr]   process didn't exit successfully: `/opt/rustwide/rustup-home/toolchains/beta-2023-12-22-x86_64-unknown-linux-gnu/bin/rustdoc --edition=2018 --crate-type lib --crate-name krpc_encoding packages/krpc_encoding/src/lib.rs -o /opt/rustwide/target/doc --error-format=json --json=diagnostic-rendered-ansi,artifacts,future-incompat --document-private-items -C metadata=d2a0d0f451ca51e1 -L dependency=/opt/rustwide/target/debug/deps --extern byteorder=/opt/rustwide/target/debug/deps/libbyteorder-897e395202776b7c.rmeta --extern hex=/opt/rustwide/target/debug/deps/libhex-f5b9077d8728dcb8.rmeta --extern num_bigint=/opt/rustwide/target/debug/deps/libnum_bigint-3349f2b1f2e48e1c.rmeta --extern num_traits=/opt/rustwide/target/debug/deps/libnum_traits-fb092f062ef58d9d.rmeta --extern rand=/opt/rustwide/target/debug/deps/librand-56a2cf16bd7114f1.rmeta --extern serde=/opt/rustwide/target/debug/deps/libserde-930af0d5ffad1ada.rmeta --extern serde_bencode=/opt/rustwide/target/debug/deps/libserde_bencode-4acda9598f9352b8.rmeta --extern serde_bytes=/opt/rustwide/target/debug/deps/libserde_bytes-9f3a555ab8b9708a.rmeta --extern serde_derive=/opt/rustwide/target/debug/deps/libserde_derive-820a57c6ca1c7bcb.so --extern thiserror=/opt/rustwide/target/debug/deps/libthiserror-3d9b12093d5a1058.rmeta --cap-lints=warn --crate-version 0.1.0` (exit status: 1)
[INFO] [stderr] warning: build failed, waiting for other jobs to finish...
[INFO] [stdout] error[E0599]: no method named `thiserror_provide` found for enum `errors::ErrorKind` in the current scope
[INFO] [stdout]   --> packages/krpc_encoding/src/errors.rs:26:5
[INFO] [stdout]    |
[INFO] [stdout] 6  | pub enum ErrorKind {
[INFO] [stdout]    | ------------------ method `thiserror_provide` not found for this enum
[INFO] [stdout] ...
[INFO] [stdout] 26 |     inner: ErrorKind,
[INFO] [stdout]    |     ^^^^^ method not found in `ErrorKind`
[INFO] [stdout] 
[INFO] [stdout] 
[INFO] [stdout] error: aborting due to 6 previous errors
[INFO] [stdout] 
[INFO] [stdout] 
[INFO] [stdout] Some errors have detailed explanations: E0412, E0432, E0554, E0599, E0635.
[INFO] [stdout] 
[INFO] [stdout] For more information about an error, try `rustc --explain E0412`.
[INFO] [stdout] 
[INFO] [stderr] error: could not compile `krpc_encoding` (lib) due to 7 previous errors
[INFO] running `Command { std: "docker" "inspect" "133c8fc66e35b7f306444e160bd9766366dcd917eec131ebe347d620cee8ab03", kill_on_drop: false }`
[INFO] running `Command { std: "docker" "rm" "-f" "133c8fc66e35b7f306444e160bd9766366dcd917eec131ebe347d620cee8ab03", kill_on_drop: false }`
[INFO] [stdout] 133c8fc66e35b7f306444e160bd9766366dcd917eec131ebe347d620cee8ab03
