[INFO] cloning repository https://github.com/0bject-0bject/wurl
[INFO] running `Command { std: "git" "-c" "credential.helper=" "-c" "credential.helper=/workspace/cargo-home/bin/git-credential-null" "clone" "--bare" "https://github.com/0bject-0bject/wurl" "/workspace/cache/git-repos/https%3A%2F%2Fgithub.com%2F0bject-0bject%2Fwurl", kill_on_drop: false }`
[INFO] [stderr] Cloning into bare repository '/workspace/cache/git-repos/https%3A%2F%2Fgithub.com%2F0bject-0bject%2Fwurl'...
[INFO] running `Command { std: "git" "rev-parse" "HEAD", kill_on_drop: false }`
[INFO] [stdout] 4168c049f01b6e7382cba2bff67eb178eea48c45
[INFO] documenting 0bject-0bject/wurl against 1.75.0 for beta-1.76-rustdoc-1
[INFO] running `Command { std: "git" "clone" "/workspace/cache/git-repos/https%3A%2F%2Fgithub.com%2F0bject-0bject%2Fwurl" "/workspace/builds/worker-2-tc1/source", kill_on_drop: false }`
[INFO] [stderr] Cloning into '/workspace/builds/worker-2-tc1/source'...
[INFO] [stderr] done.
[INFO] validating manifest of git repo https://github.com/0bject-0bject/wurl on toolchain 1.75.0
[INFO] running `Command { std: CARGO_HOME="/workspace/cargo-home" RUSTUP_HOME="/workspace/rustup-home" "/workspace/cargo-home/bin/cargo" "+1.75.0" "metadata" "--manifest-path" "Cargo.toml" "--no-deps", kill_on_drop: false }`
[INFO] started tweaking git repo https://github.com/0bject-0bject/wurl
[INFO] finished tweaking git repo https://github.com/0bject-0bject/wurl
[INFO] tweaked toml for git repo https://github.com/0bject-0bject/wurl written to /workspace/builds/worker-2-tc1/source/Cargo.toml
[INFO] crate git repo https://github.com/0bject-0bject/wurl already has a lockfile, it will not be regenerated
[INFO] running `Command { std: CARGO_HOME="/workspace/cargo-home" RUSTUP_HOME="/workspace/rustup-home" "/workspace/cargo-home/bin/cargo" "+1.75.0" "fetch" "--manifest-path" "Cargo.toml", kill_on_drop: false }`
[INFO] [stderr]     Updating crates.io index
[INFO] [stderr]  Downloading crates ...
[INFO] [stderr]   Downloaded enable-ansi-support v0.2.1
[INFO] [stderr]   Downloaded tui-tools v0.1.2
[INFO] running `Command { std: "docker" "create" "-v" "/var/lib/crater-agent-workspace/builds/worker-2-tc1/target:/opt/rustwide/target:rw,Z" "-v" "/var/lib/crater-agent-workspace/builds/worker-2-tc1/source:/opt/rustwide/workdir:ro,Z" "-v" "/var/lib/crater-agent-workspace/cargo-home:/opt/rustwide/cargo-home:ro,Z" "-v" "/var/lib/crater-agent-workspace/rustup-home:/opt/rustwide/rustup-home:ro,Z" "-e" "SOURCE_DIR=/opt/rustwide/workdir" "-e" "CARGO_TARGET_DIR=/opt/rustwide/target" "-e" "CARGO_HOME=/opt/rustwide/cargo-home" "-e" "RUSTUP_HOME=/opt/rustwide/rustup-home" "-w" "/opt/rustwide/workdir" "-m" "1610612736" "--user" "0:0" "--network" "none" "ghcr.io/rust-lang/crates-build-env/linux@sha256:2788e3201cd34a07e3172128adcd8b3090168a8e3bcc40d7c032b9dda1df7d1c" "/opt/rustwide/cargo-home/bin/cargo" "+1.75.0" "metadata" "--no-deps" "--format-version=1", kill_on_drop: false }`
[INFO] [stdout] 56af6dc89a4f6ea2a3c1a146c42a728ed1701f8522ff383dbd9451d19c0396e2
[INFO] running `Command { std: "docker" "start" "-a" "56af6dc89a4f6ea2a3c1a146c42a728ed1701f8522ff383dbd9451d19c0396e2", kill_on_drop: false }`
[INFO] running `Command { std: "docker" "inspect" "56af6dc89a4f6ea2a3c1a146c42a728ed1701f8522ff383dbd9451d19c0396e2", kill_on_drop: false }`
[INFO] running `Command { std: "docker" "rm" "-f" "56af6dc89a4f6ea2a3c1a146c42a728ed1701f8522ff383dbd9451d19c0396e2", kill_on_drop: false }`
[INFO] [stdout] 56af6dc89a4f6ea2a3c1a146c42a728ed1701f8522ff383dbd9451d19c0396e2
[INFO] running `Command { std: "docker" "create" "-v" "/var/lib/crater-agent-workspace/builds/worker-2-tc1/target:/opt/rustwide/target:rw,Z" "-v" "/var/lib/crater-agent-workspace/builds/worker-2-tc1/source:/opt/rustwide/workdir:ro,Z" "-v" "/var/lib/crater-agent-workspace/cargo-home:/opt/rustwide/cargo-home:ro,Z" "-v" "/var/lib/crater-agent-workspace/rustup-home:/opt/rustwide/rustup-home:ro,Z" "-e" "SOURCE_DIR=/opt/rustwide/workdir" "-e" "CARGO_TARGET_DIR=/opt/rustwide/target" "-e" "CARGO_INCREMENTAL=0" "-e" "RUST_BACKTRACE=full" "-e" "RUSTFLAGS=--cap-lints=warn" "-e" "RUSTDOCFLAGS=--cap-lints=warn" "-e" "CARGO_HOME=/opt/rustwide/cargo-home" "-e" "RUSTUP_HOME=/opt/rustwide/rustup-home" "-w" "/opt/rustwide/workdir" "-m" "1610612736" "--user" "0:0" "--network" "none" "ghcr.io/rust-lang/crates-build-env/linux@sha256:2788e3201cd34a07e3172128adcd8b3090168a8e3bcc40d7c032b9dda1df7d1c" "/opt/rustwide/cargo-home/bin/cargo" "+1.75.0" "doc" "--frozen" "--no-deps" "--document-private-items" "--message-format=json", kill_on_drop: false }`
[INFO] [stdout] 8252724f41f115f941b7b02fe9ac18b7d8a2a5966c517749bb5d5f5a7cedc540
[INFO] running `Command { std: "docker" "start" "-a" "8252724f41f115f941b7b02fe9ac18b7d8a2a5966c517749bb5d5f5a7cedc540", kill_on_drop: false }`
[INFO] [stderr]    Compiling libc v0.2.147
[INFO] [stderr]    Compiling proc-macro2 v1.0.66
[INFO] [stderr]    Compiling pkg-config v0.3.27
[INFO] [stderr]     Checking once_cell v1.18.0
[INFO] [stderr]     Checking pin-project-lite v0.2.12
[INFO] [stderr]     Checking bytes v1.4.0
[INFO] [stderr]    Compiling futures-core v0.3.28
[INFO] [stderr]    Compiling unicode-ident v1.0.11
[INFO] [stderr]    Compiling slab v0.4.8
[INFO] [stderr]    Compiling futures-task v0.3.28
[INFO] [stderr]     Checking itoa v1.0.9
[INFO] [stderr]    Compiling indexmap v1.9.3
[INFO] [stderr]    Compiling futures-util v0.3.28
[INFO] [stderr]    Compiling openssl v0.10.56
[INFO] [stderr]    Compiling rustix v0.38.7
[INFO] [stderr]     Checking linux-raw-sys v0.4.5
[INFO] [stderr]     Checking futures-io v0.3.28
[INFO] [stderr]    Compiling futures-channel v0.3.28
[INFO] [stderr]     Checking futures-sink v0.3.28
[INFO] [stderr]     Checking bitflags v2.3.3
[INFO] [stderr]     Checking tracing-core v0.1.31
[INFO] [stderr]     Checking utf8parse v0.2.1
[INFO] [stderr]     Checking log v0.4.19
[INFO] [stderr]     Checking percent-encoding v2.3.0
[INFO] [stderr]     Checking try-lock v0.2.4
[INFO] [stderr]    Compiling serde v1.0.183
[INFO] [stderr]     Checking want v0.3.1
[INFO] [stderr]     Checking anstyle-parse v0.2.1
[INFO] [stderr]     Checking form_urlencoded v1.2.0
[INFO] [stderr]     Checking unicode-normalization v0.1.22
[INFO] [stderr]     Checking colorchoice v1.0.0
[INFO] [stderr]     Checking anstyle v1.0.1
[INFO] [stderr]     Checking http v0.2.9
[INFO] [stderr]     Checking httpdate v1.0.2
[INFO] [stderr]     Checking anstyle-query v1.0.0
[INFO] [stderr]     Checking unicode-bidi v0.3.13
[INFO] [stderr]     Checking tracing v0.1.37
[INFO] [stderr]     Checking clap_lex v0.5.0
[INFO] [stderr]     Checking strsim v0.10.0
[INFO] [stderr]     Checking ryu v1.0.15
[INFO] [stderr]     Checking encoding_rs v0.8.32
[INFO] [stderr]     Checking base64 v0.21.2
[INFO] [stderr]     Checking enable-ansi-support v0.2.1
[INFO] [stderr]     Checking ipnet v2.8.0
[INFO] [stderr]     Checking tui-tools v0.1.2
[INFO] [stdout] error[E0425]: cannot find value `ANSI_SUPPORT_ENABLED` in this scope
[INFO] [stdout]   --> /opt/rustwide/cargo-home/registry/src/index.crates.io-6f17d22bba15001f/tui-tools-0.1.2/src/colors.rs:88:17
[INFO] [stdout]    |
[INFO] [stdout] 88 |     if unsafe { ANSI_SUPPORT_ENABLED } {
[INFO] [stdout]    |                 ^^^^^^^^^^^^^^^^^^^^ not found in this scope
[INFO] [stdout] 
[INFO] [stdout] 
[INFO] [stdout] error[E0425]: cannot find value `ANSI_SUPPORT_ENABLED` in this scope
[INFO] [stdout]   --> /opt/rustwide/cargo-home/registry/src/index.crates.io-6f17d22bba15001f/tui-tools-0.1.2/src/colors.rs:91:18
[INFO] [stdout]    |
[INFO] [stdout] 91 |         unsafe { ANSI_SUPPORT_ENABLED = true };
[INFO] [stdout]    |                  ^^^^^^^^^^^^^^^^^^^^
[INFO] [stdout]    |
[INFO] [stdout] help: you might have meant to introduce a new binding
[INFO] [stdout]    |
[INFO] [stdout] 91 |         unsafe { let ANSI_SUPPORT_ENABLED = true };
[INFO] [stdout]    |                  +++
[INFO] [stdout] 
[INFO] [stdout] 
[INFO] [stdout] error: aborting due to 2 previous errors
[INFO] [stdout] 
[INFO] [stdout] 
[INFO] [stdout] For more information about this error, try `rustc --explain E0425`.
[INFO] [stdout] 
[INFO] [stderr] error: could not compile `tui-tools` (lib) due to 3 previous errors
[INFO] [stderr] warning: build failed, waiting for other jobs to finish...
[INFO] running `Command { std: "docker" "inspect" "8252724f41f115f941b7b02fe9ac18b7d8a2a5966c517749bb5d5f5a7cedc540", kill_on_drop: false }`
[INFO] running `Command { std: "docker" "rm" "-f" "8252724f41f115f941b7b02fe9ac18b7d8a2a5966c517749bb5d5f5a7cedc540", kill_on_drop: false }`
[INFO] [stdout] 8252724f41f115f941b7b02fe9ac18b7d8a2a5966c517749bb5d5f5a7cedc540
[INFO] documenting 0bject-0bject/wurl against beta-2023-12-22 for beta-1.76-rustdoc-1
[INFO] running `Command { std: "git" "clone" "/workspace/cache/git-repos/https%3A%2F%2Fgithub.com%2F0bject-0bject%2Fwurl" "/workspace/builds/worker-2-tc2/source", kill_on_drop: false }`
[INFO] [stderr] Cloning into '/workspace/builds/worker-2-tc2/source'...
[INFO] [stderr] done.
[INFO] validating manifest of git repo https://github.com/0bject-0bject/wurl on toolchain beta-2023-12-22
[INFO] running `Command { std: CARGO_HOME="/workspace/cargo-home" RUSTUP_HOME="/workspace/rustup-home" "/workspace/cargo-home/bin/cargo" "+beta-2023-12-22" "metadata" "--manifest-path" "Cargo.toml" "--no-deps", kill_on_drop: false }`
[INFO] started tweaking git repo https://github.com/0bject-0bject/wurl
[INFO] finished tweaking git repo https://github.com/0bject-0bject/wurl
[INFO] tweaked toml for git repo https://github.com/0bject-0bject/wurl written to /workspace/builds/worker-2-tc2/source/Cargo.toml
[INFO] crate git repo https://github.com/0bject-0bject/wurl already has a lockfile, it will not be regenerated
[INFO] running `Command { std: CARGO_HOME="/workspace/cargo-home" RUSTUP_HOME="/workspace/rustup-home" "/workspace/cargo-home/bin/cargo" "+beta-2023-12-22" "fetch" "--manifest-path" "Cargo.toml", kill_on_drop: false }`
[INFO] running `Command { std: "docker" "create" "-v" "/var/lib/crater-agent-workspace/builds/worker-2-tc2/target:/opt/rustwide/target:rw,Z" "-v" "/var/lib/crater-agent-workspace/builds/worker-2-tc2/source:/opt/rustwide/workdir:ro,Z" "-v" "/var/lib/crater-agent-workspace/cargo-home:/opt/rustwide/cargo-home:ro,Z" "-v" "/var/lib/crater-agent-workspace/rustup-home:/opt/rustwide/rustup-home:ro,Z" "-e" "SOURCE_DIR=/opt/rustwide/workdir" "-e" "CARGO_TARGET_DIR=/opt/rustwide/target" "-e" "CARGO_HOME=/opt/rustwide/cargo-home" "-e" "RUSTUP_HOME=/opt/rustwide/rustup-home" "-w" "/opt/rustwide/workdir" "-m" "1610612736" "--user" "0:0" "--network" "none" "ghcr.io/rust-lang/crates-build-env/linux@sha256:2788e3201cd34a07e3172128adcd8b3090168a8e3bcc40d7c032b9dda1df7d1c" "/opt/rustwide/cargo-home/bin/cargo" "+beta-2023-12-22" "metadata" "--no-deps" "--format-version=1", kill_on_drop: false }`
[INFO] [stdout] 33794d129675395f4bc65e7402c65872715ecadf6cba9d29e46745b02b744f1b
[INFO] running `Command { std: "docker" "start" "-a" "33794d129675395f4bc65e7402c65872715ecadf6cba9d29e46745b02b744f1b", kill_on_drop: false }`
[INFO] running `Command { std: "docker" "inspect" "33794d129675395f4bc65e7402c65872715ecadf6cba9d29e46745b02b744f1b", kill_on_drop: false }`
[INFO] running `Command { std: "docker" "rm" "-f" "33794d129675395f4bc65e7402c65872715ecadf6cba9d29e46745b02b744f1b", kill_on_drop: false }`
[INFO] [stdout] 33794d129675395f4bc65e7402c65872715ecadf6cba9d29e46745b02b744f1b
[INFO] running `Command { std: "docker" "create" "-v" "/var/lib/crater-agent-workspace/builds/worker-2-tc2/target:/opt/rustwide/target:rw,Z" "-v" "/var/lib/crater-agent-workspace/builds/worker-2-tc2/source:/opt/rustwide/workdir:ro,Z" "-v" "/var/lib/crater-agent-workspace/cargo-home:/opt/rustwide/cargo-home:ro,Z" "-v" "/var/lib/crater-agent-workspace/rustup-home:/opt/rustwide/rustup-home:ro,Z" "-e" "SOURCE_DIR=/opt/rustwide/workdir" "-e" "CARGO_TARGET_DIR=/opt/rustwide/target" "-e" "CARGO_INCREMENTAL=0" "-e" "RUST_BACKTRACE=full" "-e" "RUSTFLAGS=--cap-lints=warn" "-e" "RUSTDOCFLAGS=--cap-lints=warn" "-e" "CARGO_HOME=/opt/rustwide/cargo-home" "-e" "RUSTUP_HOME=/opt/rustwide/rustup-home" "-w" "/opt/rustwide/workdir" "-m" "1610612736" "--user" "0:0" "--network" "none" "ghcr.io/rust-lang/crates-build-env/linux@sha256:2788e3201cd34a07e3172128adcd8b3090168a8e3bcc40d7c032b9dda1df7d1c" "/opt/rustwide/cargo-home/bin/cargo" "+beta-2023-12-22" "doc" "--frozen" "--no-deps" "--document-private-items" "--message-format=json", kill_on_drop: false }`
[INFO] [stdout] e72c53ae2d4d42096303828bd901687b159a973256d5dd242881715b946f9635
[INFO] running `Command { std: "docker" "start" "-a" "e72c53ae2d4d42096303828bd901687b159a973256d5dd242881715b946f9635", kill_on_drop: false }`
[INFO] [stderr]    Compiling libc v0.2.147
[INFO] [stderr]     Checking once_cell v1.18.0
[INFO] [stderr]    Compiling proc-macro2 v1.0.66
[INFO] [stderr]    Compiling pkg-config v0.3.27
[INFO] [stderr]     Checking pin-project-lite v0.2.12
[INFO] [stderr]    Compiling unicode-ident v1.0.11
[INFO] [stderr]    Compiling futures-core v0.3.28
[INFO] [stderr]     Checking bytes v1.4.0
[INFO] [stderr]    Compiling futures-task v0.3.28
[INFO] [stderr]     Checking itoa v1.0.9
[INFO] [stderr]    Compiling rustix v0.38.7
[INFO] [stderr]    Compiling openssl v0.10.56
[INFO] [stderr]    Compiling slab v0.4.8
[INFO] [stderr]    Compiling indexmap v1.9.3
[INFO] [stderr]    Compiling futures-util v0.3.28
[INFO] [stderr]     Checking futures-sink v0.3.28
[INFO] [stderr]     Checking futures-io v0.3.28
[INFO] [stderr]     Checking linux-raw-sys v0.4.5
[INFO] [stderr]     Checking bitflags v2.3.3
[INFO] [stderr]    Compiling futures-channel v0.3.28
[INFO] [stderr]     Checking tracing-core v0.1.31
[INFO] [stderr]     Checking try-lock v0.2.4
[INFO] [stderr]     Checking percent-encoding v2.3.0
[INFO] [stderr]     Checking log v0.4.19
[INFO] [stderr]    Compiling serde v1.0.183
[INFO] [stderr]     Checking utf8parse v0.2.1
[INFO] [stderr]     Checking form_urlencoded v1.2.0
[INFO] [stderr]     Checking want v0.3.1
[INFO] [stderr]     Checking unicode-normalization v0.1.22
[INFO] [stderr]     Checking anstyle-parse v0.2.1
[INFO] [stderr]     Checking colorchoice v1.0.0
[INFO] [stderr]     Checking httpdate v1.0.2
[INFO] [stderr]     Checking http v0.2.9
[INFO] [stderr]     Checking anstyle-query v1.0.0
[INFO] [stderr]     Checking anstyle v1.0.1
[INFO] [stderr]     Checking unicode-bidi v0.3.13
[INFO] [stderr]     Checking tracing v0.1.37
[INFO] [stderr]     Checking ryu v1.0.15
[INFO] [stderr]     Checking clap_lex v0.5.0
[INFO] [stderr]     Checking strsim v0.10.0
[INFO] [stderr]     Checking encoding_rs v0.8.32
[INFO] [stderr]     Checking base64 v0.21.2
[INFO] [stderr]     Checking ipnet v2.8.0
[INFO] [stderr]     Checking enable-ansi-support v0.2.1
[INFO] [stderr]     Checking tui-tools v0.1.2
[INFO] [stdout] error[E0425]: cannot find value `ANSI_SUPPORT_ENABLED` in this scope
[INFO] [stdout]   --> /opt/rustwide/cargo-home/registry/src/index.crates.io-6f17d22bba15001f/tui-tools-0.1.2/src/colors.rs:88:17
[INFO] [stdout]    |
[INFO] [stdout] 88 |     if unsafe { ANSI_SUPPORT_ENABLED } {
[INFO] [stdout]    |                 ^^^^^^^^^^^^^^^^^^^^ not found in this scope
[INFO] [stdout] 
[INFO] [stdout] 
[INFO] [stdout] error[E0425]: cannot find value `ANSI_SUPPORT_ENABLED` in this scope
[INFO] [stdout]   --> /opt/rustwide/cargo-home/registry/src/index.crates.io-6f17d22bba15001f/tui-tools-0.1.2/src/colors.rs:91:18
[INFO] [stdout]    |
[INFO] [stdout] 91 |         unsafe { ANSI_SUPPORT_ENABLED = true };
[INFO] [stdout]    |                  ^^^^^^^^^^^^^^^^^^^^
[INFO] [stdout]    |
[INFO] [stdout] help: you might have meant to introduce a new binding
[INFO] [stdout]    |
[INFO] [stdout] 91 |         unsafe { let ANSI_SUPPORT_ENABLED = true };
[INFO] [stdout]    |                  +++
[INFO] [stdout] 
[INFO] [stdout] 
[INFO] [stdout] error: aborting due to 2 previous errors
[INFO] [stdout] 
[INFO] [stdout] 
[INFO] [stdout] For more information about this error, try `rustc --explain E0425`.
[INFO] [stdout] 
[INFO] [stderr] error: could not compile `tui-tools` (lib) due to 3 previous errors
[INFO] [stderr] warning: build failed, waiting for other jobs to finish...
[INFO] running `Command { std: "docker" "inspect" "e72c53ae2d4d42096303828bd901687b159a973256d5dd242881715b946f9635", kill_on_drop: false }`
[INFO] running `Command { std: "docker" "rm" "-f" "e72c53ae2d4d42096303828bd901687b159a973256d5dd242881715b946f9635", kill_on_drop: false }`
[INFO] [stdout] e72c53ae2d4d42096303828bd901687b159a973256d5dd242881715b946f9635
