[INFO] cloning repository https://github.com/06chaynes/http-cache
[INFO] running `Command { std: "git" "-c" "credential.helper=" "-c" "credential.helper=/workspace/cargo-home/bin/git-credential-null" "clone" "--bare" "https://github.com/06chaynes/http-cache" "/workspace/cache/git-repos/https%3A%2F%2Fgithub.com%2F06chaynes%2Fhttp-cache", kill_on_drop: false }`
[INFO] [stderr] Cloning into bare repository '/workspace/cache/git-repos/https%3A%2F%2Fgithub.com%2F06chaynes%2Fhttp-cache'...
[INFO] running `Command { std: "git" "rev-parse" "HEAD", kill_on_drop: false }`
[INFO] [stdout] c1e8b6bffbad4366ac06bab3dfec6be17d98e0a1
[INFO] documenting 06chaynes/http-cache against 1.75.0 for beta-1.76-rustdoc-1
[INFO] running `Command { std: "git" "clone" "/workspace/cache/git-repos/https%3A%2F%2Fgithub.com%2F06chaynes%2Fhttp-cache" "/workspace/builds/worker-4-tc1/source", kill_on_drop: false }`
[INFO] [stderr] Cloning into '/workspace/builds/worker-4-tc1/source'...
[INFO] [stderr] done.
[INFO] validating manifest of git repo https://github.com/06chaynes/http-cache on toolchain 1.75.0
[INFO] running `Command { std: CARGO_HOME="/workspace/cargo-home" RUSTUP_HOME="/workspace/rustup-home" "/workspace/cargo-home/bin/cargo" "+1.75.0" "metadata" "--manifest-path" "Cargo.toml" "--no-deps", kill_on_drop: false }`
[INFO] started tweaking git repo https://github.com/06chaynes/http-cache
[INFO] finished tweaking git repo https://github.com/06chaynes/http-cache
[INFO] tweaked toml for git repo https://github.com/06chaynes/http-cache written to /workspace/builds/worker-4-tc1/source/Cargo.toml
[INFO] running `Command { std: CARGO_HOME="/workspace/cargo-home" RUSTUP_HOME="/workspace/rustup-home" "/workspace/cargo-home/bin/cargo" "+1.75.0" "generate-lockfile" "--manifest-path" "Cargo.toml", kill_on_drop: false }`
[INFO] [stderr]     Updating crates.io index
[INFO] running `Command { std: CARGO_HOME="/workspace/cargo-home" RUSTUP_HOME="/workspace/rustup-home" "/workspace/cargo-home/bin/cargo" "+1.75.0" "fetch" "--manifest-path" "Cargo.toml", kill_on_drop: false }`
[INFO] [stderr]  Downloading crates ...
[INFO] [stderr]   Downloaded advisory-lock v0.2.0
[INFO] [stderr]   Downloaded scylla-macros v0.1.2
[INFO] [stderr]   Downloaded http-cache-semantics v1.0.2
[INFO] [stderr]   Downloaded simple_wal v0.3.0
[INFO] [stderr]   Downloaded cacache v12.0.0
[INFO] [stderr]   Downloaded scylla v0.4.7
[INFO] [stderr]   Downloaded darkbird v6.2.4
[INFO] running `Command { std: "docker" "create" "-v" "/var/lib/crater-agent-workspace/builds/worker-4-tc1/target:/opt/rustwide/target:rw,Z" "-v" "/var/lib/crater-agent-workspace/builds/worker-4-tc1/source:/opt/rustwide/workdir:ro,Z" "-v" "/var/lib/crater-agent-workspace/cargo-home:/opt/rustwide/cargo-home:ro,Z" "-v" "/var/lib/crater-agent-workspace/rustup-home:/opt/rustwide/rustup-home:ro,Z" "-e" "SOURCE_DIR=/opt/rustwide/workdir" "-e" "CARGO_TARGET_DIR=/opt/rustwide/target" "-e" "CARGO_HOME=/opt/rustwide/cargo-home" "-e" "RUSTUP_HOME=/opt/rustwide/rustup-home" "-w" "/opt/rustwide/workdir" "-m" "1610612736" "--user" "0:0" "--network" "none" "ghcr.io/rust-lang/crates-build-env/linux@sha256:2788e3201cd34a07e3172128adcd8b3090168a8e3bcc40d7c032b9dda1df7d1c" "/opt/rustwide/cargo-home/bin/cargo" "+1.75.0" "metadata" "--no-deps" "--format-version=1", kill_on_drop: false }`
[INFO] [stdout] 45a12cb5677ceedd3f5386f5efd15e8d27c2a4ed40b4689a39fcde32d6716d8c
[INFO] running `Command { std: "docker" "start" "-a" "45a12cb5677ceedd3f5386f5efd15e8d27c2a4ed40b4689a39fcde32d6716d8c", kill_on_drop: false }`
[INFO] running `Command { std: "docker" "inspect" "45a12cb5677ceedd3f5386f5efd15e8d27c2a4ed40b4689a39fcde32d6716d8c", kill_on_drop: false }`
[INFO] running `Command { std: "docker" "rm" "-f" "45a12cb5677ceedd3f5386f5efd15e8d27c2a4ed40b4689a39fcde32d6716d8c", kill_on_drop: false }`
[INFO] [stdout] 45a12cb5677ceedd3f5386f5efd15e8d27c2a4ed40b4689a39fcde32d6716d8c
[INFO] running `Command { std: "docker" "create" "-v" "/var/lib/crater-agent-workspace/builds/worker-4-tc1/target:/opt/rustwide/target:rw,Z" "-v" "/var/lib/crater-agent-workspace/builds/worker-4-tc1/source:/opt/rustwide/workdir:ro,Z" "-v" "/var/lib/crater-agent-workspace/cargo-home:/opt/rustwide/cargo-home:ro,Z" "-v" "/var/lib/crater-agent-workspace/rustup-home:/opt/rustwide/rustup-home:ro,Z" "-e" "SOURCE_DIR=/opt/rustwide/workdir" "-e" "CARGO_TARGET_DIR=/opt/rustwide/target" "-e" "CARGO_INCREMENTAL=0" "-e" "RUST_BACKTRACE=full" "-e" "RUSTFLAGS=--cap-lints=warn" "-e" "RUSTDOCFLAGS=--cap-lints=warn" "-e" "CARGO_HOME=/opt/rustwide/cargo-home" "-e" "RUSTUP_HOME=/opt/rustwide/rustup-home" "-w" "/opt/rustwide/workdir" "-m" "1610612736" "--user" "0:0" "--network" "none" "ghcr.io/rust-lang/crates-build-env/linux@sha256:2788e3201cd34a07e3172128adcd8b3090168a8e3bcc40d7c032b9dda1df7d1c" "/opt/rustwide/cargo-home/bin/cargo" "+1.75.0" "doc" "--frozen" "--no-deps" "--document-private-items" "--message-format=json", kill_on_drop: false }`
[INFO] [stdout] 6e7cf6f3c00e6477b055a5151284eb83bb23e306fe4d1bb250aca0ee7f6cc20a
[INFO] running `Command { std: "docker" "start" "-a" "6e7cf6f3c00e6477b055a5151284eb83bb23e306fe4d1bb250aca0ee7f6cc20a", kill_on_drop: false }`
[INFO] [stderr]    Compiling proc-macro2 v1.0.76
[INFO] [stderr]     Checking futures-io v0.3.30
[INFO] [stderr]     Checking subtle v2.4.1
[INFO] [stderr]     Checking parking v2.2.0
[INFO] [stderr]     Checking value-bag v1.4.3
[INFO] [stderr]    Compiling rustix v0.38.28
[INFO] [stderr]     Checking concurrent-queue v2.4.0
[INFO] [stderr]     Checking getrandom v0.2.11
[INFO] [stderr]    Compiling thiserror v1.0.56
[INFO] [stderr]     Checking linux-raw-sys v0.4.12
[INFO] [stderr]     Checking unicode-normalization v0.1.22
[INFO] [stderr]     Checking unicode-bidi v0.3.14
[INFO] [stderr]     Checking socket2 v0.5.5
[INFO] [stderr]     Checking num_cpus v1.16.0
[INFO] [stderr]     Checking mio v0.8.10
[INFO] [stderr]    Compiling getrandom v0.1.16
[INFO] [stderr]     Checking event-listener v2.5.3
[INFO] [stderr]    Compiling io-lifetimes v1.0.11
[INFO] [stderr]     Checking futures-lite v2.2.0
[INFO] [stderr]     Checking digest v0.10.7
[INFO] [stderr]     Checking rand_core v0.6.4
[INFO] [stderr]    Compiling polling v2.8.0
[INFO] [stderr]     Checking event-listener v4.0.3
[INFO] [stderr]    Compiling standback v0.2.17
[INFO] [stderr]     Checking log v0.4.20
[INFO] [stderr]    Compiling rustix v0.37.27
[INFO] [stderr]     Checking rand_chacha v0.3.1
[INFO] [stderr]    Compiling proc-macro-hack v0.5.20+deprecated
[INFO] [stderr]     Checking async-lock v2.8.0
[INFO] [stderr]     Checking event-listener-strategy v0.4.0
[INFO] [stderr]     Checking cipher v0.2.5
[INFO] [stderr]    Compiling async-io v1.13.0
[INFO] [stderr]     Checking waker-fn v1.1.1
[INFO] [stderr]     Checking async-lock v3.2.0
[INFO] [stderr]     Checking async-task v4.7.0
[INFO] [stderr]     Checking rand v0.8.5
[INFO] [stderr]     Checking linux-raw-sys v0.3.8
[INFO] [stderr]     Checking fastrand v1.9.0
[INFO] [stderr]     Checking atomic-waker v1.1.2
[INFO] [stderr]    Compiling async-trait v0.1.77
[INFO] [stderr]     Checking piper v0.2.1
[INFO] [stderr]     Checking async-channel v2.1.1
[INFO] [stderr]     Checking rand_core v0.5.1
[INFO] [stderr]     Checking universal-hash v0.4.1
[INFO] [stderr]     Checking futures-lite v1.13.0
[INFO] [stderr]     Checking digest v0.9.0
[INFO] [stderr]     Checking signal-hook-registry v1.4.1
[INFO] [stderr]     Checking socket2 v0.4.10
[INFO] [stderr]     Checking cpuid-bool v0.2.0
[INFO] [stderr]    Compiling const_fn v0.4.9
[INFO] [stderr]     Checking aes-soft v0.6.4
[INFO] [stderr]     Checking idna v0.5.0
[INFO] [stderr]     Checking polyval v0.4.5
[INFO] [stderr]     Checking rand_chacha v0.2.2
[INFO] [stderr]     Checking sha2 v0.10.8
[INFO] [stderr]     Checking event-listener v3.1.0
[INFO] [stderr]     Checking crypto-mac v0.10.1
[INFO] [stderr]    Compiling quote v1.0.35
[INFO] [stderr]    Compiling time v0.2.27
[INFO] [stderr]     Checking async-executor v1.8.0
[INFO] [stderr]    Compiling anyhow v1.0.79
[INFO] [stderr]     Checking aes v0.6.0
[INFO] [stderr]     Checking hmac v0.10.1
[INFO] [stderr]     Checking rand v0.7.3
[INFO] [stderr]     Checking ghash v0.3.1
[INFO] [stderr]     Checking ctr v0.6.0
[INFO] [stderr]     Checking kv-log-macro v1.0.7
[INFO] [stderr]     Checking async-channel v1.9.0
[INFO] [stderr]     Checking aead v0.3.2
[INFO] [stderr]     Checking block-buffer v0.9.0
[INFO] [stderr]    Compiling syn v2.0.48
[INFO] [stderr]    Compiling syn v1.0.109
[INFO] [stderr]    Compiling cookie v0.14.4
[INFO] [stderr]     Checking hashbrown v0.14.3
[INFO] [stderr]     Checking aes-gcm v0.8.0
[INFO] [stderr]     Checking sha2 v0.9.9
[INFO] [stderr]     Checking hkdf v0.10.0
[INFO] [stderr]    Compiling unicase v2.7.0
[INFO] [stderr]    Compiling http-types v2.12.0
[INFO] [stderr]     Checking parking_lot_core v0.9.9
[INFO] [stderr]     Checking unicode-width v0.1.11
[INFO] [stderr]     Checking infer v0.2.3
[INFO] [stderr]     Checking sha-1 v0.10.1
[INFO] [stderr]    Compiling num-traits v0.2.17
[INFO] [stderr]     Checking xxhash-rust v0.8.8
[INFO] [stderr]     Checking time v0.3.31
[INFO] [stderr]     Checking walkdir v2.4.0
[INFO] [stderr]     Checking sha1 v0.10.6
[INFO] [stderr]     Checking memmap2 v0.5.10
[INFO] [stderr]    Compiling indexmap v2.1.0
[INFO] [stderr]     Checking parking_lot v0.12.1
[INFO] [stderr]    Compiling num-integer v0.1.45
[INFO] [stderr]    Compiling winnow v0.5.33
[INFO] [stderr]    Compiling toml_datetime v0.6.5
[INFO] [stderr]    Compiling num-bigint v0.3.3
[INFO] [stderr]    Compiling mime_guess v2.0.4
[INFO] [stderr]     Checking finl_unicode v1.2.0
[INFO] [stderr]    Compiling rustversion v1.0.14
[INFO] [stderr]     Checking md-5 v0.10.6
[INFO] [stderr]     Checking hmac v0.12.1
[INFO] [stderr]     Checking fallible-iterator v0.2.0
[INFO] [stderr]    Compiling crc32fast v1.3.2
[INFO] [stderr]    Compiling snap v1.1.1
[INFO] [stderr]     Checking stringprep v0.1.4
[INFO] [stderr]     Checking siphasher v0.3.11
[INFO] [stderr]     Checking twox-hash v1.6.3
[INFO] [stderr]    Compiling ahash v0.8.7
[INFO] [stderr]     Checking postgres-protocol v0.6.6
[INFO] [stderr]     Checking phf_shared v0.11.2
[INFO] [stderr]     Checking dashmap v5.5.3
[INFO] [stderr]     Checking itertools v0.10.5
[INFO] [stderr]     Checking lz4_flex v0.9.5
[INFO] [stderr]     Checking phf v0.11.2
[INFO] [stderr]     Checking raw-cpuid v10.7.0
[INFO] [stderr]     Checking histogram v0.6.9
[INFO] [stderr]     Checking postgres-types v0.2.6
[INFO] [stderr]     Checking zerocopy v0.7.32
[INFO] [stderr]     Checking strum v0.23.0
[INFO] [stderr]    Compiling moka v0.12.2
[INFO] [stderr]     Checking whoami v1.4.1
[INFO] [stderr]     Checking arc-swap v1.6.0
[INFO] [stderr]     Checking crossbeam-epoch v0.9.17
[INFO] [stderr]     Checking chrono v0.4.31
[INFO] [stderr]     Checking crossbeam-channel v0.5.10
[INFO] [stderr]     Checking task-local-extensions v0.1.4
[INFO] [stderr]     Checking tagptr v0.2.0
[INFO] [stderr]     Checking triomphe v0.1.11
[INFO] [stderr]     Checking anymap v0.12.1
[INFO] [stderr]     Checking quick_cache v0.4.0
[INFO] [stderr]     Checking quanta v0.11.1
[INFO] [stderr]    Compiling toml_edit v0.19.15
[INFO] [stderr]    Compiling time-macros-impl v0.1.2
[INFO] [stderr]    Compiling strum_macros v0.23.1
[INFO] [stderr]    Compiling scylla-macros v0.1.2
[INFO] [stderr]     Checking bigdecimal v0.2.2
[INFO] [stderr]     Checking time-macros v0.1.1
[INFO] [stderr]     Checking reflink-copy v0.1.14
[INFO] [stderr]     Checking tempfile v3.9.0
[INFO] [stderr]    Compiling proc-macro-crate v1.3.1
[INFO] [stderr]    Compiling tracing-attributes v0.1.27
[INFO] [stderr]    Compiling serde_derive v1.0.195
[INFO] [stderr]    Compiling thiserror-impl v1.0.56
[INFO] [stderr]    Compiling futures-macro v0.3.30
[INFO] [stderr]    Compiling tokio-macros v2.2.0
[INFO] [stderr]    Compiling miette-derive v5.10.0
[INFO] [stderr]    Compiling uuid-macro-internal v1.6.1
[INFO] [stderr]    Compiling num_enum_derive v0.5.11
[INFO] [stderr]     Checking uuid v1.6.1
[INFO] [stderr]     Checking tokio v1.35.1
[INFO] [stderr]     Checking futures-util v0.3.30
[INFO] [stderr]     Checking miette v5.10.0
[INFO] [stderr]     Checking advisory-lock v0.2.0
[INFO] [stderr]     Checking tracing v0.1.40
[INFO] [stderr]     Checking num_enum v0.5.11
[INFO] [stderr]     Checking simple_wal v0.3.0
[INFO] [stderr]     Checking polling v3.3.1
[INFO] [stderr]     Checking blocking v1.5.1
[INFO] [stderr]     Checking async-io v2.2.2
[INFO] [stderr]     Checking async-signal v0.2.5
[INFO] [stderr]     Checking async-global-executor v2.4.1
[INFO] [stderr]     Checking async-process v1.8.1
[INFO] [stderr]     Checking async-std v1.12.0
[INFO] [stderr]     Checking serde v1.0.195
[INFO] [stderr]     Checking futures-executor v0.3.30
[INFO] [stderr]     Checking futures v0.3.30
[INFO] [stderr]     Checking tokio-util v0.7.10
[INFO] [stderr]     Checking tokio-stream v0.1.14
[INFO] [stderr]     Checking scylla v0.4.7
[INFO] [stderr]     Checking h2 v0.3.22
[INFO] [stderr]     Checking tokio-postgres v0.7.10
[INFO] [stderr]     Checking serde_json v1.0.111
[INFO] [stderr]     Checking serde_urlencoded v0.7.1
[INFO] [stderr]     Checking url v2.5.0
[INFO] [stderr]     Checking serde_qs v0.8.5
[INFO] [stderr]     Checking ssri v9.2.0
[INFO] [stderr]     Checking bincode v1.3.3
[INFO] [stderr]     Checking http-serde v1.1.3
[INFO] [stderr]     Checking http-cache-semantics v1.0.2
[INFO] [stderr]     Checking cacache v12.0.0
[INFO] [stdout] error[E0428]: the name `lines_to_stream` is defined multiple times
[INFO] [stdout]   --> /opt/rustwide/cargo-home/registry/src/index.crates.io-6f17d22bba15001f/cacache-12.0.0/src/async_lib.rs:83:1
[INFO] [stdout]    |
[INFO] [stdout] 78 | pub fn lines_to_stream<R>(lines: futures::io::Lines<R>) -> futures::io::Lines<R> {
[INFO] [stdout]    | -------------------------------------------------------------------------------- previous definition of the value `lines_to_stream` here
[INFO] [stdout] ...
[INFO] [stdout] 83 | pub fn lines_to_stream<R>(lines: tokio::io::Lines<R>) -> tokio_stream::wrappers::LinesStream<R> {
[INFO] [stdout]    | ^^^^^^^^^^^^^^^^^^^^^^^^^^^^^^^^^^^^^^^^^^^^^^^^^^^^^^^^^^^^^^^^^^^^^^^^^^^^^^^^^^^^^^^^^^^^^^^ `lines_to_stream` redefined here
[INFO] [stdout]    |
[INFO] [stdout]    = note: `lines_to_stream` must be defined only once in the value namespace of this module
[INFO] [stdout] 
[INFO] [stdout] 
[INFO] [stdout] error[E0428]: the name `unwrap_joinhandle_value` is defined multiple times
[INFO] [stdout]    --> /opt/rustwide/cargo-home/registry/src/index.crates.io-6f17d22bba15001f/cacache-12.0.0/src/async_lib.rs:103:1
[INFO] [stdout]     |
[INFO] [stdout] 96  | pub fn unwrap_joinhandle_value<T>(value: T) -> T {
[INFO] [stdout]     | ------------------------------------------------ previous definition of the value `unwrap_joinhandle_value` here
[INFO] [stdout] ...
[INFO] [stdout] 103 | pub fn unwrap_joinhandle_value<T>(value: Result<T, tokio::task::JoinError>) -> T {
[INFO] [stdout]     | ^^^^^^^^^^^^^^^^^^^^^^^^^^^^^^^^^^^^^^^^^^^^^^^^^^^^^^^^^^^^^^^^^^^^^^^^^^^^^^^^ `unwrap_joinhandle_value` redefined here
[INFO] [stdout]     |
[INFO] [stdout]     = note: `unwrap_joinhandle_value` must be defined only once in the value namespace of this module
[INFO] [stdout] 
[INFO] [stdout] 
[INFO] [stdout] error[E0428]: the name `create_named_tempfile` is defined multiple times
[INFO] [stdout]    --> /opt/rustwide/cargo-home/registry/src/index.crates.io-6f17d22bba15001f/cacache-12.0.0/src/async_lib.rs:122:1
[INFO] [stdout]     |
[INFO] [stdout] 113 | pub async fn create_named_tempfile(tmp_path: std::path::PathBuf) -> crate::Result<NamedTempFile> {
[INFO] [stdout]     | ------------------------------------------------------------------------------------------------ previous definition of the value `create_named_tempfile` here
[INFO] [stdout] ...
[INFO] [stdout] 122 | pub async fn create_named_tempfile(tmp_path: std::path::PathBuf) -> crate::Result<NamedTempFile> {
[INFO] [stdout]     | ^^^^^^^^^^^^^^^^^^^^^^^^^^^^^^^^^^^^^^^^^^^^^^^^^^^^^^^^^^^^^^^^^^^^^^^^^^^^^^^^^^^^^^^^^^^^^^^^ `create_named_tempfile` redefined here
[INFO] [stdout]     |
[INFO] [stdout]     = note: `create_named_tempfile` must be defined only once in the value namespace of this module
[INFO] [stdout] 
[INFO] [stdout] 
[INFO] [stdout] error[E0252]: the name `File` is defined multiple times
[INFO] [stdout]  --> /opt/rustwide/cargo-home/registry/src/index.crates.io-6f17d22bba15001f/cacache-12.0.0/src/async_lib.rs:4:9
[INFO] [stdout]   |
[INFO] [stdout] 2 | pub use async_std::fs::File;
[INFO] [stdout]   |         ------------------- previous import of the type `File` here
[INFO] [stdout] 3 | #[cfg(feature = "tokio")]
[INFO] [stdout] 4 | pub use tokio::fs::File;
[INFO] [stdout]   |         ^^^^^^^^^^^^^^^ `File` reimported here
[INFO] [stdout]   |
[INFO] [stdout]   = note: `File` must be defined only once in the type namespace of this module
[INFO] [stdout] help: you can use `as` to change the binding name of the import
[INFO] [stdout]   |
[INFO] [stdout] 4 | pub use tokio::fs::File as OtherFile;
[INFO] [stdout]   |         ~~~~~~~~~~~~~~~~~~~~~~~~~~~~
[INFO] [stdout] 
[INFO] [stdout] 
[INFO] [stdout] error[E0252]: the name `AsyncRead` is defined multiple times
[INFO] [stdout]  --> /opt/rustwide/cargo-home/registry/src/index.crates.io-6f17d22bba15001f/cacache-12.0.0/src/async_lib.rs:9:9
[INFO] [stdout]   |
[INFO] [stdout] 7 | pub use futures::io::AsyncRead;
[INFO] [stdout]   |         ---------------------- previous import of the trait `AsyncRead` here
[INFO] [stdout] 8 | #[cfg(feature = "tokio")]
[INFO] [stdout] 9 | pub use tokio::io::AsyncRead;
[INFO] [stdout]   |         ^^^^^^^^^^^^^^^^^^^^ `AsyncRead` reimported here
[INFO] [stdout]   |
[INFO] [stdout]   = note: `AsyncRead` must be defined only once in the type namespace of this module
[INFO] [stdout] help: you can use `as` to change the binding name of the import
[INFO] [stdout]   |
[INFO] [stdout] 9 | pub use tokio::io::AsyncRead as OtherAsyncRead;
[INFO] [stdout]   |         ~~~~~~~~~~~~~~~~~~~~~~~~~~~~~~~~~~~~~~
[INFO] [stdout] 
[INFO] [stdout] 
[INFO] [stdout] error[E0252]: the name `AsyncReadExt` is defined multiple times
[INFO] [stdout]   --> /opt/rustwide/cargo-home/registry/src/index.crates.io-6f17d22bba15001f/cacache-12.0.0/src/async_lib.rs:14:9
[INFO] [stdout]    |
[INFO] [stdout] 12 | pub use futures::io::AsyncReadExt;
[INFO] [stdout]    |         ------------------------- previous import of the trait `AsyncReadExt` here
[INFO] [stdout] 13 | #[cfg(feature = "tokio")]
[INFO] [stdout] 14 | pub use tokio::io::AsyncReadExt;
[INFO] [stdout]    |         ^^^^^^^^^^^^^^^^^^^^^^^ `AsyncReadExt` reimported here
[INFO] [stdout]    |
[INFO] [stdout]    = note: `AsyncReadExt` must be defined only once in the type namespace of this module
[INFO] [stdout] help: you can use `as` to change the binding name of the import
[INFO] [stdout]    |
[INFO] [stdout] 14 | pub use tokio::io::AsyncReadExt as OtherAsyncReadExt;
[INFO] [stdout]    |         ~~~~~~~~~~~~~~~~~~~~~~~~~~~~~~~~~~~~~~~~~~~~
[INFO] [stdout] 
[INFO] [stdout] 
[INFO] [stdout] error[E0252]: the name `AsyncBufReadExt` is defined multiple times
[INFO] [stdout]   --> /opt/rustwide/cargo-home/registry/src/index.crates.io-6f17d22bba15001f/cacache-12.0.0/src/async_lib.rs:19:9
[INFO] [stdout]    |
[INFO] [stdout] 17 | pub use futures::io::AsyncBufReadExt;
[INFO] [stdout]    |         ---------------------------- previous import of the trait `AsyncBufReadExt` here
[INFO] [stdout] 18 | #[cfg(feature = "tokio")]
[INFO] [stdout] 19 | pub use tokio::io::AsyncBufReadExt;
[INFO] [stdout]    |         ^^^^^^^^^^^^^^^^^^^^^^^^^^ `AsyncBufReadExt` reimported here
[INFO] [stdout]    |
[INFO] [stdout]    = note: `AsyncBufReadExt` must be defined only once in the type namespace of this module
[INFO] [stdout] help: you can use `as` to change the binding name of the import
[INFO] [stdout]    |
[INFO] [stdout] 19 | pub use tokio::io::AsyncBufReadExt as OtherAsyncBufReadExt;
[INFO] [stdout]    |         ~~~~~~~~~~~~~~~~~~~~~~~~~~~~~~~~~~~~~~~~~~~~~~~~~~
[INFO] [stdout] 
[INFO] [stdout] 
[INFO] [stdout] error[E0252]: the name `AsyncWrite` is defined multiple times
[INFO] [stdout]   --> /opt/rustwide/cargo-home/registry/src/index.crates.io-6f17d22bba15001f/cacache-12.0.0/src/async_lib.rs:24:9
[INFO] [stdout]    |
[INFO] [stdout] 22 | pub use futures::io::AsyncWrite;
[INFO] [stdout]    |         ----------------------- previous import of the trait `AsyncWrite` here
[INFO] [stdout] 23 | #[cfg(feature = "tokio")]
[INFO] [stdout] 24 | pub use tokio::io::AsyncWrite;
[INFO] [stdout]    |         ^^^^^^^^^^^^^^^^^^^^^ `AsyncWrite` reimported here
[INFO] [stdout]    |
[INFO] [stdout]    = note: `AsyncWrite` must be defined only once in the type namespace of this module
[INFO] [stdout] help: you can use `as` to change the binding name of the import
[INFO] [stdout]    |
[INFO] [stdout] 24 | pub use tokio::io::AsyncWrite as OtherAsyncWrite;
[INFO] [stdout]    |         ~~~~~~~~~~~~~~~~~~~~~~~~~~~~~~~~~~~~~~~~
[INFO] [stdout] 
[INFO] [stdout] 
[INFO] [stdout] error[E0252]: the name `AsyncWriteExt` is defined multiple times
[INFO] [stdout]   --> /opt/rustwide/cargo-home/registry/src/index.crates.io-6f17d22bba15001f/cacache-12.0.0/src/async_lib.rs:29:9
[INFO] [stdout]    |
[INFO] [stdout] 27 | pub use futures::io::AsyncWriteExt;
[INFO] [stdout]    |         -------------------------- previous import of the trait `AsyncWriteExt` here
[INFO] [stdout] 28 | #[cfg(feature = "tokio")]
[INFO] [stdout] 29 | pub use tokio::io::AsyncWriteExt;
[INFO] [stdout]    |         ^^^^^^^^^^^^^^^^^^^^^^^^ `AsyncWriteExt` reimported here
[INFO] [stdout]    |
[INFO] [stdout]    = note: `AsyncWriteExt` must be defined only once in the type namespace of this module
[INFO] [stdout] help: you can use `as` to change the binding name of the import
[INFO] [stdout]    |
[INFO] [stdout] 29 | pub use tokio::io::AsyncWriteExt as OtherAsyncWriteExt;
[INFO] [stdout]    |         ~~~~~~~~~~~~~~~~~~~~~~~~~~~~~~~~~~~~~~~~~~~~~~
[INFO] [stdout] 
[INFO] [stdout] 
[INFO] [stdout] error[E0252]: the name `read` is defined multiple times
[INFO] [stdout]   --> /opt/rustwide/cargo-home/registry/src/index.crates.io-6f17d22bba15001f/cacache-12.0.0/src/async_lib.rs:34:9
[INFO] [stdout]    |
[INFO] [stdout] 32 | pub use async_std::fs::read;
[INFO] [stdout]    |         ------------------- previous import of the value `read` here
[INFO] [stdout] 33 | #[cfg(feature = "tokio")]
[INFO] [stdout] 34 | pub use tokio::fs::read;
[INFO] [stdout]    |         ^^^^^^^^^^^^^^^ `read` reimported here
[INFO] [stdout]    |
[INFO] [stdout]    = note: `read` must be defined only once in the value namespace of this module
[INFO] [stdout] help: you can use `as` to change the binding name of the import
[INFO] [stdout]    |
[INFO] [stdout] 34 | pub use tokio::fs::read as other_read;
[INFO] [stdout]    |         ~~~~~~~~~~~~~~~~~~~~~~~~~~~~~
[INFO] [stdout] 
[INFO] [stdout] 
[INFO] [stdout] error[E0252]: the name `copy` is defined multiple times
[INFO] [stdout]   --> /opt/rustwide/cargo-home/registry/src/index.crates.io-6f17d22bba15001f/cacache-12.0.0/src/async_lib.rs:39:9
[INFO] [stdout]    |
[INFO] [stdout] 37 | pub use async_std::fs::copy;
[INFO] [stdout]    |         ------------------- previous import of the value `copy` here
[INFO] [stdout] 38 | #[cfg(feature = "tokio")]
[INFO] [stdout] 39 | pub use tokio::fs::copy;
[INFO] [stdout]    |         ^^^^^^^^^^^^^^^ `copy` reimported here
[INFO] [stdout]    |
[INFO] [stdout]    = note: `copy` must be defined only once in the value namespace of this module
[INFO] [stdout] help: you can use `as` to change the binding name of the import
[INFO] [stdout]    |
[INFO] [stdout] 39 | pub use tokio::fs::copy as other_copy;
[INFO] [stdout]    |         ~~~~~~~~~~~~~~~~~~~~~~~~~~~~~
[INFO] [stdout] 
[INFO] [stdout] 
[INFO] [stdout] error[E0252]: the name `metadata` is defined multiple times
[INFO] [stdout]   --> /opt/rustwide/cargo-home/registry/src/index.crates.io-6f17d22bba15001f/cacache-12.0.0/src/async_lib.rs:44:9
[INFO] [stdout]    |
[INFO] [stdout] 42 | pub use async_std::fs::metadata;
[INFO] [stdout]    |         ----------------------- previous import of the value `metadata` here
[INFO] [stdout] 43 | #[cfg(feature = "tokio")]
[INFO] [stdout] 44 | pub use tokio::fs::metadata;
[INFO] [stdout]    |         ^^^^^^^^^^^^^^^^^^^ `metadata` reimported here
[INFO] [stdout]    |
[INFO] [stdout]    = note: `metadata` must be defined only once in the value namespace of this module
[INFO] [stdout] help: you can use `as` to change the binding name of the import
[INFO] [stdout]    |
[INFO] [stdout] 44 | pub use tokio::fs::metadata as other_metadata;
[INFO] [stdout]    |         ~~~~~~~~~~~~~~~~~~~~~~~~~~~~~~~~~~~~~
[INFO] [stdout] 
[INFO] [stdout] 
[INFO] [stdout] error[E0252]: the name `remove_file` is defined multiple times
[INFO] [stdout]   --> /opt/rustwide/cargo-home/registry/src/index.crates.io-6f17d22bba15001f/cacache-12.0.0/src/async_lib.rs:49:9
[INFO] [stdout]    |
[INFO] [stdout] 47 | pub use async_std::fs::remove_file;
[INFO] [stdout]    |         -------------------------- previous import of the value `remove_file` here
[INFO] [stdout] 48 | #[cfg(feature = "tokio")]
[INFO] [stdout] 49 | pub use tokio::fs::remove_file;
[INFO] [stdout]    |         ^^^^^^^^^^^^^^^^^^^^^^ `remove_file` reimported here
[INFO] [stdout]    |
[INFO] [stdout]    = note: `remove_file` must be defined only once in the value namespace of this module
[INFO] [stdout] help: you can use `as` to change the binding name of the import
[INFO] [stdout]    |
[INFO] [stdout] 49 | pub use tokio::fs::remove_file as other_remove_file;
[INFO] [stdout]    |         ~~~~~~~~~~~~~~~~~~~~~~~~~~~~~~~~~~~~~~~~~~~
[INFO] [stdout] 
[INFO] [stdout] 
[INFO] [stdout] error[E0252]: the name `create_dir_all` is defined multiple times
[INFO] [stdout]   --> /opt/rustwide/cargo-home/registry/src/index.crates.io-6f17d22bba15001f/cacache-12.0.0/src/async_lib.rs:54:9
[INFO] [stdout]    |
[INFO] [stdout] 52 | pub use async_std::fs::create_dir_all;
[INFO] [stdout]    |         ----------------------------- previous import of the value `create_dir_all` here
[INFO] [stdout] 53 | #[cfg(feature = "tokio")]
[INFO] [stdout] 54 | pub use tokio::fs::create_dir_all;
[INFO] [stdout]    |         ^^^^^^^^^^^^^^^^^^^^^^^^^ `create_dir_all` reimported here
[INFO] [stdout]    |
[INFO] [stdout]    = note: `create_dir_all` must be defined only once in the value namespace of this module
[INFO] [stdout] help: you can use `as` to change the binding name of the import
[INFO] [stdout]    |
[INFO] [stdout] 54 | pub use tokio::fs::create_dir_all as other_create_dir_all;
[INFO] [stdout]    |         ~~~~~~~~~~~~~~~~~~~~~~~~~~~~~~~~~~~~~~~~~~~~~~~~~
[INFO] [stdout] 
[INFO] [stdout] 
[INFO] [stdout] error[E0252]: the name `remove_dir_all` is defined multiple times
[INFO] [stdout]   --> /opt/rustwide/cargo-home/registry/src/index.crates.io-6f17d22bba15001f/cacache-12.0.0/src/async_lib.rs:59:9
[INFO] [stdout]    |
[INFO] [stdout] 57 | pub use async_std::fs::remove_dir_all;
[INFO] [stdout]    |         ----------------------------- previous import of the value `remove_dir_all` here
[INFO] [stdout] 58 | #[cfg(feature = "tokio")]
[INFO] [stdout] 59 | pub use tokio::fs::remove_dir_all;
[INFO] [stdout]    |         ^^^^^^^^^^^^^^^^^^^^^^^^^ `remove_dir_all` reimported here
[INFO] [stdout]    |
[INFO] [stdout]    = note: `remove_dir_all` must be defined only once in the value namespace of this module
[INFO] [stdout] help: you can use `as` to change the binding name of the import
[INFO] [stdout]    |
[INFO] [stdout] 59 | pub use tokio::fs::remove_dir_all as other_remove_dir_all;
[INFO] [stdout]    |         ~~~~~~~~~~~~~~~~~~~~~~~~~~~~~~~~~~~~~~~~~~~~~~~~~
[INFO] [stdout] 
[INFO] [stdout] 
[INFO] [stdout] error[E0252]: the name `DirBuilder` is defined multiple times
[INFO] [stdout]   --> /opt/rustwide/cargo-home/registry/src/index.crates.io-6f17d22bba15001f/cacache-12.0.0/src/async_lib.rs:64:9
[INFO] [stdout]    |
[INFO] [stdout] 62 | pub use async_std::fs::DirBuilder;
[INFO] [stdout]    |         ------------------------- previous import of the type `DirBuilder` here
[INFO] [stdout] 63 | #[cfg(feature = "tokio")]
[INFO] [stdout] 64 | pub use tokio::fs::DirBuilder;
[INFO] [stdout]    |         ^^^^^^^^^^^^^^^^^^^^^ `DirBuilder` reimported here
[INFO] [stdout]    |
[INFO] [stdout]    = note: `DirBuilder` must be defined only once in the type namespace of this module
[INFO] [stdout] help: you can use `as` to change the binding name of the import
[INFO] [stdout]    |
[INFO] [stdout] 64 | pub use tokio::fs::DirBuilder as OtherDirBuilder;
[INFO] [stdout]    |         ~~~~~~~~~~~~~~~~~~~~~~~~~~~~~~~~~~~~~~~~
[INFO] [stdout] 
[INFO] [stdout] 
[INFO] [stdout] error[E0252]: the name `OpenOptions` is defined multiple times
[INFO] [stdout]   --> /opt/rustwide/cargo-home/registry/src/index.crates.io-6f17d22bba15001f/cacache-12.0.0/src/async_lib.rs:69:9
[INFO] [stdout]    |
[INFO] [stdout] 67 | pub use async_std::fs::OpenOptions;
[INFO] [stdout]    |         -------------------------- previous import of the type `OpenOptions` here
[INFO] [stdout] 68 | #[cfg(feature = "tokio")]
[INFO] [stdout] 69 | pub use tokio::fs::OpenOptions;
[INFO] [stdout]    |         ^^^^^^^^^^^^^^^^^^^^^^ `OpenOptions` reimported here
[INFO] [stdout]    |
[INFO] [stdout]    = note: `OpenOptions` must be defined only once in the type namespace of this module
[INFO] [stdout] help: you can use `as` to change the binding name of the import
[INFO] [stdout]    |
[INFO] [stdout] 69 | pub use tokio::fs::OpenOptions as OtherOpenOptions;
[INFO] [stdout]    |         ~~~~~~~~~~~~~~~~~~~~~~~~~~~~~~~~~~~~~~~~~~
[INFO] [stdout] 
[INFO] [stdout] 
[INFO] [stdout] error[E0252]: the name `BufReader` is defined multiple times
[INFO] [stdout]   --> /opt/rustwide/cargo-home/registry/src/index.crates.io-6f17d22bba15001f/cacache-12.0.0/src/async_lib.rs:74:9
[INFO] [stdout]    |
[INFO] [stdout] 72 | pub use async_std::io::BufReader;
[INFO] [stdout]    |         ------------------------ previous import of the type `BufReader` here
[INFO] [stdout] 73 | #[cfg(feature = "tokio")]
[INFO] [stdout] 74 | pub use tokio::io::BufReader;
[INFO] [stdout]    |         ^^^^^^^^^^^^^^^^^^^^ `BufReader` reimported here
[INFO] [stdout]    |
[INFO] [stdout]    = note: `BufReader` must be defined only once in the type namespace of this module
[INFO] [stdout] help: you can use `as` to change the binding name of the import
[INFO] [stdout]    |
[INFO] [stdout] 74 | pub use tokio::io::BufReader as OtherBufReader;
[INFO] [stdout]    |         ~~~~~~~~~~~~~~~~~~~~~~~~~~~~~~~~~~~~~~
[INFO] [stdout] 
[INFO] [stdout] 
[INFO] [stdout] error[E0252]: the name `spawn_blocking` is defined multiple times
[INFO] [stdout]   --> /opt/rustwide/cargo-home/registry/src/index.crates.io-6f17d22bba15001f/cacache-12.0.0/src/async_lib.rs:90:9
[INFO] [stdout]    |
[INFO] [stdout] 88 | pub use async_std::task::spawn_blocking;
[INFO] [stdout]    |         ------------------------------- previous import of the value `spawn_blocking` here
[INFO] [stdout] 89 | #[cfg(feature = "tokio")]
[INFO] [stdout] 90 | pub use tokio::task::spawn_blocking;
[INFO] [stdout]    |         ^^^^^^^^^^^^^^^^^^^^^^^^^^^ `spawn_blocking` reimported here
[INFO] [stdout]    |
[INFO] [stdout]    = note: `spawn_blocking` must be defined only once in the value namespace of this module
[INFO] [stdout] help: you can use `as` to change the binding name of the import
[INFO] [stdout]    |
[INFO] [stdout] 90 | pub use tokio::task::spawn_blocking as other_spawn_blocking;
[INFO] [stdout]    |         ~~~~~~~~~~~~~~~~~~~~~~~~~~~~~~~~~~~~~~~~~~~~~~~~~~~
[INFO] [stdout] 
[INFO] [stdout] 
[INFO] [stdout] error[E0252]: the name `JoinHandle` is defined multiple times
[INFO] [stdout]    --> /opt/rustwide/cargo-home/registry/src/index.crates.io-6f17d22bba15001f/cacache-12.0.0/src/async_lib.rs:100:9
[INFO] [stdout]     |
[INFO] [stdout] 93  | pub use async_std::task::JoinHandle;
[INFO] [stdout]     |         --------------------------- previous import of the type `JoinHandle` here
[INFO] [stdout] ...
[INFO] [stdout] 100 | pub use tokio::task::JoinHandle;
[INFO] [stdout]     |         ^^^^^^^^^^^^^^^^^^^^^^^ `JoinHandle` reimported here
[INFO] [stdout]     |
[INFO] [stdout]     = note: `JoinHandle` must be defined only once in the type namespace of this module
[INFO] [stdout] help: you can use `as` to change the binding name of the import
[INFO] [stdout]     |
[INFO] [stdout] 100 | pub use tokio::task::JoinHandle as OtherJoinHandle;
[INFO] [stdout]     |         ~~~~~~~~~~~~~~~~~~~~~~~~~~~~~~~~~~~~~~~~~~
[INFO] [stdout] 
[INFO] [stdout] 
[INFO] [stdout] error[E0252]: the name `AsyncReadExt` is defined multiple times
[INFO] [stdout]   --> /opt/rustwide/cargo-home/registry/src/index.crates.io-6f17d22bba15001f/cacache-12.0.0/src/content/read.rs:12:5
[INFO] [stdout]    |
[INFO] [stdout] 10 | use futures::io::AsyncReadExt;
[INFO] [stdout]    |     ------------------------- previous import of the trait `AsyncReadExt` here
[INFO] [stdout] 11 | #[cfg(feature = "tokio")]
[INFO] [stdout] 12 | use tokio::io::AsyncReadExt;
[INFO] [stdout]    |     ^^^^^^^^^^^^^^^^^^^^^^^ `AsyncReadExt` reimported here
[INFO] [stdout]    |
[INFO] [stdout]    = note: `AsyncReadExt` must be defined only once in the type namespace of this module
[INFO] [stdout] help: you can use `as` to change the binding name of the import
[INFO] [stdout]    |
[INFO] [stdout] 12 | use tokio::io::AsyncReadExt as OtherAsyncReadExt;
[INFO] [stdout]    |     ~~~~~~~~~~~~~~~~~~~~~~~~~~~~~~~~~~~~~~~~~~~~
[INFO] [stdout] 
[INFO] [stdout] 
[INFO] [stdout] error: Only either feature "async-std" or "tokio-runtime" must be enabled for this crate, not both.
[INFO] [stdout]    --> /opt/rustwide/cargo-home/registry/src/index.crates.io-6f17d22bba15001f/cacache-12.0.0/src/lib.rs:157:1
[INFO] [stdout]     |
[INFO] [stdout] 157 | compile_error!("Only either feature \"async-std\" or \"tokio-runtime\" must be enabled for this crate, not both.");
[INFO] [stdout]     | ^^^^^^^^^^^^^^^^^^^^^^^^^^^^^^^^^^^^^^^^^^^^^^^^^^^^^^^^^^^^^^^^^^^^^^^^^^^^^^^^^^^^^^^^^^^^^^^^^^^^^^^^^^^^^^^^^^
[INFO] [stdout] 
[INFO] [stdout] 
[INFO] [stdout] error[E0201]: duplicate definitions with name `poll_read`:
[INFO] [stdout]   --> /opt/rustwide/cargo-home/registry/src/index.crates.io-6f17d22bba15001f/cacache-12.0.0/src/content/read.rs:60:5
[INFO] [stdout]    |
[INFO] [stdout] 49 | /     fn poll_read(
[INFO] [stdout] 50 | |         mut self: Pin<&mut Self>,
[INFO] [stdout] 51 | |         cx: &mut Context<'_>,
[INFO] [stdout] 52 | |         buf: &mut [u8],
[INFO] [stdout] ...  |
[INFO] [stdout] 56 | |         Poll::Ready(Ok(amt))
[INFO] [stdout] 57 | |     }
[INFO] [stdout]    | |_____- previous definition here
[INFO] [stdout] ...
[INFO] [stdout] 60 | /     fn poll_read(
[INFO] [stdout] 61 | |         mut self: Pin<&mut Self>,
[INFO] [stdout] 62 | |         cx: &mut Context<'_>,
[INFO] [stdout] 63 | |         buf: &mut tokio::io::ReadBuf<'_>,
[INFO] [stdout] ...  |
[INFO] [stdout] 72 | |         Poll::Ready(Ok(()))
[INFO] [stdout] 73 | |     }
[INFO] [stdout]    | |_____^ duplicate definition
[INFO] [stdout]    |
[INFO] [stdout]   ::: /opt/rustwide/cargo-home/registry/src/index.crates.io-6f17d22bba15001f/futures-io-0.3.30/src/lib.rs:60:9
[INFO] [stdout]    |
[INFO] [stdout] 60 | /         fn poll_read(
[INFO] [stdout] 61 | |             self: Pin<&mut Self>,
[INFO] [stdout] 62 | |             cx: &mut Context<'_>,
[INFO] [stdout] 63 | |             buf: &mut [u8],
[INFO] [stdout] 64 | |         ) -> Poll<Result<usize>>;
[INFO] [stdout]    | |_________________________________- item in trait
[INFO] [stdout] 
[INFO] [stdout] 
[INFO] [stdout] error[E0407]: method `poll_shutdown` is not a member of trait `AsyncWrite`
[INFO] [stdout]    --> /opt/rustwide/cargo-home/registry/src/index.crates.io-6f17d22bba15001f/cacache-12.0.0/src/content/write.rs:384:5
[INFO] [stdout]     |
[INFO] [stdout] 384 | /     fn poll_shutdown(self: Pin<&mut Self>, cx: &mut Context<'_>) -> Poll<std::io::Result<()>> {
[INFO] [stdout] 385 | |         self.poll_close_impl(cx)
[INFO] [stdout] 386 | |     }
[INFO] [stdout]     | |_____^ not a member of trait `AsyncWrite`
[INFO] [stdout] 
[INFO] [stdout] 
[INFO] [stdout] error[E0201]: duplicate definitions with name `poll_read`:
[INFO] [stdout]   --> /opt/rustwide/cargo-home/registry/src/index.crates.io-6f17d22bba15001f/cacache-12.0.0/src/get.rs:41:5
[INFO] [stdout]    |
[INFO] [stdout] 32 | /     fn poll_read(
[INFO] [stdout] 33 | |         mut self: Pin<&mut Self>,
[INFO] [stdout] 34 | |         cx: &mut TaskContext<'_>,
[INFO] [stdout] 35 | |         buf: &mut [u8],
[INFO] [stdout] 36 | |     ) -> Poll<std::io::Result<usize>> {
[INFO] [stdout] 37 | |         Pin::new(&mut self.reader).poll_read(cx, buf)
[INFO] [stdout] 38 | |     }
[INFO] [stdout]    | |_____- previous definition here
[INFO] [stdout] ...
[INFO] [stdout] 41 | /     fn poll_read(
[INFO] [stdout] 42 | |         mut self: Pin<&mut Self>,
[INFO] [stdout] 43 | |         cx: &mut TaskContext<'_>,
[INFO] [stdout] 44 | |         buf: &mut tokio::io::ReadBuf<'_>,
[INFO] [stdout] 45 | |     ) -> Poll<tokio::io::Result<()>> {
[INFO] [stdout] 46 | |         Pin::new(&mut self.reader).poll_read(cx, buf)
[INFO] [stdout] 47 | |     }
[INFO] [stdout]    | |_____^ duplicate definition
[INFO] [stdout]    |
[INFO] [stdout]   ::: /opt/rustwide/cargo-home/registry/src/index.crates.io-6f17d22bba15001f/futures-io-0.3.30/src/lib.rs:60:9
[INFO] [stdout]    |
[INFO] [stdout] 60 | /         fn poll_read(
[INFO] [stdout] 61 | |             self: Pin<&mut Self>,
[INFO] [stdout] 62 | |             cx: &mut Context<'_>,
[INFO] [stdout] 63 | |             buf: &mut [u8],
[INFO] [stdout] 64 | |         ) -> Poll<Result<usize>>;
[INFO] [stdout]    | |_________________________________- item in trait
[INFO] [stdout] 
[INFO] [stdout] 
[INFO] [stdout] error[E0407]: method `poll_shutdown` is not a member of trait `AsyncWrite`
[INFO] [stdout]    --> /opt/rustwide/cargo-home/registry/src/index.crates.io-6f17d22bba15001f/cacache-12.0.0/src/put.rs:166:5
[INFO] [stdout]     |
[INFO] [stdout] 166 | /     fn poll_shutdown(
[INFO] [stdout] 167 | |         mut self: Pin<&mut Self>,
[INFO] [stdout] 168 | |         cx: &mut TaskContext<'_>,
[INFO] [stdout] 169 | |     ) -> Poll<std::io::Result<()>> {
[INFO] [stdout] 170 | |         Pin::new(&mut self.writer).poll_shutdown(cx)
[INFO] [stdout] 171 | |     }
[INFO] [stdout]     | |_____^ not a member of trait `AsyncWrite`
[INFO] [stdout] 
[INFO] [stdout] 
[INFO] [stdout] error[E0599]: no method named `with_context` found for struct `NamedTempFile` in the current scope
[INFO] [stdout]    --> /opt/rustwide/cargo-home/registry/src/index.crates.io-6f17d22bba15001f/cacache-12.0.0/src/async_lib.rs:127:10
[INFO] [stdout]     |
[INFO] [stdout] 124 | /     spawn_blocking(|| NamedTempFile::new_in(tmp_path))
[INFO] [stdout] 125 | |         .await
[INFO] [stdout] 126 | |         .unwrap()
[INFO] [stdout] 127 | |         .with_context(|| format!("Failed to create a temp file at {}", cloned.display()))
[INFO] [stdout]     | |         -^^^^^^^^^^^^ method not found in `NamedTempFile`
[INFO] [stdout]     | |_________|
[INFO] [stdout]     | 
[INFO] [stdout]     |
[INFO] [stdout]     = help: items from traits can only be used if the trait is implemented and in scope
[INFO] [stdout] note: `IoErrorExt` defines an item `with_context`, perhaps you need to implement it
[INFO] [stdout]    --> /opt/rustwide/cargo-home/registry/src/index.crates.io-6f17d22bba15001f/cacache-12.0.0/src/errors.rs:39:1
[INFO] [stdout]     |
[INFO] [stdout] 39  | pub trait IoErrorExt<T> {
[INFO] [stdout]     | ^^^^^^^^^^^^^^^^^^^^^^^
[INFO] [stdout] 
[INFO] [stdout] 
[INFO] [stdout] error[E0308]: mismatched types
[INFO] [stdout]   --> /opt/rustwide/cargo-home/registry/src/index.crates.io-6f17d22bba15001f/cacache-12.0.0/src/content/read.rs:66:62
[INFO] [stdout]    |
[INFO] [stdout] 66 |         futures::ready!(Pin::new(&mut self.fd).poll_read(cx, buf))?;
[INFO] [stdout]    |                                                ---------     ^^^ expected `&mut [u8]`, found `&mut ReadBuf<'_>`
[INFO] [stdout]    |                                                |
[INFO] [stdout]    |                                                arguments to this method are incorrect
[INFO] [stdout]    |
[INFO] [stdout]    = note: expected mutable reference `&mut [u8]`
[INFO] [stdout]               found mutable reference `&mut ReadBuf<'_>`
[INFO] [stdout] note: method defined here
[INFO] [stdout]   --> /opt/rustwide/cargo-home/registry/src/index.crates.io-6f17d22bba15001f/futures-io-0.3.30/src/lib.rs:60:12
[INFO] [stdout]    |
[INFO] [stdout] 60 |         fn poll_read(
[INFO] [stdout]    |            ^^^^^^^^^
[INFO] [stdout] 
[INFO] [stdout] 
[INFO] [stdout] error[E0308]: mismatched types
[INFO] [stdout]   --> /opt/rustwide/cargo-home/registry/src/index.crates.io-6f17d22bba15001f/cacache-12.0.0/src/get.rs:46:50
[INFO] [stdout]    |
[INFO] [stdout] 46 |         Pin::new(&mut self.reader).poll_read(cx, buf)
[INFO] [stdout]    |                                    ---------     ^^^ expected `&mut [u8]`, found `&mut ReadBuf<'_>`
[INFO] [stdout]    |                                    |
[INFO] [stdout]    |                                    arguments to this method are incorrect
[INFO] [stdout]    |
[INFO] [stdout]    = note: expected mutable reference `&mut [u8]`
[INFO] [stdout]               found mutable reference `&mut ReadBuf<'_>`
[INFO] [stdout] note: method defined here
[INFO] [stdout]   --> /opt/rustwide/cargo-home/registry/src/index.crates.io-6f17d22bba15001f/futures-io-0.3.30/src/lib.rs:60:12
[INFO] [stdout]    |
[INFO] [stdout] 60 |         fn poll_read(
[INFO] [stdout]    |            ^^^^^^^^^
[INFO] [stdout] 
[INFO] [stdout] 
[INFO] [stdout] error[E0308]: mismatched types
[INFO] [stdout]   --> /opt/rustwide/cargo-home/registry/src/index.crates.io-6f17d22bba15001f/cacache-12.0.0/src/get.rs:46:9
[INFO] [stdout]    |
[INFO] [stdout] 45 |     ) -> Poll<tokio::io::Result<()>> {
[INFO] [stdout]    |          --------------------------- expected `Poll<std::result::Result<(), std::io::Error>>` because of return type
[INFO] [stdout] 46 |         Pin::new(&mut self.reader).poll_read(cx, buf)
[INFO] [stdout]    |         ^^^^^^^^^^^^^^^^^^^^^^^^^^^^^^^^^^^^^^^^^^^^^ expected `Poll<Result<(), Error>>`, found `Poll<Result<usize, Error>>`
[INFO] [stdout]    |
[INFO] [stdout]    = note: expected enum `Poll<std::result::Result<(), _>>`
[INFO] [stdout]               found enum `Poll<std::result::Result<usize, _>>`
[INFO] [stdout] 
[INFO] [stdout] 
[INFO] [stdout] error[E0599]: no method named `poll_shutdown` found for struct `Pin<&mut AsyncWriter>` in the current scope
[INFO] [stdout]    --> /opt/rustwide/cargo-home/registry/src/index.crates.io-6f17d22bba15001f/cacache-12.0.0/src/put.rs:170:36
[INFO] [stdout]     |
[INFO] [stdout] 170 |         Pin::new(&mut self.writer).poll_shutdown(cx)
[INFO] [stdout]     |                                    ^^^^^^^^^^^^^ method not found in `Pin<&mut AsyncWriter>`
[INFO] [stdout]     |
[INFO] [stdout]     = help: items from traits can only be used if the trait is implemented and in scope
[INFO] [stdout]     = note: the following trait defines an item `poll_shutdown`, perhaps you need to implement it:
[INFO] [stdout]             candidate #1: `tokio::io::AsyncWrite`
[INFO] [stdout] 
[INFO] [stdout] 
[INFO] [stdout] error: aborting due to 31 previous errors
[INFO] [stdout] 
[INFO] [stdout] 
[INFO] [stdout] Some errors have detailed explanations: E0201, E0252, E0308, E0407, E0428, E0599.
[INFO] [stdout] 
[INFO] [stdout] For more information about an error, try `rustc --explain E0201`.
[INFO] [stdout] 
[INFO] [stderr] error: could not compile `cacache` (lib) due to 32 previous errors
[INFO] [stderr] warning: build failed, waiting for other jobs to finish...
[INFO] running `Command { std: "docker" "inspect" "6e7cf6f3c00e6477b055a5151284eb83bb23e306fe4d1bb250aca0ee7f6cc20a", kill_on_drop: false }`
[INFO] running `Command { std: "docker" "rm" "-f" "6e7cf6f3c00e6477b055a5151284eb83bb23e306fe4d1bb250aca0ee7f6cc20a", kill_on_drop: false }`
[INFO] [stdout] 6e7cf6f3c00e6477b055a5151284eb83bb23e306fe4d1bb250aca0ee7f6cc20a
