[INFO] fetching crate rome_diagnostics 0.0.1...
[INFO] testing rome_diagnostics-0.0.1 against 1.75.0 for beta-1.76-3
[INFO] extracting crate rome_diagnostics 0.0.1 into /workspace/builds/worker-3-tc1/source
[INFO] validating manifest of crates.io crate rome_diagnostics 0.0.1 on toolchain 1.75.0
[INFO] running `Command { std: CARGO_HOME="/workspace/cargo-home" RUSTUP_HOME="/workspace/rustup-home" "/workspace/cargo-home/bin/cargo" "+1.75.0" "metadata" "--manifest-path" "Cargo.toml" "--no-deps", kill_on_drop: false }`
[INFO] started tweaking crates.io crate rome_diagnostics 0.0.1
[INFO] removed 0 missing examples
[INFO] finished tweaking crates.io crate rome_diagnostics 0.0.1
[INFO] tweaked toml for crates.io crate rome_diagnostics 0.0.1 written to /workspace/builds/worker-3-tc1/source/Cargo.toml
[INFO] crate crates.io crate rome_diagnostics 0.0.1 already has a lockfile, it will not be regenerated
[INFO] running `Command { std: CARGO_HOME="/workspace/cargo-home" RUSTUP_HOME="/workspace/rustup-home" "/workspace/cargo-home/bin/cargo" "+1.75.0" "fetch" "--manifest-path" "Cargo.toml", kill_on_drop: false }`
[INFO] [stderr]     Blocking waiting for file lock on package cache
[INFO] [stderr]     Updating crates.io index
[INFO] [stderr]     Blocking waiting for file lock on package cache
[INFO] [stderr]  Downloading crates ...
[INFO] [stderr]   Downloaded countme v3.0.1
[INFO] [stderr]   Downloaded similar v2.2.1
[INFO] [stderr]   Downloaded schemars_derive v0.8.12
[INFO] [stderr]   Downloaded trybuild v1.0.79
[INFO] [stderr]   Downloaded rome_text_size v0.0.1
[INFO] [stderr]   Downloaded schemars v0.8.12
[INFO] [stderr]   Downloaded serde v1.0.153
[INFO] [stderr]   Downloaded rome_diagnostics_macros v0.0.1
[INFO] [stderr]   Downloaded rome_markup v0.0.1
[INFO] [stderr]   Downloaded rome_diagnostics_categories v0.0.1
[INFO] [stderr]   Downloaded rome_console v0.0.1
[INFO] [stderr]   Downloaded rome_text_edit v0.0.1
[INFO] [stderr]   Downloaded serde_derive v1.0.153
[INFO] [stderr]   Downloaded rome_rowan v0.0.1
[INFO] running `Command { std: "docker" "create" "-v" "/var/lib/crater-agent-workspace/builds/worker-3-tc1/target:/opt/rustwide/target:rw,Z" "-v" "/var/lib/crater-agent-workspace/builds/worker-3-tc1/source:/opt/rustwide/workdir:ro,Z" "-v" "/var/lib/crater-agent-workspace/cargo-home:/opt/rustwide/cargo-home:ro,Z" "-v" "/var/lib/crater-agent-workspace/rustup-home:/opt/rustwide/rustup-home:ro,Z" "-e" "SOURCE_DIR=/opt/rustwide/workdir" "-e" "CARGO_TARGET_DIR=/opt/rustwide/target" "-e" "CARGO_HOME=/opt/rustwide/cargo-home" "-e" "RUSTUP_HOME=/opt/rustwide/rustup-home" "-w" "/opt/rustwide/workdir" "-m" "1610612736" "--user" "0:0" "--network" "none" "ghcr.io/rust-lang/crates-build-env/linux@sha256:2788e3201cd34a07e3172128adcd8b3090168a8e3bcc40d7c032b9dda1df7d1c" "/opt/rustwide/cargo-home/bin/cargo" "+1.75.0" "metadata" "--no-deps" "--format-version=1", kill_on_drop: false }`
[INFO] [stdout] 1bc084fa15524f9334cdedbb7abad08ca001c5a69d06e000200ddf15e1a2b7b4
[INFO] running `Command { std: "docker" "start" "-a" "1bc084fa15524f9334cdedbb7abad08ca001c5a69d06e000200ddf15e1a2b7b4", kill_on_drop: false }`
[INFO] running `Command { std: "docker" "inspect" "1bc084fa15524f9334cdedbb7abad08ca001c5a69d06e000200ddf15e1a2b7b4", kill_on_drop: false }`
[INFO] running `Command { std: "docker" "rm" "-f" "1bc084fa15524f9334cdedbb7abad08ca001c5a69d06e000200ddf15e1a2b7b4", kill_on_drop: false }`
[INFO] [stdout] 1bc084fa15524f9334cdedbb7abad08ca001c5a69d06e000200ddf15e1a2b7b4
[INFO] running `Command { std: "docker" "create" "-v" "/var/lib/crater-agent-workspace/builds/worker-3-tc1/target:/opt/rustwide/target:rw,Z" "-v" "/var/lib/crater-agent-workspace/builds/worker-3-tc1/source:/opt/rustwide/workdir:ro,Z" "-v" "/var/lib/crater-agent-workspace/cargo-home:/opt/rustwide/cargo-home:ro,Z" "-v" "/var/lib/crater-agent-workspace/rustup-home:/opt/rustwide/rustup-home:ro,Z" "-e" "SOURCE_DIR=/opt/rustwide/workdir" "-e" "CARGO_TARGET_DIR=/opt/rustwide/target" "-e" "CARGO_INCREMENTAL=0" "-e" "RUST_BACKTRACE=full" "-e" "RUSTFLAGS=--cap-lints=warn" "-e" "RUSTDOCFLAGS=--cap-lints=warn" "-e" "CARGO_HOME=/opt/rustwide/cargo-home" "-e" "RUSTUP_HOME=/opt/rustwide/rustup-home" "-w" "/opt/rustwide/workdir" "-m" "1610612736" "--user" "0:0" "--network" "none" "ghcr.io/rust-lang/crates-build-env/linux@sha256:2788e3201cd34a07e3172128adcd8b3090168a8e3bcc40d7c032b9dda1df7d1c" "/opt/rustwide/cargo-home/bin/cargo" "+1.75.0" "build" "--frozen" "--message-format=json", kill_on_drop: false }`
[INFO] [stdout] e54672592801b67a4f8b7c9ce237e4a84d611758a55b0671672c263799bdb86b
[INFO] running `Command { std: "docker" "start" "-a" "e54672592801b67a4f8b7c9ce237e4a84d611758a55b0671672c263799bdb86b", kill_on_drop: false }`
[INFO] [stderr]    Compiling proc-macro2 v1.0.51
[INFO] [stderr]    Compiling unicode-ident v1.0.8
[INFO] [stderr]    Compiling quote v1.0.23
[INFO] [stderr]    Compiling syn v1.0.109
[INFO] [stderr]    Compiling serde_derive v1.0.153
[INFO] [stderr]    Compiling serde v1.0.153
[INFO] [stderr]    Compiling version_check v0.9.4
[INFO] [stderr]    Compiling memchr v2.5.0
[INFO] [stderr]    Compiling libc v0.2.139
[INFO] [stderr]    Compiling regex-automata v0.1.10
[INFO] [stderr]    Compiling serde_json v1.0.94
[INFO] [stderr]    Compiling lazy_static v1.4.0
[INFO] [stderr]    Compiling autocfg v1.1.0
[INFO] [stderr]    Compiling cc v1.0.79
[INFO] [stderr]    Compiling schemars v0.8.12
[INFO] [stderr]    Compiling cfg-if v1.0.0
[INFO] [stderr]    Compiling unicode-segmentation v1.10.1
[INFO] [stderr]    Compiling once_cell v1.17.1
[INFO] [stderr]    Compiling itoa v1.0.6
[INFO] [stderr]    Compiling ryu v1.0.13
[INFO] [stderr]    Compiling tracing-core v0.1.30
[INFO] [stderr]    Compiling dyn-clone v1.0.11
[INFO] [stderr]    Compiling adler v1.0.2
[INFO] [stderr]    Compiling pin-project-lite v0.2.9
[INFO] [stderr]    Compiling gimli v0.27.2
[INFO] [stderr]    Compiling hashbrown v0.12.3
[INFO] [stderr]    Compiling miniz_oxide v0.6.2
[INFO] [stderr]    Compiling rustc-hash v1.1.0
[INFO] [stderr]    Compiling unicode-width v0.1.10
[INFO] [stderr]    Compiling proc-macro-error-attr v1.0.4
[INFO] [stderr]    Compiling proc-macro-error v1.0.4
[INFO] [stderr]    Compiling countme v3.0.1
[INFO] [stderr]    Compiling termcolor v1.2.0
[INFO] [stderr]    Compiling rustc-demangle v0.1.21
[INFO] [stderr]    Compiling memoffset v0.8.0
[INFO] [stderr]    Compiling bitflags v1.3.2
[INFO] [stderr]    Compiling pico-args v0.5.0
[INFO] [stderr]    Compiling tracing v0.1.37
[INFO] [stderr]    Compiling bstr v0.2.17
[INFO] [stderr]    Compiling object v0.30.3
[INFO] [stderr]    Compiling backtrace v0.3.67
[INFO] [stderr]    Compiling atty v0.2.14
[INFO] [stderr]    Compiling similar v2.2.1
[INFO] [stderr]    Compiling rome_diagnostics_categories v0.0.1
[INFO] [stderr]    Compiling rome_markup v0.0.1
[INFO] [stderr]    Compiling addr2line v0.19.0
[INFO] [stderr]    Compiling serde_derive_internals v0.26.0
[INFO] [stderr]    Compiling schemars_derive v0.8.12
[INFO] [stderr]    Compiling rome_diagnostics_macros v0.0.1
[INFO] [stderr]    Compiling rome_text_size v0.0.1
[INFO] [stderr]    Compiling rome_text_edit v0.0.1
[INFO] [stderr]    Compiling rome_rowan v0.0.1
[INFO] [stderr]    Compiling rome_console v0.0.1
[INFO] [stderr]    Compiling rome_diagnostics v0.0.1 (/opt/rustwide/workdir)
[INFO] [stderr]     Finished dev [unoptimized + debuginfo] target(s) in 27.77s
[INFO] running `Command { std: "docker" "inspect" "e54672592801b67a4f8b7c9ce237e4a84d611758a55b0671672c263799bdb86b", kill_on_drop: false }`
[INFO] running `Command { std: "docker" "rm" "-f" "e54672592801b67a4f8b7c9ce237e4a84d611758a55b0671672c263799bdb86b", kill_on_drop: false }`
[INFO] [stdout] e54672592801b67a4f8b7c9ce237e4a84d611758a55b0671672c263799bdb86b
[INFO] running `Command { std: "docker" "create" "-v" "/var/lib/crater-agent-workspace/builds/worker-3-tc1/target:/opt/rustwide/target:rw,Z" "-v" "/var/lib/crater-agent-workspace/builds/worker-3-tc1/source:/opt/rustwide/workdir:ro,Z" "-v" "/var/lib/crater-agent-workspace/cargo-home:/opt/rustwide/cargo-home:ro,Z" "-v" "/var/lib/crater-agent-workspace/rustup-home:/opt/rustwide/rustup-home:ro,Z" "-e" "SOURCE_DIR=/opt/rustwide/workdir" "-e" "CARGO_TARGET_DIR=/opt/rustwide/target" "-e" "CARGO_INCREMENTAL=0" "-e" "RUST_BACKTRACE=full" "-e" "RUSTFLAGS=--cap-lints=warn" "-e" "RUSTDOCFLAGS=--cap-lints=warn" "-e" "CARGO_HOME=/opt/rustwide/cargo-home" "-e" "RUSTUP_HOME=/opt/rustwide/rustup-home" "-w" "/opt/rustwide/workdir" "-m" "1610612736" "--user" "0:0" "--network" "none" "ghcr.io/rust-lang/crates-build-env/linux@sha256:2788e3201cd34a07e3172128adcd8b3090168a8e3bcc40d7c032b9dda1df7d1c" "/opt/rustwide/cargo-home/bin/cargo" "+1.75.0" "test" "--frozen" "--no-run" "--message-format=json", kill_on_drop: false }`
[INFO] [stdout] 6cfbcb8fa10e3a2e013d0e8db709cd075681de700a9e2a7191b11474daa2dd60
[INFO] running `Command { std: "docker" "start" "-a" "6cfbcb8fa10e3a2e013d0e8db709cd075681de700a9e2a7191b11474daa2dd60", kill_on_drop: false }`
[INFO] [stderr]    Compiling trybuild v1.0.79
[INFO] [stderr]    Compiling glob v0.3.1
[INFO] [stderr]    Compiling basic-toml v0.1.2
[INFO] [stderr]    Compiling rome_diagnostics v0.0.1 (/opt/rustwide/workdir)
[INFO] [stderr]     Finished test [unoptimized + debuginfo] target(s) in 8.72s
[INFO] running `Command { std: "docker" "inspect" "6cfbcb8fa10e3a2e013d0e8db709cd075681de700a9e2a7191b11474daa2dd60", kill_on_drop: false }`
[INFO] running `Command { std: "docker" "rm" "-f" "6cfbcb8fa10e3a2e013d0e8db709cd075681de700a9e2a7191b11474daa2dd60", kill_on_drop: false }`
[INFO] [stdout] 6cfbcb8fa10e3a2e013d0e8db709cd075681de700a9e2a7191b11474daa2dd60
[INFO] running `Command { std: "docker" "create" "-v" "/var/lib/crater-agent-workspace/builds/worker-3-tc1/target:/opt/rustwide/target:rw,Z" "-v" "/var/lib/crater-agent-workspace/builds/worker-3-tc1/source:/opt/rustwide/workdir:ro,Z" "-v" "/var/lib/crater-agent-workspace/cargo-home:/opt/rustwide/cargo-home:ro,Z" "-v" "/var/lib/crater-agent-workspace/rustup-home:/opt/rustwide/rustup-home:ro,Z" "-e" "SOURCE_DIR=/opt/rustwide/workdir" "-e" "CARGO_TARGET_DIR=/opt/rustwide/target" "-e" "CARGO_INCREMENTAL=0" "-e" "RUST_BACKTRACE=full" "-e" "RUSTFLAGS=--cap-lints=warn" "-e" "RUSTDOCFLAGS=--cap-lints=warn" "-e" "CARGO_HOME=/opt/rustwide/cargo-home" "-e" "RUSTUP_HOME=/opt/rustwide/rustup-home" "-w" "/opt/rustwide/workdir" "-m" "1610612736" "--user" "0:0" "--network" "none" "ghcr.io/rust-lang/crates-build-env/linux@sha256:2788e3201cd34a07e3172128adcd8b3090168a8e3bcc40d7c032b9dda1df7d1c" "/opt/rustwide/cargo-home/bin/cargo" "+1.75.0" "test" "--frozen", kill_on_drop: false }`
[INFO] [stdout] 14621e6c7616dcf2b877b642aaa5688ebf6fe0c5aee1654fd71f9297e4190eee
[INFO] running `Command { std: "docker" "start" "-a" "14621e6c7616dcf2b877b642aaa5688ebf6fe0c5aee1654fd71f9297e4190eee", kill_on_drop: false }`
[INFO] [stderr]     Finished test [unoptimized + debuginfo] target(s) in 0.04s
[INFO] [stderr]      Running unittests src/lib.rs (/opt/rustwide/target/debug/deps/rome_diagnostics-9eb33098f9e4457e)
[INFO] [stdout] 
[INFO] [stdout] running 26 tests
[INFO] [stdout] test display::diff::tests::insert_single_line ... ok
[INFO] [stdout] test display::diff::tests::insert_many_lines ... ok
[INFO] [stdout] test display::diff::tests::remove_many_lines ... ok
[INFO] [stdout] test display::diff::tests::remove_empty_line ... ok
[INFO] [stdout] test display::diff::tests::remove_single_line ... ok
[INFO] [stdout] test display::diff::tests::test_inline ... ok
[INFO] [stdout] test display::frame::tests::print_width ... ok
[INFO] [stdout] test display::diff::tests::test_single_line ... ok
[INFO] [stdout] test display::message::test::message_size ... ok
[INFO] [stdout] test display::tests::test_backtrace_advice ... ok
[INFO] [stdout] test display::tests::test_command_advice ... ok
[INFO] [stdout] test display::diff::tests::test_ellipsis ... ok
[INFO] [stdout] test display::tests::test_group_advice ... ok
[INFO] [stdout] test display::tests::test_frame_advice ... ok
[INFO] [stdout] test display::tests::test_diff_advice ... ok
[INFO] [stdout] test display::tests::test_header ... ok
[INFO] [stdout] test error::tests::test_error_size ... ok
[INFO] [stdout] test location::tests::line_starts_with_carriage_return_line_feed ... ok
[INFO] [stdout] test location::tests::line_starts_with_line_feed ... ok
[INFO] [stdout] test display::tests::test_log_advices ... ok
[INFO] [stdout] test error::tests::test_drop ... ok
[INFO] [stdout] test error::tests::test_result_size ... ok
[INFO] [stdout] test display::tests::test_list_advice ... ok
[INFO] [stdout] test location::tests::line_starts_with_carriage_return ... ok
[INFO] [stdout] test serde::tests::test_serialize ... ok
[INFO] [stdout] test serde::tests::test_deserialize ... ok
[INFO] [stdout] 
[INFO] [stdout] test result: ok. 26 passed; 0 failed; 0 ignored; 0 measured; 0 filtered out; finished in 0.00s
[INFO] [stdout] 
[INFO] [stderr]      Running tests/macros.rs (/opt/rustwide/target/debug/deps/macros-893105cb9eaf201e)
[INFO] [stdout] 
[INFO] [stdout] running 1 test
[INFO] [stderr]    Compiling proc-macro2 v1.0.51
[INFO] [stderr]    Compiling quote v1.0.23
[INFO] [stderr]    Compiling unicode-ident v1.0.8
[INFO] [stderr]    Compiling syn v1.0.109
[INFO] [stderr]    Compiling serde_derive v1.0.153
[INFO] [stderr]    Compiling version_check v0.9.4
[INFO] [stderr]    Compiling serde v1.0.153
[INFO] [stderr]    Compiling memchr v2.5.0
[INFO] [stderr]    Compiling libc v0.2.139
[INFO] [stderr]    Compiling autocfg v1.1.0
[INFO] [stderr]     Checking lazy_static v1.4.0
[INFO] [stderr]    Compiling serde_json v1.0.94
[INFO] [stderr]     Checking regex-automata v0.1.10
[INFO] [stderr]     Checking unicode-segmentation v1.10.1
[INFO] [stderr]     Checking itoa v1.0.6
[INFO] [stderr]    Compiling cc v1.0.79
[INFO] [stderr]     Checking ryu v1.0.13
[INFO] [stderr]     Checking cfg-if v1.0.0
[INFO] [stderr]     Checking once_cell v1.17.1
[INFO] [stderr]    Compiling schemars v0.8.12
[INFO] [stderr]     Checking gimli v0.27.2
[INFO] [stderr]     Checking adler v1.0.2
[INFO] [stderr]     Checking pin-project-lite v0.2.9
[INFO] [stderr]     Checking dyn-clone v1.0.11
[INFO] [stderr]     Checking miniz_oxide v0.6.2
[INFO] [stderr]     Checking hashbrown v0.12.3
[INFO] [stderr]     Checking tracing-core v0.1.30
[INFO] [stderr]     Checking unicode-width v0.1.10
[INFO] [stderr]     Checking countme v3.0.1
[INFO] [stderr]     Checking termcolor v1.2.0
[INFO] [stderr]     Checking rustc-hash v1.1.0
[INFO] [stderr]     Checking rustc-demangle v0.1.21
[INFO] [stderr]     Checking bitflags v1.3.2
[INFO] [stderr]     Checking pico-args v0.5.0
[INFO] [stderr]    Compiling proc-macro-error-attr v1.0.4
[INFO] [stderr]    Compiling proc-macro-error v1.0.4
[INFO] [stderr]    Compiling memoffset v0.8.0
[INFO] [stderr]     Checking bstr v0.2.17
[INFO] [stderr]     Checking object v0.30.3
[INFO] [stderr]     Checking tracing v0.1.37
[INFO] [stderr]    Compiling backtrace v0.3.67
[INFO] [stderr]     Checking similar v2.2.1
[INFO] [stderr]     Checking atty v0.2.14
[INFO] [stderr]    Compiling rome_diagnostics_categories v0.0.1
[INFO] [stderr]     Checking addr2line v0.19.0
[INFO] [stderr]    Compiling rome_markup v0.0.1
[INFO] [stderr]    Compiling serde_derive_internals v0.26.0
[INFO] [stderr]    Compiling rome_diagnostics_macros v0.0.1
[INFO] [stderr]    Compiling schemars_derive v0.8.12
[INFO] [stderr]     Checking rome_text_size v0.0.1
[INFO] [stderr]     Checking rome_text_edit v0.0.1
[INFO] [stderr]     Checking rome_rowan v0.0.1
[INFO] [stderr]     Checking rome_console v0.0.1
[INFO] [stderr]     Checking rome_diagnostics v0.0.1 (/opt/rustwide/workdir)
[INFO] [stderr]     Checking rome_diagnostics-tests v0.0.0 (/opt/rustwide/target/tests/trybuild/rome_diagnostics)
[INFO] [stderr]     Finished dev [unoptimized + debuginfo] target(s) in 20.01s
[INFO] [stderr] 
[INFO] [stderr] 
[INFO] [stderr] test tests/macros/category_ident.rs ... ok
[INFO] [stderr] test tests/macros/category_paren.rs ... ok
[INFO] [stderr] test tests/macros/description_ident.rs ... ok
[INFO] [stderr] test tests/macros/description_paren.rs ... ok
[INFO] [stderr] test tests/macros/description_syntax_error.rs ... ok
[INFO] [stderr] test tests/macros/error_enum.rs ... ok
[INFO] [stderr] test tests/macros/error_union.rs ... ok
[INFO] [stderr] test tests/macros/location_eq.rs ... ok
[INFO] [stderr] test tests/macros/severity_lit_str.rs ... ok
[INFO] [stderr] test tests/macros/severity_paren.rs ... ok
[INFO] [stderr] test tests/macros/tags_comma.rs ... ok
[INFO] [stderr] test tests/macros/tags_eq.rs ... ok
[INFO] [stderr] test tests/macros/unknown_container_attr.rs ... ok
[INFO] [stderr] test tests/macros/unknown_field_attr.rs ... ok
[INFO] [stderr] test tests/macros/unknown_location_attr.rs ... ok
[INFO] [stderr] test tests/macros/unknown_message_attr.rs ... ok
[INFO] [stdout] test test_macros ... ok
[INFO] [stderr] 
[INFO] [stdout] 
[INFO] [stderr] 
[INFO] [stdout] test result: ok. 1 passed; 0 failed; 0 ignored; 0 measured; 0 filtered out; finished in 24.56s
[INFO] [stdout] 
[INFO] [stderr]      Running unittests examples/cli.rs (/opt/rustwide/target/debug/examples/cli-bf96122346c5e590)
[INFO] [stdout] 
[INFO] [stdout] running 0 tests
[INFO] [stdout] 
[INFO] [stdout] test result: ok. 0 passed; 0 failed; 0 ignored; 0 measured; 0 filtered out; finished in 0.00s
[INFO] [stdout] 
[INFO] [stderr]      Running unittests examples/fs.rs (/opt/rustwide/target/debug/examples/fs-b87026760f614384)
[INFO] [stdout] 
[INFO] [stdout] running 0 tests
[INFO] [stdout] 
[INFO] [stdout] test result: ok. 0 passed; 0 failed; 0 ignored; 0 measured; 0 filtered out; finished in 0.00s
[INFO] [stdout] 
[INFO] [stderr]      Running unittests examples/lint.rs (/opt/rustwide/target/debug/examples/lint-84a63c4b4bfcfc89)
[INFO] [stdout] 
[INFO] [stdout] running 0 tests
[INFO] [stdout] 
[INFO] [stdout] test result: ok. 0 passed; 0 failed; 0 ignored; 0 measured; 0 filtered out; finished in 0.00s
[INFO] [stdout] 
[INFO] [stderr]      Running unittests examples/serde.rs (/opt/rustwide/target/debug/examples/serde-4306a3a24f350b48)
[INFO] [stdout] 
[INFO] [stdout] running 0 tests
[INFO] [stdout] 
[INFO] [stdout] test result: ok. 0 passed; 0 failed; 0 ignored; 0 measured; 0 filtered out; finished in 0.00s
[INFO] [stdout] 
[INFO] [stderr]    Doc-tests rome_diagnostics
[INFO] [stdout] 
[INFO] [stdout] running 4 tests
[INFO] [stdout] test src/diagnostic.rs - diagnostic::Diagnostic (line 18) ... ok
[INFO] [stdout] test src/display/message.rs - display::message::MessageAndDescription (line 11) ... ok
[INFO] [stdout] test src/display/backtrace.rs - display::backtrace::set_bottom_frame (line 210) ... ok
[INFO] [stdout] test src/display/backtrace.rs - display::backtrace::set_bottom_frame (line 221) ... ok
[INFO] [stdout] 
[INFO] [stdout] test result: ok. 4 passed; 0 failed; 0 ignored; 0 measured; 0 filtered out; finished in 1.31s
[INFO] [stdout] 
[INFO] running `Command { std: "docker" "inspect" "14621e6c7616dcf2b877b642aaa5688ebf6fe0c5aee1654fd71f9297e4190eee", kill_on_drop: false }`
[INFO] running `Command { std: "docker" "rm" "-f" "14621e6c7616dcf2b877b642aaa5688ebf6fe0c5aee1654fd71f9297e4190eee", kill_on_drop: false }`
[INFO] [stdout] 14621e6c7616dcf2b877b642aaa5688ebf6fe0c5aee1654fd71f9297e4190eee
[INFO] testing rome_diagnostics-0.0.1 against beta-2024-01-09 for beta-1.76-3
[INFO] extracting crate rome_diagnostics 0.0.1 into /workspace/builds/worker-3-tc2/source
[INFO] validating manifest of crates.io crate rome_diagnostics 0.0.1 on toolchain beta-2024-01-09
[INFO] running `Command { std: CARGO_HOME="/workspace/cargo-home" RUSTUP_HOME="/workspace/rustup-home" "/workspace/cargo-home/bin/cargo" "+beta-2024-01-09" "metadata" "--manifest-path" "Cargo.toml" "--no-deps", kill_on_drop: false }`
[INFO] started tweaking crates.io crate rome_diagnostics 0.0.1
[INFO] removed 0 missing examples
[INFO] finished tweaking crates.io crate rome_diagnostics 0.0.1
[INFO] tweaked toml for crates.io crate rome_diagnostics 0.0.1 written to /workspace/builds/worker-3-tc2/source/Cargo.toml
[INFO] crate crates.io crate rome_diagnostics 0.0.1 already has a lockfile, it will not be regenerated
[INFO] running `Command { std: CARGO_HOME="/workspace/cargo-home" RUSTUP_HOME="/workspace/rustup-home" "/workspace/cargo-home/bin/cargo" "+beta-2024-01-09" "fetch" "--manifest-path" "Cargo.toml", kill_on_drop: false }`
[INFO] [stderr]     Blocking waiting for file lock on package cache
[INFO] [stderr]     Blocking waiting for file lock on package cache
[INFO] running `Command { std: "docker" "create" "-v" "/var/lib/crater-agent-workspace/builds/worker-3-tc2/target:/opt/rustwide/target:rw,Z" "-v" "/var/lib/crater-agent-workspace/builds/worker-3-tc2/source:/opt/rustwide/workdir:ro,Z" "-v" "/var/lib/crater-agent-workspace/cargo-home:/opt/rustwide/cargo-home:ro,Z" "-v" "/var/lib/crater-agent-workspace/rustup-home:/opt/rustwide/rustup-home:ro,Z" "-e" "SOURCE_DIR=/opt/rustwide/workdir" "-e" "CARGO_TARGET_DIR=/opt/rustwide/target" "-e" "CARGO_HOME=/opt/rustwide/cargo-home" "-e" "RUSTUP_HOME=/opt/rustwide/rustup-home" "-w" "/opt/rustwide/workdir" "-m" "1610612736" "--user" "0:0" "--network" "none" "ghcr.io/rust-lang/crates-build-env/linux@sha256:2788e3201cd34a07e3172128adcd8b3090168a8e3bcc40d7c032b9dda1df7d1c" "/opt/rustwide/cargo-home/bin/cargo" "+beta-2024-01-09" "metadata" "--no-deps" "--format-version=1", kill_on_drop: false }`
[INFO] [stdout] c3334199775bd1fd2d7d604f22247d4c93c577f7e5f57a2a4d3ac4197cd71a04
[INFO] running `Command { std: "docker" "start" "-a" "c3334199775bd1fd2d7d604f22247d4c93c577f7e5f57a2a4d3ac4197cd71a04", kill_on_drop: false }`
[INFO] running `Command { std: "docker" "inspect" "c3334199775bd1fd2d7d604f22247d4c93c577f7e5f57a2a4d3ac4197cd71a04", kill_on_drop: false }`
[INFO] running `Command { std: "docker" "rm" "-f" "c3334199775bd1fd2d7d604f22247d4c93c577f7e5f57a2a4d3ac4197cd71a04", kill_on_drop: false }`
[INFO] [stdout] c3334199775bd1fd2d7d604f22247d4c93c577f7e5f57a2a4d3ac4197cd71a04
[INFO] running `Command { std: "docker" "create" "-v" "/var/lib/crater-agent-workspace/builds/worker-3-tc2/target:/opt/rustwide/target:rw,Z" "-v" "/var/lib/crater-agent-workspace/builds/worker-3-tc2/source:/opt/rustwide/workdir:ro,Z" "-v" "/var/lib/crater-agent-workspace/cargo-home:/opt/rustwide/cargo-home:ro,Z" "-v" "/var/lib/crater-agent-workspace/rustup-home:/opt/rustwide/rustup-home:ro,Z" "-e" "SOURCE_DIR=/opt/rustwide/workdir" "-e" "CARGO_TARGET_DIR=/opt/rustwide/target" "-e" "CARGO_INCREMENTAL=0" "-e" "RUST_BACKTRACE=full" "-e" "RUSTFLAGS=--cap-lints=warn" "-e" "RUSTDOCFLAGS=--cap-lints=warn" "-e" "CARGO_HOME=/opt/rustwide/cargo-home" "-e" "RUSTUP_HOME=/opt/rustwide/rustup-home" "-w" "/opt/rustwide/workdir" "-m" "1610612736" "--user" "0:0" "--network" "none" "ghcr.io/rust-lang/crates-build-env/linux@sha256:2788e3201cd34a07e3172128adcd8b3090168a8e3bcc40d7c032b9dda1df7d1c" "/opt/rustwide/cargo-home/bin/cargo" "+beta-2024-01-09" "build" "--frozen" "--message-format=json", kill_on_drop: false }`
[INFO] [stdout] 874bf52ea86b07f3d36e9446ce067358b3f241f1c0993e49b2352d86715f72dc
[INFO] running `Command { std: "docker" "start" "-a" "874bf52ea86b07f3d36e9446ce067358b3f241f1c0993e49b2352d86715f72dc", kill_on_drop: false }`
[INFO] [stderr]    Compiling proc-macro2 v1.0.51
[INFO] [stderr]    Compiling quote v1.0.23
[INFO] [stderr]    Compiling unicode-ident v1.0.8
[INFO] [stderr]    Compiling syn v1.0.109
[INFO] [stderr]    Compiling serde_derive v1.0.153
[INFO] [stderr]    Compiling version_check v0.9.4
[INFO] [stderr]    Compiling serde v1.0.153
[INFO] [stderr]    Compiling memchr v2.5.0
[INFO] [stderr]    Compiling libc v0.2.139
[INFO] [stderr]    Compiling autocfg v1.1.0
[INFO] [stderr]    Compiling lazy_static v1.4.0
[INFO] [stderr]    Compiling serde_json v1.0.94
[INFO] [stderr]    Compiling regex-automata v0.1.10
[INFO] [stderr]    Compiling unicode-segmentation v1.10.1
[INFO] [stderr]    Compiling once_cell v1.17.1
[INFO] [stderr]    Compiling schemars v0.8.12
[INFO] [stderr]    Compiling itoa v1.0.6
[INFO] [stderr]    Compiling cc v1.0.79
[INFO] [stderr]    Compiling ryu v1.0.13
[INFO] [stderr]    Compiling cfg-if v1.0.0
[INFO] [stderr]    Compiling tracing-core v0.1.30
[INFO] [stderr]    Compiling dyn-clone v1.0.11
[INFO] [stderr]    Compiling gimli v0.27.2
[INFO] [stderr]    Compiling pin-project-lite v0.2.9
[INFO] [stderr]    Compiling adler v1.0.2
[INFO] [stderr]    Compiling rustc-hash v1.1.0
[INFO] [stderr]    Compiling proc-macro-error-attr v1.0.4
[INFO] [stderr]    Compiling proc-macro-error v1.0.4
[INFO] [stderr]    Compiling hashbrown v0.12.3
[INFO] [stderr]    Compiling rustc-demangle v0.1.21
[INFO] [stderr]    Compiling miniz_oxide v0.6.2
[INFO] [stderr]    Compiling termcolor v1.2.0
[INFO] [stderr]    Compiling unicode-width v0.1.10
[INFO] [stderr]    Compiling countme v3.0.1
[INFO] [stderr]    Compiling memoffset v0.8.0
[INFO] [stderr]    Compiling tracing v0.1.37
[INFO] [stderr]    Compiling bitflags v1.3.2
[INFO] [stderr]    Compiling pico-args v0.5.0
[INFO] [stderr]    Compiling bstr v0.2.17
[INFO] [stderr]    Compiling object v0.30.3
[INFO] [stderr]    Compiling atty v0.2.14
[INFO] [stderr]    Compiling rome_diagnostics_categories v0.0.1
[INFO] [stderr]    Compiling similar v2.2.1
[INFO] [stderr]    Compiling backtrace v0.3.67
[INFO] [stderr]    Compiling rome_markup v0.0.1
[INFO] [stderr]    Compiling addr2line v0.19.0
[INFO] [stderr]    Compiling serde_derive_internals v0.26.0
[INFO] [stderr]    Compiling rome_diagnostics_macros v0.0.1
[INFO] [stderr]    Compiling schemars_derive v0.8.12
[INFO] [stderr]    Compiling rome_text_size v0.0.1
[INFO] [stderr]    Compiling rome_text_edit v0.0.1
[INFO] [stderr]    Compiling rome_rowan v0.0.1
[INFO] [stderr]    Compiling rome_console v0.0.1
[INFO] [stderr]    Compiling rome_diagnostics v0.0.1 (/opt/rustwide/workdir)
[INFO] [stderr]     Finished dev [unoptimized + debuginfo] target(s) in 22.98s
[INFO] running `Command { std: "docker" "inspect" "874bf52ea86b07f3d36e9446ce067358b3f241f1c0993e49b2352d86715f72dc", kill_on_drop: false }`
[INFO] running `Command { std: "docker" "rm" "-f" "874bf52ea86b07f3d36e9446ce067358b3f241f1c0993e49b2352d86715f72dc", kill_on_drop: false }`
[INFO] [stdout] 874bf52ea86b07f3d36e9446ce067358b3f241f1c0993e49b2352d86715f72dc
[INFO] running `Command { std: "docker" "create" "-v" "/var/lib/crater-agent-workspace/builds/worker-3-tc2/target:/opt/rustwide/target:rw,Z" "-v" "/var/lib/crater-agent-workspace/builds/worker-3-tc2/source:/opt/rustwide/workdir:ro,Z" "-v" "/var/lib/crater-agent-workspace/cargo-home:/opt/rustwide/cargo-home:ro,Z" "-v" "/var/lib/crater-agent-workspace/rustup-home:/opt/rustwide/rustup-home:ro,Z" "-e" "SOURCE_DIR=/opt/rustwide/workdir" "-e" "CARGO_TARGET_DIR=/opt/rustwide/target" "-e" "CARGO_INCREMENTAL=0" "-e" "RUST_BACKTRACE=full" "-e" "RUSTFLAGS=--cap-lints=warn" "-e" "RUSTDOCFLAGS=--cap-lints=warn" "-e" "CARGO_HOME=/opt/rustwide/cargo-home" "-e" "RUSTUP_HOME=/opt/rustwide/rustup-home" "-w" "/opt/rustwide/workdir" "-m" "1610612736" "--user" "0:0" "--network" "none" "ghcr.io/rust-lang/crates-build-env/linux@sha256:2788e3201cd34a07e3172128adcd8b3090168a8e3bcc40d7c032b9dda1df7d1c" "/opt/rustwide/cargo-home/bin/cargo" "+beta-2024-01-09" "test" "--frozen" "--no-run" "--message-format=json", kill_on_drop: false }`
[INFO] [stdout] 70e16ce73e8af4f2bb5fe33b46bf9f91d87ac253e3285039e563c5112dc15f1a
[INFO] running `Command { std: "docker" "start" "-a" "70e16ce73e8af4f2bb5fe33b46bf9f91d87ac253e3285039e563c5112dc15f1a", kill_on_drop: false }`
[INFO] [stderr]    Compiling trybuild v1.0.79
[INFO] [stderr]    Compiling glob v0.3.1
[INFO] [stderr]    Compiling basic-toml v0.1.2
[INFO] [stderr]    Compiling rome_diagnostics v0.0.1 (/opt/rustwide/workdir)
[INFO] [stderr]     Finished test [unoptimized + debuginfo] target(s) in 9.69s
[INFO] running `Command { std: "docker" "inspect" "70e16ce73e8af4f2bb5fe33b46bf9f91d87ac253e3285039e563c5112dc15f1a", kill_on_drop: false }`
[INFO] running `Command { std: "docker" "rm" "-f" "70e16ce73e8af4f2bb5fe33b46bf9f91d87ac253e3285039e563c5112dc15f1a", kill_on_drop: false }`
[INFO] [stdout] 70e16ce73e8af4f2bb5fe33b46bf9f91d87ac253e3285039e563c5112dc15f1a
[INFO] running `Command { std: "docker" "create" "-v" "/var/lib/crater-agent-workspace/builds/worker-3-tc2/target:/opt/rustwide/target:rw,Z" "-v" "/var/lib/crater-agent-workspace/builds/worker-3-tc2/source:/opt/rustwide/workdir:ro,Z" "-v" "/var/lib/crater-agent-workspace/cargo-home:/opt/rustwide/cargo-home:ro,Z" "-v" "/var/lib/crater-agent-workspace/rustup-home:/opt/rustwide/rustup-home:ro,Z" "-e" "SOURCE_DIR=/opt/rustwide/workdir" "-e" "CARGO_TARGET_DIR=/opt/rustwide/target" "-e" "CARGO_INCREMENTAL=0" "-e" "RUST_BACKTRACE=full" "-e" "RUSTFLAGS=--cap-lints=warn" "-e" "RUSTDOCFLAGS=--cap-lints=warn" "-e" "CARGO_HOME=/opt/rustwide/cargo-home" "-e" "RUSTUP_HOME=/opt/rustwide/rustup-home" "-w" "/opt/rustwide/workdir" "-m" "1610612736" "--user" "0:0" "--network" "none" "ghcr.io/rust-lang/crates-build-env/linux@sha256:2788e3201cd34a07e3172128adcd8b3090168a8e3bcc40d7c032b9dda1df7d1c" "/opt/rustwide/cargo-home/bin/cargo" "+beta-2024-01-09" "test" "--frozen", kill_on_drop: false }`
[INFO] [stdout] 825d3c8a56fded8fcd79d1ea8d4b71759bff2dd97e9f5e0659e99f516adc9f45
[INFO] running `Command { std: "docker" "start" "-a" "825d3c8a56fded8fcd79d1ea8d4b71759bff2dd97e9f5e0659e99f516adc9f45", kill_on_drop: false }`
[INFO] [stderr]     Finished test [unoptimized + debuginfo] target(s) in 0.06s
[INFO] [stderr]      Running unittests src/lib.rs (/opt/rustwide/target/debug/deps/rome_diagnostics-33b2aeccbe4d20af)
[INFO] [stdout] 
[INFO] [stdout] running 26 tests
[INFO] [stdout] test display::diff::tests::insert_many_lines ... ok
[INFO] [stdout] test display::diff::tests::remove_empty_line ... ok
[INFO] [stdout] test display::diff::tests::insert_single_line ... ok
[INFO] [stdout] test display::diff::tests::test_inline ... ok
[INFO] [stdout] test display::frame::tests::print_width ... ok
[INFO] [stdout] test display::message::test::message_size ... ok
[INFO] [stdout] test display::diff::tests::remove_many_lines ... ok
[INFO] [stdout] test display::diff::tests::test_single_line ... ok
[INFO] [stdout] test display::diff::tests::test_ellipsis ... ok
[INFO] [stdout] test display::tests::test_command_advice ... ok
[INFO] [stdout] test display::diff::tests::remove_single_line ... ok
[INFO] [stdout] test display::tests::test_backtrace_advice ... ok
[INFO] [stdout] test display::tests::test_diff_advice ... ok
[INFO] [stdout] test display::tests::test_header ... ok
[INFO] [stdout] test error::tests::test_drop ... ok
[INFO] [stdout] test location::tests::line_starts_with_line_feed ... ok
[INFO] [stdout] test location::tests::line_starts_with_carriage_return ... ok
[INFO] [stdout] test serde::tests::test_deserialize ... ok
[INFO] [stdout] test error::tests::test_result_size ... ok
[INFO] [stdout] test location::tests::line_starts_with_carriage_return_line_feed ... ok
[INFO] [stdout] test display::tests::test_list_advice ... ok
[INFO] [stdout] test serde::tests::test_serialize ... ok
[INFO] [stdout] test display::tests::test_group_advice ... ok
[INFO] [stdout] test display::tests::test_frame_advice ... ok
[INFO] [stdout] test display::tests::test_log_advices ... ok
[INFO] [stderr]      Running tests/macros.rs (/opt/rustwide/target/debug/deps/macros-0eea25a6dd841554)
[INFO] [stdout] test error::tests::test_error_size ... ok
[INFO] [stdout] 
[INFO] [stdout] test result: ok. 26 passed; 0 failed; 0 ignored; 0 measured; 0 filtered out; finished in 0.08s
[INFO] [stdout] 
[INFO] [stdout] 
[INFO] [stdout] running 1 test
[INFO] [stderr]    Compiling proc-macro2 v1.0.51
[INFO] [stderr]    Compiling unicode-ident v1.0.8
[INFO] [stderr]    Compiling quote v1.0.23
[INFO] [stderr]    Compiling syn v1.0.109
[INFO] [stderr]    Compiling serde_derive v1.0.153
[INFO] [stderr]    Compiling version_check v0.9.4
[INFO] [stderr]    Compiling serde v1.0.153
[INFO] [stderr]    Compiling memchr v2.5.0
[INFO] [stderr]    Compiling libc v0.2.139
[INFO] [stderr]    Compiling autocfg v1.1.0
[INFO] [stderr]    Compiling serde_json v1.0.94
[INFO] [stderr]     Checking regex-automata v0.1.10
[INFO] [stderr]     Checking lazy_static v1.4.0
[INFO] [stderr]    Compiling schemars v0.8.12
[INFO] [stderr]     Checking unicode-segmentation v1.10.1
[INFO] [stderr]     Checking ryu v1.0.13
[INFO] [stderr]     Checking itoa v1.0.6
[INFO] [stderr]     Checking cfg-if v1.0.0
[INFO] [stderr]    Compiling cc v1.0.79
[INFO] [stderr]     Checking once_cell v1.17.1
[INFO] [stderr]     Checking pin-project-lite v0.2.9
[INFO] [stderr]     Checking gimli v0.27.2
[INFO] [stderr]     Checking adler v1.0.2
[INFO] [stderr]     Checking dyn-clone v1.0.11
[INFO] [stderr]     Checking miniz_oxide v0.6.2
[INFO] [stderr]     Checking rustc-demangle v0.1.21
[INFO] [stderr]     Checking hashbrown v0.12.3
[INFO] [stderr]     Checking tracing-core v0.1.30
[INFO] [stderr]     Checking countme v3.0.1
[INFO] [stderr]     Checking unicode-width v0.1.10
[INFO] [stderr]     Checking termcolor v1.2.0
[INFO] [stderr]     Checking rustc-hash v1.1.0
[INFO] [stderr]     Checking bitflags v1.3.2
[INFO] [stderr]    Compiling proc-macro-error-attr v1.0.4
[INFO] [stderr]    Compiling proc-macro-error v1.0.4
[INFO] [stderr]     Checking pico-args v0.5.0
[INFO] [stderr]     Checking tracing v0.1.37
[INFO] [stderr]    Compiling memoffset v0.8.0
[INFO] [stderr]     Checking bstr v0.2.17
[INFO] [stderr]     Checking object v0.30.3
[INFO] [stderr]    Compiling rome_diagnostics_categories v0.0.1
[INFO] [stderr]     Checking atty v0.2.14
[INFO] [stderr]     Checking similar v2.2.1
[INFO] [stderr]    Compiling backtrace v0.3.67
[INFO] [stderr]    Compiling rome_markup v0.0.1
[INFO] [stderr]     Checking addr2line v0.19.0
[INFO] [stderr]    Compiling serde_derive_internals v0.26.0
[INFO] [stderr]    Compiling schemars_derive v0.8.12
[INFO] [stderr]    Compiling rome_diagnostics_macros v0.0.1
[INFO] [stderr]     Checking rome_text_size v0.0.1
[INFO] [stderr]     Checking rome_text_edit v0.0.1
[INFO] [stderr]     Checking rome_rowan v0.0.1
[INFO] [stderr]     Checking rome_console v0.0.1
[INFO] [stderr]     Checking rome_diagnostics v0.0.1 (/opt/rustwide/workdir)
[INFO] [stderr]     Checking rome_diagnostics-tests v0.0.0 (/opt/rustwide/target/tests/trybuild/rome_diagnostics)
[INFO] [stderr]     Finished dev [unoptimized + debuginfo] target(s) in 20.81s
[INFO] [stderr] 
[INFO] [stderr] 
[INFO] [stderr] test tests/macros/category_ident.rs ... ok
[INFO] [stderr] test tests/macros/category_paren.rs ... ok
[INFO] [stderr] test tests/macros/description_ident.rs ... ok
[INFO] [stderr] test tests/macros/description_paren.rs ... ok
[INFO] [stderr] test tests/macros/description_syntax_error.rs ... ok
[INFO] [stderr] test tests/macros/error_enum.rs ... ok
[INFO] [stderr] test tests/macros/error_union.rs ... ok
[INFO] [stderr] test tests/macros/location_eq.rs ... mismatch
[INFO] [stderr] 
[INFO] [stderr] EXPECTED:
[INFO] [stderr] ┈┈┈┈┈┈┈┈┈┈┈┈┈┈┈┈┈┈┈┈┈┈┈┈┈┈┈┈┈┈┈┈┈┈┈┈┈┈┈┈┈┈┈┈┈┈┈┈┈┈┈┈┈┈┈┈┈┈┈┈
[INFO] [stderr] error: failed to parse "location" attribute: expected parentheses
[INFO] [stderr]  --> tests/macros/location_eq.rs:5:16
[INFO] [stderr]   |
[INFO] [stderr] 5 |     #[location = Identifier]
[INFO] [stderr]   |                ^
[INFO] [stderr] 
[INFO] [stderr] error: unexpected expression: `Identifier`
[INFO] [stderr]  --> tests/macros/location_eq.rs:5:18
[INFO] [stderr]   |
[INFO] [stderr] 5 |     #[location = Identifier]
[INFO] [stderr]   |                  ^^^^^^^^^^
[INFO] [stderr] ┈┈┈┈┈┈┈┈┈┈┈┈┈┈┈┈┈┈┈┈┈┈┈┈┈┈┈┈┈┈┈┈┈┈┈┈┈┈┈┈┈┈┈┈┈┈┈┈┈┈┈┈┈┈┈┈┈┈┈┈
[INFO] [stderr] 
[INFO] [stderr] ACTUAL OUTPUT:
[INFO] [stderr] ┈┈┈┈┈┈┈┈┈┈┈┈┈┈┈┈┈┈┈┈┈┈┈┈┈┈┈┈┈┈┈┈┈┈┈┈┈┈┈┈┈┈┈┈┈┈┈┈┈┈┈┈┈┈┈┈┈┈┈┈
[INFO] [stderr] error: failed to parse "location" attribute: expected parentheses
[INFO] [stderr]  --> tests/macros/location_eq.rs:5:16
[INFO] [stderr]   |
[INFO] [stderr] 5 |     #[location = Identifier]
[INFO] [stderr]   |                ^
[INFO] [stderr] 
[INFO] [stderr] error: attribute value must be a literal
[INFO] [stderr]  --> tests/macros/location_eq.rs:5:18
[INFO] [stderr]   |
[INFO] [stderr] 5 |     #[location = Identifier]
[INFO] [stderr]   |                  ^^^^^^^^^^
[INFO] [stderr] ┈┈┈┈┈┈┈┈┈┈┈┈┈┈┈┈┈┈┈┈┈┈┈┈┈┈┈┈┈┈┈┈┈┈┈┈┈┈┈┈┈┈┈┈┈┈┈┈┈┈┈┈┈┈┈┈┈┈┈┈
[INFO] [stderr] note: If the actual output is the correct output you can bless it by rerunning
[INFO] [stderr]       your test with the environment variable TRYBUILD=overwrite
[INFO] [stderr] 
[INFO] [stderr] test tests/macros/severity_lit_str.rs ... ok
[INFO] [stderr] test tests/macros/severity_paren.rs ... ok
[INFO] [stderr] test tests/macros/tags_comma.rs ... ok
[INFO] [stderr] test tests/macros/tags_eq.rs ... ok
[INFO] [stderr] test tests/macros/unknown_container_attr.rs ... ok
[INFO] [stderr] test tests/macros/unknown_field_attr.rs ... ok
[INFO] [stderr] test tests/macros/unknown_location_attr.rs ... ok
[INFO] [stderr] test tests/macros/unknown_message_attr.rs ... ok
[INFO] [stderr] 
[INFO] [stderr] 
[INFO] [stdout] test test_macros ... FAILED
[INFO] [stdout] 
[INFO] [stdout] failures:
[INFO] [stdout] 
[INFO] [stdout] ---- test_macros stdout ----
[INFO] [stdout] thread 'test_macros' panicked at /opt/rustwide/cargo-home/registry/src/index.crates.io-6f17d22bba15001f/trybuild-1.0.79/src/run.rs:101:13:
[INFO] [stdout] 1 of 16 tests failed
[INFO] [stdout] stack backtrace:
[INFO] [stdout]    0:     0x5558e62d4d76 - std::backtrace_rs::backtrace::libunwind::trace::h03effc2488ffeadf
[INFO] [stdout]                                at /rustc/650745ceb2ae60e04f8cd7bfb671fc37239533e4/library/std/src/../../backtrace/src/backtrace/libunwind.rs:104:5
[INFO] [stdout]    1:     0x5558e62d4d76 - std::backtrace_rs::backtrace::trace_unsynchronized::h006ca25a07988d2f
[INFO] [stdout]                                at /rustc/650745ceb2ae60e04f8cd7bfb671fc37239533e4/library/std/src/../../backtrace/src/backtrace/mod.rs:66:5
[INFO] [stdout]    2:     0x5558e62d4d76 - std::sys_common::backtrace::_print_fmt::h4e3552f7b93352b1
[INFO] [stdout]                                at /rustc/650745ceb2ae60e04f8cd7bfb671fc37239533e4/library/std/src/sys_common/backtrace.rs:68:5
[INFO] [stdout]    3:     0x5558e62d4d76 - <std::sys_common::backtrace::_print::DisplayBacktrace as core::fmt::Display>::fmt::h9fe510a7d5cbe2d5
[INFO] [stdout]                                at /rustc/650745ceb2ae60e04f8cd7bfb671fc37239533e4/library/std/src/sys_common/backtrace.rs:44:22
[INFO] [stdout]    4:     0x5558e6300470 - core::fmt::rt::Argument::fmt::h74b18c7a7e637710
[INFO] [stdout]                                at /rustc/650745ceb2ae60e04f8cd7bfb671fc37239533e4/library/core/src/fmt/rt.rs:142:9
[INFO] [stdout]    5:     0x5558e6300470 - core::fmt::write::h8f8030c94ead45fd
[INFO] [stdout]                                at /rustc/650745ceb2ae60e04f8cd7bfb671fc37239533e4/library/core/src/fmt/mod.rs:1120:17
[INFO] [stdout]    6:     0x5558e62d1dff - std::io::Write::write_fmt::hd5dc84d51b55db4d
[INFO] [stdout]                                at /rustc/650745ceb2ae60e04f8cd7bfb671fc37239533e4/library/std/src/io/mod.rs:1810:15
[INFO] [stdout]    7:     0x5558e62d4b54 - std::sys_common::backtrace::_print::h9804e7b18da25ce0
[INFO] [stdout]                                at /rustc/650745ceb2ae60e04f8cd7bfb671fc37239533e4/library/std/src/sys_common/backtrace.rs:47:5
[INFO] [stdout]    8:     0x5558e62d4b54 - std::sys_common::backtrace::print::h88277d710d09094a
[INFO] [stdout]                                at /rustc/650745ceb2ae60e04f8cd7bfb671fc37239533e4/library/std/src/sys_common/backtrace.rs:34:9
[INFO] [stdout]    9:     0x5558e62d68c7 - std::panicking::default_hook::{{closure}}::hdbdcf066fe677727
[INFO] [stdout]   10:     0x5558e62d65ad - std::panicking::default_hook::h23a1b51cb553f858
[INFO] [stdout]                                at /rustc/650745ceb2ae60e04f8cd7bfb671fc37239533e4/library/std/src/panicking.rs:289:9
[INFO] [stdout]   11:     0x5558e62a47b7 - <alloc::boxed::Box<F,A> as core::ops::function::Fn<Args>>::call::hb97b3d5e50e8f668
[INFO] [stdout]                                at /rustc/650745ceb2ae60e04f8cd7bfb671fc37239533e4/library/alloc/src/boxed.rs:2029:9
[INFO] [stdout]   12:     0x5558e62a47b7 - test::test_main::{{closure}}::h08dcb42f9689ad1d
[INFO] [stdout]                                at /rustc/650745ceb2ae60e04f8cd7bfb671fc37239533e4/library/test/src/lib.rs:138:21
[INFO] [stdout]   13:     0x5558e62d6ee6 - <alloc::boxed::Box<F,A> as core::ops::function::Fn<Args>>::call::he29ab032578fbb20
[INFO] [stdout]                                at /rustc/650745ceb2ae60e04f8cd7bfb671fc37239533e4/library/alloc/src/boxed.rs:2029:9
[INFO] [stdout]   14:     0x5558e62d6ee6 - std::panicking::rust_panic_with_hook::hee41672977842e8f
[INFO] [stdout]                                at /rustc/650745ceb2ae60e04f8cd7bfb671fc37239533e4/library/std/src/panicking.rs:783:13
[INFO] [stdout]   15:     0x5558e62d6c32 - std::panicking::begin_panic_handler::{{closure}}::h6e390f49bfce6eb3
[INFO] [stdout]                                at /rustc/650745ceb2ae60e04f8cd7bfb671fc37239533e4/library/std/src/panicking.rs:657:13
[INFO] [stdout]   16:     0x5558e62d5276 - std::sys_common::backtrace::__rust_end_short_backtrace::h72ee75b447321fc6
[INFO] [stdout]                                at /rustc/650745ceb2ae60e04f8cd7bfb671fc37239533e4/library/std/src/sys_common/backtrace.rs:171:18
[INFO] [stdout]   17:     0x5558e62d6990 - rust_begin_unwind
[INFO] [stdout]                                at /rustc/650745ceb2ae60e04f8cd7bfb671fc37239533e4/library/std/src/panicking.rs:645:5
[INFO] [stdout]   18:     0x5558e6082fc5 - core::panicking::panic_fmt::hf7ebce36d1a084ab
[INFO] [stdout]                                at /rustc/650745ceb2ae60e04f8cd7bfb671fc37239533e4/library/core/src/panicking.rs:72:14
[INFO] [stdout]   19:     0x5558e60934b9 - trybuild::run::<impl trybuild::Runner>::run::hf9c0dc6781f5b9eb
[INFO] [stdout]                                at /opt/rustwide/cargo-home/registry/src/index.crates.io-6f17d22bba15001f/trybuild-1.0.79/src/run.rs:101:13
[INFO] [stdout]   20:     0x5558e6099028 - <trybuild::TestCases as core::ops::drop::Drop>::drop::h7706f0e7f0fa06fc
[INFO] [stdout]                                at /opt/rustwide/cargo-home/registry/src/index.crates.io-6f17d22bba15001f/trybuild-1.0.79/src/lib.rs:314:13
[INFO] [stdout]   21:     0x5558e6083bd7 - core::ptr::drop_in_place<trybuild::TestCases>::hb521437565679307
[INFO] [stdout]                                at /rustc/650745ceb2ae60e04f8cd7bfb671fc37239533e4/library/core/src/ptr/mod.rs:507:1
[INFO] [stdout]   22:     0x5558e6084b73 - macros::test_macros::h7457b7e1f0780308
[INFO] [stdout]                                at /opt/rustwide/workdir/tests/macros.rs:5:1
[INFO] [stdout]   23:     0x5558e6084b07 - macros::test_macros::{{closure}}::h58ad697126c985ff
[INFO] [stdout]                                at /opt/rustwide/workdir/tests/macros.rs:2:17
[INFO] [stdout]   24:     0x5558e6083b36 - core::ops::function::FnOnce::call_once::h143fbee454788bcc
[INFO] [stdout]                                at /rustc/650745ceb2ae60e04f8cd7bfb671fc37239533e4/library/core/src/ops/function.rs:250:5
[INFO] [stdout]   25:     0x5558e62a9fef - core::ops::function::FnOnce::call_once::h06047d416fab4738
[INFO] [stdout]                                at /rustc/650745ceb2ae60e04f8cd7bfb671fc37239533e4/library/core/src/ops/function.rs:250:5
[INFO] [stdout]   26:     0x5558e62a9fef - test::__rust_begin_short_backtrace::hcb5713adfb060771
[INFO] [stdout]                                at /rustc/650745ceb2ae60e04f8cd7bfb671fc37239533e4/library/test/src/lib.rs:627:18
[INFO] [stdout]   27:     0x5558e62a8e11 - test::run_test_in_process::{{closure}}::h6861e3633d7c9c27
[INFO] [stdout]                                at /rustc/650745ceb2ae60e04f8cd7bfb671fc37239533e4/library/test/src/lib.rs:650:60
[INFO] [stdout]   28:     0x5558e62a8e11 - <core::panic::unwind_safe::AssertUnwindSafe<F> as core::ops::function::FnOnce<()>>::call_once::hb64fe2246fb8da62
[INFO] [stdout]                                at /rustc/650745ceb2ae60e04f8cd7bfb671fc37239533e4/library/core/src/panic/unwind_safe.rs:272:9
[INFO] [stdout]   29:     0x5558e62a8e11 - std::panicking::try::do_call::h298b24dc8da96ba0
[INFO] [stdout]                                at /rustc/650745ceb2ae60e04f8cd7bfb671fc37239533e4/library/std/src/panicking.rs:552:40
[INFO] [stdout]   30:     0x5558e62a8e11 - std::panicking::try::h69c2bfb52fabb772
[INFO] [stdout]                                at /rustc/650745ceb2ae60e04f8cd7bfb671fc37239533e4/library/std/src/panicking.rs:516:19
[INFO] [stdout]   31:     0x5558e62a8e11 - std::panic::catch_unwind::hc0f23ff16cc28725
[INFO] [stdout]                                at /rustc/650745ceb2ae60e04f8cd7bfb671fc37239533e4/library/std/src/panic.rs:142:14
[INFO] [stdout]   32:     0x5558e62a8e11 - test::run_test_in_process::hddee0506ec75925f
[INFO] [stdout]                                at /rustc/650745ceb2ae60e04f8cd7bfb671fc37239533e4/library/test/src/lib.rs:650:27
[INFO] [stdout]   33:     0x5558e62a8e11 - test::run_test::{{closure}}::h5cfb204228607716
[INFO] [stdout]                                at /rustc/650745ceb2ae60e04f8cd7bfb671fc37239533e4/library/test/src/lib.rs:573:43
[INFO] [stdout]   34:     0x5558e6270146 - test::run_test::{{closure}}::hd4d5602ef13205a5
[INFO] [stdout]                                at /rustc/650745ceb2ae60e04f8cd7bfb671fc37239533e4/library/test/src/lib.rs:601:41
[INFO] [stdout]   35:     0x5558e6270146 - std::sys_common::backtrace::__rust_begin_short_backtrace::h5ccc5cff5923f06c
[INFO] [stdout]                                at /rustc/650745ceb2ae60e04f8cd7bfb671fc37239533e4/library/std/src/sys_common/backtrace.rs:155:18
[INFO] [stdout]   36:     0x5558e6275247 - std::thread::Builder::spawn_unchecked_::{{closure}}::{{closure}}::hafc0d76dcef09eee
[INFO] [stdout]                                at /rustc/650745ceb2ae60e04f8cd7bfb671fc37239533e4/library/std/src/thread/mod.rs:529:17
[INFO] [stdout]   37:     0x5558e6275247 - <core::panic::unwind_safe::AssertUnwindSafe<F> as core::ops::function::FnOnce<()>>::call_once::hb8ad16fe24e3ea09
[INFO] [stdout]                                at /rustc/650745ceb2ae60e04f8cd7bfb671fc37239533e4/library/core/src/panic/unwind_safe.rs:272:9
[INFO] [stdout]   38:     0x5558e6275247 - std::panicking::try::do_call::h42f15bc08f3d28df
[INFO] [stdout]                                at /rustc/650745ceb2ae60e04f8cd7bfb671fc37239533e4/library/std/src/panicking.rs:552:40
[INFO] [stdout]   39:     0x5558e6275247 - std::panicking::try::h81546958e5901712
[INFO] [stdout]                                at /rustc/650745ceb2ae60e04f8cd7bfb671fc37239533e4/library/std/src/panicking.rs:516:19
[INFO] [stdout]   40:     0x5558e6275247 - std::panic::catch_unwind::hc4c7cd89a2f03e29
[INFO] [stdout]                                at /rustc/650745ceb2ae60e04f8cd7bfb671fc37239533e4/library/std/src/panic.rs:142:14
[INFO] [stdout]   41:     0x5558e6275247 - std::thread::Builder::spawn_unchecked_::{{closure}}::h45ad00093b802d53
[INFO] [stdout]                                at /rustc/650745ceb2ae60e04f8cd7bfb671fc37239533e4/library/std/src/thread/mod.rs:528:30
[INFO] [stdout]   42:     0x5558e6275247 - core::ops::function::FnOnce::call_once{{vtable.shim}}::heec906b8862c0a30
[INFO] [stdout]                                at /rustc/650745ceb2ae60e04f8cd7bfb671fc37239533e4/library/core/src/ops/function.rs:250:5
[INFO] [stdout]   43:     0x5558e62dcb15 - <alloc::boxed::Box<F,A> as core::ops::function::FnOnce<Args>>::call_once::he271a8e9b4ffec7b
[INFO] [stdout]                                at /rustc/650745ceb2ae60e04f8cd7bfb671fc37239533e4/library/alloc/src/boxed.rs:2015:9
[INFO] [stdout]   44:     0x5558e62dcb15 - <alloc::boxed::Box<F,A> as core::ops::function::FnOnce<Args>>::call_once::heeb272d5c498a02f
[INFO] [stdout]                                at /rustc/650745ceb2ae60e04f8cd7bfb671fc37239533e4/library/alloc/src/boxed.rs:2015:9
[INFO] [stdout]   45:     0x5558e62dcb15 - std::sys::unix::thread::Thread::new::thread_start::h1fcefdf404730fa7
[INFO] [stdout]                                at /rustc/650745ceb2ae60e04f8cd7bfb671fc37239533e4/library/std/src/sys/unix/thread.rs:108:17
[INFO] [stdout]   46:     0x7f25b9788ac3 - <unknown>
[INFO] [stdout]   47:     0x7f25b9819bf4 - __clone
[INFO] [stdout]   48:                0x0 - <unknown>
[INFO] [stdout] 
[INFO] [stdout] 
[INFO] [stdout] failures:
[INFO] [stdout]     test_macros
[INFO] [stdout] 
[INFO] [stdout] test result: FAILED. 0 passed; 1 failed; 0 ignored; 0 measured; 0 filtered out; finished in 25.32s
[INFO] [stdout] 
[INFO] [stderr] error: test failed, to rerun pass `--test macros`
[INFO] running `Command { std: "docker" "inspect" "825d3c8a56fded8fcd79d1ea8d4b71759bff2dd97e9f5e0659e99f516adc9f45", kill_on_drop: false }`
[INFO] running `Command { std: "docker" "rm" "-f" "825d3c8a56fded8fcd79d1ea8d4b71759bff2dd97e9f5e0659e99f516adc9f45", kill_on_drop: false }`
[INFO] [stdout] 825d3c8a56fded8fcd79d1ea8d4b71759bff2dd97e9f5e0659e99f516adc9f45
