[INFO] fetching crate preshot 1.0.1...
[INFO] testing preshot-1.0.1 against 1.75.0 for beta-1.76-3
[INFO] extracting crate preshot 1.0.1 into /workspace/builds/worker-3-tc1/source
[INFO] validating manifest of crates.io crate preshot 1.0.1 on toolchain 1.75.0
[INFO] running `Command { std: CARGO_HOME="/workspace/cargo-home" RUSTUP_HOME="/workspace/rustup-home" "/workspace/cargo-home/bin/cargo" "+1.75.0" "metadata" "--manifest-path" "Cargo.toml" "--no-deps", kill_on_drop: false }`
[INFO] started tweaking crates.io crate preshot 1.0.1
[INFO] finished tweaking crates.io crate preshot 1.0.1
[INFO] tweaked toml for crates.io crate preshot 1.0.1 written to /workspace/builds/worker-3-tc1/source/Cargo.toml
[INFO] crate crates.io crate preshot 1.0.1 already has a lockfile, it will not be regenerated
[INFO] running `Command { std: CARGO_HOME="/workspace/cargo-home" RUSTUP_HOME="/workspace/rustup-home" "/workspace/cargo-home/bin/cargo" "+1.75.0" "fetch" "--manifest-path" "Cargo.toml", kill_on_drop: false }`
[INFO] [stderr]     Blocking waiting for file lock on package cache
[INFO] [stderr]     Updating crates.io index
[INFO] [stderr]     Blocking waiting for file lock on package cache
[INFO] [stderr]  Downloading crates ...
[INFO] [stderr]   Downloaded derive v1.0.0
[INFO] [stderr]   Downloaded features v0.10.0
[INFO] [stderr]   Downloaded assert_cmd v2.0.4
[INFO] [stderr]   Downloaded clap v3.2.8
[INFO] running `Command { std: "docker" "create" "-v" "/var/lib/crater-agent-workspace/builds/worker-3-tc1/target:/opt/rustwide/target:rw,Z" "-v" "/var/lib/crater-agent-workspace/builds/worker-3-tc1/source:/opt/rustwide/workdir:ro,Z" "-v" "/var/lib/crater-agent-workspace/cargo-home:/opt/rustwide/cargo-home:ro,Z" "-v" "/var/lib/crater-agent-workspace/rustup-home:/opt/rustwide/rustup-home:ro,Z" "-e" "SOURCE_DIR=/opt/rustwide/workdir" "-e" "CARGO_TARGET_DIR=/opt/rustwide/target" "-e" "CARGO_HOME=/opt/rustwide/cargo-home" "-e" "RUSTUP_HOME=/opt/rustwide/rustup-home" "-w" "/opt/rustwide/workdir" "-m" "1610612736" "--user" "0:0" "--network" "none" "ghcr.io/rust-lang/crates-build-env/linux@sha256:2788e3201cd34a07e3172128adcd8b3090168a8e3bcc40d7c032b9dda1df7d1c" "/opt/rustwide/cargo-home/bin/cargo" "+1.75.0" "metadata" "--no-deps" "--format-version=1", kill_on_drop: false }`
[INFO] [stdout] db2fc371456ffa2754fbaa8cfc31bb06d9b135462506e4ce977491405d5865f7
[INFO] running `Command { std: "docker" "start" "-a" "db2fc371456ffa2754fbaa8cfc31bb06d9b135462506e4ce977491405d5865f7", kill_on_drop: false }`
[INFO] running `Command { std: "docker" "inspect" "db2fc371456ffa2754fbaa8cfc31bb06d9b135462506e4ce977491405d5865f7", kill_on_drop: false }`
[INFO] running `Command { std: "docker" "rm" "-f" "db2fc371456ffa2754fbaa8cfc31bb06d9b135462506e4ce977491405d5865f7", kill_on_drop: false }`
[INFO] [stdout] db2fc371456ffa2754fbaa8cfc31bb06d9b135462506e4ce977491405d5865f7
[INFO] running `Command { std: "docker" "create" "-v" "/var/lib/crater-agent-workspace/builds/worker-3-tc1/target:/opt/rustwide/target:rw,Z" "-v" "/var/lib/crater-agent-workspace/builds/worker-3-tc1/source:/opt/rustwide/workdir:ro,Z" "-v" "/var/lib/crater-agent-workspace/cargo-home:/opt/rustwide/cargo-home:ro,Z" "-v" "/var/lib/crater-agent-workspace/rustup-home:/opt/rustwide/rustup-home:ro,Z" "-e" "SOURCE_DIR=/opt/rustwide/workdir" "-e" "CARGO_TARGET_DIR=/opt/rustwide/target" "-e" "CARGO_INCREMENTAL=0" "-e" "RUST_BACKTRACE=full" "-e" "RUSTFLAGS=--cap-lints=warn" "-e" "RUSTDOCFLAGS=--cap-lints=warn" "-e" "CARGO_HOME=/opt/rustwide/cargo-home" "-e" "RUSTUP_HOME=/opt/rustwide/rustup-home" "-w" "/opt/rustwide/workdir" "-m" "1610612736" "--user" "0:0" "--network" "none" "ghcr.io/rust-lang/crates-build-env/linux@sha256:2788e3201cd34a07e3172128adcd8b3090168a8e3bcc40d7c032b9dda1df7d1c" "/opt/rustwide/cargo-home/bin/cargo" "+1.75.0" "build" "--frozen" "--message-format=json", kill_on_drop: false }`
[INFO] [stdout] 2cfc49076ecf2a9af9b417e2c5eeed1e459a81f312ea509df42fdb9b7096c4d2
[INFO] running `Command { std: "docker" "start" "-a" "2cfc49076ecf2a9af9b417e2c5eeed1e459a81f312ea509df42fdb9b7096c4d2", kill_on_drop: false }`
[INFO] [stderr]    Compiling version_check v0.9.4
[INFO] [stderr]    Compiling libc v0.2.126
[INFO] [stderr]    Compiling typenum v1.15.0
[INFO] [stderr]    Compiling proc-macro2 v1.0.40
[INFO] [stderr]    Compiling quote v1.0.20
[INFO] [stderr]    Compiling unicode-ident v1.0.1
[INFO] [stderr]    Compiling memchr v2.5.0
[INFO] [stderr]    Compiling serde v1.0.138
[INFO] [stderr]    Compiling syn v1.0.98
[INFO] [stderr]    Compiling autocfg v1.1.0
[INFO] [stderr]    Compiling lazy_static v1.4.0
[INFO] [stderr]    Compiling cfg-if v1.0.0
[INFO] [stderr]    Compiling regex-automata v0.1.10
[INFO] [stderr]    Compiling subtle v2.4.1
[INFO] [stderr]    Compiling os_str_bytes v6.1.0
[INFO] [stderr]    Compiling hashbrown v0.12.1
[INFO] [stderr]    Compiling ryu v1.0.10
[INFO] [stderr]    Compiling itoa v0.4.8
[INFO] [stderr]    Compiling bitflags v1.3.2
[INFO] [stderr]    Compiling heck v0.4.0
[INFO] [stderr]    Compiling byteorder v1.4.3
[INFO] [stderr]    Compiling clap_lex v0.2.4
[INFO] [stderr]    Compiling textwrap v0.15.0
[INFO] [stderr]    Compiling once_cell v1.12.0
[INFO] [stderr]    Compiling generic-array v0.14.5
[INFO] [stderr]    Compiling proc-macro-error-attr v1.0.4
[INFO] [stderr]    Compiling proc-macro-error v1.0.4
[INFO] [stderr]    Compiling unicode-width v0.1.9
[INFO] [stderr]    Compiling cpufeatures v0.2.2
[INFO] [stderr]    Compiling strsim v0.10.0
[INFO] [stderr]    Compiling indexmap v1.9.1
[INFO] [stderr]    Compiling encode_unicode v0.3.6
[INFO] [stderr]    Compiling termcolor v1.1.3
[INFO] [stderr]    Compiling features v0.10.0
[INFO] [stderr]    Compiling derive v1.0.0
[INFO] [stderr]    Compiling csv-core v0.1.10
[INFO] [stderr]    Compiling atty v0.2.14
[INFO] [stderr]    Compiling dirs v1.0.5
[INFO] [stderr]    Compiling getrandom v0.2.7
[INFO] [stderr]    Compiling uuid v1.1.2
[INFO] [stderr]    Compiling term v0.5.2
[INFO] [stderr]    Compiling crypto-common v0.1.4
[INFO] [stderr]    Compiling block-buffer v0.10.2
[INFO] [stderr]    Compiling digest v0.10.3
[INFO] [stderr]    Compiling sha2 v0.10.2
[INFO] [stderr]    Compiling hmac v0.12.1
[INFO] [stderr]    Compiling bstr v0.2.17
[INFO] [stderr]    Compiling csv v1.1.6
[INFO] [stderr]    Compiling clap_derive v3.2.7
[INFO] [stderr]    Compiling prettytable-rs v0.8.0
[INFO] [stderr]    Compiling clap v3.2.8
[INFO] [stderr]    Compiling preshot v1.0.1 (/opt/rustwide/workdir)
[INFO] [stderr]     Finished dev [unoptimized + debuginfo] target(s) in 19.10s
[INFO] running `Command { std: "docker" "inspect" "2cfc49076ecf2a9af9b417e2c5eeed1e459a81f312ea509df42fdb9b7096c4d2", kill_on_drop: false }`
[INFO] running `Command { std: "docker" "rm" "-f" "2cfc49076ecf2a9af9b417e2c5eeed1e459a81f312ea509df42fdb9b7096c4d2", kill_on_drop: false }`
[INFO] [stdout] 2cfc49076ecf2a9af9b417e2c5eeed1e459a81f312ea509df42fdb9b7096c4d2
[INFO] running `Command { std: "docker" "create" "-v" "/var/lib/crater-agent-workspace/builds/worker-3-tc1/target:/opt/rustwide/target:rw,Z" "-v" "/var/lib/crater-agent-workspace/builds/worker-3-tc1/source:/opt/rustwide/workdir:ro,Z" "-v" "/var/lib/crater-agent-workspace/cargo-home:/opt/rustwide/cargo-home:ro,Z" "-v" "/var/lib/crater-agent-workspace/rustup-home:/opt/rustwide/rustup-home:ro,Z" "-e" "SOURCE_DIR=/opt/rustwide/workdir" "-e" "CARGO_TARGET_DIR=/opt/rustwide/target" "-e" "CARGO_INCREMENTAL=0" "-e" "RUST_BACKTRACE=full" "-e" "RUSTFLAGS=--cap-lints=warn" "-e" "RUSTDOCFLAGS=--cap-lints=warn" "-e" "CARGO_HOME=/opt/rustwide/cargo-home" "-e" "RUSTUP_HOME=/opt/rustwide/rustup-home" "-w" "/opt/rustwide/workdir" "-m" "1610612736" "--user" "0:0" "--network" "none" "ghcr.io/rust-lang/crates-build-env/linux@sha256:2788e3201cd34a07e3172128adcd8b3090168a8e3bcc40d7c032b9dda1df7d1c" "/opt/rustwide/cargo-home/bin/cargo" "+1.75.0" "test" "--frozen" "--no-run" "--message-format=json", kill_on_drop: false }`
[INFO] [stdout] 44744c539e0a692bb07441b9300f197e9d4f49580d44e124ac234706f6d8f01b
[INFO] running `Command { std: "docker" "start" "-a" "44744c539e0a692bb07441b9300f197e9d4f49580d44e124ac234706f6d8f01b", kill_on_drop: false }`
[INFO] [stderr]    Compiling memchr v2.5.0
[INFO] [stderr]    Compiling num-traits v0.2.15
[INFO] [stderr]    Compiling regex-syntax v0.6.27
[INFO] [stderr]    Compiling either v1.8.0
[INFO] [stderr]    Compiling doc-comment v0.3.3
[INFO] [stderr]    Compiling predicates-core v1.0.3
[INFO] [stderr]    Compiling difflib v0.4.0
[INFO] [stderr]    Compiling termtree v0.2.4
[INFO] [stderr]    Compiling normalize-line-endings v0.3.0
[INFO] [stderr]    Compiling wait-timeout v0.2.0
[INFO] [stderr]    Compiling predicates-tree v1.0.5
[INFO] [stderr]    Compiling itertools v0.10.3
[INFO] [stderr]    Compiling bstr v0.2.17
[INFO] [stderr]    Compiling aho-corasick v0.7.18
[INFO] [stderr]    Compiling csv-core v0.1.10
[INFO] [stderr]    Compiling csv v1.1.6
[INFO] [stderr]    Compiling float-cmp v0.9.0
[INFO] [stderr]    Compiling prettytable-rs v0.8.0
[INFO] [stderr]    Compiling regex v1.6.0
[INFO] [stderr]    Compiling preshot v1.0.1 (/opt/rustwide/workdir)
[INFO] [stderr]    Compiling predicates v2.1.1
[INFO] [stderr]    Compiling assert_cmd v2.0.4
[INFO] [stderr]     Finished test [unoptimized + debuginfo] target(s) in 13.45s
[INFO] running `Command { std: "docker" "inspect" "44744c539e0a692bb07441b9300f197e9d4f49580d44e124ac234706f6d8f01b", kill_on_drop: false }`
[INFO] running `Command { std: "docker" "rm" "-f" "44744c539e0a692bb07441b9300f197e9d4f49580d44e124ac234706f6d8f01b", kill_on_drop: false }`
[INFO] [stdout] 44744c539e0a692bb07441b9300f197e9d4f49580d44e124ac234706f6d8f01b
[INFO] running `Command { std: "docker" "create" "-v" "/var/lib/crater-agent-workspace/builds/worker-3-tc1/target:/opt/rustwide/target:rw,Z" "-v" "/var/lib/crater-agent-workspace/builds/worker-3-tc1/source:/opt/rustwide/workdir:ro,Z" "-v" "/var/lib/crater-agent-workspace/cargo-home:/opt/rustwide/cargo-home:ro,Z" "-v" "/var/lib/crater-agent-workspace/rustup-home:/opt/rustwide/rustup-home:ro,Z" "-e" "SOURCE_DIR=/opt/rustwide/workdir" "-e" "CARGO_TARGET_DIR=/opt/rustwide/target" "-e" "CARGO_INCREMENTAL=0" "-e" "RUST_BACKTRACE=full" "-e" "RUSTFLAGS=--cap-lints=warn" "-e" "RUSTDOCFLAGS=--cap-lints=warn" "-e" "CARGO_HOME=/opt/rustwide/cargo-home" "-e" "RUSTUP_HOME=/opt/rustwide/rustup-home" "-w" "/opt/rustwide/workdir" "-m" "1610612736" "--user" "0:0" "--network" "none" "ghcr.io/rust-lang/crates-build-env/linux@sha256:2788e3201cd34a07e3172128adcd8b3090168a8e3bcc40d7c032b9dda1df7d1c" "/opt/rustwide/cargo-home/bin/cargo" "+1.75.0" "test" "--frozen", kill_on_drop: false }`
[INFO] [stdout] 6f75321c94aea5d41852dcc746cef542d839ba083d28c2fa4abfb94e14618896
[INFO] running `Command { std: "docker" "start" "-a" "6f75321c94aea5d41852dcc746cef542d839ba083d28c2fa4abfb94e14618896", kill_on_drop: false }`
[INFO] [stderr]     Finished test [unoptimized + debuginfo] target(s) in 0.08s
[INFO] [stderr]      Running unittests src/main.rs (/opt/rustwide/target/debug/deps/preshot-67ffa8b2212bc1cb)
[INFO] [stdout] 
[INFO] [stdout] running 0 tests
[INFO] [stdout] 
[INFO] [stdout] test result: ok. 0 passed; 0 failed; 0 ignored; 0 measured; 0 filtered out; finished in 0.00s
[INFO] [stdout] 
[INFO] [stderr]      Running tests/cli.rs (/opt/rustwide/target/debug/deps/cli-f8ced1b119fe006d)
[INFO] [stdout] 
[INFO] [stdout] running 10 tests
[INFO] [stdout] test discover_keys_missing_uids ... ignored
[INFO] [stdout] test generate_keys_multiple ... ok
[INFO] [stdout] test discover_keys_single ... ok
[INFO] [stdout] test generate_keys_multiple_misstyped_count_arg ... ok
[INFO] [stdout] test discover_keys_missing_master_key ... ok
[INFO] [stdout] test generate_uuids_multiple ... ok
[INFO] [stdout] test generate_uuids ... ok
[INFO] [stdout] test generate_keys_single ... ok
[INFO] [stdout] test generate_uuids_misstyped_count_arg ... ok
[INFO] [stdout] test discover_keys_multiple ... ok
[INFO] [stdout] 
[INFO] [stdout] test result: ok. 9 passed; 0 failed; 1 ignored; 0 measured; 0 filtered out; finished in 0.06s
[INFO] [stdout] 
[INFO] running `Command { std: "docker" "inspect" "6f75321c94aea5d41852dcc746cef542d839ba083d28c2fa4abfb94e14618896", kill_on_drop: false }`
[INFO] running `Command { std: "docker" "rm" "-f" "6f75321c94aea5d41852dcc746cef542d839ba083d28c2fa4abfb94e14618896", kill_on_drop: false }`
[INFO] [stdout] 6f75321c94aea5d41852dcc746cef542d839ba083d28c2fa4abfb94e14618896
[INFO] testing preshot-1.0.1 against beta-2024-01-09 for beta-1.76-3
[INFO] extracting crate preshot 1.0.1 into /workspace/builds/worker-3-tc2/source
[INFO] validating manifest of crates.io crate preshot 1.0.1 on toolchain beta-2024-01-09
[INFO] running `Command { std: CARGO_HOME="/workspace/cargo-home" RUSTUP_HOME="/workspace/rustup-home" "/workspace/cargo-home/bin/cargo" "+beta-2024-01-09" "metadata" "--manifest-path" "Cargo.toml" "--no-deps", kill_on_drop: false }`
[INFO] started tweaking crates.io crate preshot 1.0.1
[INFO] finished tweaking crates.io crate preshot 1.0.1
[INFO] tweaked toml for crates.io crate preshot 1.0.1 written to /workspace/builds/worker-3-tc2/source/Cargo.toml
[INFO] crate crates.io crate preshot 1.0.1 already has a lockfile, it will not be regenerated
[INFO] running `Command { std: CARGO_HOME="/workspace/cargo-home" RUSTUP_HOME="/workspace/rustup-home" "/workspace/cargo-home/bin/cargo" "+beta-2024-01-09" "fetch" "--manifest-path" "Cargo.toml", kill_on_drop: false }`
[INFO] running `Command { std: "docker" "create" "-v" "/var/lib/crater-agent-workspace/builds/worker-3-tc2/target:/opt/rustwide/target:rw,Z" "-v" "/var/lib/crater-agent-workspace/builds/worker-3-tc2/source:/opt/rustwide/workdir:ro,Z" "-v" "/var/lib/crater-agent-workspace/cargo-home:/opt/rustwide/cargo-home:ro,Z" "-v" "/var/lib/crater-agent-workspace/rustup-home:/opt/rustwide/rustup-home:ro,Z" "-e" "SOURCE_DIR=/opt/rustwide/workdir" "-e" "CARGO_TARGET_DIR=/opt/rustwide/target" "-e" "CARGO_HOME=/opt/rustwide/cargo-home" "-e" "RUSTUP_HOME=/opt/rustwide/rustup-home" "-w" "/opt/rustwide/workdir" "-m" "1610612736" "--user" "0:0" "--network" "none" "ghcr.io/rust-lang/crates-build-env/linux@sha256:2788e3201cd34a07e3172128adcd8b3090168a8e3bcc40d7c032b9dda1df7d1c" "/opt/rustwide/cargo-home/bin/cargo" "+beta-2024-01-09" "metadata" "--no-deps" "--format-version=1", kill_on_drop: false }`
[INFO] [stdout] ac418fc17e98f2dfee78ef19d18c69986a2a23d600f615a65823af23746055e4
[INFO] running `Command { std: "docker" "start" "-a" "ac418fc17e98f2dfee78ef19d18c69986a2a23d600f615a65823af23746055e4", kill_on_drop: false }`
[INFO] running `Command { std: "docker" "inspect" "ac418fc17e98f2dfee78ef19d18c69986a2a23d600f615a65823af23746055e4", kill_on_drop: false }`
[INFO] running `Command { std: "docker" "rm" "-f" "ac418fc17e98f2dfee78ef19d18c69986a2a23d600f615a65823af23746055e4", kill_on_drop: false }`
[INFO] [stdout] ac418fc17e98f2dfee78ef19d18c69986a2a23d600f615a65823af23746055e4
[INFO] running `Command { std: "docker" "create" "-v" "/var/lib/crater-agent-workspace/builds/worker-3-tc2/target:/opt/rustwide/target:rw,Z" "-v" "/var/lib/crater-agent-workspace/builds/worker-3-tc2/source:/opt/rustwide/workdir:ro,Z" "-v" "/var/lib/crater-agent-workspace/cargo-home:/opt/rustwide/cargo-home:ro,Z" "-v" "/var/lib/crater-agent-workspace/rustup-home:/opt/rustwide/rustup-home:ro,Z" "-e" "SOURCE_DIR=/opt/rustwide/workdir" "-e" "CARGO_TARGET_DIR=/opt/rustwide/target" "-e" "CARGO_INCREMENTAL=0" "-e" "RUST_BACKTRACE=full" "-e" "RUSTFLAGS=--cap-lints=warn" "-e" "RUSTDOCFLAGS=--cap-lints=warn" "-e" "CARGO_HOME=/opt/rustwide/cargo-home" "-e" "RUSTUP_HOME=/opt/rustwide/rustup-home" "-w" "/opt/rustwide/workdir" "-m" "1610612736" "--user" "0:0" "--network" "none" "ghcr.io/rust-lang/crates-build-env/linux@sha256:2788e3201cd34a07e3172128adcd8b3090168a8e3bcc40d7c032b9dda1df7d1c" "/opt/rustwide/cargo-home/bin/cargo" "+beta-2024-01-09" "build" "--frozen" "--message-format=json", kill_on_drop: false }`
[INFO] [stdout] 9f956b930889c94606e5d6dfaeb14e9f3de86958b750f2d407ea97632a8baa9e
[INFO] running `Command { std: "docker" "start" "-a" "9f956b930889c94606e5d6dfaeb14e9f3de86958b750f2d407ea97632a8baa9e", kill_on_drop: false }`
[INFO] [stderr]    Compiling version_check v0.9.4
[INFO] [stderr]    Compiling libc v0.2.126
[INFO] [stderr]    Compiling typenum v1.15.0
[INFO] [stderr]    Compiling proc-macro2 v1.0.40
[INFO] [stderr]    Compiling quote v1.0.20
[INFO] [stderr]    Compiling unicode-ident v1.0.1
[INFO] [stderr]    Compiling memchr v2.5.0
[INFO] [stderr]    Compiling syn v1.0.98
[INFO] [stderr]    Compiling serde v1.0.138
[INFO] [stderr]    Compiling autocfg v1.1.0
[INFO] [stderr]    Compiling regex-automata v0.1.10
[INFO] [stderr]    Compiling cfg-if v1.0.0
[INFO] [stderr]    Compiling lazy_static v1.4.0
[INFO] [stderr]    Compiling subtle v2.4.1
[INFO] [stderr]    Compiling ryu v1.0.10
[INFO] [stderr]    Compiling itoa v0.4.8
[INFO] [stderr]    Compiling hashbrown v0.12.1
[INFO] [stderr]    Compiling bitflags v1.3.2
[INFO] [stderr]    Compiling heck v0.4.0
[INFO] [stderr]    Compiling byteorder v1.4.3
[INFO] [stderr]    Compiling os_str_bytes v6.1.0
[INFO] [stderr]    Compiling cpufeatures v0.2.2
[INFO] [stderr]    Compiling termcolor v1.1.3
[INFO] [stderr]    Compiling textwrap v0.15.0
[INFO] [stderr]    Compiling strsim v0.10.0
[INFO] [stderr]    Compiling unicode-width v0.1.9
[INFO] [stderr]    Compiling once_cell v1.12.0
[INFO] [stderr]    Compiling generic-array v0.14.5
[INFO] [stderr]    Compiling proc-macro-error-attr v1.0.4
[INFO] [stderr]    Compiling proc-macro-error v1.0.4
[INFO] [stderr]    Compiling indexmap v1.9.1
[INFO] [stderr]    Compiling clap_lex v0.2.4
[INFO] [stderr]    Compiling encode_unicode v0.3.6
[INFO] [stderr]    Compiling features v0.10.0
[INFO] [stderr]    Compiling derive v1.0.0
[INFO] [stderr]    Compiling csv-core v0.1.10
[INFO] [stderr]    Compiling atty v0.2.14
[INFO] [stderr]    Compiling dirs v1.0.5
[INFO] [stderr]    Compiling getrandom v0.2.7
[INFO] [stderr]    Compiling uuid v1.1.2
[INFO] [stderr]    Compiling term v0.5.2
[INFO] [stderr]    Compiling block-buffer v0.10.2
[INFO] [stderr]    Compiling crypto-common v0.1.4
[INFO] [stderr]    Compiling digest v0.10.3
[INFO] [stderr]    Compiling hmac v0.12.1
[INFO] [stderr]    Compiling sha2 v0.10.2
[INFO] [stderr]    Compiling bstr v0.2.17
[INFO] [stderr]    Compiling clap_derive v3.2.7
[INFO] [stderr]    Compiling csv v1.1.6
[INFO] [stderr]    Compiling prettytable-rs v0.8.0
[INFO] [stderr]    Compiling clap v3.2.8
[INFO] [stderr]    Compiling preshot v1.0.1 (/opt/rustwide/workdir)
[INFO] [stderr]     Finished dev [unoptimized + debuginfo] target(s) in 19.71s
[INFO] running `Command { std: "docker" "inspect" "9f956b930889c94606e5d6dfaeb14e9f3de86958b750f2d407ea97632a8baa9e", kill_on_drop: false }`
[INFO] running `Command { std: "docker" "rm" "-f" "9f956b930889c94606e5d6dfaeb14e9f3de86958b750f2d407ea97632a8baa9e", kill_on_drop: false }`
[INFO] [stdout] 9f956b930889c94606e5d6dfaeb14e9f3de86958b750f2d407ea97632a8baa9e
[INFO] running `Command { std: "docker" "create" "-v" "/var/lib/crater-agent-workspace/builds/worker-3-tc2/target:/opt/rustwide/target:rw,Z" "-v" "/var/lib/crater-agent-workspace/builds/worker-3-tc2/source:/opt/rustwide/workdir:ro,Z" "-v" "/var/lib/crater-agent-workspace/cargo-home:/opt/rustwide/cargo-home:ro,Z" "-v" "/var/lib/crater-agent-workspace/rustup-home:/opt/rustwide/rustup-home:ro,Z" "-e" "SOURCE_DIR=/opt/rustwide/workdir" "-e" "CARGO_TARGET_DIR=/opt/rustwide/target" "-e" "CARGO_INCREMENTAL=0" "-e" "RUST_BACKTRACE=full" "-e" "RUSTFLAGS=--cap-lints=warn" "-e" "RUSTDOCFLAGS=--cap-lints=warn" "-e" "CARGO_HOME=/opt/rustwide/cargo-home" "-e" "RUSTUP_HOME=/opt/rustwide/rustup-home" "-w" "/opt/rustwide/workdir" "-m" "1610612736" "--user" "0:0" "--network" "none" "ghcr.io/rust-lang/crates-build-env/linux@sha256:2788e3201cd34a07e3172128adcd8b3090168a8e3bcc40d7c032b9dda1df7d1c" "/opt/rustwide/cargo-home/bin/cargo" "+beta-2024-01-09" "test" "--frozen" "--no-run" "--message-format=json", kill_on_drop: false }`
[INFO] [stdout] df1ace15384a79b0055845a8c0480620d7ff4d776b535bbb50732ca16599883e
[INFO] running `Command { std: "docker" "start" "-a" "df1ace15384a79b0055845a8c0480620d7ff4d776b535bbb50732ca16599883e", kill_on_drop: false }`
[INFO] [stderr]    Compiling memchr v2.5.0
[INFO] [stderr]    Compiling num-traits v0.2.15
[INFO] [stderr]    Compiling regex-syntax v0.6.27
[INFO] [stderr]    Compiling either v1.8.0
[INFO] [stderr]    Compiling doc-comment v0.3.3
[INFO] [stderr]    Compiling predicates-core v1.0.3
[INFO] [stderr]    Compiling normalize-line-endings v0.3.0
[INFO] [stderr]    Compiling termtree v0.2.4
[INFO] [stderr]    Compiling difflib v0.4.0
[INFO] [stderr]    Compiling wait-timeout v0.2.0
[INFO] [stderr]    Compiling itertools v0.10.3
[INFO] [stderr]    Compiling predicates-tree v1.0.5
[INFO] [stderr]    Compiling bstr v0.2.17
[INFO] [stderr]    Compiling csv-core v0.1.10
[INFO] [stderr]    Compiling aho-corasick v0.7.18
[INFO] [stderr]    Compiling float-cmp v0.9.0
[INFO] [stderr]    Compiling csv v1.1.6
[INFO] [stderr]    Compiling regex v1.6.0
[INFO] [stderr]    Compiling prettytable-rs v0.8.0
[INFO] [stderr]    Compiling preshot v1.0.1 (/opt/rustwide/workdir)
[INFO] [stderr]    Compiling predicates v2.1.1
[INFO] [stderr]    Compiling assert_cmd v2.0.4
[INFO] [stderr]     Finished test [unoptimized + debuginfo] target(s) in 6.07s
[INFO] running `Command { std: "docker" "inspect" "df1ace15384a79b0055845a8c0480620d7ff4d776b535bbb50732ca16599883e", kill_on_drop: false }`
[INFO] running `Command { std: "docker" "rm" "-f" "df1ace15384a79b0055845a8c0480620d7ff4d776b535bbb50732ca16599883e", kill_on_drop: false }`
[INFO] [stdout] df1ace15384a79b0055845a8c0480620d7ff4d776b535bbb50732ca16599883e
[INFO] running `Command { std: "docker" "create" "-v" "/var/lib/crater-agent-workspace/builds/worker-3-tc2/target:/opt/rustwide/target:rw,Z" "-v" "/var/lib/crater-agent-workspace/builds/worker-3-tc2/source:/opt/rustwide/workdir:ro,Z" "-v" "/var/lib/crater-agent-workspace/cargo-home:/opt/rustwide/cargo-home:ro,Z" "-v" "/var/lib/crater-agent-workspace/rustup-home:/opt/rustwide/rustup-home:ro,Z" "-e" "SOURCE_DIR=/opt/rustwide/workdir" "-e" "CARGO_TARGET_DIR=/opt/rustwide/target" "-e" "CARGO_INCREMENTAL=0" "-e" "RUST_BACKTRACE=full" "-e" "RUSTFLAGS=--cap-lints=warn" "-e" "RUSTDOCFLAGS=--cap-lints=warn" "-e" "CARGO_HOME=/opt/rustwide/cargo-home" "-e" "RUSTUP_HOME=/opt/rustwide/rustup-home" "-w" "/opt/rustwide/workdir" "-m" "1610612736" "--user" "0:0" "--network" "none" "ghcr.io/rust-lang/crates-build-env/linux@sha256:2788e3201cd34a07e3172128adcd8b3090168a8e3bcc40d7c032b9dda1df7d1c" "/opt/rustwide/cargo-home/bin/cargo" "+beta-2024-01-09" "test" "--frozen", kill_on_drop: false }`
[INFO] [stdout] 63fc5ef7e417d15ed3027f35f18cde4d5d53fca1bb37f81beb9703d26d38e1df
[INFO] running `Command { std: "docker" "start" "-a" "63fc5ef7e417d15ed3027f35f18cde4d5d53fca1bb37f81beb9703d26d38e1df", kill_on_drop: false }`
[INFO] [stderr]     Finished test [unoptimized + debuginfo] target(s) in 0.07s
[INFO] [stderr]      Running unittests src/main.rs (/opt/rustwide/target/debug/deps/preshot-35740edb179b7db0)
[INFO] [stdout] 
[INFO] [stderr]      Running tests/cli.rs (/opt/rustwide/target/debug/deps/cli-1a5853f72a5f6b2f)
[INFO] [stdout] running 0 tests
[INFO] [stdout] 
[INFO] [stdout] test result: ok. 0 passed; 0 failed; 0 ignored; 0 measured; 0 filtered out; finished in 0.00s
[INFO] [stdout] 
[INFO] [stdout] 
[INFO] [stdout] running 10 tests
[INFO] [stdout] test discover_keys_missing_uids ... ignored
[INFO] [stdout] test generate_keys_multiple_misstyped_count_arg ... ok
[INFO] [stdout] test generate_uuids_misstyped_count_arg ... ok
[INFO] [stdout] test discover_keys_missing_master_key ... ok
[INFO] [stdout] test generate_uuids_multiple ... FAILED
[INFO] [stdout] test generate_keys_multiple ... FAILED
[INFO] [stdout] test generate_keys_single ... FAILED
[INFO] [stdout] test discover_keys_single ... FAILED
[INFO] [stdout] test generate_uuids ... FAILED
[INFO] [stdout] test discover_keys_multiple ... FAILED
[INFO] [stdout] 
[INFO] [stdout] failures:
[INFO] [stdout] 
[INFO] [stdout] ---- generate_uuids_multiple stdout ----
[INFO] [stdout] thread 'generate_uuids_multiple' panicked at /rustc/650745ceb2ae60e04f8cd7bfb671fc37239533e4/library/core/src/ops/function.rs:250:5:
[INFO] [stdout] Unexpected failure.
[INFO] [stdout] code-<interrupted>
[INFO] [stdout] stderr=```""```
[INFO] [stdout] command=`"/opt/rustwide/target/debug/preshot" "generate-uuids" "10"`
[INFO] [stdout] code=<interrupted>
[INFO] [stdout] stdout=""
[INFO] [stdout] stderr=""
[INFO] [stdout] 
[INFO] [stdout] stack backtrace:
[INFO] [stdout]    0:     0x55a3cfd86076 - std::backtrace_rs::backtrace::libunwind::trace::h03effc2488ffeadf
[INFO] [stdout]                                at /rustc/650745ceb2ae60e04f8cd7bfb671fc37239533e4/library/std/src/../../backtrace/src/backtrace/libunwind.rs:104:5
[INFO] [stdout]    1:     0x55a3cfd86076 - std::backtrace_rs::backtrace::trace_unsynchronized::h006ca25a07988d2f
[INFO] [stdout]                                at /rustc/650745ceb2ae60e04f8cd7bfb671fc37239533e4/library/std/src/../../backtrace/src/backtrace/mod.rs:66:5
[INFO] [stdout]    2:     0x55a3cfd86076 - std::sys_common::backtrace::_print_fmt::h4e3552f7b93352b1
[INFO] [stdout]                                at /rustc/650745ceb2ae60e04f8cd7bfb671fc37239533e4/library/std/src/sys_common/backtrace.rs:68:5
[INFO] [stdout]    3:     0x55a3cfd86076 - <std::sys_common::backtrace::_print::DisplayBacktrace as core::fmt::Display>::fmt::h9fe510a7d5cbe2d5
[INFO] [stdout]                                at /rustc/650745ceb2ae60e04f8cd7bfb671fc37239533e4/library/std/src/sys_common/backtrace.rs:44:22
[INFO] [stdout]    4:     0x55a3cfdafd20 - core::fmt::rt::Argument::fmt::h74b18c7a7e637710
[INFO] [stdout]                                at /rustc/650745ceb2ae60e04f8cd7bfb671fc37239533e4/library/core/src/fmt/rt.rs:142:9
[INFO] [stdout]    5:     0x55a3cfdafd20 - core::fmt::write::h8f8030c94ead45fd
[INFO] [stdout]                                at /rustc/650745ceb2ae60e04f8cd7bfb671fc37239533e4/library/core/src/fmt/mod.rs:1120:17
[INFO] [stdout]    6:     0x55a3cfd8377f - std::io::Write::write_fmt::hd5dc84d51b55db4d
[INFO] [stdout]                                at /rustc/650745ceb2ae60e04f8cd7bfb671fc37239533e4/library/std/src/io/mod.rs:1810:15
[INFO] [stdout]    7:     0x55a3cfd85e54 - std::sys_common::backtrace::_print::h9804e7b18da25ce0
[INFO] [stdout]                                at /rustc/650745ceb2ae60e04f8cd7bfb671fc37239533e4/library/std/src/sys_common/backtrace.rs:47:5
[INFO] [stdout]    8:     0x55a3cfd85e54 - std::sys_common::backtrace::print::h88277d710d09094a
[INFO] [stdout]                                at /rustc/650745ceb2ae60e04f8cd7bfb671fc37239533e4/library/std/src/sys_common/backtrace.rs:34:9
[INFO] [stdout]    9:     0x55a3cfd87c47 - std::panicking::default_hook::{{closure}}::hdbdcf066fe677727
[INFO] [stdout]   10:     0x55a3cfd8792d - std::panicking::default_hook::h23a1b51cb553f858
[INFO] [stdout]                                at /rustc/650745ceb2ae60e04f8cd7bfb671fc37239533e4/library/std/src/panicking.rs:289:9
[INFO] [stdout]   11:     0x55a3cfd33a37 - <alloc::boxed::Box<F,A> as core::ops::function::Fn<Args>>::call::hb97b3d5e50e8f668
[INFO] [stdout]                                at /rustc/650745ceb2ae60e04f8cd7bfb671fc37239533e4/library/alloc/src/boxed.rs:2029:9
[INFO] [stdout]   12:     0x55a3cfd33a37 - test::test_main::{{closure}}::h08dcb42f9689ad1d
[INFO] [stdout]                                at /rustc/650745ceb2ae60e04f8cd7bfb671fc37239533e4/library/test/src/lib.rs:138:21
[INFO] [stdout]   13:     0x55a3cfd88266 - <alloc::boxed::Box<F,A> as core::ops::function::Fn<Args>>::call::he29ab032578fbb20
[INFO] [stdout]                                at /rustc/650745ceb2ae60e04f8cd7bfb671fc37239533e4/library/alloc/src/boxed.rs:2029:9
[INFO] [stdout]   14:     0x55a3cfd88266 - std::panicking::rust_panic_with_hook::hee41672977842e8f
[INFO] [stdout]                                at /rustc/650745ceb2ae60e04f8cd7bfb671fc37239533e4/library/std/src/panicking.rs:783:13
[INFO] [stdout]   15:     0x55a3cfd87fb2 - std::panicking::begin_panic_handler::{{closure}}::h6e390f49bfce6eb3
[INFO] [stdout]                                at /rustc/650745ceb2ae60e04f8cd7bfb671fc37239533e4/library/std/src/panicking.rs:657:13
[INFO] [stdout]   16:     0x55a3cfd86576 - std::sys_common::backtrace::__rust_end_short_backtrace::h72ee75b447321fc6
[INFO] [stdout]                                at /rustc/650745ceb2ae60e04f8cd7bfb671fc37239533e4/library/std/src/sys_common/backtrace.rs:171:18
[INFO] [stdout]   17:     0x55a3cfd87d10 - rust_begin_unwind
[INFO] [stdout]                                at /rustc/650745ceb2ae60e04f8cd7bfb671fc37239533e4/library/std/src/panicking.rs:645:5
[INFO] [stdout]   18:     0x55a3cfcfacd5 - core::panicking::panic_fmt::hf7ebce36d1a084ab
[INFO] [stdout]                                at /rustc/650745ceb2ae60e04f8cd7bfb671fc37239533e4/library/core/src/panicking.rs:72:14
[INFO] [stdout]   19:     0x55a3cfd3f4bf - core::panicking::panic_display::h3da30b4f0035b711
[INFO] [stdout]                                at /rustc/650745ceb2ae60e04f8cd7bfb671fc37239533e4/library/core/src/panicking.rs:196:5
[INFO] [stdout]   20:     0x55a3cfd42647 - assert_cmd::assert::AssertError::panic::h44ed41406d4bae25
[INFO] [stdout]                                at /opt/rustwide/cargo-home/registry/src/index.crates.io-6f17d22bba15001f/assert_cmd-2.0.4/src/assert.rs:1036:9
[INFO] [stdout]   21:     0x55a3cfd3fea7 - core::ops::function::FnOnce::call_once::h870ca88f5ea81b04
[INFO] [stdout]                                at /rustc/650745ceb2ae60e04f8cd7bfb671fc37239533e4/library/core/src/ops/function.rs:250:5
[INFO] [stdout]   22:     0x55a3cfd3f2e0 - core::result::Result<T,E>::unwrap_or_else::he0afbef6b88762dc
[INFO] [stdout]                                at /rustc/650745ceb2ae60e04f8cd7bfb671fc37239533e4/library/core/src/result.rs:1426:23
[INFO] [stdout]   23:     0x55a3cfd41d46 - assert_cmd::assert::Assert::success::h0d1ed30d6f4214ad
[INFO] [stdout]                                at /opt/rustwide/cargo-home/registry/src/index.crates.io-6f17d22bba15001f/assert_cmd-2.0.4/src/assert.rs:156:9
[INFO] [stdout]   24:     0x55a3cfcfee8f - cli::generate_uuids_multiple::hfec19ea7183aeaf0
[INFO] [stdout]                                at /opt/rustwide/workdir/tests/cli.rs:116:5
[INFO] [stdout]   25:     0x55a3cfcfed07 - cli::generate_uuids_multiple::{{closure}}::h79c771f7b9b49412
[INFO] [stdout]                                at /opt/rustwide/workdir/tests/cli.rs:111:33
[INFO] [stdout]   26:     0x55a3cfcfc8b6 - core::ops::function::FnOnce::call_once::hbb62d59aa28eac55
[INFO] [stdout]                                at /rustc/650745ceb2ae60e04f8cd7bfb671fc37239533e4/library/core/src/ops/function.rs:250:5
[INFO] [stdout]   27:     0x55a3cfd3926f - core::ops::function::FnOnce::call_once::h06047d416fab4738
[INFO] [stdout]                                at /rustc/650745ceb2ae60e04f8cd7bfb671fc37239533e4/library/core/src/ops/function.rs:250:5
[INFO] [stdout]   28:     0x55a3cfd3926f - test::__rust_begin_short_backtrace::hcb5713adfb060771
[INFO] [stdout]                                at /rustc/650745ceb2ae60e04f8cd7bfb671fc37239533e4/library/test/src/lib.rs:627:18
[INFO] [stdout]   29:     0x55a3cfd38091 - test::run_test_in_process::{{closure}}::h6861e3633d7c9c27
[INFO] [stdout]                                at /rustc/650745ceb2ae60e04f8cd7bfb671fc37239533e4/library/test/src/lib.rs:650:60
[INFO] [stdout]   30:     0x55a3cfd38091 - <core::panic::unwind_safe::AssertUnwindSafe<F> as core::ops::function::FnOnce<()>>::call_once::hb64fe2246fb8da62
[INFO] [stdout]                                at /rustc/650745ceb2ae60e04f8cd7bfb671fc37239533e4/library/core/src/panic/unwind_safe.rs:272:9
[INFO] [stdout]   31:     0x55a3cfd38091 - std::panicking::try::do_call::h298b24dc8da96ba0
[INFO] [stdout]                                at /rustc/650745ceb2ae60e04f8cd7bfb671fc37239533e4/library/std/src/panicking.rs:552:40
[INFO] [stdout]   32:     0x55a3cfd38091 - std::panicking::try::h69c2bfb52fabb772
[INFO] [stdout]                                at /rustc/650745ceb2ae60e04f8cd7bfb671fc37239533e4/library/std/src/panicking.rs:516:19
[INFO] [stdout]   33:     0x55a3cfd38091 - std::panic::catch_unwind::hc0f23ff16cc28725
[INFO] [stdout]                                at /rustc/650745ceb2ae60e04f8cd7bfb671fc37239533e4/library/std/src/panic.rs:142:14
[INFO] [stdout]   34:     0x55a3cfd38091 - test::run_test_in_process::hddee0506ec75925f
[INFO] [stdout]                                at /rustc/650745ceb2ae60e04f8cd7bfb671fc37239533e4/library/test/src/lib.rs:650:27
[INFO] [stdout]   35:     0x55a3cfd38091 - test::run_test::{{closure}}::h5cfb204228607716
[INFO] [stdout]                                at /rustc/650745ceb2ae60e04f8cd7bfb671fc37239533e4/library/test/src/lib.rs:573:43
[INFO] [stdout]   36:     0x55a3cfcff3c6 - test::run_test::{{closure}}::hd4d5602ef13205a5
[INFO] [stdout]                                at /rustc/650745ceb2ae60e04f8cd7bfb671fc37239533e4/library/test/src/lib.rs:601:41
[INFO] [stdout]   37:     0x55a3cfcff3c6 - std::sys_common::backtrace::__rust_begin_short_backtrace::h5ccc5cff5923f06c
[INFO] [stdout]                                at /rustc/650745ceb2ae60e04f8cd7bfb671fc37239533e4/library/std/src/sys_common/backtrace.rs:155:18
[INFO] [stdout]   38:     0x55a3cfd044c7 - std::thread::Builder::spawn_unchecked_::{{closure}}::{{closure}}::hafc0d76dcef09eee
[INFO] [stdout]                                at /rustc/650745ceb2ae60e04f8cd7bfb671fc37239533e4/library/std/src/thread/mod.rs:529:17
[INFO] [stdout]   39:     0x55a3cfd044c7 - <core::panic::unwind_safe::AssertUnwindSafe<F> as core::ops::function::FnOnce<()>>::call_once::hb8ad16fe24e3ea09
[INFO] [stdout]                                at /rustc/650745ceb2ae60e04f8cd7bfb671fc37239533e4/library/core/src/panic/unwind_safe.rs:272:9
[INFO] [stdout]   40:     0x55a3cfd044c7 - std::panicking::try::do_call::h42f15bc08f3d28df
[INFO] [stdout]                                at /rustc/650745ceb2ae60e04f8cd7bfb671fc37239533e4/library/std/src/panicking.rs:552:40
[INFO] [stdout]   41:     0x55a3cfd044c7 - std::panicking::try::h81546958e5901712
[INFO] [stdout]                                at /rustc/650745ceb2ae60e04f8cd7bfb671fc37239533e4/library/std/src/panicking.rs:516:19
[INFO] [stdout]   42:     0x55a3cfd044c7 - std::panic::catch_unwind::hc4c7cd89a2f03e29
[INFO] [stdout]                                at /rustc/650745ceb2ae60e04f8cd7bfb671fc37239533e4/library/std/src/panic.rs:142:14
[INFO] [stdout]   43:     0x55a3cfd044c7 - std::thread::Builder::spawn_unchecked_::{{closure}}::h45ad00093b802d53
[INFO] [stdout]                                at /rustc/650745ceb2ae60e04f8cd7bfb671fc37239533e4/library/std/src/thread/mod.rs:528:30
[INFO] [stdout]   44:     0x55a3cfd044c7 - core::ops::function::FnOnce::call_once{{vtable.shim}}::heec906b8862c0a30
[INFO] [stdout]                                at /rustc/650745ceb2ae60e04f8cd7bfb671fc37239533e4/library/core/src/ops/function.rs:250:5
[INFO] [stdout]   45:     0x55a3cfd8d6a5 - <alloc::boxed::Box<F,A> as core::ops::function::FnOnce<Args>>::call_once::he271a8e9b4ffec7b
[INFO] [stdout]                                at /rustc/650745ceb2ae60e04f8cd7bfb671fc37239533e4/library/alloc/src/boxed.rs:2015:9
[INFO] [stdout]   46:     0x55a3cfd8d6a5 - <alloc::boxed::Box<F,A> as core::ops::function::FnOnce<Args>>::call_once::heeb272d5c498a02f
[INFO] [stdout]                                at /rustc/650745ceb2ae60e04f8cd7bfb671fc37239533e4/library/alloc/src/boxed.rs:2015:9
[INFO] [stdout]   47:     0x55a3cfd8d6a5 - std::sys::unix::thread::Thread::new::thread_start::h1fcefdf404730fa7
[INFO] [stdout]                                at /rustc/650745ceb2ae60e04f8cd7bfb671fc37239533e4/library/std/src/sys/unix/thread.rs:108:17
[INFO] [stdout]   48:     0x7fa2773baac3 - <unknown>
[INFO] [stdout]   49:     0x7fa27744bbf4 - __clone
[INFO] [stdout]   50:                0x0 - <unknown>
[INFO] [stdout] 
[INFO] [stdout] ---- generate_keys_multiple stdout ----
[INFO] [stdout] thread 'generate_keys_multiple' panicked at /rustc/650745ceb2ae60e04f8cd7bfb671fc37239533e4/library/core/src/ops/function.rs:250:5:
[INFO] [stdout] Unexpected failure.
[INFO] [stdout] code-<interrupted>
[INFO] [stdout] stderr=```""```
[INFO] [stdout] command=`"/opt/rustwide/target/debug/preshot" "generate-keys" "masterKey" "10"`
[INFO] [stdout] code=<interrupted>
[INFO] [stdout] stdout=""
[INFO] [stdout] stderr=""
[INFO] [stdout] 
[INFO] [stdout] stack backtrace:
[INFO] [stdout]    0:     0x55a3cfd86076 - std::backtrace_rs::backtrace::libunwind::trace::h03effc2488ffeadf
[INFO] [stdout]                                at /rustc/650745ceb2ae60e04f8cd7bfb671fc37239533e4/library/std/src/../../backtrace/src/backtrace/libunwind.rs:104:5
[INFO] [stdout]    1:     0x55a3cfd86076 - std::backtrace_rs::backtrace::trace_unsynchronized::h006ca25a07988d2f
[INFO] [stdout]                                at /rustc/650745ceb2ae60e04f8cd7bfb671fc37239533e4/library/std/src/../../backtrace/src/backtrace/mod.rs:66:5
[INFO] [stdout]    2:     0x55a3cfd86076 - std::sys_common::backtrace::_print_fmt::h4e3552f7b93352b1
[INFO] [stdout]                                at /rustc/650745ceb2ae60e04f8cd7bfb671fc37239533e4/library/std/src/sys_common/backtrace.rs:68:5
[INFO] [stdout]    3:     0x55a3cfd86076 - <std::sys_common::backtrace::_print::DisplayBacktrace as core::fmt::Display>::fmt::h9fe510a7d5cbe2d5
[INFO] [stdout]                                at /rustc/650745ceb2ae60e04f8cd7bfb671fc37239533e4/library/std/src/sys_common/backtrace.rs:44:22
[INFO] [stdout]    4:     0x55a3cfdafd20 - core::fmt::rt::Argument::fmt::h74b18c7a7e637710
[INFO] [stdout]                                at /rustc/650745ceb2ae60e04f8cd7bfb671fc37239533e4/library/core/src/fmt/rt.rs:142:9
[INFO] [stdout]    5:     0x55a3cfdafd20 - core::fmt::write::h8f8030c94ead45fd
[INFO] [stdout]                                at /rustc/650745ceb2ae60e04f8cd7bfb671fc37239533e4/library/core/src/fmt/mod.rs:1120:17
[INFO] [stdout]    6:     0x55a3cfd8377f - std::io::Write::write_fmt::hd5dc84d51b55db4d
[INFO] [stdout]                                at /rustc/650745ceb2ae60e04f8cd7bfb671fc37239533e4/library/std/src/io/mod.rs:1810:15
[INFO] [stdout]    7:     0x55a3cfd85e54 - std::sys_common::backtrace::_print::h9804e7b18da25ce0
[INFO] [stdout]                                at /rustc/650745ceb2ae60e04f8cd7bfb671fc37239533e4/library/std/src/sys_common/backtrace.rs:47:5
[INFO] [stdout]    8:     0x55a3cfd85e54 - std::sys_common::backtrace::print::h88277d710d09094a
[INFO] [stdout]                                at /rustc/650745ceb2ae60e04f8cd7bfb671fc37239533e4/library/std/src/sys_common/backtrace.rs:34:9
[INFO] [stdout]    9:     0x55a3cfd87c47 - std::panicking::default_hook::{{closure}}::hdbdcf066fe677727
[INFO] [stdout]   10:     0x55a3cfd8792d - std::panicking::default_hook::h23a1b51cb553f858
[INFO] [stdout]                                at /rustc/650745ceb2ae60e04f8cd7bfb671fc37239533e4/library/std/src/panicking.rs:289:9
[INFO] [stdout]   11:     0x55a3cfd33a37 - <alloc::boxed::Box<F,A> as core::ops::function::Fn<Args>>::call::hb97b3d5e50e8f668
[INFO] [stdout]                                at /rustc/650745ceb2ae60e04f8cd7bfb671fc37239533e4/library/alloc/src/boxed.rs:2029:9
[INFO] [stdout]   12:     0x55a3cfd33a37 - test::test_main::{{closure}}::h08dcb42f9689ad1d
[INFO] [stdout]                                at /rustc/650745ceb2ae60e04f8cd7bfb671fc37239533e4/library/test/src/lib.rs:138:21
[INFO] [stdout]   13:     0x55a3cfd88266 - <alloc::boxed::Box<F,A> as core::ops::function::Fn<Args>>::call::he29ab032578fbb20
[INFO] [stdout]                                at /rustc/650745ceb2ae60e04f8cd7bfb671fc37239533e4/library/alloc/src/boxed.rs:2029:9
[INFO] [stdout]   14:     0x55a3cfd88266 - std::panicking::rust_panic_with_hook::hee41672977842e8f
[INFO] [stdout]                                at /rustc/650745ceb2ae60e04f8cd7bfb671fc37239533e4/library/std/src/panicking.rs:783:13
[INFO] [stdout]   15:     0x55a3cfd87fb2 - std::panicking::begin_panic_handler::{{closure}}::h6e390f49bfce6eb3
[INFO] [stdout]                                at /rustc/650745ceb2ae60e04f8cd7bfb671fc37239533e4/library/std/src/panicking.rs:657:13
[INFO] [stdout]   16:     0x55a3cfd86576 - std::sys_common::backtrace::__rust_end_short_backtrace::h72ee75b447321fc6
[INFO] [stdout]                                at /rustc/650745ceb2ae60e04f8cd7bfb671fc37239533e4/library/std/src/sys_common/backtrace.rs:171:18
[INFO] [stdout]   17:     0x55a3cfd87d10 - rust_begin_unwind
[INFO] [stdout]                                at /rustc/650745ceb2ae60e04f8cd7bfb671fc37239533e4/library/std/src/panicking.rs:645:5
[INFO] [stdout]   18:     0x55a3cfcfacd5 - core::panicking::panic_fmt::hf7ebce36d1a084ab
[INFO] [stdout]                                at /rustc/650745ceb2ae60e04f8cd7bfb671fc37239533e4/library/core/src/panicking.rs:72:14
[INFO] [stdout]   19:     0x55a3cfd3f4bf - core::panicking::panic_display::h3da30b4f0035b711
[INFO] [stdout]                                at /rustc/650745ceb2ae60e04f8cd7bfb671fc37239533e4/library/core/src/panicking.rs:196:5
[INFO] [stdout]   20:     0x55a3cfd42647 - assert_cmd::assert::AssertError::panic::h44ed41406d4bae25
[INFO] [stdout]                                at /opt/rustwide/cargo-home/registry/src/index.crates.io-6f17d22bba15001f/assert_cmd-2.0.4/src/assert.rs:1036:9
[INFO] [stdout]   21:     0x55a3cfd3fea7 - core::ops::function::FnOnce::call_once::h870ca88f5ea81b04
[INFO] [stdout]                                at /rustc/650745ceb2ae60e04f8cd7bfb671fc37239533e4/library/core/src/ops/function.rs:250:5
[INFO] [stdout]   22:     0x55a3cfd3f2e0 - core::result::Result<T,E>::unwrap_or_else::he0afbef6b88762dc
[INFO] [stdout]                                at /rustc/650745ceb2ae60e04f8cd7bfb671fc37239533e4/library/core/src/result.rs:1426:23
[INFO] [stdout]   23:     0x55a3cfd41d46 - assert_cmd::assert::Assert::success::h0d1ed30d6f4214ad
[INFO] [stdout]                                at /opt/rustwide/cargo-home/registry/src/index.crates.io-6f17d22bba15001f/assert_cmd-2.0.4/src/assert.rs:156:9
[INFO] [stdout]   24:     0x55a3cfcfe8ae - cli::generate_keys_multiple::hd9af643e87c93f23
[INFO] [stdout]                                at /opt/rustwide/workdir/tests/cli.rs:83:5
[INFO] [stdout]   25:     0x55a3cfcfe707 - cli::generate_keys_multiple::{{closure}}::h10dc769772611fcd
[INFO] [stdout]                                at /opt/rustwide/workdir/tests/cli.rs:78:32
[INFO] [stdout]   26:     0x55a3cfcfc666 - core::ops::function::FnOnce::call_once::h041b18030e81a242
[INFO] [stdout]                                at /rustc/650745ceb2ae60e04f8cd7bfb671fc37239533e4/library/core/src/ops/function.rs:250:5
[INFO] [stdout]   27:     0x55a3cfd3926f - core::ops::function::FnOnce::call_once::h06047d416fab4738
[INFO] [stdout]                                at /rustc/650745ceb2ae60e04f8cd7bfb671fc37239533e4/library/core/src/ops/function.rs:250:5
[INFO] [stdout]   28:     0x55a3cfd3926f - test::__rust_begin_short_backtrace::hcb5713adfb060771
[INFO] [stdout]                                at /rustc/650745ceb2ae60e04f8cd7bfb671fc37239533e4/library/test/src/lib.rs:627:18
[INFO] [stdout]   29:     0x55a3cfd38091 - test::run_test_in_process::{{closure}}::h6861e3633d7c9c27
[INFO] [stdout]                                at /rustc/650745ceb2ae60e04f8cd7bfb671fc37239533e4/library/test/src/lib.rs:650:60
[INFO] [stdout]   30:     0x55a3cfd38091 - <core::panic::unwind_safe::AssertUnwindSafe<F> as core::ops::function::FnOnce<()>>::call_once::hb64fe2246fb8da62
[INFO] [stdout]                                at /rustc/650745ceb2ae60e04f8cd7bfb671fc37239533e4/library/core/src/panic/unwind_safe.rs:272:9
[INFO] [stdout]   31:     0x55a3cfd38091 - std::panicking::try::do_call::h298b24dc8da96ba0
[INFO] [stdout]                                at /rustc/650745ceb2ae60e04f8cd7bfb671fc37239533e4/library/std/src/panicking.rs:552:40
[INFO] [stdout]   32:     0x55a3cfd38091 - std::panicking::try::h69c2bfb52fabb772
[INFO] [stdout]                                at /rustc/650745ceb2ae60e04f8cd7bfb671fc37239533e4/library/std/src/panicking.rs:516:19
[INFO] [stdout]   33:     0x55a3cfd38091 - std::panic::catch_unwind::hc0f23ff16cc28725
[INFO] [stdout]                                at /rustc/650745ceb2ae60e04f8cd7bfb671fc37239533e4/library/std/src/panic.rs:142:14
[INFO] [stdout]   34:     0x55a3cfd38091 - test::run_test_in_process::hddee0506ec75925f
[INFO] [stdout]                                at /rustc/650745ceb2ae60e04f8cd7bfb671fc37239533e4/library/test/src/lib.rs:650:27
[INFO] [stdout]   35:     0x55a3cfd38091 - test::run_test::{{closure}}::h5cfb204228607716
[INFO] [stdout]                                at /rustc/650745ceb2ae60e04f8cd7bfb671fc37239533e4/library/test/src/lib.rs:573:43
[INFO] [stdout]   36:     0x55a3cfcff3c6 - test::run_test::{{closure}}::hd4d5602ef13205a5
[INFO] [stdout]                                at /rustc/650745ceb2ae60e04f8cd7bfb671fc37239533e4/library/test/src/lib.rs:601:41
[INFO] [stdout]   37:     0x55a3cfcff3c6 - std::sys_common::backtrace::__rust_begin_short_backtrace::h5ccc5cff5923f06c
[INFO] [stdout]                                at /rustc/650745ceb2ae60e04f8cd7bfb671fc37239533e4/library/std/src/sys_common/backtrace.rs:155:18
[INFO] [stdout]   38:     0x55a3cfd044c7 - std::thread::Builder::spawn_unchecked_::{{closure}}::{{closure}}::hafc0d76dcef09eee
[INFO] [stdout]                                at /rustc/650745ceb2ae60e04f8cd7bfb671fc37239533e4/library/std/src/thread/mod.rs:529:17
[INFO] [stdout]   39:     0x55a3cfd044c7 - <core::panic::unwind_safe::AssertUnwindSafe<F> as core::ops::function::FnOnce<()>>::call_once::hb8ad16fe24e3ea09
[INFO] [stdout]                                at /rustc/650745ceb2ae60e04f8cd7bfb671fc37239533e4/library/core/src/panic/unwind_safe.rs:272:9
[INFO] [stdout]   40:     0x55a3cfd044c7 - std::panicking::try::do_call::h42f15bc08f3d28df
[INFO] [stdout]                                at /rustc/650745ceb2ae60e04f8cd7bfb671fc37239533e4/library/std/src/panicking.rs:552:40
[INFO] [stdout]   41:     0x55a3cfd044c7 - std::panicking::try::h81546958e5901712
[INFO] [stdout]                                at /rustc/650745ceb2ae60e04f8cd7bfb671fc37239533e4/library/std/src/panicking.rs:516:19
[INFO] [stdout]   42:     0x55a3cfd044c7 - std::panic::catch_unwind::hc4c7cd89a2f03e29
[INFO] [stdout]                                at /rustc/650745ceb2ae60e04f8cd7bfb671fc37239533e4/library/std/src/panic.rs:142:14
[INFO] [stdout]   43:     0x55a3cfd044c7 - std::thread::Builder::spawn_unchecked_::{{closure}}::h45ad00093b802d53
[INFO] [stdout]                                at /rustc/650745ceb2ae60e04f8cd7bfb671fc37239533e4/library/std/src/thread/mod.rs:528:30
[INFO] [stdout]   44:     0x55a3cfd044c7 - core::ops::function::FnOnce::call_once{{vtable.shim}}::heec906b8862c0a30
[INFO] [stdout]                                at /rustc/650745ceb2ae60e04f8cd7bfb671fc37239533e4/library/core/src/ops/function.rs:250:5
[INFO] [stdout]   45:     0x55a3cfd8d6a5 - <alloc::boxed::Box<F,A> as core::ops::function::FnOnce<Args>>::call_once::he271a8e9b4ffec7b
[INFO] [stdout]                                at /rustc/650745ceb2ae60e04f8cd7bfb671fc37239533e4/library/alloc/src/boxed.rs:2015:9
[INFO] [stdout]   46:     0x55a3cfd8d6a5 - <alloc::boxed::Box<F,A> as core::ops::function::FnOnce<Args>>::call_once::heeb272d5c498a02f
[INFO] [stdout]                                at /rustc/650745ceb2ae60e04f8cd7bfb671fc37239533e4/library/alloc/src/boxed.rs:2015:9
[INFO] [stdout]   47:     0x55a3cfd8d6a5 - std::sys::unix::thread::Thread::new::thread_start::h1fcefdf404730fa7
[INFO] [stdout]                                at /rustc/650745ceb2ae60e04f8cd7bfb671fc37239533e4/library/std/src/sys/unix/thread.rs:108:17
[INFO] [stdout]   48:     0x7fa2773baac3 - <unknown>
[INFO] [stdout]   49:     0x7fa27744bbf4 - __clone
[INFO] [stdout]   50:                0x0 - <unknown>
[INFO] [stdout] 
[INFO] [stdout] ---- generate_keys_single stdout ----
[INFO] [stdout] thread 'generate_keys_single' panicked at /rustc/650745ceb2ae60e04f8cd7bfb671fc37239533e4/library/core/src/ops/function.rs:250:5:
[INFO] [stdout] Unexpected failure.
[INFO] [stdout] code-<interrupted>
[INFO] [stdout] stderr=```""```
[INFO] [stdout] command=`"/opt/rustwide/target/debug/preshot" "generate-keys" "masterKey"`
[INFO] [stdout] code=<interrupted>
[INFO] [stdout] stdout=""
[INFO] [stdout] stderr=""
[INFO] [stdout] 
[INFO] [stdout] stack backtrace:
[INFO] [stdout]    0:     0x55a3cfd86076 - std::backtrace_rs::backtrace::libunwind::trace::h03effc2488ffeadf
[INFO] [stdout]                                at /rustc/650745ceb2ae60e04f8cd7bfb671fc37239533e4/library/std/src/../../backtrace/src/backtrace/libunwind.rs:104:5
[INFO] [stdout]    1:     0x55a3cfd86076 - std::backtrace_rs::backtrace::trace_unsynchronized::h006ca25a07988d2f
[INFO] [stdout]                                at /rustc/650745ceb2ae60e04f8cd7bfb671fc37239533e4/library/std/src/../../backtrace/src/backtrace/mod.rs:66:5
[INFO] [stdout]    2:     0x55a3cfd86076 - std::sys_common::backtrace::_print_fmt::h4e3552f7b93352b1
[INFO] [stdout]                                at /rustc/650745ceb2ae60e04f8cd7bfb671fc37239533e4/library/std/src/sys_common/backtrace.rs:68:5
[INFO] [stdout]    3:     0x55a3cfd86076 - <std::sys_common::backtrace::_print::DisplayBacktrace as core::fmt::Display>::fmt::h9fe510a7d5cbe2d5
[INFO] [stdout]                                at /rustc/650745ceb2ae60e04f8cd7bfb671fc37239533e4/library/std/src/sys_common/backtrace.rs:44:22
[INFO] [stdout]    4:     0x55a3cfdafd20 - core::fmt::rt::Argument::fmt::h74b18c7a7e637710
[INFO] [stdout]                                at /rustc/650745ceb2ae60e04f8cd7bfb671fc37239533e4/library/core/src/fmt/rt.rs:142:9
[INFO] [stdout]    5:     0x55a3cfdafd20 - core::fmt::write::h8f8030c94ead45fd
[INFO] [stdout]                                at /rustc/650745ceb2ae60e04f8cd7bfb671fc37239533e4/library/core/src/fmt/mod.rs:1120:17
[INFO] [stdout]    6:     0x55a3cfd8377f - std::io::Write::write_fmt::hd5dc84d51b55db4d
[INFO] [stdout]                                at /rustc/650745ceb2ae60e04f8cd7bfb671fc37239533e4/library/std/src/io/mod.rs:1810:15
[INFO] [stdout]    7:     0x55a3cfd85e54 - std::sys_common::backtrace::_print::h9804e7b18da25ce0
[INFO] [stdout]                                at /rustc/650745ceb2ae60e04f8cd7bfb671fc37239533e4/library/std/src/sys_common/backtrace.rs:47:5
[INFO] [stdout]    8:     0x55a3cfd85e54 - std::sys_common::backtrace::print::h88277d710d09094a
[INFO] [stdout]                                at /rustc/650745ceb2ae60e04f8cd7bfb671fc37239533e4/library/std/src/sys_common/backtrace.rs:34:9
[INFO] [stdout]    9:     0x55a3cfd87c47 - std::panicking::default_hook::{{closure}}::hdbdcf066fe677727
[INFO] [stdout]   10:     0x55a3cfd8792d - std::panicking::default_hook::h23a1b51cb553f858
[INFO] [stdout]                                at /rustc/650745ceb2ae60e04f8cd7bfb671fc37239533e4/library/std/src/panicking.rs:289:9
[INFO] [stdout]   11:     0x55a3cfd33a37 - <alloc::boxed::Box<F,A> as core::ops::function::Fn<Args>>::call::hb97b3d5e50e8f668
[INFO] [stdout]                                at /rustc/650745ceb2ae60e04f8cd7bfb671fc37239533e4/library/alloc/src/boxed.rs:2029:9
[INFO] [stdout]   12:     0x55a3cfd33a37 - test::test_main::{{closure}}::h08dcb42f9689ad1d
[INFO] [stdout]                                at /rustc/650745ceb2ae60e04f8cd7bfb671fc37239533e4/library/test/src/lib.rs:138:21
[INFO] [stdout]   13:     0x55a3cfd88266 - <alloc::boxed::Box<F,A> as core::ops::function::Fn<Args>>::call::he29ab032578fbb20
[INFO] [stdout]                                at /rustc/650745ceb2ae60e04f8cd7bfb671fc37239533e4/library/alloc/src/boxed.rs:2029:9
[INFO] [stdout]   14:     0x55a3cfd88266 - std::panicking::rust_panic_with_hook::hee41672977842e8f
[INFO] [stdout]                                at /rustc/650745ceb2ae60e04f8cd7bfb671fc37239533e4/library/std/src/panicking.rs:783:13
[INFO] [stdout]   15:     0x55a3cfd87fb2 - std::panicking::begin_panic_handler::{{closure}}::h6e390f49bfce6eb3
[INFO] [stdout]                                at /rustc/650745ceb2ae60e04f8cd7bfb671fc37239533e4/library/std/src/panicking.rs:657:13
[INFO] [stdout]   16:     0x55a3cfd86576 - std::sys_common::backtrace::__rust_end_short_backtrace::h72ee75b447321fc6
[INFO] [stdout]                                at /rustc/650745ceb2ae60e04f8cd7bfb671fc37239533e4/library/std/src/sys_common/backtrace.rs:171:18
[INFO] [stdout]   17:     0x55a3cfd87d10 - rust_begin_unwind
[INFO] [stdout]                                at /rustc/650745ceb2ae60e04f8cd7bfb671fc37239533e4/library/std/src/panicking.rs:645:5
[INFO] [stdout]   18:     0x55a3cfcfacd5 - core::panicking::panic_fmt::hf7ebce36d1a084ab
[INFO] [stdout]                                at /rustc/650745ceb2ae60e04f8cd7bfb671fc37239533e4/library/core/src/panicking.rs:72:14
[INFO] [stdout]   19:     0x55a3cfd3f4bf - core::panicking::panic_display::h3da30b4f0035b711
[INFO] [stdout]                                at /rustc/650745ceb2ae60e04f8cd7bfb671fc37239533e4/library/core/src/panicking.rs:196:5
[INFO] [stdout]   20:     0x55a3cfd42647 - assert_cmd::assert::AssertError::panic::h44ed41406d4bae25
[INFO] [stdout]                                at /opt/rustwide/cargo-home/registry/src/index.crates.io-6f17d22bba15001f/assert_cmd-2.0.4/src/assert.rs:1036:9
[INFO] [stdout]   21:     0x55a3cfd3fea7 - core::ops::function::FnOnce::call_once::h870ca88f5ea81b04
[INFO] [stdout]                                at /rustc/650745ceb2ae60e04f8cd7bfb671fc37239533e4/library/core/src/ops/function.rs:250:5
[INFO] [stdout]   22:     0x55a3cfd3f2e0 - core::result::Result<T,E>::unwrap_or_else::he0afbef6b88762dc
[INFO] [stdout]                                at /rustc/650745ceb2ae60e04f8cd7bfb671fc37239533e4/library/core/src/result.rs:1426:23
[INFO] [stdout]   23:     0x55a3cfd41d46 - assert_cmd::assert::Assert::success::h0d1ed30d6f4214ad
[INFO] [stdout]                                at /opt/rustwide/cargo-home/registry/src/index.crates.io-6f17d22bba15001f/assert_cmd-2.0.4/src/assert.rs:156:9
[INFO] [stdout]   24:     0x55a3cfcfe69f - cli::generate_keys_single::hf7cedbe15fa0a2c3
[INFO] [stdout]                                at /opt/rustwide/workdir/tests/cli.rs:72:5
[INFO] [stdout]   25:     0x55a3cfcfe517 - cli::generate_keys_single::{{closure}}::h0823569e029c449b
[INFO] [stdout]                                at /opt/rustwide/workdir/tests/cli.rs:67:30
[INFO] [stdout]   26:     0x55a3cfcfc736 - core::ops::function::FnOnce::call_once::h54c327bc05fb8dc8
[INFO] [stdout]                                at /rustc/650745ceb2ae60e04f8cd7bfb671fc37239533e4/library/core/src/ops/function.rs:250:5
[INFO] [stdout]   27:     0x55a3cfd3926f - core::ops::function::FnOnce::call_once::h06047d416fab4738
[INFO] [stdout]                                at /rustc/650745ceb2ae60e04f8cd7bfb671fc37239533e4/library/core/src/ops/function.rs:250:5
[INFO] [stdout]   28:     0x55a3cfd3926f - test::__rust_begin_short_backtrace::hcb5713adfb060771
[INFO] [stdout]                                at /rustc/650745ceb2ae60e04f8cd7bfb671fc37239533e4/library/test/src/lib.rs:627:18
[INFO] [stdout]   29:     0x55a3cfd38091 - test::run_test_in_process::{{closure}}::h6861e3633d7c9c27
[INFO] [stdout]                                at /rustc/650745ceb2ae60e04f8cd7bfb671fc37239533e4/library/test/src/lib.rs:650:60
[INFO] [stdout]   30:     0x55a3cfd38091 - <core::panic::unwind_safe::AssertUnwindSafe<F> as core::ops::function::FnOnce<()>>::call_once::hb64fe2246fb8da62
[INFO] [stdout]                                at /rustc/650745ceb2ae60e04f8cd7bfb671fc37239533e4/library/core/src/panic/unwind_safe.rs:272:9
[INFO] [stdout]   31:     0x55a3cfd38091 - std::panicking::try::do_call::h298b24dc8da96ba0
[INFO] [stdout]                                at /rustc/650745ceb2ae60e04f8cd7bfb671fc37239533e4/library/std/src/panicking.rs:552:40
[INFO] [stdout]   32:     0x55a3cfd38091 - std::panicking::try::h69c2bfb52fabb772
[INFO] [stdout]                                at /rustc/650745ceb2ae60e04f8cd7bfb671fc37239533e4/library/std/src/panicking.rs:516:19
[INFO] [stdout]   33:     0x55a3cfd38091 - std::panic::catch_unwind::hc0f23ff16cc28725
[INFO] [stdout]                                at /rustc/650745ceb2ae60e04f8cd7bfb671fc37239533e4/library/std/src/panic.rs:142:14
[INFO] [stdout]   34:     0x55a3cfd38091 - test::run_test_in_process::hddee0506ec75925f
[INFO] [stdout]                                at /rustc/650745ceb2ae60e04f8cd7bfb671fc37239533e4/library/test/src/lib.rs:650:27
[INFO] [stdout]   35:     0x55a3cfd38091 - test::run_test::{{closure}}::h5cfb204228607716
[INFO] [stdout]                                at /rustc/650745ceb2ae60e04f8cd7bfb671fc37239533e4/library/test/src/lib.rs:573:43
[INFO] [stdout]   36:     0x55a3cfcff3c6 - test::run_test::{{closure}}::hd4d5602ef13205a5
[INFO] [stdout]                                at /rustc/650745ceb2ae60e04f8cd7bfb671fc37239533e4/library/test/src/lib.rs:601:41
[INFO] [stdout]   37:     0x55a3cfcff3c6 - std::sys_common::backtrace::__rust_begin_short_backtrace::h5ccc5cff5923f06c
[INFO] [stdout]                                at /rustc/650745ceb2ae60e04f8cd7bfb671fc37239533e4/library/std/src/sys_common/backtrace.rs:155:18
[INFO] [stdout]   38:     0x55a3cfd044c7 - std::thread::Builder::spawn_unchecked_::{{closure}}::{{closure}}::hafc0d76dcef09eee
[INFO] [stdout]                                at /rustc/650745ceb2ae60e04f8cd7bfb671fc37239533e4/library/std/src/thread/mod.rs:529:17
[INFO] [stdout]   39:     0x55a3cfd044c7 - <core::panic::unwind_safe::AssertUnwindSafe<F> as core::ops::function::FnOnce<()>>::call_once::hb8ad16fe24e3ea09
[INFO] [stdout]                                at /rustc/650745ceb2ae60e04f8cd7bfb671fc37239533e4/library/core/src/panic/unwind_safe.rs:272:9
[INFO] [stdout]   40:     0x55a3cfd044c7 - std::panicking::try::do_call::h42f15bc08f3d28df
[INFO] [stdout]                                at /rustc/650745ceb2ae60e04f8cd7bfb671fc37239533e4/library/std/src/panicking.rs:552:40
[INFO] [stdout]   41:     0x55a3cfd044c7 - std::panicking::try::h81546958e5901712
[INFO] [stdout]                                at /rustc/650745ceb2ae60e04f8cd7bfb671fc37239533e4/library/std/src/panicking.rs:516:19
[INFO] [stdout]   42:     0x55a3cfd044c7 - std::panic::catch_unwind::hc4c7cd89a2f03e29
[INFO] [stdout]                                at /rustc/650745ceb2ae60e04f8cd7bfb671fc37239533e4/library/std/src/panic.rs:142:14
[INFO] [stdout]   43:     0x55a3cfd044c7 - std::thread::Builder::spawn_unchecked_::{{closure}}::h45ad00093b802d53
[INFO] [stdout]                                at /rustc/650745ceb2ae60e04f8cd7bfb671fc37239533e4/library/std/src/thread/mod.rs:528:30
[INFO] [stdout]   44:     0x55a3cfd044c7 - core::ops::function::FnOnce::call_once{{vtable.shim}}::heec906b8862c0a30
[INFO] [stdout]                                at /rustc/650745ceb2ae60e04f8cd7bfb671fc37239533e4/library/core/src/ops/function.rs:250:5
[INFO] [stdout]   45:     0x55a3cfd8d6a5 - <alloc::boxed::Box<F,A> as core::ops::function::FnOnce<Args>>::call_once::he271a8e9b4ffec7b
[INFO] [stdout]                                at /rustc/650745ceb2ae60e04f8cd7bfb671fc37239533e4/library/alloc/src/boxed.rs:2015:9
[INFO] [stdout]   46:     0x55a3cfd8d6a5 - <alloc::boxed::Box<F,A> as core::ops::function::FnOnce<Args>>::call_once::heeb272d5c498a02f
[INFO] [stdout]                                at /rustc/650745ceb2ae60e04f8cd7bfb671fc37239533e4/library/alloc/src/boxed.rs:2015:9
[INFO] [stdout]   47:     0x55a3cfd8d6a5 - std::sys::unix::thread::Thread::new::thread_start::h1fcefdf404730fa7
[INFO] [stdout]                                at /rustc/650745ceb2ae60e04f8cd7bfb671fc37239533e4/library/std/src/sys/unix/thread.rs:108:17
[INFO] [stdout]   48:     0x7fa2773baac3 - <unknown>
[INFO] [stdout]   49:     0x7fa27744bbf4 - __clone
[INFO] [stdout]   50:                0x0 - <unknown>
[INFO] [stdout] 
[INFO] [stdout] ---- discover_keys_single stdout ----
[INFO] [stdout] thread 'discover_keys_single' panicked at /rustc/650745ceb2ae60e04f8cd7bfb671fc37239533e4/library/core/src/ops/function.rs:250:5:
[INFO] [stdout] Unexpected failure.
[INFO] [stdout] code-<interrupted>
[INFO] [stdout] stderr=```""```
[INFO] [stdout] command=`"/opt/rustwide/target/debug/preshot" "discover-keys" "masterKey" "d7d30ffe-ec60-484f-84f8-1c8b7d0ac352"`
[INFO] [stdout] code=<interrupted>
[INFO] [stdout] stdout=""
[INFO] [stdout] stderr=""
[INFO] [stdout] 
[INFO] [stdout] stack backtrace:
[INFO] [stdout]    0:     0x55a3cfd86076 - std::backtrace_rs::backtrace::libunwind::trace::h03effc2488ffeadf
[INFO] [stdout]                                at /rustc/650745ceb2ae60e04f8cd7bfb671fc37239533e4/library/std/src/../../backtrace/src/backtrace/libunwind.rs:104:5
[INFO] [stdout]    1:     0x55a3cfd86076 - std::backtrace_rs::backtrace::trace_unsynchronized::h006ca25a07988d2f
[INFO] [stdout]                                at /rustc/650745ceb2ae60e04f8cd7bfb671fc37239533e4/library/std/src/../../backtrace/src/backtrace/mod.rs:66:5
[INFO] [stdout]    2:     0x55a3cfd86076 - std::sys_common::backtrace::_print_fmt::h4e3552f7b93352b1
[INFO] [stdout]                                at /rustc/650745ceb2ae60e04f8cd7bfb671fc37239533e4/library/std/src/sys_common/backtrace.rs:68:5
[INFO] [stdout]    3:     0x55a3cfd86076 - <std::sys_common::backtrace::_print::DisplayBacktrace as core::fmt::Display>::fmt::h9fe510a7d5cbe2d5
[INFO] [stdout]                                at /rustc/650745ceb2ae60e04f8cd7bfb671fc37239533e4/library/std/src/sys_common/backtrace.rs:44:22
[INFO] [stdout]    4:     0x55a3cfdafd20 - core::fmt::rt::Argument::fmt::h74b18c7a7e637710
[INFO] [stdout]                                at /rustc/650745ceb2ae60e04f8cd7bfb671fc37239533e4/library/core/src/fmt/rt.rs:142:9
[INFO] [stdout]    5:     0x55a3cfdafd20 - core::fmt::write::h8f8030c94ead45fd
[INFO] [stdout]                                at /rustc/650745ceb2ae60e04f8cd7bfb671fc37239533e4/library/core/src/fmt/mod.rs:1120:17
[INFO] [stdout]    6:     0x55a3cfd8377f - std::io::Write::write_fmt::hd5dc84d51b55db4d
[INFO] [stdout]                                at /rustc/650745ceb2ae60e04f8cd7bfb671fc37239533e4/library/std/src/io/mod.rs:1810:15
[INFO] [stdout]    7:     0x55a3cfd85e54 - std::sys_common::backtrace::_print::h9804e7b18da25ce0
[INFO] [stdout]                                at /rustc/650745ceb2ae60e04f8cd7bfb671fc37239533e4/library/std/src/sys_common/backtrace.rs:47:5
[INFO] [stdout]    8:     0x55a3cfd85e54 - std::sys_common::backtrace::print::h88277d710d09094a
[INFO] [stdout]                                at /rustc/650745ceb2ae60e04f8cd7bfb671fc37239533e4/library/std/src/sys_common/backtrace.rs:34:9
[INFO] [stdout]    9:     0x55a3cfd87c47 - std::panicking::default_hook::{{closure}}::hdbdcf066fe677727
[INFO] [stdout]   10:     0x55a3cfd8792d - std::panicking::default_hook::h23a1b51cb553f858
[INFO] [stdout]                                at /rustc/650745ceb2ae60e04f8cd7bfb671fc37239533e4/library/std/src/panicking.rs:289:9
[INFO] [stdout]   11:     0x55a3cfd33a37 - <alloc::boxed::Box<F,A> as core::ops::function::Fn<Args>>::call::hb97b3d5e50e8f668
[INFO] [stdout]                                at /rustc/650745ceb2ae60e04f8cd7bfb671fc37239533e4/library/alloc/src/boxed.rs:2029:9
[INFO] [stdout]   12:     0x55a3cfd33a37 - test::test_main::{{closure}}::h08dcb42f9689ad1d
[INFO] [stdout]                                at /rustc/650745ceb2ae60e04f8cd7bfb671fc37239533e4/library/test/src/lib.rs:138:21
[INFO] [stdout]   13:     0x55a3cfd88266 - <alloc::boxed::Box<F,A> as core::ops::function::Fn<Args>>::call::he29ab032578fbb20
[INFO] [stdout]                                at /rustc/650745ceb2ae60e04f8cd7bfb671fc37239533e4/library/alloc/src/boxed.rs:2029:9
[INFO] [stdout]   14:     0x55a3cfd88266 - std::panicking::rust_panic_with_hook::hee41672977842e8f
[INFO] [stdout]                                at /rustc/650745ceb2ae60e04f8cd7bfb671fc37239533e4/library/std/src/panicking.rs:783:13
[INFO] [stdout]   15:     0x55a3cfd87fb2 - std::panicking::begin_panic_handler::{{closure}}::h6e390f49bfce6eb3
[INFO] [stdout]                                at /rustc/650745ceb2ae60e04f8cd7bfb671fc37239533e4/library/std/src/panicking.rs:657:13
[INFO] [stdout]   16:     0x55a3cfd86576 - std::sys_common::backtrace::__rust_end_short_backtrace::h72ee75b447321fc6
[INFO] [stdout]                                at /rustc/650745ceb2ae60e04f8cd7bfb671fc37239533e4/library/std/src/sys_common/backtrace.rs:171:18
[INFO] [stdout]   17:     0x55a3cfd87d10 - rust_begin_unwind
[INFO] [stdout]                                at /rustc/650745ceb2ae60e04f8cd7bfb671fc37239533e4/library/std/src/panicking.rs:645:5
[INFO] [stdout]   18:     0x55a3cfcfacd5 - core::panicking::panic_fmt::hf7ebce36d1a084ab
[INFO] [stdout]                                at /rustc/650745ceb2ae60e04f8cd7bfb671fc37239533e4/library/core/src/panicking.rs:72:14
[INFO] [stdout]   19:     0x55a3cfd3f4bf - core::panicking::panic_display::h3da30b4f0035b711
[INFO] [stdout]                                at /rustc/650745ceb2ae60e04f8cd7bfb671fc37239533e4/library/core/src/panicking.rs:196:5
[INFO] [stdout]   20:     0x55a3cfd42647 - assert_cmd::assert::AssertError::panic::h44ed41406d4bae25
[INFO] [stdout]                                at /opt/rustwide/cargo-home/registry/src/index.crates.io-6f17d22bba15001f/assert_cmd-2.0.4/src/assert.rs:1036:9
[INFO] [stdout]   21:     0x55a3cfd3fea7 - core::ops::function::FnOnce::call_once::h870ca88f5ea81b04
[INFO] [stdout]                                at /rustc/650745ceb2ae60e04f8cd7bfb671fc37239533e4/library/core/src/ops/function.rs:250:5
[INFO] [stdout]   22:     0x55a3cfd3f2e0 - core::result::Result<T,E>::unwrap_or_else::he0afbef6b88762dc
[INFO] [stdout]                                at /rustc/650745ceb2ae60e04f8cd7bfb671fc37239533e4/library/core/src/result.rs:1426:23
[INFO] [stdout]   23:     0x55a3cfd41d46 - assert_cmd::assert::Assert::success::h0d1ed30d6f4214ad
[INFO] [stdout]                                at /opt/rustwide/cargo-home/registry/src/index.crates.io-6f17d22bba15001f/assert_cmd-2.0.4/src/assert.rs:156:9
[INFO] [stdout]   24:     0x55a3cfcfe12b - cli::discover_keys_single::h918436fd198383c5
[INFO] [stdout]                                at /opt/rustwide/workdir/tests/cli.rs:41:5
[INFO] [stdout]   25:     0x55a3cfcfdf67 - cli::discover_keys_single::{{closure}}::h70709a832decfbd7
[INFO] [stdout]                                at /opt/rustwide/workdir/tests/cli.rs:32:30
[INFO] [stdout]   26:     0x55a3cfcfc776 - core::ops::function::FnOnce::call_once::h66d1f14647d0cda9
[INFO] [stdout]                                at /rustc/650745ceb2ae60e04f8cd7bfb671fc37239533e4/library/core/src/ops/function.rs:250:5
[INFO] [stdout]   27:     0x55a3cfd3926f - core::ops::function::FnOnce::call_once::h06047d416fab4738
[INFO] [stdout]                                at /rustc/650745ceb2ae60e04f8cd7bfb671fc37239533e4/library/core/src/ops/function.rs:250:5
[INFO] [stdout]   28:     0x55a3cfd3926f - test::__rust_begin_short_backtrace::hcb5713adfb060771
[INFO] [stdout]                                at /rustc/650745ceb2ae60e04f8cd7bfb671fc37239533e4/library/test/src/lib.rs:627:18
[INFO] [stdout]   29:     0x55a3cfd38091 - test::run_test_in_process::{{closure}}::h6861e3633d7c9c27
[INFO] [stdout]                                at /rustc/650745ceb2ae60e04f8cd7bfb671fc37239533e4/library/test/src/lib.rs:650:60
[INFO] [stdout]   30:     0x55a3cfd38091 - <core::panic::unwind_safe::AssertUnwindSafe<F> as core::ops::function::FnOnce<()>>::call_once::hb64fe2246fb8da62
[INFO] [stdout]                                at /rustc/650745ceb2ae60e04f8cd7bfb671fc37239533e4/library/core/src/panic/unwind_safe.rs:272:9
[INFO] [stdout]   31:     0x55a3cfd38091 - std::panicking::try::do_call::h298b24dc8da96ba0
[INFO] [stdout]                                at /rustc/650745ceb2ae60e04f8cd7bfb671fc37239533e4/library/std/src/panicking.rs:552:40
[INFO] [stdout]   32:     0x55a3cfd38091 - std::panicking::try::h69c2bfb52fabb772
[INFO] [stdout]                                at /rustc/650745ceb2ae60e04f8cd7bfb671fc37239533e4/library/std/src/panicking.rs:516:19
[INFO] [stdout]   33:     0x55a3cfd38091 - std::panic::catch_unwind::hc0f23ff16cc28725
[INFO] [stdout]                                at /rustc/650745ceb2ae60e04f8cd7bfb671fc37239533e4/library/std/src/panic.rs:142:14
[INFO] [stdout]   34:     0x55a3cfd38091 - test::run_test_in_process::hddee0506ec75925f
[INFO] [stdout]                                at /rustc/650745ceb2ae60e04f8cd7bfb671fc37239533e4/library/test/src/lib.rs:650:27
[INFO] [stdout]   35:     0x55a3cfd38091 - test::run_test::{{closure}}::h5cfb204228607716
[INFO] [stdout]                                at /rustc/650745ceb2ae60e04f8cd7bfb671fc37239533e4/library/test/src/lib.rs:573:43
[INFO] [stdout]   36:     0x55a3cfcff3c6 - test::run_test::{{closure}}::hd4d5602ef13205a5
[INFO] [stdout]                                at /rustc/650745ceb2ae60e04f8cd7bfb671fc37239533e4/library/test/src/lib.rs:601:41
[INFO] [stdout]   37:     0x55a3cfcff3c6 - std::sys_common::backtrace::__rust_begin_short_backtrace::h5ccc5cff5923f06c
[INFO] [stdout]                                at /rustc/650745ceb2ae60e04f8cd7bfb671fc37239533e4/library/std/src/sys_common/backtrace.rs:155:18
[INFO] [stdout]   38:     0x55a3cfd044c7 - std::thread::Builder::spawn_unchecked_::{{closure}}::{{closure}}::hafc0d76dcef09eee
[INFO] [stdout]                                at /rustc/650745ceb2ae60e04f8cd7bfb671fc37239533e4/library/std/src/thread/mod.rs:529:17
[INFO] [stdout]   39:     0x55a3cfd044c7 - <core::panic::unwind_safe::AssertUnwindSafe<F> as core::ops::function::FnOnce<()>>::call_once::hb8ad16fe24e3ea09
[INFO] [stdout]                                at /rustc/650745ceb2ae60e04f8cd7bfb671fc37239533e4/library/core/src/panic/unwind_safe.rs:272:9
[INFO] [stdout]   40:     0x55a3cfd044c7 - std::panicking::try::do_call::h42f15bc08f3d28df
[INFO] [stdout]                                at /rustc/650745ceb2ae60e04f8cd7bfb671fc37239533e4/library/std/src/panicking.rs:552:40
[INFO] [stdout]   41:     0x55a3cfd044c7 - std::panicking::try::h81546958e5901712
[INFO] [stdout]                                at /rustc/650745ceb2ae60e04f8cd7bfb671fc37239533e4/library/std/src/panicking.rs:516:19
[INFO] [stdout]   42:     0x55a3cfd044c7 - std::panic::catch_unwind::hc4c7cd89a2f03e29
[INFO] [stdout]                                at /rustc/650745ceb2ae60e04f8cd7bfb671fc37239533e4/library/std/src/panic.rs:142:14
[INFO] [stdout]   43:     0x55a3cfd044c7 - std::thread::Builder::spawn_unchecked_::{{closure}}::h45ad00093b802d53
[INFO] [stdout]                                at /rustc/650745ceb2ae60e04f8cd7bfb671fc37239533e4/library/std/src/thread/mod.rs:528:30
[INFO] [stdout]   44:     0x55a3cfd044c7 - core::ops::function::FnOnce::call_once{{vtable.shim}}::heec906b8862c0a30
[INFO] [stdout]                                at /rustc/650745ceb2ae60e04f8cd7bfb671fc37239533e4/library/core/src/ops/function.rs:250:5
[INFO] [stdout]   45:     0x55a3cfd8d6a5 - <alloc::boxed::Box<F,A> as core::ops::function::FnOnce<Args>>::call_once::he271a8e9b4ffec7b
[INFO] [stdout]                                at /rustc/650745ceb2ae60e04f8cd7bfb671fc37239533e4/library/alloc/src/boxed.rs:2015:9
[INFO] [stdout]   46:     0x55a3cfd8d6a5 - <alloc::boxed::Box<F,A> as core::ops::function::FnOnce<Args>>::call_once::heeb272d5c498a02f
[INFO] [stdout]                                at /rustc/650745ceb2ae60e04f8cd7bfb671fc37239533e4/library/alloc/src/boxed.rs:2015:9
[INFO] [stdout]   47:     0x55a3cfd8d6a5 - std::sys::unix::thread::Thread::new::thread_start::h1fcefdf404730fa7
[INFO] [stdout]                                at /rustc/650745ceb2ae60e04f8cd7bfb671fc37239533e4/library/std/src/sys/unix/thread.rs:108:17
[INFO] [stdout]   48:     0x7fa2773baac3 - <unknown>
[INFO] [stdout]   49:     0x7fa27744bbf4 - __clone
[INFO] [stdout]   50:                0x0 - <unknown>
[INFO] [stdout] 
[INFO] [stdout] ---- generate_uuids stdout ----
[INFO] [stdout] thread 'generate_uuids' panicked at /rustc/650745ceb2ae60e04f8cd7bfb671fc37239533e4/library/core/src/ops/function.rs:250:5:
[INFO] [stderr] error: test failed, to rerun pass `--test cli`
[INFO] [stdout] Unexpected failure.
[INFO] [stdout] code-<interrupted>
[INFO] [stdout] stderr=```""```
[INFO] [stdout] command=`"/opt/rustwide/target/debug/preshot" "generate-uuids"`
[INFO] [stdout] code=<interrupted>
[INFO] [stdout] stdout=""
[INFO] [stdout] stderr=""
[INFO] [stdout] 
[INFO] [stdout] stack backtrace:
[INFO] [stdout]    0:     0x55a3cfd86076 - std::backtrace_rs::backtrace::libunwind::trace::h03effc2488ffeadf
[INFO] [stdout]                                at /rustc/650745ceb2ae60e04f8cd7bfb671fc37239533e4/library/std/src/../../backtrace/src/backtrace/libunwind.rs:104:5
[INFO] [stdout]    1:     0x55a3cfd86076 - std::backtrace_rs::backtrace::trace_unsynchronized::h006ca25a07988d2f
[INFO] [stdout]                                at /rustc/650745ceb2ae60e04f8cd7bfb671fc37239533e4/library/std/src/../../backtrace/src/backtrace/mod.rs:66:5
[INFO] [stdout]    2:     0x55a3cfd86076 - std::sys_common::backtrace::_print_fmt::h4e3552f7b93352b1
[INFO] [stdout]                                at /rustc/650745ceb2ae60e04f8cd7bfb671fc37239533e4/library/std/src/sys_common/backtrace.rs:68:5
[INFO] [stdout]    3:     0x55a3cfd86076 - <std::sys_common::backtrace::_print::DisplayBacktrace as core::fmt::Display>::fmt::h9fe510a7d5cbe2d5
[INFO] [stdout]                                at /rustc/650745ceb2ae60e04f8cd7bfb671fc37239533e4/library/std/src/sys_common/backtrace.rs:44:22
[INFO] [stdout]    4:     0x55a3cfdafd20 - core::fmt::rt::Argument::fmt::h74b18c7a7e637710
[INFO] [stdout]                                at /rustc/650745ceb2ae60e04f8cd7bfb671fc37239533e4/library/core/src/fmt/rt.rs:142:9
[INFO] [stdout]    5:     0x55a3cfdafd20 - core::fmt::write::h8f8030c94ead45fd
[INFO] [stdout]                                at /rustc/650745ceb2ae60e04f8cd7bfb671fc37239533e4/library/core/src/fmt/mod.rs:1120:17
[INFO] [stdout]    6:     0x55a3cfd8377f - std::io::Write::write_fmt::hd5dc84d51b55db4d
[INFO] [stdout]                                at /rustc/650745ceb2ae60e04f8cd7bfb671fc37239533e4/library/std/src/io/mod.rs:1810:15
[INFO] [stdout]    7:     0x55a3cfd85e54 - std::sys_common::backtrace::_print::h9804e7b18da25ce0
[INFO] [stdout]                                at /rustc/650745ceb2ae60e04f8cd7bfb671fc37239533e4/library/std/src/sys_common/backtrace.rs:47:5
[INFO] [stdout]    8:     0x55a3cfd85e54 - std::sys_common::backtrace::print::h88277d710d09094a
[INFO] [stdout]                                at /rustc/650745ceb2ae60e04f8cd7bfb671fc37239533e4/library/std/src/sys_common/backtrace.rs:34:9
[INFO] [stdout]    9:     0x55a3cfd87c47 - std::panicking::default_hook::{{closure}}::hdbdcf066fe677727
[INFO] [stdout]   10:     0x55a3cfd8792d - std::panicking::default_hook::h23a1b51cb553f858
[INFO] [stdout]                                at /rustc/650745ceb2ae60e04f8cd7bfb671fc37239533e4/library/std/src/panicking.rs:289:9
[INFO] [stdout]   11:     0x55a3cfd33a37 - <alloc::boxed::Box<F,A> as core::ops::function::Fn<Args>>::call::hb97b3d5e50e8f668
[INFO] [stdout]                                at /rustc/650745ceb2ae60e04f8cd7bfb671fc37239533e4/library/alloc/src/boxed.rs:2029:9
[INFO] [stdout]   12:     0x55a3cfd33a37 - test::test_main::{{closure}}::h08dcb42f9689ad1d
[INFO] [stdout]                                at /rustc/650745ceb2ae60e04f8cd7bfb671fc37239533e4/library/test/src/lib.rs:138:21
[INFO] [stdout]   13:     0x55a3cfd88266 - <alloc::boxed::Box<F,A> as core::ops::function::Fn<Args>>::call::he29ab032578fbb20
[INFO] [stdout]                                at /rustc/650745ceb2ae60e04f8cd7bfb671fc37239533e4/library/alloc/src/boxed.rs:2029:9
[INFO] [stdout]   14:     0x55a3cfd88266 - std::panicking::rust_panic_with_hook::hee41672977842e8f
[INFO] [stdout]                                at /rustc/650745ceb2ae60e04f8cd7bfb671fc37239533e4/library/std/src/panicking.rs:783:13
[INFO] [stdout]   15:     0x55a3cfd87fb2 - std::panicking::begin_panic_handler::{{closure}}::h6e390f49bfce6eb3
[INFO] [stdout]                                at /rustc/650745ceb2ae60e04f8cd7bfb671fc37239533e4/library/std/src/panicking.rs:657:13
[INFO] [stdout]   16:     0x55a3cfd86576 - std::sys_common::backtrace::__rust_end_short_backtrace::h72ee75b447321fc6
[INFO] [stdout]                                at /rustc/650745ceb2ae60e04f8cd7bfb671fc37239533e4/library/std/src/sys_common/backtrace.rs:171:18
[INFO] [stdout]   17:     0x55a3cfd87d10 - rust_begin_unwind
[INFO] [stdout]                                at /rustc/650745ceb2ae60e04f8cd7bfb671fc37239533e4/library/std/src/panicking.rs:645:5
[INFO] [stdout]   18:     0x55a3cfcfacd5 - core::panicking::panic_fmt::hf7ebce36d1a084ab
[INFO] [stdout]                                at /rustc/650745ceb2ae60e04f8cd7bfb671fc37239533e4/library/core/src/panicking.rs:72:14
[INFO] [stdout]   19:     0x55a3cfd3f4bf - core::panicking::panic_display::h3da30b4f0035b711
[INFO] [stdout]                                at /rustc/650745ceb2ae60e04f8cd7bfb671fc37239533e4/library/core/src/panicking.rs:196:5
[INFO] [stdout]   20:     0x55a3cfd42647 - assert_cmd::assert::AssertError::panic::h44ed41406d4bae25
[INFO] [stdout]                                at /opt/rustwide/cargo-home/registry/src/index.crates.io-6f17d22bba15001f/assert_cmd-2.0.4/src/assert.rs:1036:9
[INFO] [stdout]   21:     0x55a3cfd3fea7 - core::ops::function::FnOnce::call_once::h870ca88f5ea81b04
[INFO] [stdout]                                at /rustc/650745ceb2ae60e04f8cd7bfb671fc37239533e4/library/core/src/ops/function.rs:250:5
[INFO] [stdout]   22:     0x55a3cfd3f2e0 - core::result::Result<T,E>::unwrap_or_else::he0afbef6b88762dc
[INFO] [stdout]                                at /rustc/650745ceb2ae60e04f8cd7bfb671fc37239533e4/library/core/src/result.rs:1426:23
[INFO] [stdout]   23:     0x55a3cfd41d46 - assert_cmd::assert::Assert::success::h0d1ed30d6f4214ad
[INFO] [stdout]                                at /opt/rustwide/cargo-home/registry/src/index.crates.io-6f17d22bba15001f/assert_cmd-2.0.4/src/assert.rs:156:9
[INFO] [stdout]   24:     0x55a3cfcfec94 - cli::generate_uuids::h08a170d56ed9b1fd
[INFO] [stdout]                                at /opt/rustwide/workdir/tests/cli.rs:105:5
[INFO] [stdout]   25:     0x55a3cfcfeb27 - cli::generate_uuids::{{closure}}::h4688990c2585413f
[INFO] [stdout]                                at /opt/rustwide/workdir/tests/cli.rs:100:24
[INFO] [stdout]   26:     0x55a3cfcfc6f6 - core::ops::function::FnOnce::call_once::h3f9b86e47686abbb
[INFO] [stdout]                                at /rustc/650745ceb2ae60e04f8cd7bfb671fc37239533e4/library/core/src/ops/function.rs:250:5
[INFO] [stdout]   27:     0x55a3cfd3926f - core::ops::function::FnOnce::call_once::h06047d416fab4738
[INFO] [stdout]                                at /rustc/650745ceb2ae60e04f8cd7bfb671fc37239533e4/library/core/src/ops/function.rs:250:5
[INFO] [stdout]   28:     0x55a3cfd3926f - test::__rust_begin_short_backtrace::hcb5713adfb060771
[INFO] [stdout]                                at /rustc/650745ceb2ae60e04f8cd7bfb671fc37239533e4/library/test/src/lib.rs:627:18
[INFO] [stdout]   29:     0x55a3cfd38091 - test::run_test_in_process::{{closure}}::h6861e3633d7c9c27
[INFO] [stdout]                                at /rustc/650745ceb2ae60e04f8cd7bfb671fc37239533e4/library/test/src/lib.rs:650:60
[INFO] [stdout]   30:     0x55a3cfd38091 - <core::panic::unwind_safe::AssertUnwindSafe<F> as core::ops::function::FnOnce<()>>::call_once::hb64fe2246fb8da62
[INFO] [stdout]                                at /rustc/650745ceb2ae60e04f8cd7bfb671fc37239533e4/library/core/src/panic/unwind_safe.rs:272:9
[INFO] [stdout]   31:     0x55a3cfd38091 - std::panicking::try::do_call::h298b24dc8da96ba0
[INFO] [stdout]                                at /rustc/650745ceb2ae60e04f8cd7bfb671fc37239533e4/library/std/src/panicking.rs:552:40
[INFO] [stdout]   32:     0x55a3cfd38091 - std::panicking::try::h69c2bfb52fabb772
[INFO] [stdout]                                at /rustc/650745ceb2ae60e04f8cd7bfb671fc37239533e4/library/std/src/panicking.rs:516:19
[INFO] [stdout]   33:     0x55a3cfd38091 - std::panic::catch_unwind::hc0f23ff16cc28725
[INFO] [stdout]                                at /rustc/650745ceb2ae60e04f8cd7bfb671fc37239533e4/library/std/src/panic.rs:142:14
[INFO] [stdout]   34:     0x55a3cfd38091 - test::run_test_in_process::hddee0506ec75925f
[INFO] [stdout]                                at /rustc/650745ceb2ae60e04f8cd7bfb671fc37239533e4/library/test/src/lib.rs:650:27
[INFO] [stdout]   35:     0x55a3cfd38091 - test::run_test::{{closure}}::h5cfb204228607716
[INFO] [stdout]                                at /rustc/650745ceb2ae60e04f8cd7bfb671fc37239533e4/library/test/src/lib.rs:573:43
[INFO] [stdout]   36:     0x55a3cfcff3c6 - test::run_test::{{closure}}::hd4d5602ef13205a5
[INFO] [stdout]                                at /rustc/650745ceb2ae60e04f8cd7bfb671fc37239533e4/library/test/src/lib.rs:601:41
[INFO] [stdout]   37:     0x55a3cfcff3c6 - std::sys_common::backtrace::__rust_begin_short_backtrace::h5ccc5cff5923f06c
[INFO] [stdout]                                at /rustc/650745ceb2ae60e04f8cd7bfb671fc37239533e4/library/std/src/sys_common/backtrace.rs:155:18
[INFO] [stdout]   38:     0x55a3cfd044c7 - std::thread::Builder::spawn_unchecked_::{{closure}}::{{closure}}::hafc0d76dcef09eee
[INFO] [stdout]                                at /rustc/650745ceb2ae60e04f8cd7bfb671fc37239533e4/library/std/src/thread/mod.rs:529:17
[INFO] [stdout]   39:     0x55a3cfd044c7 - <core::panic::unwind_safe::AssertUnwindSafe<F> as core::ops::function::FnOnce<()>>::call_once::hb8ad16fe24e3ea09
[INFO] [stdout]                                at /rustc/650745ceb2ae60e04f8cd7bfb671fc37239533e4/library/core/src/panic/unwind_safe.rs:272:9
[INFO] [stdout]   40:     0x55a3cfd044c7 - std::panicking::try::do_call::h42f15bc08f3d28df
[INFO] [stdout]                                at /rustc/650745ceb2ae60e04f8cd7bfb671fc37239533e4/library/std/src/panicking.rs:552:40
[INFO] [stdout]   41:     0x55a3cfd044c7 - std::panicking::try::h81546958e5901712
[INFO] [stdout]                                at /rustc/650745ceb2ae60e04f8cd7bfb671fc37239533e4/library/std/src/panicking.rs:516:19
[INFO] [stdout]   42:     0x55a3cfd044c7 - std::panic::catch_unwind::hc4c7cd89a2f03e29
[INFO] [stdout]                                at /rustc/650745ceb2ae60e04f8cd7bfb671fc37239533e4/library/std/src/panic.rs:142:14
[INFO] [stdout]   43:     0x55a3cfd044c7 - std::thread::Builder::spawn_unchecked_::{{closure}}::h45ad00093b802d53
[INFO] [stdout]                                at /rustc/650745ceb2ae60e04f8cd7bfb671fc37239533e4/library/std/src/thread/mod.rs:528:30
[INFO] [stdout]   44:     0x55a3cfd044c7 - core::ops::function::FnOnce::call_once{{vtable.shim}}::heec906b8862c0a30
[INFO] [stdout]                                at /rustc/650745ceb2ae60e04f8cd7bfb671fc37239533e4/library/core/src/ops/function.rs:250:5
[INFO] [stdout]   45:     0x55a3cfd8d6a5 - <alloc::boxed::Box<F,A> as core::ops::function::FnOnce<Args>>::call_once::he271a8e9b4ffec7b
[INFO] [stdout]                                at /rustc/650745ceb2ae60e04f8cd7bfb671fc37239533e4/library/alloc/src/boxed.rs:2015:9
[INFO] [stdout]   46:     0x55a3cfd8d6a5 - <alloc::boxed::Box<F,A> as core::ops::function::FnOnce<Args>>::call_once::heeb272d5c498a02f
[INFO] [stdout]                                at /rustc/650745ceb2ae60e04f8cd7bfb671fc37239533e4/library/alloc/src/boxed.rs:2015:9
[INFO] [stdout]   47:     0x55a3cfd8d6a5 - std::sys::unix::thread::Thread::new::thread_start::h1fcefdf404730fa7
[INFO] [stdout]                                at /rustc/650745ceb2ae60e04f8cd7bfb671fc37239533e4/library/std/src/sys/unix/thread.rs:108:17
[INFO] [stdout]   48:     0x7fa2773baac3 - <unknown>
[INFO] [stdout]   49:     0x7fa27744bbf4 - __clone
[INFO] [stdout]   50:                0x0 - <unknown>
[INFO] [stdout] 
[INFO] [stdout] ---- discover_keys_multiple stdout ----
[INFO] [stdout] thread 'discover_keys_multiple' panicked at /rustc/650745ceb2ae60e04f8cd7bfb671fc37239533e4/library/core/src/ops/function.rs:250:5:
[INFO] [stdout] Unexpected failure.
[INFO] [stdout] code-<interrupted>
[INFO] [stdout] stderr=```""```
[INFO] [stdout] command=`"/opt/rustwide/target/debug/preshot" "discover-keys" "masterKey" "d7d30ffe-ec60-484f-84f8-1c8b7d0ac352" "c5a18797-621c-42b5-81bd-23fbf0202364"`
[INFO] [stdout] code=<interrupted>
[INFO] [stdout] stdout=""
[INFO] [stdout] stderr=""
[INFO] [stdout] 
[INFO] [stdout] stack backtrace:
[INFO] [stdout]    0:     0x55a3cfd86076 - std::backtrace_rs::backtrace::libunwind::trace::h03effc2488ffeadf
[INFO] [stdout]                                at /rustc/650745ceb2ae60e04f8cd7bfb671fc37239533e4/library/std/src/../../backtrace/src/backtrace/libunwind.rs:104:5
[INFO] [stdout]    1:     0x55a3cfd86076 - std::backtrace_rs::backtrace::trace_unsynchronized::h006ca25a07988d2f
[INFO] [stdout]                                at /rustc/650745ceb2ae60e04f8cd7bfb671fc37239533e4/library/std/src/../../backtrace/src/backtrace/mod.rs:66:5
[INFO] [stdout]    2:     0x55a3cfd86076 - std::sys_common::backtrace::_print_fmt::h4e3552f7b93352b1
[INFO] [stdout]                                at /rustc/650745ceb2ae60e04f8cd7bfb671fc37239533e4/library/std/src/sys_common/backtrace.rs:68:5
[INFO] [stdout]    3:     0x55a3cfd86076 - <std::sys_common::backtrace::_print::DisplayBacktrace as core::fmt::Display>::fmt::h9fe510a7d5cbe2d5
[INFO] [stdout]                                at /rustc/650745ceb2ae60e04f8cd7bfb671fc37239533e4/library/std/src/sys_common/backtrace.rs:44:22
[INFO] [stdout]    4:     0x55a3cfdafd20 - core::fmt::rt::Argument::fmt::h74b18c7a7e637710
[INFO] [stdout]                                at /rustc/650745ceb2ae60e04f8cd7bfb671fc37239533e4/library/core/src/fmt/rt.rs:142:9
[INFO] [stdout]    5:     0x55a3cfdafd20 - core::fmt::write::h8f8030c94ead45fd
[INFO] [stdout]                                at /rustc/650745ceb2ae60e04f8cd7bfb671fc37239533e4/library/core/src/fmt/mod.rs:1120:17
[INFO] [stdout]    6:     0x55a3cfd8377f - std::io::Write::write_fmt::hd5dc84d51b55db4d
[INFO] [stdout]                                at /rustc/650745ceb2ae60e04f8cd7bfb671fc37239533e4/library/std/src/io/mod.rs:1810:15
[INFO] [stdout]    7:     0x55a3cfd85e54 - std::sys_common::backtrace::_print::h9804e7b18da25ce0
[INFO] [stdout]                                at /rustc/650745ceb2ae60e04f8cd7bfb671fc37239533e4/library/std/src/sys_common/backtrace.rs:47:5
[INFO] [stdout]    8:     0x55a3cfd85e54 - std::sys_common::backtrace::print::h88277d710d09094a
[INFO] [stdout]                                at /rustc/650745ceb2ae60e04f8cd7bfb671fc37239533e4/library/std/src/sys_common/backtrace.rs:34:9
[INFO] [stdout]    9:     0x55a3cfd87c47 - std::panicking::default_hook::{{closure}}::hdbdcf066fe677727
[INFO] [stdout]   10:     0x55a3cfd8792d - std::panicking::default_hook::h23a1b51cb553f858
[INFO] [stdout]                                at /rustc/650745ceb2ae60e04f8cd7bfb671fc37239533e4/library/std/src/panicking.rs:289:9
[INFO] [stdout]   11:     0x55a3cfd33a37 - <alloc::boxed::Box<F,A> as core::ops::function::Fn<Args>>::call::hb97b3d5e50e8f668
[INFO] [stdout]                                at /rustc/650745ceb2ae60e04f8cd7bfb671fc37239533e4/library/alloc/src/boxed.rs:2029:9
[INFO] [stdout]   12:     0x55a3cfd33a37 - test::test_main::{{closure}}::h08dcb42f9689ad1d
[INFO] [stdout]                                at /rustc/650745ceb2ae60e04f8cd7bfb671fc37239533e4/library/test/src/lib.rs:138:21
[INFO] [stdout]   13:     0x55a3cfd88266 - <alloc::boxed::Box<F,A> as core::ops::function::Fn<Args>>::call::he29ab032578fbb20
[INFO] [stdout]                                at /rustc/650745ceb2ae60e04f8cd7bfb671fc37239533e4/library/alloc/src/boxed.rs:2029:9
[INFO] [stdout]   14:     0x55a3cfd88266 - std::panicking::rust_panic_with_hook::hee41672977842e8f
[INFO] [stdout]                                at /rustc/650745ceb2ae60e04f8cd7bfb671fc37239533e4/library/std/src/panicking.rs:783:13
[INFO] [stdout]   15:     0x55a3cfd87fb2 - std::panicking::begin_panic_handler::{{closure}}::h6e390f49bfce6eb3
[INFO] [stdout]                                at /rustc/650745ceb2ae60e04f8cd7bfb671fc37239533e4/library/std/src/panicking.rs:657:13
[INFO] [stdout]   16:     0x55a3cfd86576 - std::sys_common::backtrace::__rust_end_short_backtrace::h72ee75b447321fc6
[INFO] [stdout]                                at /rustc/650745ceb2ae60e04f8cd7bfb671fc37239533e4/library/std/src/sys_common/backtrace.rs:171:18
[INFO] [stdout]   17:     0x55a3cfd87d10 - rust_begin_unwind
[INFO] [stdout]                                at /rustc/650745ceb2ae60e04f8cd7bfb671fc37239533e4/library/std/src/panicking.rs:645:5
[INFO] [stdout]   18:     0x55a3cfcfacd5 - core::panicking::panic_fmt::hf7ebce36d1a084ab
[INFO] [stdout]                                at /rustc/650745ceb2ae60e04f8cd7bfb671fc37239533e4/library/core/src/panicking.rs:72:14
[INFO] [stdout]   19:     0x55a3cfd3f4bf - core::panicking::panic_display::h3da30b4f0035b711
[INFO] [stdout]                                at /rustc/650745ceb2ae60e04f8cd7bfb671fc37239533e4/library/core/src/panicking.rs:196:5
[INFO] [stdout]   20:     0x55a3cfd42647 - assert_cmd::assert::AssertError::panic::h44ed41406d4bae25
[INFO] [stdout]                                at /opt/rustwide/cargo-home/registry/src/index.crates.io-6f17d22bba15001f/assert_cmd-2.0.4/src/assert.rs:1036:9
[INFO] [stdout]   21:     0x55a3cfd3fea7 - core::ops::function::FnOnce::call_once::h870ca88f5ea81b04
[INFO] [stdout]                                at /rustc/650745ceb2ae60e04f8cd7bfb671fc37239533e4/library/core/src/ops/function.rs:250:5
[INFO] [stdout]   22:     0x55a3cfd3f2e0 - core::result::Result<T,E>::unwrap_or_else::he0afbef6b88762dc
[INFO] [stdout]                                at /rustc/650745ceb2ae60e04f8cd7bfb671fc37239533e4/library/core/src/result.rs:1426:23
[INFO] [stdout]   23:     0x55a3cfd41d46 - assert_cmd::assert::Assert::success::h0d1ed30d6f4214ad
[INFO] [stdout]                                at /opt/rustwide/cargo-home/registry/src/index.crates.io-6f17d22bba15001f/assert_cmd-2.0.4/src/assert.rs:156:9
[INFO] [stdout]   24:     0x55a3cfcfe416 - cli::discover_keys_multiple::hedc23795b3b273ce
[INFO] [stdout]                                at /opt/rustwide/workdir/tests/cli.rs:59:5
[INFO] [stdout]   25:     0x55a3cfcfe237 - cli::discover_keys_multiple::{{closure}}::hbddddb319e3b30d1
[INFO] [stdout]                                at /opt/rustwide/workdir/tests/cli.rs:49:32
[INFO] [stdout]   26:     0x55a3cfcfc6a6 - core::ops::function::FnOnce::call_once::h317311aaad61a912
[INFO] [stdout]                                at /rustc/650745ceb2ae60e04f8cd7bfb671fc37239533e4/library/core/src/ops/function.rs:250:5
[INFO] [stdout]   27:     0x55a3cfd3926f - core::ops::function::FnOnce::call_once::h06047d416fab4738
[INFO] [stdout]                                at /rustc/650745ceb2ae60e04f8cd7bfb671fc37239533e4/library/core/src/ops/function.rs:250:5
[INFO] [stdout]   28:     0x55a3cfd3926f - test::__rust_begin_short_backtrace::hcb5713adfb060771
[INFO] [stdout]                                at /rustc/650745ceb2ae60e04f8cd7bfb671fc37239533e4/library/test/src/lib.rs:627:18
[INFO] [stdout]   29:     0x55a3cfd38091 - test::run_test_in_process::{{closure}}::h6861e3633d7c9c27
[INFO] [stdout]                                at /rustc/650745ceb2ae60e04f8cd7bfb671fc37239533e4/library/test/src/lib.rs:650:60
[INFO] [stdout]   30:     0x55a3cfd38091 - <core::panic::unwind_safe::AssertUnwindSafe<F> as core::ops::function::FnOnce<()>>::call_once::hb64fe2246fb8da62
[INFO] [stdout]                                at /rustc/650745ceb2ae60e04f8cd7bfb671fc37239533e4/library/core/src/panic/unwind_safe.rs:272:9
[INFO] [stdout]   31:     0x55a3cfd38091 - std::panicking::try::do_call::h298b24dc8da96ba0
[INFO] [stdout]                                at /rustc/650745ceb2ae60e04f8cd7bfb671fc37239533e4/library/std/src/panicking.rs:552:40
[INFO] [stdout]   32:     0x55a3cfd38091 - std::panicking::try::h69c2bfb52fabb772
[INFO] [stdout]                                at /rustc/650745ceb2ae60e04f8cd7bfb671fc37239533e4/library/std/src/panicking.rs:516:19
[INFO] [stdout]   33:     0x55a3cfd38091 - std::panic::catch_unwind::hc0f23ff16cc28725
[INFO] [stdout]                                at /rustc/650745ceb2ae60e04f8cd7bfb671fc37239533e4/library/std/src/panic.rs:142:14
[INFO] [stdout]   34:     0x55a3cfd38091 - test::run_test_in_process::hddee0506ec75925f
[INFO] [stdout]                                at /rustc/650745ceb2ae60e04f8cd7bfb671fc37239533e4/library/test/src/lib.rs:650:27
[INFO] [stdout]   35:     0x55a3cfd38091 - test::run_test::{{closure}}::h5cfb204228607716
[INFO] [stdout]                                at /rustc/650745ceb2ae60e04f8cd7bfb671fc37239533e4/library/test/src/lib.rs:573:43
[INFO] [stdout]   36:     0x55a3cfcff3c6 - test::run_test::{{closure}}::hd4d5602ef13205a5
[INFO] [stdout]                                at /rustc/650745ceb2ae60e04f8cd7bfb671fc37239533e4/library/test/src/lib.rs:601:41
[INFO] [stdout]   37:     0x55a3cfcff3c6 - std::sys_common::backtrace::__rust_begin_short_backtrace::h5ccc5cff5923f06c
[INFO] [stdout]                                at /rustc/650745ceb2ae60e04f8cd7bfb671fc37239533e4/library/std/src/sys_common/backtrace.rs:155:18
[INFO] [stdout]   38:     0x55a3cfd044c7 - std::thread::Builder::spawn_unchecked_::{{closure}}::{{closure}}::hafc0d76dcef09eee
[INFO] [stdout]                                at /rustc/650745ceb2ae60e04f8cd7bfb671fc37239533e4/library/std/src/thread/mod.rs:529:17
[INFO] [stdout]   39:     0x55a3cfd044c7 - <core::panic::unwind_safe::AssertUnwindSafe<F> as core::ops::function::FnOnce<()>>::call_once::hb8ad16fe24e3ea09
[INFO] [stdout]                                at /rustc/650745ceb2ae60e04f8cd7bfb671fc37239533e4/library/core/src/panic/unwind_safe.rs:272:9
[INFO] [stdout]   40:     0x55a3cfd044c7 - std::panicking::try::do_call::h42f15bc08f3d28df
[INFO] [stdout]                                at /rustc/650745ceb2ae60e04f8cd7bfb671fc37239533e4/library/std/src/panicking.rs:552:40
[INFO] [stdout]   41:     0x55a3cfd044c7 - std::panicking::try::h81546958e5901712
[INFO] [stdout]                                at /rustc/650745ceb2ae60e04f8cd7bfb671fc37239533e4/library/std/src/panicking.rs:516:19
[INFO] [stdout]   42:     0x55a3cfd044c7 - std::panic::catch_unwind::hc4c7cd89a2f03e29
[INFO] [stdout]                                at /rustc/650745ceb2ae60e04f8cd7bfb671fc37239533e4/library/std/src/panic.rs:142:14
[INFO] [stdout]   43:     0x55a3cfd044c7 - std::thread::Builder::spawn_unchecked_::{{closure}}::h45ad00093b802d53
[INFO] [stdout]                                at /rustc/650745ceb2ae60e04f8cd7bfb671fc37239533e4/library/std/src/thread/mod.rs:528:30
[INFO] [stdout]   44:     0x55a3cfd044c7 - core::ops::function::FnOnce::call_once{{vtable.shim}}::heec906b8862c0a30
[INFO] [stdout]                                at /rustc/650745ceb2ae60e04f8cd7bfb671fc37239533e4/library/core/src/ops/function.rs:250:5
[INFO] [stdout]   45:     0x55a3cfd8d6a5 - <alloc::boxed::Box<F,A> as core::ops::function::FnOnce<Args>>::call_once::he271a8e9b4ffec7b
[INFO] [stdout]                                at /rustc/650745ceb2ae60e04f8cd7bfb671fc37239533e4/library/alloc/src/boxed.rs:2015:9
[INFO] [stdout]   46:     0x55a3cfd8d6a5 - <alloc::boxed::Box<F,A> as core::ops::function::FnOnce<Args>>::call_once::heeb272d5c498a02f
[INFO] [stdout]                                at /rustc/650745ceb2ae60e04f8cd7bfb671fc37239533e4/library/alloc/src/boxed.rs:2015:9
[INFO] [stdout]   47:     0x55a3cfd8d6a5 - std::sys::unix::thread::Thread::new::thread_start::h1fcefdf404730fa7
[INFO] [stdout]                                at /rustc/650745ceb2ae60e04f8cd7bfb671fc37239533e4/library/std/src/sys/unix/thread.rs:108:17
[INFO] [stdout]   48:     0x7fa2773baac3 - <unknown>
[INFO] [stdout]   49:     0x7fa27744bbf4 - __clone
[INFO] [stdout]   50:                0x0 - <unknown>
[INFO] [stdout] 
[INFO] [stdout] 
[INFO] [stdout] failures:
[INFO] [stdout]     discover_keys_multiple
[INFO] [stdout]     discover_keys_single
[INFO] [stdout]     generate_keys_multiple
[INFO] [stdout]     generate_keys_single
[INFO] [stdout]     generate_uuids
[INFO] [stdout]     generate_uuids_multiple
[INFO] [stdout] 
[INFO] [stdout] test result: FAILED. 3 passed; 6 failed; 1 ignored; 0 measured; 0 filtered out; finished in 0.30s
[INFO] [stdout] 
[INFO] running `Command { std: "docker" "inspect" "63fc5ef7e417d15ed3027f35f18cde4d5d53fca1bb37f81beb9703d26d38e1df", kill_on_drop: false }`
[INFO] running `Command { std: "docker" "rm" "-f" "63fc5ef7e417d15ed3027f35f18cde4d5d53fca1bb37f81beb9703d26d38e1df", kill_on_drop: false }`
[INFO] [stdout] 63fc5ef7e417d15ed3027f35f18cde4d5d53fca1bb37f81beb9703d26d38e1df
