[INFO] fetching crate osm_pbf2json 0.2.2...
[INFO] testing osm_pbf2json-0.2.2 against 1.75.0 for beta-1.76-3
[INFO] extracting crate osm_pbf2json 0.2.2 into /workspace/builds/worker-5-tc1/source
[INFO] validating manifest of crates.io crate osm_pbf2json 0.2.2 on toolchain 1.75.0
[INFO] running `Command { std: CARGO_HOME="/workspace/cargo-home" RUSTUP_HOME="/workspace/rustup-home" "/workspace/cargo-home/bin/cargo" "+1.75.0" "metadata" "--manifest-path" "Cargo.toml" "--no-deps", kill_on_drop: false }`
[INFO] started tweaking crates.io crate osm_pbf2json 0.2.2
[INFO] finished tweaking crates.io crate osm_pbf2json 0.2.2
[INFO] tweaked toml for crates.io crate osm_pbf2json 0.2.2 written to /workspace/builds/worker-5-tc1/source/Cargo.toml
[INFO] crate crates.io crate osm_pbf2json 0.2.2 already has a lockfile, it will not be regenerated
[INFO] running `Command { std: CARGO_HOME="/workspace/cargo-home" RUSTUP_HOME="/workspace/rustup-home" "/workspace/cargo-home/bin/cargo" "+1.75.0" "fetch" "--manifest-path" "Cargo.toml", kill_on_drop: false }`
[INFO] [stderr]     Updating crates.io index
[INFO] [stderr]  Downloading crates ...
[INFO] [stderr]   Downloaded proc-macro-error v1.0.2
[INFO] [stderr]   Downloaded as-slice v0.1.3
[INFO] [stderr]   Downloaded heapless v0.5.5
[INFO] [stderr]   Downloaded par-map v0.1.4
[INFO] [stderr]   Downloaded adler32 v1.0.4
[INFO] [stderr]   Downloaded approx v0.3.2
[INFO] [stderr]   Downloaded geo-types v0.6.0
[INFO] [stderr]   Downloaded quote v1.0.3
[INFO] [stderr]   Downloaded proc-macro2 v1.0.10
[INFO] [stderr]   Downloaded geographiclib-rs v0.2.0
[INFO] [stderr]   Downloaded itertools v0.9.0
[INFO] [stderr]   Downloaded syn v1.0.17
[INFO] [stderr]   Downloaded plotters v0.2.12
[INFO] [stderr]   Downloaded petgraph v0.5.1
[INFO] [stderr]   Downloaded protobuf-codegen v2.12.0
[INFO] [stderr]   Downloaded serde_derive v1.0.105
[INFO] [stderr]   Downloaded num-traits v0.2.11
[INFO] [stderr]   Downloaded futures v0.1.29
[INFO] [stderr]   Downloaded flate2 v1.0.14
[INFO] [stderr]   Downloaded protobuf v2.12.0
[INFO] [stderr]   Downloaded serde_json v1.0.50
[INFO] [stderr]   Downloaded criterion v0.3.2
[INFO] [stderr]   Downloaded osmpbfreader v0.14.0
[INFO] [stderr]   Downloaded indexmap v1.4.0
[INFO] [stderr]   Downloaded geojson v0.19.0
[INFO] [stderr]   Downloaded tinytemplate v1.0.4
[INFO] [stderr]   Downloaded smartstring v0.2.3
[INFO] [stderr]   Downloaded miniz_oxide v0.3.6
[INFO] [stderr]   Downloaded generic-array v0.13.2
[INFO] [stderr]   Downloaded oorandom v11.1.1
[INFO] [stderr]   Downloaded rental v0.5.5
[INFO] [stderr]   Downloaded fixedbitset v0.2.0
[INFO] [stderr]   Downloaded hash32 v0.1.1
[INFO] [stderr]   Downloaded criterion-plot v0.4.2
[INFO] [stderr]   Downloaded rental-impl v0.5.5
[INFO] [stderr]   Downloaded osm_boundaries_utils v0.7.0
[INFO] [stderr]   Downloaded flat_map v0.0.9
[INFO] [stderr]   Downloaded proc-macro-error-attr v1.0.2
[INFO] [stderr]   Downloaded pub-iterator-type v0.1.1
[INFO] [stderr]   Downloaded hermit-abi v0.1.10
[INFO] [stderr]   Downloaded pdqselect v0.1.0
[INFO] [stderr]   Downloaded structopt v0.3.14
[INFO] [stderr]   Downloaded structopt-derive v0.4.7
[INFO] [stderr]   Downloaded protobuf-codegen-pure v2.12.0
[INFO] [stderr]   Downloaded rstar v0.8.0
[INFO] [stderr]   Downloaded geo v0.14.0
[INFO] running `Command { std: "docker" "create" "-v" "/var/lib/crater-agent-workspace/builds/worker-5-tc1/target:/opt/rustwide/target:rw,Z" "-v" "/var/lib/crater-agent-workspace/builds/worker-5-tc1/source:/opt/rustwide/workdir:ro,Z" "-v" "/var/lib/crater-agent-workspace/cargo-home:/opt/rustwide/cargo-home:ro,Z" "-v" "/var/lib/crater-agent-workspace/rustup-home:/opt/rustwide/rustup-home:ro,Z" "-e" "SOURCE_DIR=/opt/rustwide/workdir" "-e" "CARGO_TARGET_DIR=/opt/rustwide/target" "-e" "CARGO_HOME=/opt/rustwide/cargo-home" "-e" "RUSTUP_HOME=/opt/rustwide/rustup-home" "-w" "/opt/rustwide/workdir" "-m" "1610612736" "--user" "0:0" "--network" "none" "ghcr.io/rust-lang/crates-build-env/linux@sha256:2788e3201cd34a07e3172128adcd8b3090168a8e3bcc40d7c032b9dda1df7d1c" "/opt/rustwide/cargo-home/bin/cargo" "+1.75.0" "metadata" "--no-deps" "--format-version=1", kill_on_drop: false }`
[INFO] [stdout] 2da7c612b06f41be6294f5b5a107f0a6a764e00af40f17094a1f4b12af256095
[INFO] running `Command { std: "docker" "start" "-a" "2da7c612b06f41be6294f5b5a107f0a6a764e00af40f17094a1f4b12af256095", kill_on_drop: false }`
[INFO] running `Command { std: "docker" "inspect" "2da7c612b06f41be6294f5b5a107f0a6a764e00af40f17094a1f4b12af256095", kill_on_drop: false }`
[INFO] running `Command { std: "docker" "rm" "-f" "2da7c612b06f41be6294f5b5a107f0a6a764e00af40f17094a1f4b12af256095", kill_on_drop: false }`
[INFO] [stdout] 2da7c612b06f41be6294f5b5a107f0a6a764e00af40f17094a1f4b12af256095
[INFO] running `Command { std: "docker" "create" "-v" "/var/lib/crater-agent-workspace/builds/worker-5-tc1/target:/opt/rustwide/target:rw,Z" "-v" "/var/lib/crater-agent-workspace/builds/worker-5-tc1/source:/opt/rustwide/workdir:ro,Z" "-v" "/var/lib/crater-agent-workspace/cargo-home:/opt/rustwide/cargo-home:ro,Z" "-v" "/var/lib/crater-agent-workspace/rustup-home:/opt/rustwide/rustup-home:ro,Z" "-e" "SOURCE_DIR=/opt/rustwide/workdir" "-e" "CARGO_TARGET_DIR=/opt/rustwide/target" "-e" "CARGO_INCREMENTAL=0" "-e" "RUST_BACKTRACE=full" "-e" "RUSTFLAGS=--cap-lints=warn" "-e" "RUSTDOCFLAGS=--cap-lints=warn" "-e" "CARGO_HOME=/opt/rustwide/cargo-home" "-e" "RUSTUP_HOME=/opt/rustwide/rustup-home" "-w" "/opt/rustwide/workdir" "-m" "1610612736" "--user" "0:0" "--network" "none" "ghcr.io/rust-lang/crates-build-env/linux@sha256:2788e3201cd34a07e3172128adcd8b3090168a8e3bcc40d7c032b9dda1df7d1c" "/opt/rustwide/cargo-home/bin/cargo" "+1.75.0" "build" "--frozen" "--message-format=json", kill_on_drop: false }`
[INFO] [stdout] 2693ecc0686c03305f00948d30328a77bd99f32d7a32554c992e0856faf63819
[INFO] running `Command { std: "docker" "start" "-a" "2693ecc0686c03305f00948d30328a77bd99f32d7a32554c992e0856faf63819", kill_on_drop: false }`
[INFO] [stderr]    Compiling autocfg v1.0.0
[INFO] [stderr]    Compiling proc-macro2 v1.0.10
[INFO] [stderr]    Compiling libc v0.2.71
[INFO] [stderr]    Compiling unicode-xid v0.2.0
[INFO] [stderr]    Compiling syn v1.0.17
[INFO] [stderr]    Compiling cfg-if v0.1.10
[INFO] [stderr]    Compiling typenum v1.12.0
[INFO] [stderr]    Compiling byteorder v1.3.4
[INFO] [stderr]    Compiling stable_deref_trait v1.1.1
[INFO] [stderr]    Compiling version_check v0.9.1
[INFO] [stderr]    Compiling protobuf v2.12.0
[INFO] [stderr]    Compiling serde v1.0.105
[INFO] [stderr]    Compiling maybe-uninit v2.0.0
[INFO] [stderr]    Compiling heapless v0.5.5
[INFO] [stderr]    Compiling crc32fast v1.2.0
[INFO] [stderr]    Compiling getrandom v0.1.14
[INFO] [stderr]    Compiling futures v0.1.29
[INFO] [stderr]    Compiling smallvec v1.4.0
[INFO] [stderr]    Compiling adler32 v1.0.4
[INFO] [stderr]    Compiling bitflags v1.2.1
[INFO] [stderr]    Compiling num-traits v0.2.11
[INFO] [stderr]    Compiling crossbeam-utils v0.7.2
[INFO] [stderr]    Compiling memoffset v0.5.4
[INFO] [stderr]    Compiling crossbeam-epoch v0.8.2
[INFO] [stderr]    Compiling pdqselect v0.1.0
[INFO] [stderr]    Compiling scopeguard v1.1.0
[INFO] [stderr]    Compiling proc-macro-error-attr v1.0.2
[INFO] [stderr]    Compiling proc-macro-error v1.0.2
[INFO] [stderr]    Compiling indexmap v1.4.0
[INFO] [stderr]    Compiling miniz_oxide v0.3.6
[INFO] [stderr]    Compiling pub-iterator-type v0.1.1
[INFO] [stderr]    Compiling unicode-segmentation v1.6.0
[INFO] [stderr]    Compiling rayon-core v1.7.0
[INFO] [stderr]    Compiling log v0.4.8
[INFO] [stderr]    Compiling ryu v1.0.3
[INFO] [stderr]    Compiling num_cpus v1.13.0
[INFO] [stderr]    Compiling quote v1.0.3
[INFO] [stderr]    Compiling static_assertions v1.1.0
[INFO] [stderr]    Compiling unicode-width v0.1.7
[INFO] [stderr]    Compiling textwrap v0.11.0
[INFO] [stderr]    Compiling flate2 v1.0.14
[INFO] [stderr]    Compiling heck v0.3.1
[INFO] [stderr]    Compiling atty v0.2.14
[INFO] [stderr]    Compiling hash32 v0.1.1
[INFO] [stderr]    Compiling rand_core v0.5.1
[INFO] [stderr]    Compiling geographiclib-rs v0.2.0
[INFO] [stderr]    Compiling ppv-lite86 v0.2.8
[INFO] [stderr]    Compiling either v1.5.3
[INFO] [stderr]    Compiling ansi_term v0.11.0
[INFO] [stderr]    Compiling vec_map v0.8.1
[INFO] [stderr]    Compiling crossbeam-queue v0.2.1
[INFO] [stderr]    Compiling itoa v0.4.5
[INFO] [stderr]    Compiling clap v2.33.0
[INFO] [stderr]    Compiling fixedbitset v0.2.0
[INFO] [stderr]    Compiling itertools v0.9.0
[INFO] [stderr]    Compiling rand_chacha v0.2.2
[INFO] [stderr]    Compiling crossbeam-deque v0.7.3
[INFO] [stderr]    Compiling futures-cpupool v0.1.8
[INFO] [stderr]    Compiling rand v0.7.3
[INFO] [stderr]    Compiling petgraph v0.5.1
[INFO] [stderr]    Compiling approx v0.3.2
[INFO] [stderr]    Compiling par-map v0.1.4
[INFO] [stderr]    Compiling generic-array v0.13.2
[INFO] [stderr]    Compiling generic-array v0.12.3
[INFO] [stderr]    Compiling rayon v1.3.0
[INFO] [stderr]    Compiling as-slice v0.1.3
[INFO] [stderr]    Compiling rstar v0.8.0
[INFO] [stderr]    Compiling geo-types v0.6.0
[INFO] [stderr]    Compiling geo v0.14.0
[INFO] [stderr]    Compiling protobuf-codegen v2.12.0
[INFO] [stderr]    Compiling protobuf-codegen-pure v2.12.0
[INFO] [stderr]    Compiling syn-mid v0.5.0
[INFO] [stderr]    Compiling serde_derive v1.0.105
[INFO] [stderr]    Compiling rental-impl v0.5.5
[INFO] [stderr]    Compiling osmpbfreader v0.14.0
[INFO] [stderr]    Compiling structopt-derive v0.4.7
[INFO] [stderr]    Compiling structopt v0.3.14
[INFO] [stderr]    Compiling rental v0.5.5
[INFO] [stderr]    Compiling flat_map v0.0.9
[INFO] [stderr]    Compiling smartstring v0.2.3
[INFO] [stderr]    Compiling serde_json v1.0.50
[INFO] [stderr]    Compiling osm_boundaries_utils v0.7.0
[INFO] [stderr]    Compiling osm_pbf2json v0.2.2 (/opt/rustwide/workdir)
[INFO] [stdout] warning: found module declaration for lib.rs
[INFO] [stdout]  --> src/main.rs:8:1
[INFO] [stdout]   |
[INFO] [stdout] 8 | mod lib;
[INFO] [stdout]   | ^^^^^^^^
[INFO] [stdout]   |
[INFO] [stdout]   = note: lib.rs is the root of this crate's library target
[INFO] [stdout]   = help: to refer to it from other targets, use the library's name as the path
[INFO] [stdout]   = note: `#[warn(special_module_name)]` on by default
[INFO] [stdout] 
[INFO] [stdout] 
[INFO] [stdout] warning: 1 warning emitted
[INFO] [stdout] 
[INFO] [stdout] 
[INFO] [stderr]     Finished dev [unoptimized + debuginfo] target(s) in 30.12s
[INFO] [stderr] warning: the following packages contain code that will be rejected by a future version of Rust: osmpbfreader v0.14.0, rental v0.5.5
[INFO] [stderr] note: to see what the problems were, use the option `--future-incompat-report`, or run `cargo report future-incompatibilities --id 5`
[INFO] running `Command { std: "docker" "inspect" "2693ecc0686c03305f00948d30328a77bd99f32d7a32554c992e0856faf63819", kill_on_drop: false }`
[INFO] running `Command { std: "docker" "rm" "-f" "2693ecc0686c03305f00948d30328a77bd99f32d7a32554c992e0856faf63819", kill_on_drop: false }`
[INFO] [stdout] 2693ecc0686c03305f00948d30328a77bd99f32d7a32554c992e0856faf63819
[INFO] running `Command { std: "docker" "create" "-v" "/var/lib/crater-agent-workspace/builds/worker-5-tc1/target:/opt/rustwide/target:rw,Z" "-v" "/var/lib/crater-agent-workspace/builds/worker-5-tc1/source:/opt/rustwide/workdir:ro,Z" "-v" "/var/lib/crater-agent-workspace/cargo-home:/opt/rustwide/cargo-home:ro,Z" "-v" "/var/lib/crater-agent-workspace/rustup-home:/opt/rustwide/rustup-home:ro,Z" "-e" "SOURCE_DIR=/opt/rustwide/workdir" "-e" "CARGO_TARGET_DIR=/opt/rustwide/target" "-e" "CARGO_INCREMENTAL=0" "-e" "RUST_BACKTRACE=full" "-e" "RUSTFLAGS=--cap-lints=warn" "-e" "RUSTDOCFLAGS=--cap-lints=warn" "-e" "CARGO_HOME=/opt/rustwide/cargo-home" "-e" "RUSTUP_HOME=/opt/rustwide/rustup-home" "-w" "/opt/rustwide/workdir" "-m" "1610612736" "--user" "0:0" "--network" "none" "ghcr.io/rust-lang/crates-build-env/linux@sha256:2788e3201cd34a07e3172128adcd8b3090168a8e3bcc40d7c032b9dda1df7d1c" "/opt/rustwide/cargo-home/bin/cargo" "+1.75.0" "test" "--frozen" "--no-run" "--message-format=json", kill_on_drop: false }`
[INFO] [stdout] 3882dab42054a11b127b3bd6c9450a7894b1007817cbe5d1482bbeba0b9109b1
[INFO] running `Command { std: "docker" "start" "-a" "3882dab42054a11b127b3bd6c9450a7894b1007817cbe5d1482bbeba0b9109b1", kill_on_drop: false }`
[INFO] [stderr]    Compiling semver-parser v0.7.0
[INFO] [stderr]    Compiling memchr v2.3.3
[INFO] [stderr]    Compiling regex-automata v0.1.9
[INFO] [stderr]    Compiling regex-syntax v0.6.17
[INFO] [stderr]    Compiling tinytemplate v1.0.4
[INFO] [stderr]    Compiling plotters v0.2.12
[INFO] [stderr]    Compiling oorandom v11.1.1
[INFO] [stderr]    Compiling geojson v0.19.0
[INFO] [stderr]    Compiling walkdir v2.3.1
[INFO] [stdout] warning: found module declaration for lib.rs
[INFO] [stdout]  --> src/main.rs:8:1
[INFO] [stdout]   |
[INFO] [stdout] 8 | mod lib;
[INFO] [stdout]   | ^^^^^^^^
[INFO] [stdout]   |
[INFO] [stdout]   = note: lib.rs is the root of this crate's library target
[INFO] [stdout]   = help: to refer to it from other targets, use the library's name as the path
[INFO] [stdout]   = note: `#[warn(special_module_name)]` on by default
[INFO] [stdout] 
[INFO] [stdout] 
[INFO] [stdout] warning: 1 warning emitted
[INFO] [stdout] 
[INFO] [stdout] 
[INFO] [stderr]    Compiling semver v0.9.0
[INFO] [stderr]    Compiling rustc_version v0.2.3
[INFO] [stderr]    Compiling bstr v0.2.12
[INFO] [stderr]    Compiling csv-core v0.1.10
[INFO] [stderr]    Compiling cast v0.2.3
[INFO] [stderr]    Compiling criterion-plot v0.4.2
[INFO] [stderr]    Compiling csv v1.1.3
[INFO] [stderr]    Compiling regex v1.3.7
[INFO] [stderr]    Compiling criterion v0.3.2
[INFO] [stderr]    Compiling osm_pbf2json v0.2.2 (/opt/rustwide/workdir)
[INFO] [stderr]     Finished test [unoptimized + debuginfo] target(s) in 16.48s
[INFO] [stderr] warning: the following packages contain code that will be rejected by a future version of Rust: criterion v0.3.2, osmpbfreader v0.14.0, rental v0.5.5
[INFO] [stderr] note: to see what the problems were, use the option `--future-incompat-report`, or run `cargo report future-incompatibilities --id 6`
[INFO] running `Command { std: "docker" "inspect" "3882dab42054a11b127b3bd6c9450a7894b1007817cbe5d1482bbeba0b9109b1", kill_on_drop: false }`
[INFO] running `Command { std: "docker" "rm" "-f" "3882dab42054a11b127b3bd6c9450a7894b1007817cbe5d1482bbeba0b9109b1", kill_on_drop: false }`
[INFO] [stdout] 3882dab42054a11b127b3bd6c9450a7894b1007817cbe5d1482bbeba0b9109b1
[INFO] running `Command { std: "docker" "create" "-v" "/var/lib/crater-agent-workspace/builds/worker-5-tc1/target:/opt/rustwide/target:rw,Z" "-v" "/var/lib/crater-agent-workspace/builds/worker-5-tc1/source:/opt/rustwide/workdir:ro,Z" "-v" "/var/lib/crater-agent-workspace/cargo-home:/opt/rustwide/cargo-home:ro,Z" "-v" "/var/lib/crater-agent-workspace/rustup-home:/opt/rustwide/rustup-home:ro,Z" "-e" "SOURCE_DIR=/opt/rustwide/workdir" "-e" "CARGO_TARGET_DIR=/opt/rustwide/target" "-e" "CARGO_INCREMENTAL=0" "-e" "RUST_BACKTRACE=full" "-e" "RUSTFLAGS=--cap-lints=warn" "-e" "RUSTDOCFLAGS=--cap-lints=warn" "-e" "CARGO_HOME=/opt/rustwide/cargo-home" "-e" "RUSTUP_HOME=/opt/rustwide/rustup-home" "-w" "/opt/rustwide/workdir" "-m" "1610612736" "--user" "0:0" "--network" "none" "ghcr.io/rust-lang/crates-build-env/linux@sha256:2788e3201cd34a07e3172128adcd8b3090168a8e3bcc40d7c032b9dda1df7d1c" "/opt/rustwide/cargo-home/bin/cargo" "+1.75.0" "test" "--frozen", kill_on_drop: false }`
[INFO] [stdout] ae4989b7256653cdc8956e29d6d26b3d0535a2a5837f54483071b2f99c0038b5
[INFO] running `Command { std: "docker" "start" "-a" "ae4989b7256653cdc8956e29d6d26b3d0535a2a5837f54483071b2f99c0038b5", kill_on_drop: false }`
[INFO] [stderr] warning: found module declaration for lib.rs
[INFO] [stderr]  --> src/main.rs:8:1
[INFO] [stderr]   |
[INFO] [stderr] 8 | mod lib;
[INFO] [stderr]   | ^^^^^^^^
[INFO] [stderr]   |
[INFO] [stderr]   = note: lib.rs is the root of this crate's library target
[INFO] [stderr]   = help: to refer to it from other targets, use the library's name as the path
[INFO] [stderr]   = note: `#[warn(special_module_name)]` on by default
[INFO] [stderr] 
[INFO] [stderr] warning: `osm_pbf2json` (bin "osm_pbf2json") generated 1 warning
[INFO] [stderr]     Finished test [unoptimized + debuginfo] target(s) in 0.21s
[INFO] [stderr] warning: the following packages contain code that will be rejected by a future version of Rust: criterion v0.3.2, osmpbfreader v0.14.0, rental v0.5.5
[INFO] [stderr] note: to see what the problems were, use the option `--future-incompat-report`, or run `cargo report future-incompatibilities --id 6`
[INFO] [stderr]      Running unittests src/lib/mod.rs (/opt/rustwide/target/debug/deps/osm_pbf2json-906b82f4971ac91b)
[INFO] [stdout] 
[INFO] [stdout] running 33 tests
[INFO] [stdout] test admin::get_boundaries::locate_line_string_out_of_boundary ... ok
[INFO] [stdout] test admin::get_boundaries::boundary_with_multiple_nodes ... ok
[INFO] [stdout] test admin::get_boundaries::locate_line_string_intersecting_two_boundaries ... ok
[INFO] [stdout] test admin::get_boundaries::locate_line_string_intersecting_boundary ... ok
[INFO] [stdout] test admin::get_boundaries::locate_line_string_contained_in_boundary ... ok
[INFO] [stdout] test admin::get_boundaries::relation_with_wrong_tags ... ok
[INFO] [stdout] test admin::get_boundaries::geometry ... ok
[INFO] [stdout] test filter::tests::filter_single_group ... ok
[INFO] [stdout] test get_coordinates::relation_with_one_node ... ok
[INFO] [stdout] test filter::tests::filter_multiple_groups ... ok
[INFO] [stdout] test geo::tests::get_geo_info_closed ... ok
[INFO] [stdout] test geo::tests::get_geo_info_open ... ok
[INFO] [stdout] test get_coordinates::relation_with_one_way ... ok
[INFO] [stdout] test get_coordinates::nested_relations_with_cycle ... ok
[INFO] [stdout] test geo::tests::midpoint ... ok
[INFO] [stdout] test get_coordinates::relation_with_multiple_nodes ... ok
[INFO] [stdout] test filter::tests::parse_single_group ... ok
[INFO] [stdout] test get_coordinates::nested_relations ... ok
[INFO] [stdout] test filter::tests::filter_multiple_conditions ... ok
[INFO] [stdout] test filter::tests::parse_multiple_conditions ... ok
[INFO] [stdout] test filter::tests::parse_multiple_groups ... ok
[INFO] [stdout] test filter::tests::parse_value_match ... ok
[INFO] [stdout] test geo::tests::get_centroid_for_line ... ok
[INFO] [stdout] test filter::tests::filter_value_match ... ok
[INFO] [stdout] test streets::tests::street_length ... ok
[INFO] [stdout] test streets::tests::one_street_with_three_segments ... ok
[INFO] [stdout] test streets::tests::two_streets_with_one_segment_each ... ok
[INFO] [stdout] test streets::tests::cluster_not_touching_but_overlapping_bbox ... ok
[INFO] [stdout] test streets::tests::cluster_unrelated ... ok
[INFO] [stdout] test get_coordinates::relation_without_refs ... ok
[INFO] [stdout] test streets::tests::cluster_crossing ... ok
[INFO] [stdout] test streets::tests::cluster_touching ... ok
[INFO] [stdout] test streets::tests::connected_ways_with_distinct_names ... ok
[INFO] [stdout] 
[INFO] [stdout] test result: ok. 33 passed; 0 failed; 0 ignored; 0 measured; 0 filtered out; finished in 0.05s
[INFO] [stdout] 
[INFO] [stderr]      Running tests/integration_test.rs (/opt/rustwide/target/debug/deps/integration_test-24d111a1a4f84df1)
[INFO] [stdout] 
[INFO] [stdout] running 7 tests
[INFO] [stdout] test boundary_as_geojson ... ok
[INFO] [stdout] test extract_boundaries ... ok
[INFO] [stdout] test split_street_by_boundary ... ok
[INFO] [stdout] test streets_as_geojson ... ok
[INFO] [stdout] test find_bike_parking_for_six ... ok
[INFO] [stdout] test rosa_luxemburg_street ... ok
[INFO] [stdout] test find_fountains_or_townhalls ... ok
[INFO] [stdout] 
[INFO] [stdout] test result: ok. 7 passed; 0 failed; 0 ignored; 0 measured; 0 filtered out; finished in 2.23s
[INFO] [stdout] 
[INFO] [stderr]    Doc-tests osm_pbf2json
[INFO] [stdout] 
[INFO] [stdout] running 4 tests
[INFO] [stdout] test src/lib/filter.rs - filter::parse (line 53) ... ok
[INFO] [stdout] test src/lib/mod.rs - boundaries (line 119) ... ok
[INFO] [stdout] test src/lib/mod.rs - streets (line 150) ... ok
[INFO] [stdout] test src/lib/mod.rs - objects (line 194) ... ok
[INFO] [stdout] 
[INFO] [stdout] test result: ok. 4 passed; 0 failed; 0 ignored; 0 measured; 0 filtered out; finished in 4.46s
[INFO] [stdout] 
[INFO] running `Command { std: "docker" "inspect" "ae4989b7256653cdc8956e29d6d26b3d0535a2a5837f54483071b2f99c0038b5", kill_on_drop: false }`
[INFO] running `Command { std: "docker" "rm" "-f" "ae4989b7256653cdc8956e29d6d26b3d0535a2a5837f54483071b2f99c0038b5", kill_on_drop: false }`
[INFO] [stdout] ae4989b7256653cdc8956e29d6d26b3d0535a2a5837f54483071b2f99c0038b5
[INFO] testing osm_pbf2json-0.2.2 against beta-2024-01-09 for beta-1.76-3
[INFO] extracting crate osm_pbf2json 0.2.2 into /workspace/builds/worker-5-tc2/source
[INFO] validating manifest of crates.io crate osm_pbf2json 0.2.2 on toolchain beta-2024-01-09
[INFO] running `Command { std: CARGO_HOME="/workspace/cargo-home" RUSTUP_HOME="/workspace/rustup-home" "/workspace/cargo-home/bin/cargo" "+beta-2024-01-09" "metadata" "--manifest-path" "Cargo.toml" "--no-deps", kill_on_drop: false }`
[INFO] started tweaking crates.io crate osm_pbf2json 0.2.2
[INFO] finished tweaking crates.io crate osm_pbf2json 0.2.2
[INFO] tweaked toml for crates.io crate osm_pbf2json 0.2.2 written to /workspace/builds/worker-5-tc2/source/Cargo.toml
[INFO] crate crates.io crate osm_pbf2json 0.2.2 already has a lockfile, it will not be regenerated
[INFO] running `Command { std: CARGO_HOME="/workspace/cargo-home" RUSTUP_HOME="/workspace/rustup-home" "/workspace/cargo-home/bin/cargo" "+beta-2024-01-09" "fetch" "--manifest-path" "Cargo.toml", kill_on_drop: false }`
[INFO] running `Command { std: "docker" "create" "-v" "/var/lib/crater-agent-workspace/builds/worker-5-tc2/target:/opt/rustwide/target:rw,Z" "-v" "/var/lib/crater-agent-workspace/builds/worker-5-tc2/source:/opt/rustwide/workdir:ro,Z" "-v" "/var/lib/crater-agent-workspace/cargo-home:/opt/rustwide/cargo-home:ro,Z" "-v" "/var/lib/crater-agent-workspace/rustup-home:/opt/rustwide/rustup-home:ro,Z" "-e" "SOURCE_DIR=/opt/rustwide/workdir" "-e" "CARGO_TARGET_DIR=/opt/rustwide/target" "-e" "CARGO_HOME=/opt/rustwide/cargo-home" "-e" "RUSTUP_HOME=/opt/rustwide/rustup-home" "-w" "/opt/rustwide/workdir" "-m" "1610612736" "--user" "0:0" "--network" "none" "ghcr.io/rust-lang/crates-build-env/linux@sha256:2788e3201cd34a07e3172128adcd8b3090168a8e3bcc40d7c032b9dda1df7d1c" "/opt/rustwide/cargo-home/bin/cargo" "+beta-2024-01-09" "metadata" "--no-deps" "--format-version=1", kill_on_drop: false }`
[INFO] [stdout] daeca8bfd1d8f9c5c1c58959a1dcc6476f144f6844ac2beec297ce7b3b4a392a
[INFO] running `Command { std: "docker" "start" "-a" "daeca8bfd1d8f9c5c1c58959a1dcc6476f144f6844ac2beec297ce7b3b4a392a", kill_on_drop: false }`
[INFO] running `Command { std: "docker" "inspect" "daeca8bfd1d8f9c5c1c58959a1dcc6476f144f6844ac2beec297ce7b3b4a392a", kill_on_drop: false }`
[INFO] running `Command { std: "docker" "rm" "-f" "daeca8bfd1d8f9c5c1c58959a1dcc6476f144f6844ac2beec297ce7b3b4a392a", kill_on_drop: false }`
[INFO] [stdout] daeca8bfd1d8f9c5c1c58959a1dcc6476f144f6844ac2beec297ce7b3b4a392a
[INFO] running `Command { std: "docker" "create" "-v" "/var/lib/crater-agent-workspace/builds/worker-5-tc2/target:/opt/rustwide/target:rw,Z" "-v" "/var/lib/crater-agent-workspace/builds/worker-5-tc2/source:/opt/rustwide/workdir:ro,Z" "-v" "/var/lib/crater-agent-workspace/cargo-home:/opt/rustwide/cargo-home:ro,Z" "-v" "/var/lib/crater-agent-workspace/rustup-home:/opt/rustwide/rustup-home:ro,Z" "-e" "SOURCE_DIR=/opt/rustwide/workdir" "-e" "CARGO_TARGET_DIR=/opt/rustwide/target" "-e" "CARGO_INCREMENTAL=0" "-e" "RUST_BACKTRACE=full" "-e" "RUSTFLAGS=--cap-lints=warn" "-e" "RUSTDOCFLAGS=--cap-lints=warn" "-e" "CARGO_HOME=/opt/rustwide/cargo-home" "-e" "RUSTUP_HOME=/opt/rustwide/rustup-home" "-w" "/opt/rustwide/workdir" "-m" "1610612736" "--user" "0:0" "--network" "none" "ghcr.io/rust-lang/crates-build-env/linux@sha256:2788e3201cd34a07e3172128adcd8b3090168a8e3bcc40d7c032b9dda1df7d1c" "/opt/rustwide/cargo-home/bin/cargo" "+beta-2024-01-09" "build" "--frozen" "--message-format=json", kill_on_drop: false }`
[INFO] [stdout] a8beecb107d6d720c4daf9a15b09190f328980b2273057e8927d1559c395f4c6
[INFO] running `Command { std: "docker" "start" "-a" "a8beecb107d6d720c4daf9a15b09190f328980b2273057e8927d1559c395f4c6", kill_on_drop: false }`
[INFO] [stderr]    Compiling autocfg v1.0.0
[INFO] [stderr]    Compiling proc-macro2 v1.0.10
[INFO] [stderr]    Compiling libc v0.2.71
[INFO] [stderr]    Compiling unicode-xid v0.2.0
[INFO] [stderr]    Compiling syn v1.0.17
[INFO] [stderr]    Compiling cfg-if v0.1.10
[INFO] [stderr]    Compiling typenum v1.12.0
[INFO] [stderr]    Compiling byteorder v1.3.4
[INFO] [stderr]    Compiling stable_deref_trait v1.1.1
[INFO] [stderr]    Compiling protobuf v2.12.0
[INFO] [stderr]    Compiling version_check v0.9.1
[INFO] [stderr]    Compiling serde v1.0.105
[INFO] [stderr]    Compiling maybe-uninit v2.0.0
[INFO] [stderr]    Compiling heapless v0.5.5
[INFO] [stderr]    Compiling crc32fast v1.2.0
[INFO] [stderr]    Compiling getrandom v0.1.14
[INFO] [stderr]    Compiling scopeguard v1.1.0
[INFO] [stderr]    Compiling adler32 v1.0.4
[INFO] [stderr]    Compiling pdqselect v0.1.0
[INFO] [stderr]    Compiling futures v0.1.29
[INFO] [stderr]    Compiling smallvec v1.4.0
[INFO] [stderr]    Compiling bitflags v1.2.1
[INFO] [stderr]    Compiling miniz_oxide v0.3.6
[INFO] [stderr]    Compiling ryu v1.0.3
[INFO] [stderr]    Compiling proc-macro-error-attr v1.0.2
[INFO] [stderr]    Compiling proc-macro-error v1.0.2
[INFO] [stderr]    Compiling num-traits v0.2.11
[INFO] [stderr]    Compiling crossbeam-utils v0.7.2
[INFO] [stderr]    Compiling memoffset v0.5.4
[INFO] [stderr]    Compiling crossbeam-epoch v0.8.2
[INFO] [stderr]    Compiling indexmap v1.4.0
[INFO] [stderr]    Compiling unicode-width v0.1.7
[INFO] [stderr]    Compiling unicode-segmentation v1.6.0
[INFO] [stderr]    Compiling rayon-core v1.7.0
[INFO] [stderr]    Compiling log v0.4.8
[INFO] [stderr]    Compiling static_assertions v1.1.0
[INFO] [stderr]    Compiling pub-iterator-type v0.1.1
[INFO] [stderr]    Compiling textwrap v0.11.0
[INFO] [stderr]    Compiling quote v1.0.3
[INFO] [stderr]    Compiling num_cpus v1.13.0
[INFO] [stderr]    Compiling flate2 v1.0.14
[INFO] [stderr]    Compiling atty v0.2.14
[INFO] [stderr]    Compiling geographiclib-rs v0.2.0
[INFO] [stderr]    Compiling hash32 v0.1.1
[INFO] [stderr]    Compiling ansi_term v0.11.0
[INFO] [stderr]    Compiling rand_core v0.5.1
[INFO] [stderr]    Compiling heck v0.3.1
[INFO] [stderr]    Compiling crossbeam-queue v0.2.1
[INFO] [stderr]    Compiling vec_map v0.8.1
[INFO] [stderr]    Compiling either v1.5.3
[INFO] [stderr]    Compiling ppv-lite86 v0.2.8
[INFO] [stderr]    Compiling generic-array v0.13.2
[INFO] [stderr]    Compiling generic-array v0.12.3
[INFO] [stderr]    Compiling clap v2.33.0
[INFO] [stderr]    Compiling rand_chacha v0.2.2
[INFO] [stderr]    Compiling crossbeam-deque v0.7.3
[INFO] [stderr]    Compiling itoa v0.4.5
[INFO] [stderr]    Compiling fixedbitset v0.2.0
[INFO] [stderr]    Compiling itertools v0.9.0
[INFO] [stderr]    Compiling as-slice v0.1.3
[INFO] [stderr]    Compiling rand v0.7.3
[INFO] [stderr]    Compiling approx v0.3.2
[INFO] [stderr]    Compiling petgraph v0.5.1
[INFO] [stderr]    Compiling futures-cpupool v0.1.8
[INFO] [stderr]    Compiling par-map v0.1.4
[INFO] [stderr]    Compiling rayon v1.3.0
[INFO] [stderr]    Compiling rstar v0.8.0
[INFO] [stderr]    Compiling geo-types v0.6.0
[INFO] [stderr]    Compiling geo v0.14.0
[INFO] [stderr]    Compiling protobuf-codegen v2.12.0
[INFO] [stderr]    Compiling protobuf-codegen-pure v2.12.0
[INFO] [stderr]    Compiling syn-mid v0.5.0
[INFO] [stderr]    Compiling serde_derive v1.0.105
[INFO] [stderr]    Compiling rental-impl v0.5.5
[INFO] [stderr]    Compiling structopt-derive v0.4.7
[INFO] [stderr]    Compiling osmpbfreader v0.14.0
[INFO] [stderr]    Compiling structopt v0.3.14
[INFO] [stderr]    Compiling rental v0.5.5
[INFO] [stderr]    Compiling flat_map v0.0.9
[INFO] [stderr]    Compiling smartstring v0.2.3
[INFO] [stderr]    Compiling serde_json v1.0.50
[INFO] [stderr]    Compiling osm_boundaries_utils v0.7.0
[INFO] [stderr]    Compiling osm_pbf2json v0.2.2 (/opt/rustwide/workdir)
[INFO] [stdout] warning: found module declaration for lib.rs
[INFO] [stdout]  --> src/main.rs:8:1
[INFO] [stdout]   |
[INFO] [stdout] 8 | mod lib;
[INFO] [stdout]   | ^^^^^^^^
[INFO] [stdout]   |
[INFO] [stdout]   = note: lib.rs is the root of this crate's library target
[INFO] [stdout]   = help: to refer to it from other targets, use the library's name as the path
[INFO] [stdout]   = note: `#[warn(special_module_name)]` on by default
[INFO] [stdout] 
[INFO] [stdout] 
[INFO] [stdout] warning: 1 warning emitted
[INFO] [stdout] 
[INFO] [stdout] 
[INFO] [stderr]     Finished dev [unoptimized + debuginfo] target(s) in 43.50s
[INFO] [stderr] warning: the following packages contain code that will be rejected by a future version of Rust: osmpbfreader v0.14.0, rental v0.5.5
[INFO] [stderr] note: to see what the problems were, use the option `--future-incompat-report`, or run `cargo report future-incompatibilities --id 1`
[INFO] running `Command { std: "docker" "inspect" "a8beecb107d6d720c4daf9a15b09190f328980b2273057e8927d1559c395f4c6", kill_on_drop: false }`
[INFO] running `Command { std: "docker" "rm" "-f" "a8beecb107d6d720c4daf9a15b09190f328980b2273057e8927d1559c395f4c6", kill_on_drop: false }`
[INFO] [stdout] a8beecb107d6d720c4daf9a15b09190f328980b2273057e8927d1559c395f4c6
[INFO] running `Command { std: "docker" "create" "-v" "/var/lib/crater-agent-workspace/builds/worker-5-tc2/target:/opt/rustwide/target:rw,Z" "-v" "/var/lib/crater-agent-workspace/builds/worker-5-tc2/source:/opt/rustwide/workdir:ro,Z" "-v" "/var/lib/crater-agent-workspace/cargo-home:/opt/rustwide/cargo-home:ro,Z" "-v" "/var/lib/crater-agent-workspace/rustup-home:/opt/rustwide/rustup-home:ro,Z" "-e" "SOURCE_DIR=/opt/rustwide/workdir" "-e" "CARGO_TARGET_DIR=/opt/rustwide/target" "-e" "CARGO_INCREMENTAL=0" "-e" "RUST_BACKTRACE=full" "-e" "RUSTFLAGS=--cap-lints=warn" "-e" "RUSTDOCFLAGS=--cap-lints=warn" "-e" "CARGO_HOME=/opt/rustwide/cargo-home" "-e" "RUSTUP_HOME=/opt/rustwide/rustup-home" "-w" "/opt/rustwide/workdir" "-m" "1610612736" "--user" "0:0" "--network" "none" "ghcr.io/rust-lang/crates-build-env/linux@sha256:2788e3201cd34a07e3172128adcd8b3090168a8e3bcc40d7c032b9dda1df7d1c" "/opt/rustwide/cargo-home/bin/cargo" "+beta-2024-01-09" "test" "--frozen" "--no-run" "--message-format=json", kill_on_drop: false }`
[INFO] [stdout] 5cfc9f17c4e04bfdc63c009fdb86b76369325bca8118346f36da2a9c31457d3b
[INFO] running `Command { std: "docker" "start" "-a" "5cfc9f17c4e04bfdc63c009fdb86b76369325bca8118346f36da2a9c31457d3b", kill_on_drop: false }`
[INFO] [stderr]    Compiling semver-parser v0.7.0
[INFO] [stderr]    Compiling memchr v2.3.3
[INFO] [stderr]    Compiling regex-automata v0.1.9
[INFO] [stderr]    Compiling regex-syntax v0.6.17
[INFO] [stderr]    Compiling tinytemplate v1.0.4
[INFO] [stderr]    Compiling plotters v0.2.12
[INFO] [stderr]    Compiling oorandom v11.1.1
[INFO] [stderr]    Compiling geojson v0.19.0
[INFO] [stderr]    Compiling walkdir v2.3.1
[INFO] [stdout] warning: found module declaration for lib.rs
[INFO] [stdout]  --> src/main.rs:8:1
[INFO] [stdout]   |
[INFO] [stdout] 8 | mod lib;
[INFO] [stdout]   | ^^^^^^^^
[INFO] [stdout]   |
[INFO] [stdout]   = note: lib.rs is the root of this crate's library target
[INFO] [stdout]   = help: to refer to it from other targets, use the library's name as the path
[INFO] [stdout]   = note: `#[warn(special_module_name)]` on by default
[INFO] [stdout] 
[INFO] [stdout] 
[INFO] [stdout] warning: 1 warning emitted
[INFO] [stdout] 
[INFO] [stdout] 
[INFO] [stderr]    Compiling semver v0.9.0
[INFO] [stderr]    Compiling rustc_version v0.2.3
[INFO] [stderr]    Compiling cast v0.2.3
[INFO] [stderr]    Compiling bstr v0.2.12
[INFO] [stderr]    Compiling csv-core v0.1.10
[INFO] [stderr]    Compiling criterion-plot v0.4.2
[INFO] [stderr]    Compiling regex v1.3.7
[INFO] [stderr]    Compiling csv v1.1.3
[INFO] [stderr]    Compiling criterion v0.3.2
[INFO] [stderr]    Compiling osm_pbf2json v0.2.2 (/opt/rustwide/workdir)
[INFO] [stderr]     Finished test [unoptimized + debuginfo] target(s) in 17.33s
[INFO] [stderr] warning: the following packages contain code that will be rejected by a future version of Rust: criterion v0.3.2, osmpbfreader v0.14.0, rental v0.5.5
[INFO] [stderr] note: to see what the problems were, use the option `--future-incompat-report`, or run `cargo report future-incompatibilities --id 2`
[INFO] running `Command { std: "docker" "inspect" "5cfc9f17c4e04bfdc63c009fdb86b76369325bca8118346f36da2a9c31457d3b", kill_on_drop: false }`
[INFO] running `Command { std: "docker" "rm" "-f" "5cfc9f17c4e04bfdc63c009fdb86b76369325bca8118346f36da2a9c31457d3b", kill_on_drop: false }`
[INFO] [stdout] 5cfc9f17c4e04bfdc63c009fdb86b76369325bca8118346f36da2a9c31457d3b
[INFO] running `Command { std: "docker" "create" "-v" "/var/lib/crater-agent-workspace/builds/worker-5-tc2/target:/opt/rustwide/target:rw,Z" "-v" "/var/lib/crater-agent-workspace/builds/worker-5-tc2/source:/opt/rustwide/workdir:ro,Z" "-v" "/var/lib/crater-agent-workspace/cargo-home:/opt/rustwide/cargo-home:ro,Z" "-v" "/var/lib/crater-agent-workspace/rustup-home:/opt/rustwide/rustup-home:ro,Z" "-e" "SOURCE_DIR=/opt/rustwide/workdir" "-e" "CARGO_TARGET_DIR=/opt/rustwide/target" "-e" "CARGO_INCREMENTAL=0" "-e" "RUST_BACKTRACE=full" "-e" "RUSTFLAGS=--cap-lints=warn" "-e" "RUSTDOCFLAGS=--cap-lints=warn" "-e" "CARGO_HOME=/opt/rustwide/cargo-home" "-e" "RUSTUP_HOME=/opt/rustwide/rustup-home" "-w" "/opt/rustwide/workdir" "-m" "1610612736" "--user" "0:0" "--network" "none" "ghcr.io/rust-lang/crates-build-env/linux@sha256:2788e3201cd34a07e3172128adcd8b3090168a8e3bcc40d7c032b9dda1df7d1c" "/opt/rustwide/cargo-home/bin/cargo" "+beta-2024-01-09" "test" "--frozen", kill_on_drop: false }`
[INFO] [stdout] 1b1de8395d6bd6593aa2360e1ab78994f03ac3a6fb500818ad592e57d9d39498
[INFO] running `Command { std: "docker" "start" "-a" "1b1de8395d6bd6593aa2360e1ab78994f03ac3a6fb500818ad592e57d9d39498", kill_on_drop: false }`
[INFO] [stderr] warning: found module declaration for lib.rs
[INFO] [stderr]  --> src/main.rs:8:1
[INFO] [stderr]   |
[INFO] [stderr] 8 | mod lib;
[INFO] [stderr]   | ^^^^^^^^
[INFO] [stderr]   |
[INFO] [stderr]   = note: lib.rs is the root of this crate's library target
[INFO] [stderr]   = help: to refer to it from other targets, use the library's name as the path
[INFO] [stderr]   = note: `#[warn(special_module_name)]` on by default
[INFO] [stderr] 
[INFO] [stderr] warning: `osm_pbf2json` (bin "osm_pbf2json") generated 1 warning
[INFO] [stderr]     Finished test [unoptimized + debuginfo] target(s) in 0.15s
[INFO] [stderr] warning: the following packages contain code that will be rejected by a future version of Rust: criterion v0.3.2, osmpbfreader v0.14.0, rental v0.5.5
[INFO] [stderr] note: to see what the problems were, use the option `--future-incompat-report`, or run `cargo report future-incompatibilities --id 2`
[INFO] [stderr]      Running unittests src/lib/mod.rs (/opt/rustwide/target/debug/deps/osm_pbf2json-de371d9376b8968d)
[INFO] [stdout] 
[INFO] [stdout] running 33 tests
[INFO] [stdout] test admin::get_boundaries::locate_line_string_intersecting_two_boundaries ... ok
[INFO] [stdout] test admin::get_boundaries::locate_line_string_out_of_boundary ... ok
[INFO] [stdout] test admin::get_boundaries::locate_line_string_intersecting_boundary ... ok
[INFO] [stdout] test admin::get_boundaries::boundary_with_multiple_nodes ... ok
[INFO] [stdout] test admin::get_boundaries::geometry ... ok
[INFO] [stdout] test filter::tests::filter_multiple_groups ... ok
[INFO] [stdout] test admin::get_boundaries::locate_line_string_contained_in_boundary ... ok
[INFO] [stdout] test admin::get_boundaries::relation_with_wrong_tags ... ok
[INFO] [stdout] test filter::tests::filter_value_match ... ok
[INFO] [stdout] test filter::tests::filter_multiple_conditions ... ok
[INFO] [stdout] test filter::tests::parse_multiple_groups ... ok
[INFO] [stdout] test filter::tests::filter_single_group ... ok
[INFO] [stdout] test get_coordinates::nested_relations ... ok
[INFO] [stdout] test get_coordinates::nested_relations_with_cycle ... ok
[INFO] [stdout] test get_coordinates::relation_with_one_node ... ok
[INFO] [stdout] test get_coordinates::relation_with_one_way ... ok
[INFO] [stdout] test filter::tests::parse_single_group ... ok
[INFO] [stdout] test geo::tests::get_centroid_for_line ... ok
[INFO] [stdout] test geo::tests::midpoint ... ok
[INFO] [stdout] test filter::tests::parse_multiple_conditions ... ok
[INFO] [stdout] test streets::tests::street_length ... ok
[INFO] [stdout] test streets::tests::cluster_touching ... ok
[INFO] [stdout] test streets::tests::cluster_unrelated ... ok
[INFO] [stdout] test geo::tests::get_geo_info_open ... ok
[INFO] [stdout] test get_coordinates::relation_with_multiple_nodes ... ok
[INFO] [stdout] test get_coordinates::relation_without_refs ... ok
[INFO] [stdout] test streets::tests::cluster_crossing ... ok
[INFO] [stdout] test streets::tests::cluster_not_touching_but_overlapping_bbox ... ok
[INFO] [stdout] test streets::tests::two_streets_with_one_segment_each ... ok
[INFO] [stdout] test geo::tests::get_geo_info_closed ... ok
[INFO] [stdout] test filter::tests::parse_value_match ... ok
[INFO] [stdout] test streets::tests::one_street_with_three_segments ... ok
[INFO] [stdout] test streets::tests::connected_ways_with_distinct_names ... ok
[INFO] [stdout] 
[INFO] [stdout] test result: ok. 33 passed; 0 failed; 0 ignored; 0 measured; 0 filtered out; finished in 0.02s
[INFO] [stdout] 
[INFO] [stderr]      Running tests/integration_test.rs (/opt/rustwide/target/debug/deps/integration_test-6e756e563eee3d87)
[INFO] [stdout] 
[INFO] [stdout] running 7 tests
[INFO] [stdout] test extract_boundaries ... ok
[INFO] [stdout] test boundary_as_geojson ... ok
[INFO] [stdout] test find_bike_parking_for_six ... ok
[INFO] [stdout] test split_street_by_boundary ... ok
[INFO] [stdout] test streets_as_geojson ... ok
[INFO] [stdout] test rosa_luxemburg_street ... ok
[INFO] [stdout] test find_fountains_or_townhalls ... FAILED
[INFO] [stdout] 
[INFO] [stdout] failures:
[INFO] [stdout] 
[INFO] [stdout] ---- find_fountains_or_townhalls stdout ----
[INFO] [stdout] thread 'find_fountains_or_townhalls' panicked at /opt/rustwide/cargo-home/registry/src/index.crates.io-6f17d22bba15001f/serde_json-1.0.50/src/ser.rs:2110:60:
[INFO] [stdout] byte index 10 is not a char boundary; it is inside '\u{1}' (bytes 9..10) of `        $��`
[INFO] [stdout] stack backtrace:
[INFO] [stdout]    0:     0x56119f6beb66 - std::backtrace_rs::backtrace::libunwind::trace::h03effc2488ffeadf
[INFO] [stdout]                                at /rustc/650745ceb2ae60e04f8cd7bfb671fc37239533e4/library/std/src/../../backtrace/src/backtrace/libunwind.rs:104:5
[INFO] [stdout]    1:     0x56119f6beb66 - std::backtrace_rs::backtrace::trace_unsynchronized::h006ca25a07988d2f
[INFO] [stdout]                                at /rustc/650745ceb2ae60e04f8cd7bfb671fc37239533e4/library/std/src/../../backtrace/src/backtrace/mod.rs:66:5
[INFO] [stdout]    2:     0x56119f6beb66 - std::sys_common::backtrace::_print_fmt::h4e3552f7b93352b1
[INFO] [stdout]                                at /rustc/650745ceb2ae60e04f8cd7bfb671fc37239533e4/library/std/src/sys_common/backtrace.rs:68:5
[INFO] [stdout]    3:     0x56119f6beb66 - <std::sys_common::backtrace::_print::DisplayBacktrace as core::fmt::Display>::fmt::h9fe510a7d5cbe2d5
[INFO] [stdout]                                at /rustc/650745ceb2ae60e04f8cd7bfb671fc37239533e4/library/std/src/sys_common/backtrace.rs:44:22
[INFO] [stdout]    4:     0x56119f6e83f0 - core::fmt::rt::Argument::fmt::h74b18c7a7e637710
[INFO] [stdout]                                at /rustc/650745ceb2ae60e04f8cd7bfb671fc37239533e4/library/core/src/fmt/rt.rs:142:9
[INFO] [stdout]    5:     0x56119f6e83f0 - core::fmt::write::h8f8030c94ead45fd
[INFO] [stdout]                                at /rustc/650745ceb2ae60e04f8cd7bfb671fc37239533e4/library/core/src/fmt/mod.rs:1120:17
[INFO] [stdout]    6:     0x56119f6bc48f - std::io::Write::write_fmt::hd5dc84d51b55db4d
[INFO] [stdout]                                at /rustc/650745ceb2ae60e04f8cd7bfb671fc37239533e4/library/std/src/io/mod.rs:1810:15
[INFO] [stdout]    7:     0x56119f6be944 - std::sys_common::backtrace::_print::h9804e7b18da25ce0
[INFO] [stdout]                                at /rustc/650745ceb2ae60e04f8cd7bfb671fc37239533e4/library/std/src/sys_common/backtrace.rs:47:5
[INFO] [stdout]    8:     0x56119f6be944 - std::sys_common::backtrace::print::h88277d710d09094a
[INFO] [stdout]                                at /rustc/650745ceb2ae60e04f8cd7bfb671fc37239533e4/library/std/src/sys_common/backtrace.rs:34:9
[INFO] [stdout]    9:     0x56119f6c06b7 - std::panicking::default_hook::{{closure}}::hdbdcf066fe677727
[INFO] [stdout]   10:     0x56119f6c039d - std::panicking::default_hook::h23a1b51cb553f858
[INFO] [stdout]                                at /rustc/650745ceb2ae60e04f8cd7bfb671fc37239533e4/library/std/src/panicking.rs:289:9
[INFO] [stdout]   11:     0x56119f383887 - <alloc::boxed::Box<F,A> as core::ops::function::Fn<Args>>::call::hb97b3d5e50e8f668
[INFO] [stdout]                                at /rustc/650745ceb2ae60e04f8cd7bfb671fc37239533e4/library/alloc/src/boxed.rs:2029:9
[INFO] [stdout]   12:     0x56119f383887 - test::test_main::{{closure}}::h08dcb42f9689ad1d
[INFO] [stdout]                                at /rustc/650745ceb2ae60e04f8cd7bfb671fc37239533e4/library/test/src/lib.rs:138:21
[INFO] [stdout]   13:     0x56119f6c0cd6 - <alloc::boxed::Box<F,A> as core::ops::function::Fn<Args>>::call::he29ab032578fbb20
[INFO] [stdout]                                at /rustc/650745ceb2ae60e04f8cd7bfb671fc37239533e4/library/alloc/src/boxed.rs:2029:9
[INFO] [stdout]   14:     0x56119f6c0cd6 - std::panicking::rust_panic_with_hook::hee41672977842e8f
[INFO] [stdout]                                at /rustc/650745ceb2ae60e04f8cd7bfb671fc37239533e4/library/std/src/panicking.rs:783:13
[INFO] [stdout]   15:     0x56119f6c0a22 - std::panicking::begin_panic_handler::{{closure}}::h6e390f49bfce6eb3
[INFO] [stdout]                                at /rustc/650745ceb2ae60e04f8cd7bfb671fc37239533e4/library/std/src/panicking.rs:657:13
[INFO] [stdout]   16:     0x56119f6bf066 - std::sys_common::backtrace::__rust_end_short_backtrace::h72ee75b447321fc6
[INFO] [stdout]                                at /rustc/650745ceb2ae60e04f8cd7bfb671fc37239533e4/library/std/src/sys_common/backtrace.rs:171:18
[INFO] [stdout]   17:     0x56119f6c0780 - rust_begin_unwind
[INFO] [stdout]                                at /rustc/650745ceb2ae60e04f8cd7bfb671fc37239533e4/library/std/src/panicking.rs:645:5
[INFO] [stdout]   18:     0x56119f30e235 - core::panicking::panic_fmt::hf7ebce36d1a084ab
[INFO] [stdout]                                at /rustc/650745ceb2ae60e04f8cd7bfb671fc37239533e4/library/core/src/panicking.rs:72:14
[INFO] [stdout]   19:     0x56119f6eb6cf - core::str::slice_error_fail_rt::h23644f3cd82695b0
[INFO] [stdout]   20:     0x56119f30eaa7 - core::str::slice_error_fail::h7cb8076db63d13e4
[INFO] [stdout]                                at /rustc/650745ceb2ae60e04f8cd7bfb671fc37239533e4/library/core/src/str/mod.rs:88:9
[INFO] [stdout]   21:     0x56119f5fb8f8 - core::str::traits::<impl core::slice::index::SliceIndex<str> for core::ops::range::RangeFrom<usize>>::index::h563c9cfc75193ea5
[INFO] [stdout]                                at /rustc/650745ceb2ae60e04f8cd7bfb671fc37239533e4/library/core/src/str/traits.rs:428:21
[INFO] [stdout]   22:     0x56119f6285a8 - core::str::traits::<impl core::ops::index::Index<I> for str>::index::hf3db723f219e62f3
[INFO] [stdout]                                at /rustc/650745ceb2ae60e04f8cd7bfb671fc37239533e4/library/core/src/str/traits.rs:61:9
[INFO] [stdout]   23:     0x56119f41f74a - serde_json::ser::format_escaped_str_contents::hcdbcda2f97a86c5c
[INFO] [stdout]                                at /opt/rustwide/cargo-home/registry/src/index.crates.io-6f17d22bba15001f/serde_json-1.0.50/src/ser.rs:2110:60
[INFO] [stdout]   24:     0x56119f41f4c9 - serde_json::ser::format_escaped_str::h4a02fa889ec66d73
[INFO] [stdout]                                at /opt/rustwide/cargo-home/registry/src/index.crates.io-6f17d22bba15001f/serde_json-1.0.50/src/ser.rs:2075:10
[INFO] [stdout]   25:     0x56119f4286a6 - <&mut serde_json::ser::Serializer<W,F> as serde::ser::Serializer>::serialize_str::hc2fc158a61fdeceb
[INFO] [stdout]                                at /opt/rustwide/cargo-home/registry/src/index.crates.io-6f17d22bba15001f/serde_json-1.0.50/src/ser.rs:220:14
[INFO] [stdout]   26:     0x56119f3f8d0f - smartstring::serde::<impl serde::ser::Serialize for smartstring::SmartString<T>>::serialize::hbbacd6ddc9591763
[INFO] [stdout]                                at /opt/rustwide/cargo-home/registry/src/index.crates.io-6f17d22bba15001f/smartstring-0.2.3/src/serde.rs:14:9
[INFO] [stdout]   27:     0x56119f425d79 - <serde_json::ser::Compound<W,F> as serde::ser::SerializeMap>::serialize_value::h8ba6f3dc93dabd99
[INFO] [stdout]                                at /opt/rustwide/cargo-home/registry/src/index.crates.io-6f17d22bba15001f/serde_json-1.0.50/src/ser.rs:719:22
[INFO] [stdout]   28:     0x56119f423fb2 - serde::ser::SerializeMap::serialize_entry::h445326aa5d2f7072
[INFO] [stdout]                                at /opt/rustwide/cargo-home/registry/src/index.crates.io-6f17d22bba15001f/serde-1.0.105/src/ser/mod.rs:1825:9
[INFO] [stdout]   29:     0x56119f430bbf - flat_map::flat_map::serde_impl::<impl serde::ser::Serialize for flat_map::flat_map::FlatMap<K,V>>::serialize::h181dcf51b60d6a98
[INFO] [stdout]                                at /opt/rustwide/cargo-home/registry/src/index.crates.io-6f17d22bba15001f/flat_map-0.0.9/src/flat_map.rs:620:17
[INFO] [stdout]   30:     0x56119f4288cc - <&mut serde_json::ser::Serializer<W,F> as serde::ser::Serializer>::serialize_newtype_struct::h18975f82a877e604
[INFO] [stdout]                                at /opt/rustwide/cargo-home/registry/src/index.crates.io-6f17d22bba15001f/serde_json-1.0.50/src/ser.rs:264:9
[INFO] [stdout]   31:     0x56119f429eab - osmpbfreader::objects::_IMPL_SERIALIZE_FOR_Tags::<impl serde::ser::Serialize for osmpbfreader::objects::Tags>::serialize::h9d9b46fb5a01ec68
[INFO] [stdout]                                at /opt/rustwide/cargo-home/registry/src/index.crates.io-6f17d22bba15001f/osmpbfreader-0.14.0/src/objects.rs:20:71
[INFO] [stdout]   32:     0x56119f425c69 - <serde_json::ser::Compound<W,F> as serde::ser::SerializeMap>::serialize_value::h8582987d590ed30e
[INFO] [stdout]                                at /opt/rustwide/cargo-home/registry/src/index.crates.io-6f17d22bba15001f/serde_json-1.0.50/src/ser.rs:719:22
[INFO] [stdout]   33:     0x56119f423eb5 - serde::ser::SerializeMap::serialize_entry::h34924cdbbd2bfa4d
[INFO] [stdout]                                at /opt/rustwide/cargo-home/registry/src/index.crates.io-6f17d22bba15001f/serde-1.0.105/src/ser/mod.rs:1825:9
[INFO] [stdout]   34:     0x56119f42797e - <serde_json::ser::Compound<W,F> as serde::ser::SerializeStruct>::serialize_field::hcf580aa26a2795c0
[INFO] [stdout]                                at /opt/rustwide/cargo-home/registry/src/index.crates.io-6f17d22bba15001f/serde_json-1.0.50/src/ser.rs:765:37
[INFO] [stdout]   35:     0x56119f3f0f8a - osm_pbf2json::items::osm::_IMPL_SERIALIZE_FOR_Way::<impl serde::ser::Serialize for osm_pbf2json::items::osm::Way>::serialize::h8891c45eeb532d83
[INFO] [stdout]                                at /opt/rustwide/workdir/src/lib/items.rs:55:14
[INFO] [stdout]   36:     0x56119f421122 - serde_json::ser::to_writer::hbfe1aee9099c3cfc
[INFO] [stdout]                                at /opt/rustwide/cargo-home/registry/src/index.crates.io-6f17d22bba15001f/serde_json-1.0.50/src/ser.rs:2161:10
[INFO] [stdout]   37:     0x56119f41fc05 - serde_json::ser::to_vec::ha38cc84dff692b09
[INFO] [stdout]                                at /opt/rustwide/cargo-home/registry/src/index.crates.io-6f17d22bba15001f/serde_json-1.0.50/src/ser.rs:2195:10
[INFO] [stdout]   38:     0x56119f42065b - serde_json::ser::to_string::h04858111447804a8
[INFO] [stdout]                                at /opt/rustwide/cargo-home/registry/src/index.crates.io-6f17d22bba15001f/serde_json-1.0.50/src/ser.rs:2226:20
[INFO] [stdout]   39:     0x56119f3bd0ea - <alloc::vec::Vec<osm_pbf2json::items::Object> as osm_pbf2json::output::Output>::write_json_lines::hdabb169a60aa0e1b
[INFO] [stdout]                                at /opt/rustwide/workdir/src/lib/output.rs:90:37
[INFO] [stdout]   40:     0x56119f33c86a - integration_test::find_fountains_or_townhalls::h7ac2b1f6c96ca75f
[INFO] [stdout]                                at /opt/rustwide/workdir/tests/integration_test.rs:22:5
[INFO] [stdout]   41:     0x56119f33c687 - integration_test::find_fountains_or_townhalls::{{closure}}::h7b3262060d23b796
[INFO] [stdout]                                at /opt/rustwide/workdir/tests/integration_test.rs:17:33
[INFO] [stdout]   42:     0x56119f34c906 - core::ops::function::FnOnce::call_once::had56df4c6cd9bfa1
[INFO] [stdout]                                at /rustc/650745ceb2ae60e04f8cd7bfb671fc37239533e4/library/core/src/ops/function.rs:250:5
[INFO] [stdout]   43:     0x56119f3890bf - core::ops::function::FnOnce::call_once::h06047d416fab4738
[INFO] [stdout]                                at /rustc/650745ceb2ae60e04f8cd7bfb671fc37239533e4/library/core/src/ops/function.rs:250:5
[INFO] [stdout]   44:     0x56119f3890bf - test::__rust_begin_short_backtrace::hcb5713adfb060771
[INFO] [stdout]                                at /rustc/650745ceb2ae60e04f8cd7bfb671fc37239533e4/library/test/src/lib.rs:627:18
[INFO] [stdout]   45:     0x56119f387ee1 - test::run_test_in_process::{{closure}}::h6861e3633d7c9c27
[INFO] [stdout]                                at /rustc/650745ceb2ae60e04f8cd7bfb671fc37239533e4/library/test/src/lib.rs:650:60
[INFO] [stdout]   46:     0x56119f387ee1 - <core::panic::unwind_safe::AssertUnwindSafe<F> as core::ops::function::FnOnce<()>>::call_once::hb64fe2246fb8da62
[INFO] [stdout]                                at /rustc/650745ceb2ae60e04f8cd7bfb671fc37239533e4/library/core/src/panic/unwind_safe.rs:272:9
[INFO] [stdout]   47:     0x56119f387ee1 - std::panicking::try::do_call::h298b24dc8da96ba0
[INFO] [stdout]                                at /rustc/650745ceb2ae60e04f8cd7bfb671fc37239533e4/library/std/src/panicking.rs:552:40
[INFO] [stdout]   48:     0x56119f387ee1 - std::panicking::try::h69c2bfb52fabb772
[INFO] [stdout]                                at /rustc/650745ceb2ae60e04f8cd7bfb671fc37239533e4/library/std/src/panicking.rs:516:19
[INFO] [stdout]   49:     0x56119f387ee1 - std::panic::catch_unwind::hc0f23ff16cc28725
[INFO] [stdout]                                at /rustc/650745ceb2ae60e04f8cd7bfb671fc37239533e4/library/std/src/panic.rs:142:14
[INFO] [stdout]   50:     0x56119f387ee1 - test::run_test_in_process::hddee0506ec75925f
[INFO] [stdout]                                at /rustc/650745ceb2ae60e04f8cd7bfb671fc37239533e4/library/test/src/lib.rs:650:27
[INFO] [stdout]   51:     0x56119f387ee1 - test::run_test::{{closure}}::h5cfb204228607716
[INFO] [stdout]                                at /rustc/650745ceb2ae60e04f8cd7bfb671fc37239533e4/library/test/src/lib.rs:573:43
[INFO] [stdout]   52:     0x56119f34f216 - test::run_test::{{closure}}::hd4d5602ef13205a5
[INFO] [stdout]                                at /rustc/650745ceb2ae60e04f8cd7bfb671fc37239533e4/library/test/src/lib.rs:601:41
[INFO] [stdout]   53:     0x56119f34f216 - std::sys_common::backtrace::__rust_begin_short_backtrace::h5ccc5cff5923f06c
[INFO] [stdout]                                at /rustc/650745ceb2ae60e04f8cd7bfb671fc37239533e4/library/std/src/sys_common/backtrace.rs:155:18
[INFO] [stdout]   54:     0x56119f354317 - std::thread::Builder::spawn_unchecked_::{{closure}}::{{closure}}::hafc0d76dcef09eee
[INFO] [stdout]                                at /rustc/650745ceb2ae60e04f8cd7bfb671fc37239533e4/library/std/src/thread/mod.rs:529:17
[INFO] [stdout]   55:     0x56119f354317 - <core::panic::unwind_safe::AssertUnwindSafe<F> as core::ops::function::FnOnce<()>>::call_once::hb8ad16fe24e3ea09
[INFO] [stdout]                                at /rustc/650745ceb2ae60e04f8cd7bfb671fc37239533e4/library/core/src/panic/unwind_safe.rs:272:9
[INFO] [stdout]   56:     0x56119f354317 - std::panicking::try::do_call::h42f15bc08f3d28df
[INFO] [stdout]                                at /rustc/650745ceb2ae60e04f8cd7bfb671fc37239533e4/library/std/src/panicking.rs:552:40
[INFO] [stdout]   57:     0x56119f354317 - std::panicking::try::h81546958e5901712
[INFO] [stdout]                                at /rustc/650745ceb2ae60e04f8cd7bfb671fc37239533e4/library/std/src/panicking.rs:516:19
[INFO] [stdout]   58:     0x56119f354317 - std::panic::catch_unwind::hc4c7cd89a2f03e29
[INFO] [stdout]                                at /rustc/650745ceb2ae60e04f8cd7bfb671fc37239533e4/library/std/src/panic.rs:142:14
[INFO] [stdout]   59:     0x56119f354317 - std::thread::Builder::spawn_unchecked_::{{closure}}::h45ad00093b802d53
[INFO] [stdout]                                at /rustc/650745ceb2ae60e04f8cd7bfb671fc37239533e4/library/std/src/thread/mod.rs:528:30
[INFO] [stdout]   60:     0x56119f354317 - core::ops::function::FnOnce::call_once{{vtable.shim}}::heec906b8862c0a30
[INFO] [stdout]                                at /rustc/650745ceb2ae60e04f8cd7bfb671fc37239533e4/library/core/src/ops/function.rs:250:5
[INFO] [stdout]   61:     0x56119f6c5895 - <alloc::boxed::Box<F,A> as core::ops::function::FnOnce<Args>>::call_once::he271a8e9b4ffec7b
[INFO] [stdout]                                at /rustc/650745ceb2ae60e04f8cd7bfb671fc37239533e4/library/alloc/src/boxed.rs:2015:9
[INFO] [stdout]   62:     0x56119f6c5895 - <alloc::boxed::Box<F,A> as core::ops::function::FnOnce<Args>>::call_once::heeb272d5c498a02f
[INFO] [stdout]                                at /rustc/650745ceb2ae60e04f8cd7bfb671fc37239533e4/library/alloc/src/boxed.rs:2015:9
[INFO] [stdout]   63:     0x56119f6c5895 - std::sys::unix::thread::Thread::new::thread_start::h1fcefdf404730fa7
[INFO] [stdout]                                at /rustc/650745ceb2ae60e04f8cd7bfb671fc37239533e4/library/std/src/sys/unix/thread.rs:108:17
[INFO] [stdout]   64:     0x7ffbbc95cac3 - <unknown>
[INFO] [stdout]   65:     0x7ffbbc9edbf4 - __clone
[INFO] [stdout]   66:                0x0 - <unknown>
[INFO] [stdout] 
[INFO] [stdout] 
[INFO] [stdout] failures:
[INFO] [stdout]     find_fountains_or_townhalls
[INFO] [stdout] 
[INFO] [stdout] test result: FAILED. 6 passed; 1 failed; 0 ignored; 0 measured; 0 filtered out; finished in 2.08s
[INFO] [stdout] 
[INFO] [stderr] error: test failed, to rerun pass `--test integration_test`
[INFO] running `Command { std: "docker" "inspect" "1b1de8395d6bd6593aa2360e1ab78994f03ac3a6fb500818ad592e57d9d39498", kill_on_drop: false }`
[INFO] running `Command { std: "docker" "rm" "-f" "1b1de8395d6bd6593aa2360e1ab78994f03ac3a6fb500818ad592e57d9d39498", kill_on_drop: false }`
[INFO] [stdout] 1b1de8395d6bd6593aa2360e1ab78994f03ac3a6fb500818ad592e57d9d39498
