[INFO] fetching crate math_adapter 0.3.8...
[INFO] testing math_adapter-0.3.8 against 1.75.0 for beta-1.76-3
[INFO] extracting crate math_adapter 0.3.8 into /workspace/builds/worker-1-tc1/source
[INFO] validating manifest of crates.io crate math_adapter 0.3.8 on toolchain 1.75.0
[INFO] running `Command { std: CARGO_HOME="/workspace/cargo-home" RUSTUP_HOME="/workspace/rustup-home" "/workspace/cargo-home/bin/cargo" "+1.75.0" "metadata" "--manifest-path" "Cargo.toml" "--no-deps", kill_on_drop: false }`
[INFO] started tweaking crates.io crate math_adapter 0.3.8
[INFO] removed 3 missing examples
[INFO] removed 0 missing tests
[INFO] finished tweaking crates.io crate math_adapter 0.3.8
[INFO] tweaked toml for crates.io crate math_adapter 0.3.8 written to /workspace/builds/worker-1-tc1/source/Cargo.toml
[INFO] crate crates.io crate math_adapter 0.3.8 already has a lockfile, it will not be regenerated
[INFO] running `Command { std: CARGO_HOME="/workspace/cargo-home" RUSTUP_HOME="/workspace/rustup-home" "/workspace/cargo-home/bin/cargo" "+1.75.0" "fetch" "--manifest-path" "Cargo.toml", kill_on_drop: false }`
[INFO] [stderr]     Blocking waiting for file lock on package cache
[INFO] [stderr]     Updating crates.io index
[INFO] [stderr]     Blocking waiting for file lock on package cache
[INFO] [stderr]  Downloading crates ...
[INFO] [stderr]   Downloaded derive_tools v0.1.5
[INFO] [stderr]   Downloaded mem_tools v0.1.1
[INFO] [stderr]   Downloaded literally v0.1.3
[INFO] [stderr]   Downloaded structmeta-derive v0.1.5
[INFO] [stderr]   Downloaded structmeta v0.1.5
[INFO] [stderr]   Downloaded mod_interface_runtime v0.1.1
[INFO] [stderr]   Downloaded former_runtime v0.1.11
[INFO] [stderr]   Downloaded is_slice v0.1.1
[INFO] [stderr]   Downloaded woptions_meta v0.1.3
[INFO] [stderr]   Downloaded parse-display v0.5.5
[INFO] [stderr]   Downloaded meta_tools v0.2.18
[INFO] [stderr]   Downloaded clone_dyn v0.1.0
[INFO] [stderr]   Downloaded mod_interface v0.1.13
[INFO] [stderr]   Downloaded diagnostics_tools v0.1.3
[INFO] [stderr]   Downloaded clone_dyn_meta v0.1.1
[INFO] [stderr]   Downloaded meta_tools_min v0.2.13
[INFO] [stderr]   Downloaded proc_macro_tools v0.1.17
[INFO] [stderr]   Downloaded winterval v0.1.5
[INFO] [stderr]   Downloaded former v0.1.12
[INFO] [stderr]   Downloaded woptions v0.1.3
[INFO] [stderr]   Downloaded wtest_basic v0.1.14
[INFO] [stderr]   Downloaded typing_tools v0.1.5
[INFO] [stderr]   Downloaded data_type v0.1.9
[INFO] [stderr]   Downloaded impls_index_meta v0.1.1
[INFO] [stderr]   Downloaded test_tools v0.1.5
[INFO] [stderr]   Downloaded trybuild v1.0.63
[INFO] [stderr]   Downloaded iter_tools v0.1.4
[INFO] [stderr]   Downloaded former_meta v0.1.12
[INFO] [stderr]   Downloaded woptions_runtime v0.1.3
[INFO] [stderr]   Downloaded implements v0.1.1
[INFO] [stderr]   Downloaded dissimilar v1.0.4
[INFO] [stderr]   Downloaded inspect_type v0.1.2
[INFO] [stderr]   Downloaded impls_index v0.1.3
[INFO] [stderr]   Downloaded mod_interface_meta v0.1.11
[INFO] [stderr]   Downloaded nalgebra v0.31.0
[INFO] [stderr]   Downloaded for_each v0.1.3
[INFO] [stderr]   Downloaded parse-display-derive v0.5.5
[INFO] [stderr]   Downloaded type_constructor v0.1.19
[INFO] running `Command { std: "docker" "create" "-v" "/var/lib/crater-agent-workspace/builds/worker-1-tc1/target:/opt/rustwide/target:rw,Z" "-v" "/var/lib/crater-agent-workspace/builds/worker-1-tc1/source:/opt/rustwide/workdir:ro,Z" "-v" "/var/lib/crater-agent-workspace/cargo-home:/opt/rustwide/cargo-home:ro,Z" "-v" "/var/lib/crater-agent-workspace/rustup-home:/opt/rustwide/rustup-home:ro,Z" "-e" "SOURCE_DIR=/opt/rustwide/workdir" "-e" "CARGO_TARGET_DIR=/opt/rustwide/target" "-e" "CARGO_HOME=/opt/rustwide/cargo-home" "-e" "RUSTUP_HOME=/opt/rustwide/rustup-home" "-w" "/opt/rustwide/workdir" "-m" "1610612736" "--user" "0:0" "--network" "none" "ghcr.io/rust-lang/crates-build-env/linux@sha256:2788e3201cd34a07e3172128adcd8b3090168a8e3bcc40d7c032b9dda1df7d1c" "/opt/rustwide/cargo-home/bin/cargo" "+1.75.0" "metadata" "--no-deps" "--format-version=1", kill_on_drop: false }`
[INFO] [stdout] 8a73e7a0b3ad0ad4cb55739b6b0cd28f8a149abb383603b793ddfb1b19c14da9
[INFO] running `Command { std: "docker" "start" "-a" "8a73e7a0b3ad0ad4cb55739b6b0cd28f8a149abb383603b793ddfb1b19c14da9", kill_on_drop: false }`
[INFO] running `Command { std: "docker" "inspect" "8a73e7a0b3ad0ad4cb55739b6b0cd28f8a149abb383603b793ddfb1b19c14da9", kill_on_drop: false }`
[INFO] running `Command { std: "docker" "rm" "-f" "8a73e7a0b3ad0ad4cb55739b6b0cd28f8a149abb383603b793ddfb1b19c14da9", kill_on_drop: false }`
[INFO] [stdout] 8a73e7a0b3ad0ad4cb55739b6b0cd28f8a149abb383603b793ddfb1b19c14da9
[INFO] running `Command { std: "docker" "create" "-v" "/var/lib/crater-agent-workspace/builds/worker-1-tc1/target:/opt/rustwide/target:rw,Z" "-v" "/var/lib/crater-agent-workspace/builds/worker-1-tc1/source:/opt/rustwide/workdir:ro,Z" "-v" "/var/lib/crater-agent-workspace/cargo-home:/opt/rustwide/cargo-home:ro,Z" "-v" "/var/lib/crater-agent-workspace/rustup-home:/opt/rustwide/rustup-home:ro,Z" "-e" "SOURCE_DIR=/opt/rustwide/workdir" "-e" "CARGO_TARGET_DIR=/opt/rustwide/target" "-e" "CARGO_INCREMENTAL=0" "-e" "RUST_BACKTRACE=full" "-e" "RUSTFLAGS=--cap-lints=warn" "-e" "RUSTDOCFLAGS=--cap-lints=warn" "-e" "CARGO_HOME=/opt/rustwide/cargo-home" "-e" "RUSTUP_HOME=/opt/rustwide/rustup-home" "-w" "/opt/rustwide/workdir" "-m" "1610612736" "--user" "0:0" "--network" "none" "ghcr.io/rust-lang/crates-build-env/linux@sha256:2788e3201cd34a07e3172128adcd8b3090168a8e3bcc40d7c032b9dda1df7d1c" "/opt/rustwide/cargo-home/bin/cargo" "+1.75.0" "build" "--frozen" "--message-format=json", kill_on_drop: false }`
[INFO] [stdout] 8c86f4446a788a4d7d55191af6dd45f45ab05292f7461166baa77e53b0f2baac
[INFO] running `Command { std: "docker" "start" "-a" "8c86f4446a788a4d7d55191af6dd45f45ab05292f7461166baa77e53b0f2baac", kill_on_drop: false }`
[INFO] [stderr]    Compiling proc-macro2 v1.0.40
[INFO] [stderr]    Compiling quote v1.0.20
[INFO] [stderr]    Compiling unicode-ident v1.0.2
[INFO] [stderr]    Compiling syn v1.0.98
[INFO] [stderr]    Compiling winterval v0.1.5
[INFO] [stderr]    Compiling type_constructor v0.1.19
[INFO] [stderr]    Compiling memchr v2.5.0
[INFO] [stderr]    Compiling regex-syntax v0.6.27
[INFO] [stderr]    Compiling once_cell v1.13.0
[INFO] [stderr]    Compiling convert_case v0.4.0
[INFO] [stderr]    Compiling either v1.6.1
[INFO] [stderr]    Compiling mod_interface_runtime v0.1.1
[INFO] [stderr]    Compiling literally v0.1.3
[INFO] [stderr]    Compiling for_each v0.1.3
[INFO] [stderr]    Compiling paste v1.0.7
[INFO] [stderr]    Compiling former_runtime v0.1.11
[INFO] [stderr]    Compiling autocfg v1.1.0
[INFO] [stderr]    Compiling convert_case v0.5.0
[INFO] [stderr]    Compiling cfg_aliases v0.1.1
[INFO] [stderr]    Compiling mem_tools v0.1.1
[INFO] [stderr]    Compiling itertools v0.10.3
[INFO] [stderr]    Compiling math_adapter v0.3.8 (/opt/rustwide/workdir)
[INFO] [stderr]    Compiling num-traits v0.2.15
[INFO] [stderr]    Compiling aho-corasick v0.7.18
[INFO] [stderr]    Compiling iter_tools v0.1.4
[INFO] [stderr]    Compiling regex v1.6.0
[INFO] [stderr]    Compiling proc_macro_tools v0.1.17
[INFO] [stderr]    Compiling structmeta-derive v0.1.5
[INFO] [stderr]    Compiling clone_dyn_meta v0.1.1
[INFO] [stderr]    Compiling derive_more v0.99.17
[INFO] [stderr]    Compiling impls_index_meta v0.1.1
[INFO] [stderr]    Compiling former_meta v0.1.12
[INFO] [stderr]    Compiling impls_index v0.1.3
[INFO] [stderr]    Compiling clone_dyn v0.1.0
[INFO] [stderr]    Compiling former v0.1.12
[INFO] [stderr]    Compiling woptions_runtime v0.1.3
[INFO] [stderr]    Compiling structmeta v0.1.5
[INFO] [stderr]    Compiling parse-display-derive v0.5.5
[INFO] [stderr]    Compiling parse-display v0.5.5
[INFO] [stderr]    Compiling derive_tools v0.1.5
[INFO] [stderr]    Compiling mod_interface_meta v0.1.11
[INFO] [stderr]    Compiling mod_interface v0.1.13
[INFO] [stderr]    Compiling meta_tools_min v0.2.13
[INFO] [stderr]    Compiling woptions_meta v0.1.3
[INFO] [stderr]    Compiling woptions v0.1.3
[INFO] [stderr]    Compiling meta_tools v0.2.18
[INFO] [stdout] warning: incorrect NaN comparison, NaN cannot be directly compared to itself
[INFO] [stdout]   --> rust/impl/math/abs/nan_like.rs:64:11
[INFO] [stdout]    |
[INFO] [stdout] 64 |           *self == < $( $Args )* >::NAN
[INFO] [stdout]    |           ^^^^^^^^^^^^^^^^^^^^^^^^^^^^^
[INFO] [stdout] ...
[INFO] [stdout] 71 |   for_each_float!( impl_nan_like_for_float );
[INFO] [stdout]    |   ------------------------------------------ in this macro invocation
[INFO] [stdout]    |
[INFO] [stdout]    = note: `#[warn(invalid_nan_comparisons)]` on by default
[INFO] [stdout]    = note: this warning originates in the macro `impl_nan_like_for_float` which comes from the expansion of the macro `for_each_float` (in Nightly builds, run with -Z macro-backtrace for more info)
[INFO] [stdout] help: use `f32::is_nan()` or `f64::is_nan()` instead
[INFO] [stdout]    |
[INFO] [stdout] 64 -           *self == < $( $Args )* >::NAN
[INFO] [stdout] 64 +           *self.is_nan()
[INFO] [stdout]    |
[INFO] [stdout] 
[INFO] [stdout] 
[INFO] [stdout] warning: incorrect NaN comparison, NaN cannot be directly compared to itself
[INFO] [stdout]   --> rust/impl/math/abs/nan_like.rs:64:11
[INFO] [stdout]    |
[INFO] [stdout] 64 |           *self == < $( $Args )* >::NAN
[INFO] [stdout]    |           ^^^^^^^^^^^^^^^^^^^^^^^^^^^^^
[INFO] [stdout] ...
[INFO] [stdout] 71 |   for_each_float!( impl_nan_like_for_float );
[INFO] [stdout]    |   ------------------------------------------ in this macro invocation
[INFO] [stdout]    |
[INFO] [stdout]    = note: this warning originates in the macro `impl_nan_like_for_float` which comes from the expansion of the macro `for_each_float` (in Nightly builds, run with -Z macro-backtrace for more info)
[INFO] [stdout] help: use `f32::is_nan()` or `f64::is_nan()` instead
[INFO] [stdout]    |
[INFO] [stdout] 64 -           *self == < $( $Args )* >::NAN
[INFO] [stdout] 64 +           *self.is_nan()
[INFO] [stdout]    |
[INFO] [stdout] 
[INFO] [stdout] 
[INFO] [stdout] warning: 2 warnings emitted
[INFO] [stdout] 
[INFO] [stdout] 
[INFO] [stderr]     Finished dev [unoptimized + debuginfo] target(s) in 18.72s
[INFO] running `Command { std: "docker" "inspect" "8c86f4446a788a4d7d55191af6dd45f45ab05292f7461166baa77e53b0f2baac", kill_on_drop: false }`
[INFO] running `Command { std: "docker" "rm" "-f" "8c86f4446a788a4d7d55191af6dd45f45ab05292f7461166baa77e53b0f2baac", kill_on_drop: false }`
[INFO] [stdout] 8c86f4446a788a4d7d55191af6dd45f45ab05292f7461166baa77e53b0f2baac
[INFO] running `Command { std: "docker" "create" "-v" "/var/lib/crater-agent-workspace/builds/worker-1-tc1/target:/opt/rustwide/target:rw,Z" "-v" "/var/lib/crater-agent-workspace/builds/worker-1-tc1/source:/opt/rustwide/workdir:ro,Z" "-v" "/var/lib/crater-agent-workspace/cargo-home:/opt/rustwide/cargo-home:ro,Z" "-v" "/var/lib/crater-agent-workspace/rustup-home:/opt/rustwide/rustup-home:ro,Z" "-e" "SOURCE_DIR=/opt/rustwide/workdir" "-e" "CARGO_TARGET_DIR=/opt/rustwide/target" "-e" "CARGO_INCREMENTAL=0" "-e" "RUST_BACKTRACE=full" "-e" "RUSTFLAGS=--cap-lints=warn" "-e" "RUSTDOCFLAGS=--cap-lints=warn" "-e" "CARGO_HOME=/opt/rustwide/cargo-home" "-e" "RUSTUP_HOME=/opt/rustwide/rustup-home" "-w" "/opt/rustwide/workdir" "-m" "1610612736" "--user" "0:0" "--network" "none" "ghcr.io/rust-lang/crates-build-env/linux@sha256:2788e3201cd34a07e3172128adcd8b3090168a8e3bcc40d7c032b9dda1df7d1c" "/opt/rustwide/cargo-home/bin/cargo" "+1.75.0" "test" "--frozen" "--no-run" "--message-format=json", kill_on_drop: false }`
[INFO] [stdout] 34bdebc6f612c2f54168fb07aae739377481b56e4d78506051572b96a24f7046
[INFO] running `Command { std: "docker" "start" "-a" "34bdebc6f612c2f54168fb07aae739377481b56e4d78506051572b96a24f7046", kill_on_drop: false }`
[INFO] [stderr]    Compiling type_constructor v0.1.19
[INFO] [stderr]    Compiling once_cell v1.13.0
[INFO] [stderr]    Compiling serde v1.0.139
[INFO] [stderr]    Compiling serde_json v1.0.82
[INFO] [stderr]    Compiling serde_derive v1.0.139
[INFO] [stderr]    Compiling trybuild v1.0.63
[INFO] [stderr]    Compiling rustversion v1.0.8
[INFO] [stderr]    Compiling anyhow v1.0.58
[INFO] [stderr]    Compiling diff v0.1.13
[INFO] [stderr]    Compiling ryu v1.0.10
[INFO] [stderr]    Compiling itoa v1.0.2
[INFO] [stderr]    Compiling ansi_term v0.12.1
[INFO] [stderr]    Compiling termcolor v1.1.3
[INFO] [stderr]    Compiling winterval v0.1.5
[INFO] [stderr]    Compiling dissimilar v1.0.4
[INFO] [stderr]    Compiling implements v0.1.1
[INFO] [stderr]    Compiling glob v0.3.0
[INFO] [stderr]    Compiling inspect_type v0.1.2
[INFO] [stderr]    Compiling either v1.6.1
[INFO] [stderr]    Compiling proc_macro_tools v0.1.17
[INFO] [stderr]    Compiling pretty_assertions v1.2.1
[INFO] [stderr]    Compiling parse-display-derive v0.5.5
[INFO] [stderr]    Compiling is_slice v0.1.1
[INFO] [stderr]    Compiling data_type v0.1.9
[INFO] [stderr]    Compiling typing_tools v0.1.5
[INFO] [stderr]    Compiling diagnostics_tools v0.1.3
[INFO] [stderr]    Compiling clone_dyn_meta v0.1.1
[INFO] [stderr]    Compiling impls_index_meta v0.1.1
[INFO] [stderr]    Compiling former_meta v0.1.12
[INFO] [stderr]    Compiling clone_dyn v0.1.0
[INFO] [stderr]    Compiling impls_index v0.1.3
[INFO] [stderr]    Compiling former v0.1.12
[INFO] [stderr]    Compiling woptions_runtime v0.1.3
[INFO] [stderr]    Compiling parse-display v0.5.5
[INFO] [stderr]    Compiling derive_tools v0.1.5
[INFO] [stderr]    Compiling mod_interface_meta v0.1.11
[INFO] [stderr]    Compiling mod_interface v0.1.13
[INFO] [stderr]    Compiling meta_tools_min v0.2.13
[INFO] [stderr]    Compiling woptions_meta v0.1.3
[INFO] [stderr]    Compiling toml v0.5.9
[INFO] [stderr]    Compiling woptions v0.1.3
[INFO] [stderr]    Compiling meta_tools v0.2.18
[INFO] [stderr]    Compiling math_adapter v0.3.8 (/opt/rustwide/workdir)
[INFO] [stdout] warning: incorrect NaN comparison, NaN cannot be directly compared to itself
[INFO] [stdout]   --> rust/impl/math/abs/nan_like.rs:64:11
[INFO] [stdout]    |
[INFO] [stdout] 64 |           *self == < $( $Args )* >::NAN
[INFO] [stdout]    |           ^^^^^^^^^^^^^^^^^^^^^^^^^^^^^
[INFO] [stdout] ...
[INFO] [stdout] 71 |   for_each_float!( impl_nan_like_for_float );
[INFO] [stdout]    |   ------------------------------------------ in this macro invocation
[INFO] [stdout]    |
[INFO] [stdout]    = note: `#[warn(invalid_nan_comparisons)]` on by default
[INFO] [stdout]    = note: this warning originates in the macro `impl_nan_like_for_float` which comes from the expansion of the macro `for_each_float` (in Nightly builds, run with -Z macro-backtrace for more info)
[INFO] [stdout] help: use `f32::is_nan()` or `f64::is_nan()` instead
[INFO] [stdout]    |
[INFO] [stdout] 64 -           *self == < $( $Args )* >::NAN
[INFO] [stdout] 64 +           *self.is_nan()
[INFO] [stdout]    |
[INFO] [stdout] 
[INFO] [stdout] 
[INFO] [stdout] warning: incorrect NaN comparison, NaN cannot be directly compared to itself
[INFO] [stdout]   --> rust/impl/math/abs/nan_like.rs:64:11
[INFO] [stdout]    |
[INFO] [stdout] 64 |           *self == < $( $Args )* >::NAN
[INFO] [stdout]    |           ^^^^^^^^^^^^^^^^^^^^^^^^^^^^^
[INFO] [stdout] ...
[INFO] [stdout] 71 |   for_each_float!( impl_nan_like_for_float );
[INFO] [stdout]    |   ------------------------------------------ in this macro invocation
[INFO] [stdout]    |
[INFO] [stdout]    = note: this warning originates in the macro `impl_nan_like_for_float` which comes from the expansion of the macro `for_each_float` (in Nightly builds, run with -Z macro-backtrace for more info)
[INFO] [stdout] help: use `f32::is_nan()` or `f64::is_nan()` instead
[INFO] [stdout]    |
[INFO] [stdout] 64 -           *self == < $( $Args )* >::NAN
[INFO] [stdout] 64 +           *self.is_nan()
[INFO] [stdout]    |
[INFO] [stdout] 
[INFO] [stdout] 
[INFO] [stdout] warning: 2 warnings emitted
[INFO] [stdout] 
[INFO] [stdout] 
[INFO] [stderr]    Compiling wtest_basic v0.1.14
[INFO] [stderr]    Compiling test_tools v0.1.5
[INFO] [stdout] warning: incorrect NaN comparison, NaN cannot be directly compared to itself
[INFO] [stdout]   --> rust/impl/math/abs/nan_like.rs:64:11
[INFO] [stdout]    |
[INFO] [stdout] 64 |           *self == < $( $Args )* >::NAN
[INFO] [stdout]    |           ^^^^^^^^^^^^^^^^^^^^^^^^^^^^^
[INFO] [stdout] ...
[INFO] [stdout] 71 |   for_each_float!( impl_nan_like_for_float );
[INFO] [stdout]    |   ------------------------------------------ in this macro invocation
[INFO] [stdout]    |
[INFO] [stdout]    = note: `#[warn(invalid_nan_comparisons)]` on by default
[INFO] [stdout]    = note: this warning originates in the macro `impl_nan_like_for_float` which comes from the expansion of the macro `for_each_float` (in Nightly builds, run with -Z macro-backtrace for more info)
[INFO] [stdout] help: use `f32::is_nan()` or `f64::is_nan()` instead
[INFO] [stdout]    |
[INFO] [stdout] 64 -           *self == < $( $Args )* >::NAN
[INFO] [stdout] 64 +           *self.is_nan()
[INFO] [stdout]    |
[INFO] [stdout] 
[INFO] [stdout] 
[INFO] [stdout] warning: incorrect NaN comparison, NaN cannot be directly compared to itself
[INFO] [stdout]   --> rust/impl/math/abs/nan_like.rs:64:11
[INFO] [stdout]    |
[INFO] [stdout] 64 |           *self == < $( $Args )* >::NAN
[INFO] [stdout]    |           ^^^^^^^^^^^^^^^^^^^^^^^^^^^^^
[INFO] [stdout] ...
[INFO] [stdout] 71 |   for_each_float!( impl_nan_like_for_float );
[INFO] [stdout]    |   ------------------------------------------ in this macro invocation
[INFO] [stdout]    |
[INFO] [stdout]    = note: this warning originates in the macro `impl_nan_like_for_float` which comes from the expansion of the macro `for_each_float` (in Nightly builds, run with -Z macro-backtrace for more info)
[INFO] [stdout] help: use `f32::is_nan()` or `f64::is_nan()` instead
[INFO] [stdout]    |
[INFO] [stdout] 64 -           *self == < $( $Args )* >::NAN
[INFO] [stdout] 64 +           *self.is_nan()
[INFO] [stdout]    |
[INFO] [stdout] 
[INFO] [stdout] 
[INFO] [stdout] warning: 2 warnings emitted
[INFO] [stdout] 
[INFO] [stdout] 
[INFO] [stderr]     Finished test [unoptimized + debuginfo] target(s) in 20.50s
[INFO] running `Command { std: "docker" "inspect" "34bdebc6f612c2f54168fb07aae739377481b56e4d78506051572b96a24f7046", kill_on_drop: false }`
[INFO] running `Command { std: "docker" "rm" "-f" "34bdebc6f612c2f54168fb07aae739377481b56e4d78506051572b96a24f7046", kill_on_drop: false }`
[INFO] [stdout] 34bdebc6f612c2f54168fb07aae739377481b56e4d78506051572b96a24f7046
[INFO] running `Command { std: "docker" "create" "-v" "/var/lib/crater-agent-workspace/builds/worker-1-tc1/target:/opt/rustwide/target:rw,Z" "-v" "/var/lib/crater-agent-workspace/builds/worker-1-tc1/source:/opt/rustwide/workdir:ro,Z" "-v" "/var/lib/crater-agent-workspace/cargo-home:/opt/rustwide/cargo-home:ro,Z" "-v" "/var/lib/crater-agent-workspace/rustup-home:/opt/rustwide/rustup-home:ro,Z" "-e" "SOURCE_DIR=/opt/rustwide/workdir" "-e" "CARGO_TARGET_DIR=/opt/rustwide/target" "-e" "CARGO_INCREMENTAL=0" "-e" "RUST_BACKTRACE=full" "-e" "RUSTFLAGS=--cap-lints=warn" "-e" "RUSTDOCFLAGS=--cap-lints=warn" "-e" "CARGO_HOME=/opt/rustwide/cargo-home" "-e" "RUSTUP_HOME=/opt/rustwide/rustup-home" "-w" "/opt/rustwide/workdir" "-m" "1610612736" "--user" "0:0" "--network" "none" "ghcr.io/rust-lang/crates-build-env/linux@sha256:2788e3201cd34a07e3172128adcd8b3090168a8e3bcc40d7c032b9dda1df7d1c" "/opt/rustwide/cargo-home/bin/cargo" "+1.75.0" "test" "--frozen", kill_on_drop: false }`
[INFO] [stdout] 375d92deaeef7c7d3bd683ac317a46c86b7bbbbf37b35bff29701e1a1677b038
[INFO] running `Command { std: "docker" "start" "-a" "375d92deaeef7c7d3bd683ac317a46c86b7bbbbf37b35bff29701e1a1677b038", kill_on_drop: false }`
[INFO] [stderr] warning: incorrect NaN comparison, NaN cannot be directly compared to itself
[INFO] [stderr]   --> rust/impl/math/abs/nan_like.rs:64:11
[INFO] [stderr]    |
[INFO] [stderr] 64 |           *self == < $( $Args )* >::NAN
[INFO] [stderr]    |           ^^^^^^^^^^^^^^^^^^^^^^^^^^^^^
[INFO] [stderr] ...
[INFO] [stderr] 71 |   for_each_float!( impl_nan_like_for_float );
[INFO] [stderr]    |   ------------------------------------------ in this macro invocation
[INFO] [stderr]    |
[INFO] [stderr]    = note: `#[warn(invalid_nan_comparisons)]` on by default
[INFO] [stderr]    = note: this warning originates in the macro `impl_nan_like_for_float` which comes from the expansion of the macro `for_each_float` (in Nightly builds, run with -Z macro-backtrace for more info)
[INFO] [stderr] help: use `f32::is_nan()` or `f64::is_nan()` instead
[INFO] [stderr]    |
[INFO] [stderr] 64 -           *self == < $( $Args )* >::NAN
[INFO] [stderr] 64 +           *self.is_nan()
[INFO] [stderr]    |
[INFO] [stderr] 
[INFO] [stderr] warning: incorrect NaN comparison, NaN cannot be directly compared to itself
[INFO] [stderr]   --> rust/impl/math/abs/nan_like.rs:64:11
[INFO] [stderr]    |
[INFO] [stderr] 64 |           *self == < $( $Args )* >::NAN
[INFO] [stderr]    |           ^^^^^^^^^^^^^^^^^^^^^^^^^^^^^
[INFO] [stderr] ...
[INFO] [stderr] 71 |   for_each_float!( impl_nan_like_for_float );
[INFO] [stderr]    |   ------------------------------------------ in this macro invocation
[INFO] [stderr]    |
[INFO] [stderr]    = note: this warning originates in the macro `impl_nan_like_for_float` which comes from the expansion of the macro `for_each_float` (in Nightly builds, run with -Z macro-backtrace for more info)
[INFO] [stderr] help: use `f32::is_nan()` or `f64::is_nan()` instead
[INFO] [stderr]    |
[INFO] [stderr] 64 -           *self == < $( $Args )* >::NAN
[INFO] [stderr] 64 +           *self.is_nan()
[INFO] [stderr]    |
[INFO] [stderr] 
[INFO] [stderr] warning: `math_adapter` (lib) generated 2 warnings (run `cargo fix --lib -p math_adapter` to apply 2 suggestions)
[INFO] [stderr] warning: `math_adapter` (lib test) generated 2 warnings (2 duplicates)
[INFO] [stderr]     Finished test [unoptimized + debuginfo] target(s) in 0.10s
[INFO] [stderr]      Running unittests rust/impl/math/math_adapter_lib.rs (/opt/rustwide/target/debug/deps/math_adapter-236c1190e61a4fed)
[INFO] [stdout] 
[INFO] [stderr]      Running rust/test/math/math_adapter_tests.rs (/opt/rustwide/target/debug/deps/math_adapter_tests-d857126d657c30fa)
[INFO] [stdout] running 0 tests
[INFO] [stdout] 
[INFO] [stdout] test result: ok. 0 passed; 0 failed; 0 ignored; 0 measured; 0 filtered out; finished in 0.00s
[INFO] [stdout] 
[INFO] [stdout] 
[INFO] [stdout] running 10 tests
[INFO] [stdout] test canonical_x2_test::operation ... ok
[INFO] [stdout] test macro_tools_test::for_each_higher_order ... ok
[INFO] [stdout] test helper_test::for_each_float ... ok
[INFO] [stdout] test canonical_x2_test::basic ... ok
[INFO] [stdout] test helper_test::for_each_int ... ok
[INFO] [stdout] test macro_tools_test::braces_unwrap ... ok
[INFO] [stdout] test macro_tools_test::for_each ... ok
[INFO] [stdout] test helper_test::for_each_higher_order_without_parentheses ... ok
[INFO] [stderr]    Doc-tests math_adapter
[INFO] [stdout] test canonical_x2_test::canonical ... ok
[INFO] [stdout] test helper_test::for_each_number ... ok
[INFO] [stdout] 
[INFO] [stdout] test result: ok. 10 passed; 0 failed; 0 ignored; 0 measured; 0 filtered out; finished in 0.01s
[INFO] [stdout] 
[INFO] [stdout] 
[INFO] [stdout] running 3 tests
[INFO] [stdout] test rust/impl/math/math_adapter_lib.rs - (line 75) ... ok
[INFO] [stdout] test rust/impl/math/math_adapter_lib.rs - (line 129) ... ok
[INFO] [stdout] test rust/impl/math/math_adapter_lib.rs - (line 96) ... ok
[INFO] [stdout] 
[INFO] [stdout] test result: ok. 3 passed; 0 failed; 0 ignored; 0 measured; 0 filtered out; finished in 0.48s
[INFO] [stdout] 
[INFO] running `Command { std: "docker" "inspect" "375d92deaeef7c7d3bd683ac317a46c86b7bbbbf37b35bff29701e1a1677b038", kill_on_drop: false }`
[INFO] running `Command { std: "docker" "rm" "-f" "375d92deaeef7c7d3bd683ac317a46c86b7bbbbf37b35bff29701e1a1677b038", kill_on_drop: false }`
[INFO] [stdout] 375d92deaeef7c7d3bd683ac317a46c86b7bbbbf37b35bff29701e1a1677b038
[INFO] testing math_adapter-0.3.8 against beta-2024-01-09 for beta-1.76-3
[INFO] extracting crate math_adapter 0.3.8 into /workspace/builds/worker-1-tc2/source
[INFO] validating manifest of crates.io crate math_adapter 0.3.8 on toolchain beta-2024-01-09
[INFO] running `Command { std: CARGO_HOME="/workspace/cargo-home" RUSTUP_HOME="/workspace/rustup-home" "/workspace/cargo-home/bin/cargo" "+beta-2024-01-09" "metadata" "--manifest-path" "Cargo.toml" "--no-deps", kill_on_drop: false }`
[INFO] started tweaking crates.io crate math_adapter 0.3.8
[INFO] removed 3 missing examples
[INFO] removed 0 missing tests
[INFO] finished tweaking crates.io crate math_adapter 0.3.8
[INFO] tweaked toml for crates.io crate math_adapter 0.3.8 written to /workspace/builds/worker-1-tc2/source/Cargo.toml
[INFO] crate crates.io crate math_adapter 0.3.8 already has a lockfile, it will not be regenerated
[INFO] running `Command { std: CARGO_HOME="/workspace/cargo-home" RUSTUP_HOME="/workspace/rustup-home" "/workspace/cargo-home/bin/cargo" "+beta-2024-01-09" "fetch" "--manifest-path" "Cargo.toml", kill_on_drop: false }`
[INFO] [stderr]     Blocking waiting for file lock on package cache
[INFO] running `Command { std: "docker" "create" "-v" "/var/lib/crater-agent-workspace/builds/worker-1-tc2/target:/opt/rustwide/target:rw,Z" "-v" "/var/lib/crater-agent-workspace/builds/worker-1-tc2/source:/opt/rustwide/workdir:ro,Z" "-v" "/var/lib/crater-agent-workspace/cargo-home:/opt/rustwide/cargo-home:ro,Z" "-v" "/var/lib/crater-agent-workspace/rustup-home:/opt/rustwide/rustup-home:ro,Z" "-e" "SOURCE_DIR=/opt/rustwide/workdir" "-e" "CARGO_TARGET_DIR=/opt/rustwide/target" "-e" "CARGO_HOME=/opt/rustwide/cargo-home" "-e" "RUSTUP_HOME=/opt/rustwide/rustup-home" "-w" "/opt/rustwide/workdir" "-m" "1610612736" "--user" "0:0" "--network" "none" "ghcr.io/rust-lang/crates-build-env/linux@sha256:2788e3201cd34a07e3172128adcd8b3090168a8e3bcc40d7c032b9dda1df7d1c" "/opt/rustwide/cargo-home/bin/cargo" "+beta-2024-01-09" "metadata" "--no-deps" "--format-version=1", kill_on_drop: false }`
[INFO] [stdout] fa00735ab874a3bf55900e4b761415b2fc00421fe5910f8c935073afa91a2a71
[INFO] running `Command { std: "docker" "start" "-a" "fa00735ab874a3bf55900e4b761415b2fc00421fe5910f8c935073afa91a2a71", kill_on_drop: false }`
[INFO] running `Command { std: "docker" "inspect" "fa00735ab874a3bf55900e4b761415b2fc00421fe5910f8c935073afa91a2a71", kill_on_drop: false }`
[INFO] running `Command { std: "docker" "rm" "-f" "fa00735ab874a3bf55900e4b761415b2fc00421fe5910f8c935073afa91a2a71", kill_on_drop: false }`
[INFO] [stdout] fa00735ab874a3bf55900e4b761415b2fc00421fe5910f8c935073afa91a2a71
[INFO] running `Command { std: "docker" "create" "-v" "/var/lib/crater-agent-workspace/builds/worker-1-tc2/target:/opt/rustwide/target:rw,Z" "-v" "/var/lib/crater-agent-workspace/builds/worker-1-tc2/source:/opt/rustwide/workdir:ro,Z" "-v" "/var/lib/crater-agent-workspace/cargo-home:/opt/rustwide/cargo-home:ro,Z" "-v" "/var/lib/crater-agent-workspace/rustup-home:/opt/rustwide/rustup-home:ro,Z" "-e" "SOURCE_DIR=/opt/rustwide/workdir" "-e" "CARGO_TARGET_DIR=/opt/rustwide/target" "-e" "CARGO_INCREMENTAL=0" "-e" "RUST_BACKTRACE=full" "-e" "RUSTFLAGS=--cap-lints=warn" "-e" "RUSTDOCFLAGS=--cap-lints=warn" "-e" "CARGO_HOME=/opt/rustwide/cargo-home" "-e" "RUSTUP_HOME=/opt/rustwide/rustup-home" "-w" "/opt/rustwide/workdir" "-m" "1610612736" "--user" "0:0" "--network" "none" "ghcr.io/rust-lang/crates-build-env/linux@sha256:2788e3201cd34a07e3172128adcd8b3090168a8e3bcc40d7c032b9dda1df7d1c" "/opt/rustwide/cargo-home/bin/cargo" "+beta-2024-01-09" "build" "--frozen" "--message-format=json", kill_on_drop: false }`
[INFO] [stdout] 7e9b695c86e58d64b991aff724d4182573a22677432913879e72a1afc18993be
[INFO] running `Command { std: "docker" "start" "-a" "7e9b695c86e58d64b991aff724d4182573a22677432913879e72a1afc18993be", kill_on_drop: false }`
[INFO] [stderr]    Compiling proc-macro2 v1.0.40
[INFO] [stderr]    Compiling quote v1.0.20
[INFO] [stderr]    Compiling unicode-ident v1.0.2
[INFO] [stderr]    Compiling syn v1.0.98
[INFO] [stderr]    Compiling winterval v0.1.5
[INFO] [stderr]    Compiling type_constructor v0.1.19
[INFO] [stderr]    Compiling memchr v2.5.0
[INFO] [stderr]    Compiling regex-syntax v0.6.27
[INFO] [stderr]    Compiling once_cell v1.13.0
[INFO] [stderr]    Compiling either v1.6.1
[INFO] [stderr]    Compiling convert_case v0.4.0
[INFO] [stderr]    Compiling mod_interface_runtime v0.1.1
[INFO] [stderr]    Compiling for_each v0.1.3
[INFO] [stderr]    Compiling paste v1.0.7
[INFO] [stderr]    Compiling former_runtime v0.1.11
[INFO] [stderr]    Compiling literally v0.1.3
[INFO] [stderr]    Compiling convert_case v0.5.0
[INFO] [stderr]    Compiling autocfg v1.1.0
[INFO] [stderr]    Compiling cfg_aliases v0.1.1
[INFO] [stderr]    Compiling mem_tools v0.1.1
[INFO] [stderr]    Compiling itertools v0.10.3
[INFO] [stderr]    Compiling math_adapter v0.3.8 (/opt/rustwide/workdir)
[INFO] [stderr]    Compiling num-traits v0.2.15
[INFO] [stderr]    Compiling aho-corasick v0.7.18
[INFO] [stderr]    Compiling iter_tools v0.1.4
[INFO] [stderr]    Compiling regex v1.6.0
[INFO] [stderr]    Compiling proc_macro_tools v0.1.17
[INFO] [stderr]    Compiling structmeta-derive v0.1.5
[INFO] [stderr]    Compiling clone_dyn_meta v0.1.1
[INFO] [stderr]    Compiling derive_more v0.99.17
[INFO] [stderr]    Compiling impls_index_meta v0.1.1
[INFO] [stderr]    Compiling former_meta v0.1.12
[INFO] [stderr]    Compiling clone_dyn v0.1.0
[INFO] [stderr]    Compiling impls_index v0.1.3
[INFO] [stderr]    Compiling former v0.1.12
[INFO] [stderr]    Compiling woptions_runtime v0.1.3
[INFO] [stderr]    Compiling structmeta v0.1.5
[INFO] [stderr]    Compiling parse-display-derive v0.5.5
[INFO] [stderr]    Compiling parse-display v0.5.5
[INFO] [stderr]    Compiling derive_tools v0.1.5
[INFO] [stderr]    Compiling mod_interface_meta v0.1.11
[INFO] [stderr]    Compiling mod_interface v0.1.13
[INFO] [stderr]    Compiling meta_tools_min v0.2.13
[INFO] [stderr]    Compiling woptions_meta v0.1.3
[INFO] [stderr]    Compiling woptions v0.1.3
[INFO] [stderr]    Compiling meta_tools v0.2.18
[INFO] [stdout] warning: incorrect NaN comparison, NaN cannot be directly compared to itself
[INFO] [stdout]   --> rust/impl/math/abs/nan_like.rs:64:11
[INFO] [stdout]    |
[INFO] [stdout] 64 |           *self == < $( $Args )* >::NAN
[INFO] [stdout]    |           ^^^^^^^^^^^^^^^^^^^^^^^^^^^^^
[INFO] [stdout] ...
[INFO] [stdout] 71 |   for_each_float!( impl_nan_like_for_float );
[INFO] [stdout]    |   ------------------------------------------ in this macro invocation
[INFO] [stdout]    |
[INFO] [stdout]    = note: `#[warn(invalid_nan_comparisons)]` on by default
[INFO] [stdout]    = note: this warning originates in the macro `impl_nan_like_for_float` which comes from the expansion of the macro `for_each_float` (in Nightly builds, run with -Z macro-backtrace for more info)
[INFO] [stdout] help: use `f32::is_nan()` or `f64::is_nan()` instead
[INFO] [stdout]    |
[INFO] [stdout] 64 -           *self == < $( $Args )* >::NAN
[INFO] [stdout] 64 +           *self.is_nan()
[INFO] [stdout]    |
[INFO] [stdout] 
[INFO] [stdout] 
[INFO] [stdout] warning: incorrect NaN comparison, NaN cannot be directly compared to itself
[INFO] [stdout]   --> rust/impl/math/abs/nan_like.rs:64:11
[INFO] [stdout]    |
[INFO] [stdout] 64 |           *self == < $( $Args )* >::NAN
[INFO] [stdout]    |           ^^^^^^^^^^^^^^^^^^^^^^^^^^^^^
[INFO] [stdout] ...
[INFO] [stdout] 71 |   for_each_float!( impl_nan_like_for_float );
[INFO] [stdout]    |   ------------------------------------------ in this macro invocation
[INFO] [stdout]    |
[INFO] [stdout]    = note: this warning originates in the macro `impl_nan_like_for_float` which comes from the expansion of the macro `for_each_float` (in Nightly builds, run with -Z macro-backtrace for more info)
[INFO] [stdout] help: use `f32::is_nan()` or `f64::is_nan()` instead
[INFO] [stdout]    |
[INFO] [stdout] 64 -           *self == < $( $Args )* >::NAN
[INFO] [stdout] 64 +           *self.is_nan()
[INFO] [stdout]    |
[INFO] [stdout] 
[INFO] [stdout] 
[INFO] [stdout] warning: 2 warnings emitted
[INFO] [stdout] 
[INFO] [stdout] 
[INFO] [stderr]     Finished dev [unoptimized + debuginfo] target(s) in 20.94s
[INFO] running `Command { std: "docker" "inspect" "7e9b695c86e58d64b991aff724d4182573a22677432913879e72a1afc18993be", kill_on_drop: false }`
[INFO] running `Command { std: "docker" "rm" "-f" "7e9b695c86e58d64b991aff724d4182573a22677432913879e72a1afc18993be", kill_on_drop: false }`
[INFO] [stdout] 7e9b695c86e58d64b991aff724d4182573a22677432913879e72a1afc18993be
[INFO] running `Command { std: "docker" "create" "-v" "/var/lib/crater-agent-workspace/builds/worker-1-tc2/target:/opt/rustwide/target:rw,Z" "-v" "/var/lib/crater-agent-workspace/builds/worker-1-tc2/source:/opt/rustwide/workdir:ro,Z" "-v" "/var/lib/crater-agent-workspace/cargo-home:/opt/rustwide/cargo-home:ro,Z" "-v" "/var/lib/crater-agent-workspace/rustup-home:/opt/rustwide/rustup-home:ro,Z" "-e" "SOURCE_DIR=/opt/rustwide/workdir" "-e" "CARGO_TARGET_DIR=/opt/rustwide/target" "-e" "CARGO_INCREMENTAL=0" "-e" "RUST_BACKTRACE=full" "-e" "RUSTFLAGS=--cap-lints=warn" "-e" "RUSTDOCFLAGS=--cap-lints=warn" "-e" "CARGO_HOME=/opt/rustwide/cargo-home" "-e" "RUSTUP_HOME=/opt/rustwide/rustup-home" "-w" "/opt/rustwide/workdir" "-m" "1610612736" "--user" "0:0" "--network" "none" "ghcr.io/rust-lang/crates-build-env/linux@sha256:2788e3201cd34a07e3172128adcd8b3090168a8e3bcc40d7c032b9dda1df7d1c" "/opt/rustwide/cargo-home/bin/cargo" "+beta-2024-01-09" "test" "--frozen" "--no-run" "--message-format=json", kill_on_drop: false }`
[INFO] [stdout] 0bbac33fe8971084c114507345aee01ee9f49e6134b61ae5adc8135d9df99797
[INFO] running `Command { std: "docker" "start" "-a" "0bbac33fe8971084c114507345aee01ee9f49e6134b61ae5adc8135d9df99797", kill_on_drop: false }`
[INFO] [stderr]    Compiling type_constructor v0.1.19
[INFO] [stderr]    Compiling once_cell v1.13.0
[INFO] [stderr]    Compiling serde v1.0.139
[INFO] [stderr]    Compiling serde_json v1.0.82
[INFO] [stderr]    Compiling serde_derive v1.0.139
[INFO] [stderr]    Compiling rustversion v1.0.8
[INFO] [stderr]    Compiling anyhow v1.0.58
[INFO] [stderr]    Compiling ansi_term v0.12.1
[INFO] [stderr]    Compiling ryu v1.0.10
[INFO] [stderr]    Compiling trybuild v1.0.63
[INFO] [stderr]    Compiling diff v0.1.13
[INFO] [stderr]    Compiling itoa v1.0.2
[INFO] [stderr]    Compiling termcolor v1.1.3
[INFO] [stderr]    Compiling inspect_type v0.1.2
[INFO] [stderr]    Compiling winterval v0.1.5
[INFO] [stderr]    Compiling implements v0.1.1
[INFO] [stderr]    Compiling dissimilar v1.0.4
[INFO] [stderr]    Compiling either v1.6.1
[INFO] [stderr]    Compiling is_slice v0.1.1
[INFO] [stderr]    Compiling proc_macro_tools v0.1.17
[INFO] [stderr]    Compiling glob v0.3.0
[INFO] [stderr]    Compiling parse-display-derive v0.5.5
[INFO] [stderr]    Compiling data_type v0.1.9
[INFO] [stderr]    Compiling typing_tools v0.1.5
[INFO] [stderr]    Compiling pretty_assertions v1.2.1
[INFO] [stderr]    Compiling diagnostics_tools v0.1.3
[INFO] [stderr]    Compiling clone_dyn_meta v0.1.1
[INFO] [stderr]    Compiling impls_index_meta v0.1.1
[INFO] [stderr]    Compiling former_meta v0.1.12
[INFO] [stderr]    Compiling impls_index v0.1.3
[INFO] [stderr]    Compiling clone_dyn v0.1.0
[INFO] [stderr]    Compiling former v0.1.12
[INFO] [stderr]    Compiling woptions_runtime v0.1.3
[INFO] [stderr]    Compiling parse-display v0.5.5
[INFO] [stderr]    Compiling derive_tools v0.1.5
[INFO] [stderr]    Compiling mod_interface_meta v0.1.11
[INFO] [stderr]    Compiling mod_interface v0.1.13
[INFO] [stderr]    Compiling meta_tools_min v0.2.13
[INFO] [stderr]    Compiling woptions_meta v0.1.3
[INFO] [stderr]    Compiling toml v0.5.9
[INFO] [stderr]    Compiling woptions v0.1.3
[INFO] [stderr]    Compiling meta_tools v0.2.18
[INFO] [stderr]    Compiling math_adapter v0.3.8 (/opt/rustwide/workdir)
[INFO] [stdout] warning: incorrect NaN comparison, NaN cannot be directly compared to itself
[INFO] [stdout]   --> rust/impl/math/abs/nan_like.rs:64:11
[INFO] [stdout]    |
[INFO] [stdout] 64 |           *self == < $( $Args )* >::NAN
[INFO] [stdout]    |           ^^^^^^^^^^^^^^^^^^^^^^^^^^^^^
[INFO] [stdout] ...
[INFO] [stdout] 71 |   for_each_float!( impl_nan_like_for_float );
[INFO] [stdout]    |   ------------------------------------------ in this macro invocation
[INFO] [stdout]    |
[INFO] [stdout]    = note: `#[warn(invalid_nan_comparisons)]` on by default
[INFO] [stdout]    = note: this warning originates in the macro `impl_nan_like_for_float` which comes from the expansion of the macro `for_each_float` (in Nightly builds, run with -Z macro-backtrace for more info)
[INFO] [stdout] help: use `f32::is_nan()` or `f64::is_nan()` instead
[INFO] [stdout]    |
[INFO] [stdout] 64 -           *self == < $( $Args )* >::NAN
[INFO] [stdout] 64 +           *self.is_nan()
[INFO] [stdout]    |
[INFO] [stdout] 
[INFO] [stdout] 
[INFO] [stdout] warning: incorrect NaN comparison, NaN cannot be directly compared to itself
[INFO] [stdout]   --> rust/impl/math/abs/nan_like.rs:64:11
[INFO] [stdout]    |
[INFO] [stdout] 64 |           *self == < $( $Args )* >::NAN
[INFO] [stdout]    |           ^^^^^^^^^^^^^^^^^^^^^^^^^^^^^
[INFO] [stdout] ...
[INFO] [stdout] 71 |   for_each_float!( impl_nan_like_for_float );
[INFO] [stdout]    |   ------------------------------------------ in this macro invocation
[INFO] [stdout]    |
[INFO] [stdout]    = note: this warning originates in the macro `impl_nan_like_for_float` which comes from the expansion of the macro `for_each_float` (in Nightly builds, run with -Z macro-backtrace for more info)
[INFO] [stdout] help: use `f32::is_nan()` or `f64::is_nan()` instead
[INFO] [stdout]    |
[INFO] [stdout] 64 -           *self == < $( $Args )* >::NAN
[INFO] [stdout] 64 +           *self.is_nan()
[INFO] [stdout]    |
[INFO] [stdout] 
[INFO] [stdout] 
[INFO] [stdout] warning: 2 warnings emitted
[INFO] [stdout] 
[INFO] [stdout] 
[INFO] [stderr]    Compiling wtest_basic v0.1.14
[INFO] [stderr]    Compiling test_tools v0.1.5
[INFO] [stdout] warning: incorrect NaN comparison, NaN cannot be directly compared to itself
[INFO] [stdout]   --> rust/impl/math/abs/nan_like.rs:64:11
[INFO] [stdout]    |
[INFO] [stdout] 64 |           *self == < $( $Args )* >::NAN
[INFO] [stdout]    |           ^^^^^^^^^^^^^^^^^^^^^^^^^^^^^
[INFO] [stdout] ...
[INFO] [stdout] 71 |   for_each_float!( impl_nan_like_for_float );
[INFO] [stdout]    |   ------------------------------------------ in this macro invocation
[INFO] [stdout]    |
[INFO] [stdout]    = note: `#[warn(invalid_nan_comparisons)]` on by default
[INFO] [stdout]    = note: this warning originates in the macro `impl_nan_like_for_float` which comes from the expansion of the macro `for_each_float` (in Nightly builds, run with -Z macro-backtrace for more info)
[INFO] [stdout] help: use `f32::is_nan()` or `f64::is_nan()` instead
[INFO] [stdout]    |
[INFO] [stdout] 64 -           *self == < $( $Args )* >::NAN
[INFO] [stdout] 64 +           *self.is_nan()
[INFO] [stdout]    |
[INFO] [stdout] 
[INFO] [stdout] 
[INFO] [stdout] warning: incorrect NaN comparison, NaN cannot be directly compared to itself
[INFO] [stdout]   --> rust/impl/math/abs/nan_like.rs:64:11
[INFO] [stdout]    |
[INFO] [stdout] 64 |           *self == < $( $Args )* >::NAN
[INFO] [stdout]    |           ^^^^^^^^^^^^^^^^^^^^^^^^^^^^^
[INFO] [stdout] ...
[INFO] [stdout] 71 |   for_each_float!( impl_nan_like_for_float );
[INFO] [stdout]    |   ------------------------------------------ in this macro invocation
[INFO] [stdout]    |
[INFO] [stdout]    = note: this warning originates in the macro `impl_nan_like_for_float` which comes from the expansion of the macro `for_each_float` (in Nightly builds, run with -Z macro-backtrace for more info)
[INFO] [stdout] help: use `f32::is_nan()` or `f64::is_nan()` instead
[INFO] [stdout]    |
[INFO] [stdout] 64 -           *self == < $( $Args )* >::NAN
[INFO] [stdout] 64 +           *self.is_nan()
[INFO] [stdout]    |
[INFO] [stdout] 
[INFO] [stdout] 
[INFO] [stdout] warning: 2 warnings emitted
[INFO] [stdout] 
[INFO] [stdout] 
[INFO] [stderr]     Finished test [unoptimized + debuginfo] target(s) in 17.75s
[INFO] running `Command { std: "docker" "inspect" "0bbac33fe8971084c114507345aee01ee9f49e6134b61ae5adc8135d9df99797", kill_on_drop: false }`
[INFO] running `Command { std: "docker" "rm" "-f" "0bbac33fe8971084c114507345aee01ee9f49e6134b61ae5adc8135d9df99797", kill_on_drop: false }`
[INFO] [stdout] 0bbac33fe8971084c114507345aee01ee9f49e6134b61ae5adc8135d9df99797
[INFO] running `Command { std: "docker" "create" "-v" "/var/lib/crater-agent-workspace/builds/worker-1-tc2/target:/opt/rustwide/target:rw,Z" "-v" "/var/lib/crater-agent-workspace/builds/worker-1-tc2/source:/opt/rustwide/workdir:ro,Z" "-v" "/var/lib/crater-agent-workspace/cargo-home:/opt/rustwide/cargo-home:ro,Z" "-v" "/var/lib/crater-agent-workspace/rustup-home:/opt/rustwide/rustup-home:ro,Z" "-e" "SOURCE_DIR=/opt/rustwide/workdir" "-e" "CARGO_TARGET_DIR=/opt/rustwide/target" "-e" "CARGO_INCREMENTAL=0" "-e" "RUST_BACKTRACE=full" "-e" "RUSTFLAGS=--cap-lints=warn" "-e" "RUSTDOCFLAGS=--cap-lints=warn" "-e" "CARGO_HOME=/opt/rustwide/cargo-home" "-e" "RUSTUP_HOME=/opt/rustwide/rustup-home" "-w" "/opt/rustwide/workdir" "-m" "1610612736" "--user" "0:0" "--network" "none" "ghcr.io/rust-lang/crates-build-env/linux@sha256:2788e3201cd34a07e3172128adcd8b3090168a8e3bcc40d7c032b9dda1df7d1c" "/opt/rustwide/cargo-home/bin/cargo" "+beta-2024-01-09" "test" "--frozen", kill_on_drop: false }`
[INFO] [stdout] 9a425738b660b4ed131f24990e1acca43f98fd34fc6f1e07916d15e988b433c6
[INFO] running `Command { std: "docker" "start" "-a" "9a425738b660b4ed131f24990e1acca43f98fd34fc6f1e07916d15e988b433c6", kill_on_drop: false }`
[INFO] [stderr] warning: incorrect NaN comparison, NaN cannot be directly compared to itself
[INFO] [stderr]   --> rust/impl/math/abs/nan_like.rs:64:11
[INFO] [stderr]    |
[INFO] [stderr] 64 |           *self == < $( $Args )* >::NAN
[INFO] [stderr]    |           ^^^^^^^^^^^^^^^^^^^^^^^^^^^^^
[INFO] [stderr] ...
[INFO] [stderr] 71 |   for_each_float!( impl_nan_like_for_float );
[INFO] [stderr]    |   ------------------------------------------ in this macro invocation
[INFO] [stderr]    |
[INFO] [stderr]    = note: `#[warn(invalid_nan_comparisons)]` on by default
[INFO] [stderr]    = note: this warning originates in the macro `impl_nan_like_for_float` which comes from the expansion of the macro `for_each_float` (in Nightly builds, run with -Z macro-backtrace for more info)
[INFO] [stderr] help: use `f32::is_nan()` or `f64::is_nan()` instead
[INFO] [stderr]    |
[INFO] [stderr] 64 -           *self == < $( $Args )* >::NAN
[INFO] [stderr] 64 +           *self.is_nan()
[INFO] [stderr]    |
[INFO] [stderr] 
[INFO] [stderr] warning: incorrect NaN comparison, NaN cannot be directly compared to itself
[INFO] [stderr]   --> rust/impl/math/abs/nan_like.rs:64:11
[INFO] [stderr]    |
[INFO] [stderr] 64 |           *self == < $( $Args )* >::NAN
[INFO] [stderr]    |           ^^^^^^^^^^^^^^^^^^^^^^^^^^^^^
[INFO] [stderr] ...
[INFO] [stderr] 71 |   for_each_float!( impl_nan_like_for_float );
[INFO] [stderr]    |   ------------------------------------------ in this macro invocation
[INFO] [stderr]    |
[INFO] [stderr]    = note: this warning originates in the macro `impl_nan_like_for_float` which comes from the expansion of the macro `for_each_float` (in Nightly builds, run with -Z macro-backtrace for more info)
[INFO] [stderr] help: use `f32::is_nan()` or `f64::is_nan()` instead
[INFO] [stderr]    |
[INFO] [stderr] 64 -           *self == < $( $Args )* >::NAN
[INFO] [stderr] 64 +           *self.is_nan()
[INFO] [stderr]    |
[INFO] [stderr] 
[INFO] [stderr] warning: `math_adapter` (lib) generated 2 warnings (run `cargo fix --lib -p math_adapter` to apply 2 suggestions)
[INFO] [stderr] warning: `math_adapter` (lib test) generated 2 warnings (2 duplicates)
[INFO] [stderr]     Finished test [unoptimized + debuginfo] target(s) in 0.23s
[INFO] [stderr]      Running unittests rust/impl/math/math_adapter_lib.rs (/opt/rustwide/target/debug/deps/math_adapter-249fee3de1ee4ed3)
[INFO] [stdout] 
[INFO] [stdout] running 0 tests
[INFO] [stdout] 
[INFO] [stdout] test result: ok. 0 passed; 0 failed; 0 ignored; 0 measured; 0 filtered out; finished in 0.00s
[INFO] [stdout] 
[INFO] [stderr]      Running rust/test/math/math_adapter_tests.rs (/opt/rustwide/target/debug/deps/math_adapter_tests-6e9cec5e3e96e3e1)
[INFO] [stdout] 
[INFO] [stdout] running 10 tests
[INFO] [stdout] test helper_test::for_each_number ... ok
[INFO] [stdout] test macro_tools_test::for_each_higher_order ... ok
[INFO] [stdout] test canonical_x2_test::operation ... ok
[INFO] [stdout] test canonical_x2_test::basic ... ok
[INFO] [stdout] test helper_test::for_each_int ... ok
[INFO] [stdout] test helper_test::for_each_float ... ok
[INFO] [stdout] test helper_test::for_each_higher_order_without_parentheses ... ok
[INFO] [stdout] test macro_tools_test::braces_unwrap ... ok
[INFO] [stdout] test canonical_x2_test::canonical ... ok
[INFO] [stdout] test macro_tools_test::for_each ... FAILED
[INFO] [stdout] 
[INFO] [stdout] failures:
[INFO] [stdout] 
[INFO] [stdout] ---- macro_tools_test::for_each stdout ----
[INFO] [stdout] [rust/test/math/macro_tools_test.rs:918:1] "a" = "a"
[INFO] [stdout] [rust/test/math/macro_tools_test.rs:918:1] "b" = "b"
[INFO] [stdout] [rust/test/math/macro_tools_test.rs:918:1] "c" = "c"
[INFO] [stdout] [rust/test/math/macro_tools_test.rs:918:1] "a" = "a"
[INFO] [stdout] [rust/test/math/macro_tools_test.rs:918:1] "b" = "b"
[INFO] [stdout] [rust/test/math/macro_tools_test.rs:918:1] "c" = "c"
[INFO] [stdout] [rust/test/math/macro_tools_test.rs:918:1] "prefix".to_string() + "a" + "postfix" = "prefixapostfix"
[INFO] [stdout] [rust/test/math/macro_tools_test.rs:918:1] "prefix".to_string() + "b" + "postfix" = "prefixbpostfix"
[INFO] [stdout] [rust/test/math/macro_tools_test.rs:918:1] "prefix".to_string() + "c" + "postfix" = "prefixcpostfix"
[INFO] [stdout] [rust/test/math/macro_tools_test.rs:918:1] "prefix".to_string() + "a" + "postfix" = "prefixapostfix"
[INFO] [stdout] [rust/test/math/macro_tools_test.rs:918:1] "prefix".to_string() + "b" + "postfix" = "prefixbpostfix"
[INFO] [stdout] [rust/test/math/macro_tools_test.rs:918:1] "prefix".to_string() + "c" + "postfix" = "prefixcpostfix"
[INFO] [stdout] [rust/test/math/macro_tools_test.rs:918:1] "prefix".to_string() + "a" + "1" + "postfix" = "prefixa1postfix"
[INFO] [stdout] [rust/test/math/macro_tools_test.rs:918:1] "prefix".to_string() + "b" + "2" + "postfix" = "prefixb2postfix"
[INFO] [stdout] [rust/test/math/macro_tools_test.rs:918:1] "prefix".to_string() + "c" + "3" + "postfix" = "prefixc3postfix"
[INFO] [stdout] [rust/test/math/macro_tools_test.rs:918:1] "prefix".to_string() + "a" + "1" + "postfix" = "prefixa1postfix"
[INFO] [stdout] [rust/test/math/macro_tools_test.rs:918:1] "prefix".to_string() + "b" + "2" + "postfix" = "prefixb2postfix"
[INFO] [stdout] [rust/test/math/macro_tools_test.rs:918:1] "prefix".to_string() + "c" + "3" + "postfix" = "prefixc3postfix"
[INFO] [stdout] [rust/test/math/macro_tools_test.rs:918:1] "a" = "a"
[INFO] [stdout] [rust/test/math/macro_tools_test.rs:918:1] "b" = "b"
[INFO] [stdout] [rust/test/math/macro_tools_test.rs:918:1] "c" = "c"
[INFO] [stdout] [rust/test/math/macro_tools_test.rs:918:1] "a" = "a"
[INFO] [stdout] [rust/test/math/macro_tools_test.rs:918:1] "b" = "b"
[INFO] [stdout] [rust/test/math/macro_tools_test.rs:918:1] "c" = "c"
[INFO] [stdout] thread 'macro_tools_test::for_each' panicked at rust/test/math/macro_tools_test.rs:918:1:
[INFO] [stdout] assertion failed: `(left == right)`
[INFO] [stdout] 
[INFO] [stdout] [1mDiff[0m [31m< left[0m / [32mright >[0m :
[INFO] [stdout] [31m<std::collections::HashMap+std::collections::BTreeMap+[0m
[INFO] [stdout] [32m>std[0m[1;48;5;22;32m [0m[32m::[0m[1;48;5;22;32m [0m[32mcollections[0m[1;48;5;22;32m [0m[32m::[0m[1;48;5;22;32m [0m[32mHashMap+std[0m[1;48;5;22;32m [0m[32m::[0m[1;48;5;22;32m [0m[32mcollections[0m[1;48;5;22;32m [0m[32m::[0m[1;48;5;22;32m [0m[32mBTreeMap+[0m
[INFO] [stdout] 
[INFO] [stdout] 
[INFO] [stdout] stack backtrace:
[INFO] [stdout]    0:     0x5625db2bc276 - std::backtrace_rs::backtrace::libunwind::trace::h03effc2488ffeadf
[INFO] [stdout]                                at /rustc/650745ceb2ae60e04f8cd7bfb671fc37239533e4/library/std/src/../../backtrace/src/backtrace/libunwind.rs:104:5
[INFO] [stdout]    1:     0x5625db2bc276 - std::backtrace_rs::backtrace::trace_unsynchronized::h006ca25a07988d2f
[INFO] [stdout]                                at /rustc/650745ceb2ae60e04f8cd7bfb671fc37239533e4/library/std/src/../../backtrace/src/backtrace/mod.rs:66:5
[INFO] [stdout]    2:     0x5625db2bc276 - std::sys_common::backtrace::_print_fmt::h4e3552f7b93352b1
[INFO] [stdout]                                at /rustc/650745ceb2ae60e04f8cd7bfb671fc37239533e4/library/std/src/sys_common/backtrace.rs:68:5
[INFO] [stdout]    3:     0x5625db2bc276 - <std::sys_common::backtrace::_print::DisplayBacktrace as core::fmt::Display>::fmt::h9fe510a7d5cbe2d5
[INFO] [stdout]                                at /rustc/650745ceb2ae60e04f8cd7bfb671fc37239533e4/library/std/src/sys_common/backtrace.rs:44:22
[INFO] [stdout]    4:     0x5625db2e5da0 - core::fmt::rt::Argument::fmt::h74b18c7a7e637710
[INFO] [stdout]                                at /rustc/650745ceb2ae60e04f8cd7bfb671fc37239533e4/library/core/src/fmt/rt.rs:142:9
[INFO] [stdout]    5:     0x5625db2e5da0 - core::fmt::write::h8f8030c94ead45fd
[INFO] [stdout]                                at /rustc/650745ceb2ae60e04f8cd7bfb671fc37239533e4/library/core/src/fmt/mod.rs:1120:17
[INFO] [stdout]    6:     0x5625db2b9d6f - std::io::Write::write_fmt::hd5dc84d51b55db4d
[INFO] [stdout]                                at /rustc/650745ceb2ae60e04f8cd7bfb671fc37239533e4/library/std/src/io/mod.rs:1810:15
[INFO] [stdout]    7:     0x5625db2bc054 - std::sys_common::backtrace::_print::h9804e7b18da25ce0
[INFO] [stdout]                                at /rustc/650745ceb2ae60e04f8cd7bfb671fc37239533e4/library/std/src/sys_common/backtrace.rs:47:5
[INFO] [stdout]    8:     0x5625db2bc054 - std::sys_common::backtrace::print::h88277d710d09094a
[INFO] [stdout]                                at /rustc/650745ceb2ae60e04f8cd7bfb671fc37239533e4/library/std/src/sys_common/backtrace.rs:34:9
[INFO] [stdout]    9:     0x5625db2bddc7 - std::panicking::default_hook::{{closure}}::hdbdcf066fe677727
[INFO] [stdout]   10:     0x5625db2bdaad - std::panicking::default_hook::h23a1b51cb553f858
[INFO] [stdout]                                at /rustc/650745ceb2ae60e04f8cd7bfb671fc37239533e4/library/std/src/panicking.rs:289:9
[INFO] [stdout]   11:     0x5625db273997 - <alloc::boxed::Box<F,A> as core::ops::function::Fn<Args>>::call::hb97b3d5e50e8f668
[INFO] [stdout]                                at /rustc/650745ceb2ae60e04f8cd7bfb671fc37239533e4/library/alloc/src/boxed.rs:2029:9
[INFO] [stdout]   12:     0x5625db273997 - test::test_main::{{closure}}::h08dcb42f9689ad1d
[INFO] [stdout]                                at /rustc/650745ceb2ae60e04f8cd7bfb671fc37239533e4/library/test/src/lib.rs:138:21
[INFO] [stdout]   13:     0x5625db2be3e6 - <alloc::boxed::Box<F,A> as core::ops::function::Fn<Args>>::call::he29ab032578fbb20
[INFO] [stdout]                                at /rustc/650745ceb2ae60e04f8cd7bfb671fc37239533e4/library/alloc/src/boxed.rs:2029:9
[INFO] [stdout]   14:     0x5625db2be3e6 - std::panicking::rust_panic_with_hook::hee41672977842e8f
[INFO] [stdout]                                at /rustc/650745ceb2ae60e04f8cd7bfb671fc37239533e4/library/std/src/panicking.rs:783:13
[INFO] [stdout]   15:     0x5625db2be132 - std::panicking::begin_panic_handler::{{closure}}::h6e390f49bfce6eb3
[INFO] [stdout]                                at /rustc/650745ceb2ae60e04f8cd7bfb671fc37239533e4/library/std/src/panicking.rs:657:13
[INFO] [stdout]   16:     0x5625db2bc776 - std::sys_common::backtrace::__rust_end_short_backtrace::h72ee75b447321fc6
[INFO] [stdout]                                at /rustc/650745ceb2ae60e04f8cd7bfb671fc37239533e4/library/std/src/sys_common/backtrace.rs:171:18
[INFO] [stdout]   17:     0x5625db2bde90 - rust_begin_unwind
[INFO] [stdout]                                at /rustc/650745ceb2ae60e04f8cd7bfb671fc37239533e4/library/std/src/panicking.rs:645:5
[INFO] [stdout]   18:     0x5625db19bcd5 - core::panicking::panic_fmt::hf7ebce36d1a084ab
[INFO] [stdout]                                at /rustc/650745ceb2ae60e04f8cd7bfb671fc37239533e4/library/core/src/panicking.rs:72:14
[INFO] [stdout]   19:     0x5625db21e68d - math_adapter_tests::macro_tools_test::for_each::hd57fe46f66042573
[INFO] [stdout]                                at /opt/rustwide/workdir/rust/test/math/macro_tools_test.rs:918:1
[INFO] [stdout]   20:     0x5625db21a6a7 - math_adapter_tests::macro_tools_test::for_each::{{closure}}::h03c088134aff3956
[INFO] [stdout]                                at /opt/rustwide/workdir/rust/test/math/macro_tools_test.rs:583:16
[INFO] [stdout]   21:     0x5625db224d26 - core::ops::function::FnOnce::call_once::h5562fbe1e47692a4
[INFO] [stdout]                                at /rustc/650745ceb2ae60e04f8cd7bfb671fc37239533e4/library/core/src/ops/function.rs:250:5
[INFO] [stdout]   22:     0x5625db2791cf - core::ops::function::FnOnce::call_once::h06047d416fab4738
[INFO] [stdout]                                at /rustc/650745ceb2ae60e04f8cd7bfb671fc37239533e4/library/core/src/ops/function.rs:250:5
[INFO] [stdout]   23:     0x5625db2791cf - test::__rust_begin_short_backtrace::hcb5713adfb060771
[INFO] [stdout]                                at /rustc/650745ceb2ae60e04f8cd7bfb671fc37239533e4/library/test/src/lib.rs:627:18
[INFO] [stdout]   24:     0x5625db277ff1 - test::run_test_in_process::{{closure}}::h6861e3633d7c9c27
[INFO] [stdout]                                at /rustc/650745ceb2ae60e04f8cd7bfb671fc37239533e4/library/test/src/lib.rs:650:60
[INFO] [stdout]   25:     0x5625db277ff1 - <core::panic::unwind_safe::AssertUnwindSafe<F> as core::ops::function::FnOnce<()>>::call_once::hb64fe2246fb8da62
[INFO] [stdout]                                at /rustc/650745ceb2ae60e04f8cd7bfb671fc37239533e4/library/core/src/panic/unwind_safe.rs:272:9
[INFO] [stdout]   26:     0x5625db277ff1 - std::panicking::try::do_call::h298b24dc8da96ba0
[INFO] [stdout]                                at /rustc/650745ceb2ae60e04f8cd7bfb671fc37239533e4/library/std/src/panicking.rs:552:40
[INFO] [stdout]   27:     0x5625db277ff1 - std::panicking::try::h69c2bfb52fabb772
[INFO] [stdout]                                at /rustc/650745ceb2ae60e04f8cd7bfb671fc37239533e4/library/std/src/panicking.rs:516:19
[INFO] [stdout]   28:     0x5625db277ff1 - std::panic::catch_unwind::hc0f23ff16cc28725
[INFO] [stdout]                                at /rustc/650745ceb2ae60e04f8cd7bfb671fc37239533e4/library/std/src/panic.rs:142:14
[INFO] [stdout]   29:     0x5625db277ff1 - test::run_test_in_process::hddee0506ec75925f
[INFO] [stdout]                                at /rustc/650745ceb2ae60e04f8cd7bfb671fc37239533e4/library/test/src/lib.rs:650:27
[INFO] [stdout]   30:     0x5625db277ff1 - test::run_test::{{closure}}::h5cfb204228607716
[INFO] [stdout]                                at /rustc/650745ceb2ae60e04f8cd7bfb671fc37239533e4/library/test/src/lib.rs:573:43
[INFO] [stdout]   31:     0x5625db23f326 - test::run_test::{{closure}}::hd4d5602ef13205a5
[INFO] [stdout]                                at /rustc/650745ceb2ae60e04f8cd7bfb671fc37239533e4/library/test/src/lib.rs:601:41
[INFO] [stdout]   32:     0x5625db23f326 - std::sys_common::backtrace::__rust_begin_short_backtrace::h5ccc5cff5923f06c
[INFO] [stdout]                                at /rustc/650745ceb2ae60e04f8cd7bfb671fc37239533e4/library/std/src/sys_common/backtrace.rs:155:18
[INFO] [stdout]   33:     0x5625db244427 - std::thread::Builder::spawn_unchecked_::{{closure}}::{{closure}}::hafc0d76dcef09eee
[INFO] [stdout]                                at /rustc/650745ceb2ae60e04f8cd7bfb671fc37239533e4/library/std/src/thread/mod.rs:529:17
[INFO] [stdout]   34:     0x5625db244427 - <core::panic::unwind_safe::AssertUnwindSafe<F> as core::ops::function::FnOnce<()>>::call_once::hb8ad16fe24e3ea09
[INFO] [stdout]                                at /rustc/650745ceb2ae60e04f8cd7bfb671fc37239533e4/library/core/src/panic/unwind_safe.rs:272:9
[INFO] [stdout]   35:     0x5625db244427 - std::panicking::try::do_call::h42f15bc08f3d28df
[INFO] [stdout]                                at /rustc/650745ceb2ae60e04f8cd7bfb671fc37239533e4/library/std/src/panicking.rs:552:40
[INFO] [stdout]   36:     0x5625db244427 - std::panicking::try::h81546958e5901712
[INFO] [stdout]                                at /rustc/650745ceb2ae60e04f8cd7bfb671fc37239533e4/library/std/src/panicking.rs:516:19
[INFO] [stdout]   37:     0x5625db244427 - std::panic::catch_unwind::hc4c7cd89a2f03e29
[INFO] [stdout]                                at /rustc/650745ceb2ae60e04f8cd7bfb671fc37239533e4/library/std/src/panic.rs:142:14
[INFO] [stdout]   38:     0x5625db244427 - std::thread::Builder::spawn_unchecked_::{{closure}}::h45ad00093b802d53
[INFO] [stdout]                                at /rustc/650745ceb2ae60e04f8cd7bfb671fc37239533e4/library/std/src/thread/mod.rs:528:30
[INFO] [stdout]   39:     0x5625db244427 - core::ops::function::FnOnce::call_once{{vtable.shim}}::heec906b8862c0a30
[INFO] [stdout]                                at /rustc/650745ceb2ae60e04f8cd7bfb671fc37239533e4/library/core/src/ops/function.rs:250:5
[INFO] [stdout]   40:     0x5625db2c2e95 - <alloc::boxed::Box<F,A> as core::ops::function::FnOnce<Args>>::call_once::he271a8e9b4ffec7b
[INFO] [stdout]                                at /rustc/650745ceb2ae60e04f8cd7bfb671fc37239533e4/library/alloc/src/boxed.rs:2015:9
[INFO] [stdout]   41:     0x5625db2c2e95 - <alloc::boxed::Box<F,A> as core::ops::function::FnOnce<Args>>::call_once::heeb272d5c498a02f
[INFO] [stdout]                                at /rustc/650745ceb2ae60e04f8cd7bfb671fc37239533e4/library/alloc/src/boxed.rs:2015:9
[INFO] [stdout]   42:     0x5625db2c2e95 - std::sys::unix::thread::Thread::new::thread_start::h1fcefdf404730fa7
[INFO] [stdout]                                at /rustc/650745ceb2ae60e04f8cd7bfb671fc37239533e4/library/std/src/sys/unix/thread.rs:108:17
[INFO] [stdout]   43:     0x7fa8ff001ac3 - <unknown>
[INFO] [stdout]   44:     0x7fa8ff092bf4 - __clone
[INFO] [stdout]   45:                0x0 - <unknown>
[INFO] [stdout] 
[INFO] [stdout] 
[INFO] [stdout] failures:
[INFO] [stdout]     macro_tools_test::for_each
[INFO] [stdout] 
[INFO] [stdout] test result: FAILED. 9 passed; 1 failed; 0 ignored; 0 measured; 0 filtered out; finished in 0.04s
[INFO] [stdout] 
[INFO] [stderr] error: test failed, to rerun pass `--test math_adapter_tests`
[INFO] running `Command { std: "docker" "inspect" "9a425738b660b4ed131f24990e1acca43f98fd34fc6f1e07916d15e988b433c6", kill_on_drop: false }`
[INFO] running `Command { std: "docker" "rm" "-f" "9a425738b660b4ed131f24990e1acca43f98fd34fc6f1e07916d15e988b433c6", kill_on_drop: false }`
[INFO] [stdout] 9a425738b660b4ed131f24990e1acca43f98fd34fc6f1e07916d15e988b433c6
