[INFO] cloning repository https://github.com/k0zn4n3ja/crypto-wallet-rust
[INFO] running `Command { std: "git" "-c" "credential.helper=" "-c" "credential.helper=/workspace/cargo-home/bin/git-credential-null" "clone" "--bare" "https://github.com/k0zn4n3ja/crypto-wallet-rust" "/workspace/cache/git-repos/https%3A%2F%2Fgithub.com%2Fk0zn4n3ja%2Fcrypto-wallet-rust", kill_on_drop: false }`
[INFO] [stderr] Cloning into bare repository '/workspace/cache/git-repos/https%3A%2F%2Fgithub.com%2Fk0zn4n3ja%2Fcrypto-wallet-rust'...
[INFO] running `Command { std: "git" "rev-parse" "HEAD", kill_on_drop: false }`
[INFO] [stdout] fe3dd25458cd429993d1c21a7c7fa0cdbf0c38d3
[INFO] testing k0zn4n3ja/crypto-wallet-rust against 1.75.0 for beta-1.76-3
[INFO] running `Command { std: "git" "clone" "/workspace/cache/git-repos/https%3A%2F%2Fgithub.com%2Fk0zn4n3ja%2Fcrypto-wallet-rust" "/workspace/builds/worker-5-tc1/source", kill_on_drop: false }`
[INFO] [stderr] Cloning into '/workspace/builds/worker-5-tc1/source'...
[INFO] [stderr] done.
[INFO] validating manifest of git repo https://github.com/k0zn4n3ja/crypto-wallet-rust on toolchain 1.75.0
[INFO] running `Command { std: CARGO_HOME="/workspace/cargo-home" RUSTUP_HOME="/workspace/rustup-home" "/workspace/cargo-home/bin/cargo" "+1.75.0" "metadata" "--manifest-path" "Cargo.toml" "--no-deps", kill_on_drop: false }`
[INFO] started tweaking git repo https://github.com/k0zn4n3ja/crypto-wallet-rust
[INFO] finished tweaking git repo https://github.com/k0zn4n3ja/crypto-wallet-rust
[INFO] tweaked toml for git repo https://github.com/k0zn4n3ja/crypto-wallet-rust written to /workspace/builds/worker-5-tc1/source/Cargo.toml
[INFO] crate git repo https://github.com/k0zn4n3ja/crypto-wallet-rust already has a lockfile, it will not be regenerated
[INFO] running `Command { std: CARGO_HOME="/workspace/cargo-home" RUSTUP_HOME="/workspace/rustup-home" "/workspace/cargo-home/bin/cargo" "+1.75.0" "fetch" "--manifest-path" "Cargo.toml", kill_on_drop: false }`
[INFO] [stderr]     Updating crates.io index
[INFO] [stderr]  Downloading crates ...
[INFO] [stderr]   Downloaded wasm-bindgen-macro v0.2.87
[INFO] [stderr]   Downloaded wasm-bindgen-backend v0.2.87
[INFO] [stderr]   Downloaded wasm-bindgen-macro-support v0.2.87
[INFO] [stderr]   Downloaded mime v0.3.17
[INFO] [stderr]   Downloaded js-sys v0.3.64
[INFO] [stderr]   Downloaded tinyvec_macros v0.1.1
[INFO] [stderr]   Downloaded crypto-common v0.1.6
[INFO] [stderr]   Downloaded secp256k1 v0.27.0
[INFO] [stderr]   Downloaded ethbloom v0.13.0
[INFO] [stderr]   Downloaded serde_derive v1.0.188
[INFO] [stderr]   Downloaded semver v1.0.19
[INFO] [stderr]   Downloaded openssl-macros v0.1.1
[INFO] [stderr]   Downloaded windows-sys v0.48.0
[INFO] [stderr]   Downloaded tokio-util v0.7.9
[INFO] [stderr]   Downloaded openssl v0.10.57
[INFO] [stderr]   Downloaded windows_i686_msvc v0.48.5
[INFO] [stderr]   Downloaded secp256k1-sys v0.8.1
[INFO] [stderr]   Downloaded windows_aarch64_gnullvm v0.48.5
[INFO] [stderr]   Downloaded windows_aarch64_msvc v0.48.5
[INFO] [stderr]   Downloaded windows_x86_64_gnullvm v0.48.5
[INFO] [stderr]   Downloaded bitvec v1.0.1
[INFO] [stderr]   Downloaded gimli v0.28.0
[INFO] [stderr]   Downloaded object v0.32.1
[INFO] [stderr]   Downloaded sha3 v0.10.8
[INFO] [stderr]   Downloaded syn v1.0.109
[INFO] [stderr]   Downloaded web-sys v0.3.64
[INFO] [stderr]   Downloaded fixed-hash v0.8.0
[INFO] [stderr]   Downloaded arrayvec v0.7.4
[INFO] [stderr]   Downloaded indexmap v2.0.2
[INFO] [stderr]   Downloaded winnow v0.5.16
[INFO] [stderr]   Downloaded ratatui v0.22.0
[INFO] [stderr]   Downloaded cassowary v0.3.0
[INFO] [stderr]   Downloaded signal-hook-mio v0.2.3
[INFO] [stderr]   Downloaded pkg-config v0.3.27
[INFO] [stderr]   Downloaded parity-scale-codec-derive v3.6.5
[INFO] [stderr]   Downloaded vcpkg v0.2.15
[INFO] [stderr]   Downloaded impl-serde v0.4.0
[INFO] [stderr]   Downloaded parking_lot_core v0.9.8
[INFO] [stderr]   Downloaded tap v1.0.1
[INFO] [stderr]   Downloaded syn v2.0.38
[INFO] [stderr]   Downloaded parity-scale-codec v3.6.5
[INFO] [stderr]   Downloaded textwrap v0.16.0
[INFO] [stderr]   Downloaded tokio-macros v2.1.0
[INFO] [stderr]   Downloaded schannel v0.1.22
[INFO] [stderr]   Downloaded core-foundation v0.9.3
[INFO] [stderr]   Downloaded wyz v0.5.1
[INFO] [stderr]   Downloaded unicode-width v0.1.11
[INFO] [stderr]   Downloaded byteorder v1.5.0
[INFO] [stderr]   Downloaded futures-timer v3.0.2
[INFO] [stderr]   Downloaded httpdate v1.0.3
[INFO] [stderr]   Downloaded ipnet v2.8.0
[INFO] [stderr]   Downloaded hmac v0.12.1
[INFO] [stderr]   Downloaded security-framework v2.9.2
[INFO] [stderr]   Downloaded security-framework-sys v2.9.1
[INFO] [stderr]   Downloaded bs58 v0.5.0
[INFO] [stderr]   Downloaded crossterm v0.25.0
[INFO] [stderr]   Downloaded fastrand v2.0.1
[INFO] [stderr]   Downloaded unicode-bidi v0.3.13
[INFO] [stderr]   Downloaded signal-hook v0.3.17
[INFO] [stderr]   Downloaded toml_edit v0.19.15
[INFO] [stderr]   Downloaded addr2line v0.21.0
[INFO] [stderr]   Downloaded cc v1.0.83
[INFO] [stderr]   Downloaded miniz_oxide v0.7.1
[INFO] [stderr]   Downloaded memchr v2.6.4
[INFO] [stderr]   Downloaded rustc-demangle v0.1.23
[INFO] [stderr]   Downloaded backtrace v0.3.69
[INFO] [stderr]   Downloaded bytes v1.5.0
[INFO] [stderr]   Downloaded ethabi v18.0.0
[INFO] [stderr]   Downloaded impl-trait-for-tuples v0.2.2
[INFO] [stderr]   Downloaded unicode-segmentation v1.10.1
[INFO] [stderr]   Downloaded tui v0.19.0
[INFO] [stderr]   Downloaded hashbrown v0.12.3
[INFO] [stderr]   Downloaded hyper v0.14.27
[INFO] [stderr]   Downloaded winreg v0.50.0
[INFO] [stderr]   Downloaded signature v2.1.0
[INFO] [stderr]   Downloaded der v0.7.8
[INFO] [stderr]   Downloaded bip39 v2.0.0
[INFO] [stderr]   Downloaded hashbrown v0.14.1
[INFO] [stderr]   Downloaded wasm-bindgen v0.2.87
[INFO] [stderr]   Downloaded reqwest v0.11.22
[INFO] [stderr]   Downloaded bitcoin_hashes v0.12.0
[INFO] [stderr]   Downloaded const-oid v0.9.5
[INFO] [stderr]   Downloaded h2 v0.3.21
[INFO] [stderr]   Downloaded crypto-bigint v0.5.3
[INFO] [stderr]   Downloaded tui-realm-stdlib v1.3.0
[INFO] [stderr]   Downloaded encoding_rs v0.8.33
[INFO] [stderr]   Downloaded core-foundation-sys v0.8.4
[INFO] [stderr]   Downloaded bitflags v2.4.0
[INFO] [stderr]   Downloaded convert_case v0.4.0
[INFO] [stderr]   Downloaded regex-automata v0.3.9
[INFO] [stderr]   Downloaded funty v2.0.0
[INFO] [stderr]   Downloaded errno v0.3.5
[INFO] [stderr]   Downloaded rustix v0.38.17
[INFO] [stderr]   Downloaded tempfile v3.8.0
[INFO] [stderr]   Downloaded thiserror-impl v1.0.49
[INFO] [stderr]   Downloaded hermit-abi v0.3.3
[INFO] [stderr]   Downloaded smallvec v1.11.1
[INFO] [stderr]   Downloaded futures-util v0.3.28
[INFO] [stderr]   Downloaded cpufeatures v0.2.9
[INFO] [stderr]   Downloaded zeroize v1.6.0
[INFO] [stderr]   Downloaded sha-1 v0.9.8
[INFO] [stderr]   Downloaded futures-io v0.3.28
[INFO] [stderr]   Downloaded regex-syntax v0.7.5
[INFO] [stderr]   Downloaded regex v1.9.6
[INFO] [stderr]   Downloaded foreign-types v0.3.2
[INFO] [stderr]   Downloaded openssl-probe v0.1.5
[INFO] [stderr]   Downloaded foreign-types-shared v0.1.1
[INFO] [stderr]   Downloaded system-configuration v0.5.1
[INFO] [stderr]   Downloaded windows-targets v0.48.5
[INFO] [stderr]   Downloaded impl-codec v0.6.0
[INFO] [stderr]   Downloaded byte-slice-cast v1.2.2
[INFO] [stderr]   Downloaded equivalent v1.0.1
[INFO] [stderr]   Downloaded primitive-types v0.12.1
[INFO] [stderr]   Downloaded serde_urlencoded v0.7.1
[INFO] [stderr]   Downloaded bitcoin-private v0.1.0
[INFO] [stderr]   Downloaded tiny-hderive v0.3.0
[INFO] [stderr]   Downloaded proc-macro-crate v1.3.1
[INFO] [stderr]   Downloaded hyper-tls v0.5.0
[INFO] [stderr]   Downloaded wasm-bindgen-futures v0.4.37
[INFO] [stderr]   Downloaded wasm-bindgen-shared v0.2.87
[INFO] [stderr]   Downloaded rustc-hex v2.1.0
[INFO] [stderr]   Downloaded rlp v0.5.2
[INFO] [stderr]   Downloaded static_assertions v1.1.0
[INFO] [stderr]   Downloaded bip32 v0.5.1
[INFO] [stderr]   Downloaded bitcoin v0.30.1
[INFO] [stderr]   Downloaded linux-raw-sys v0.4.9
[INFO] [stderr]   Downloaded libc v0.2.149
[INFO] [stderr]   Downloaded windows_i686_gnu v0.48.5
[INFO] [stderr]   Downloaded windows_x86_64_gnu v0.48.5
[INFO] [stderr]   Downloaded windows_x86_64_msvc v0.48.5
[INFO] [stderr]   Downloaded tokio v1.32.0
[INFO] [stderr]   Downloaded tuirealm_derive v1.0.0
[INFO] [stderr]   Downloaded rustc_version v0.4.0
[INFO] [stderr]   Downloaded keccak v0.1.4
[INFO] [stderr]   Downloaded tuirealm v1.9.0
[INFO] [stderr]   Downloaded bs58 v0.4.0
[INFO] [stderr]   Downloaded time v0.1.45
[INFO] [stderr]   Downloaded smawk v0.3.2
[INFO] [stderr]   Downloaded soketto v0.7.1
[INFO] [stderr]   Downloaded unicode-normalization v0.1.22
[INFO] [stderr]   Downloaded derive_more v0.99.17
[INFO] [stderr]   Downloaded aho-corasick v1.1.1
[INFO] [stderr]   Downloaded url v2.4.1
[INFO] [stderr]   Downloaded openssl-sys v0.9.93
[INFO] [stderr]   Downloaded futures-macro v0.3.28
[INFO] [stderr]   Downloaded getrandom v0.2.10
[INFO] [stderr]   Downloaded num_cpus v1.16.0
[INFO] [stderr]   Downloaded scopeguard v1.2.0
[INFO] [stderr]   Downloaded redox_syscall v0.3.5
[INFO] [stderr]   Downloaded tracing-core v0.1.31
[INFO] [stderr]   Downloaded tracing v0.1.37
[INFO] [stderr]   Downloaded tower-service v0.3.2
[INFO] [stderr]   Downloaded impl-rlp v0.3.0
[INFO] [stderr]   Downloaded system-configuration-sys v0.5.0
[INFO] [stderr]   Downloaded ethereum-types v0.14.1
[INFO] [stderr]   Downloaded headers-core v0.2.0
[INFO] [stderr]   Downloaded http v0.2.9
[INFO] [stderr]   Downloaded tokio-native-tls v0.3.1
[INFO] [stderr]   Downloaded itoa v1.0.9
[INFO] [stderr]   Downloaded group v0.13.0
[INFO] [stderr]   Downloaded ryu v1.0.15
[INFO] [stderr]   Downloaded elliptic-curve v0.13.6
[INFO] [stderr]   Downloaded k256 v0.13.1
[INFO] [stderr]   Downloaded bitcoin_hashes v0.11.0
[INFO] [stderr]   Downloaded crossterm v0.27.0
[INFO] [stderr]   Downloaded futures v0.3.28
[INFO] [stderr]   Downloaded mio v0.8.8
[INFO] [stderr]   Downloaded crossterm v0.26.1
[INFO] [stderr]   Downloaded parking_lot v0.12.1
[INFO] [stderr]   Downloaded socket2 v0.5.4
[INFO] [stderr]   Downloaded serde v1.0.188
[INFO] [stderr]   Downloaded serde_json v1.0.107
[INFO] [stderr]   Downloaded idna v0.4.0
[INFO] [stderr]   Downloaded web3 v0.19.0
[INFO] [stderr]   Downloaded headers v0.3.9
[INFO] [stderr]   Downloaded base64 v0.21.4
[INFO] [stderr]   Downloaded anyhow v1.0.75
[INFO] [stderr]   Downloaded sec1 v0.7.3
[INFO] [stderr]   Downloaded sha2 v0.10.8
[INFO] [stderr]   Downloaded dotenv v0.15.0
[INFO] [stderr]   Downloaded tiny-keccak v2.0.2
[INFO] [stderr]   Downloaded native-tls v0.2.11
[INFO] [stderr]   Downloaded lock_api v0.4.10
[INFO] [stderr]   Downloaded proc-macro2 v1.0.68
[INFO] [stderr]   Downloaded quote v1.0.33
[INFO] [stderr]   Downloaded httparse v1.8.0
[INFO] [stderr]   Downloaded unicode-ident v1.0.12
[INFO] [stderr]   Downloaded base64 v0.13.1
[INFO] [stderr]   Downloaded socket2 v0.4.9
[INFO] [stderr]   Downloaded rfc6979 v0.4.0
[INFO] [stderr]   Downloaded ecdsa v0.16.8
[INFO] [stderr]   Downloaded ff v0.13.0
[INFO] [stderr]   Downloaded base16ct v0.2.0
[INFO] [stderr]   Downloaded pbkdf2 v0.12.2
[INFO] [stderr]   Downloaded ripemd v0.1.3
[INFO] [stderr]   Downloaded bech32 v0.9.1
[INFO] [stderr]   Downloaded hex_lit v0.1.1
[INFO] [stderr]   Downloaded arrayref v0.3.7
[INFO] [stderr]   Downloaded memzero v0.1.0
[INFO] [stderr]   Downloaded tiny-keccak v1.5.0
[INFO] [stderr]   Downloaded unicode-linebreak v0.1.5
[INFO] [stderr]   Downloaded lazy-regex v3.0.2
[INFO] [stderr]   Downloaded slab v0.4.9
[INFO] [stderr]   Downloaded once_cell v1.18.0
[INFO] [stderr]   Downloaded thiserror v1.0.49
[INFO] [stderr]   Downloaded log v0.4.20
[INFO] [stderr]   Downloaded wasi v0.11.0+wasi-snapshot-preview1
[INFO] [stderr]   Downloaded pin-project-lite v0.2.13
[INFO] [stderr]   Downloaded paste v1.0.14
[INFO] [stderr]   Downloaded futures-executor v0.3.28
[INFO] [stderr]   Downloaded signal-hook-registry v1.4.1
[INFO] [stderr]   Downloaded indoc v2.0.4
[INFO] [stderr]   Downloaded futures-channel v0.3.28
[INFO] [stderr]   Downloaded web3-async-native-tls v0.4.0
[INFO] [stderr]   Downloaded rand_core v0.6.4
[INFO] [stderr]   Downloaded percent-encoding v2.3.0
[INFO] [stderr]   Downloaded radium v0.7.0
[INFO] [stderr]   Downloaded toml_datetime v0.6.3
[INFO] [stderr]   Downloaded crossterm_winapi v0.9.1
[INFO] [stderr]   Downloaded uint v0.9.5
[INFO] [stderr]   Downloaded block-buffer v0.10.4
[INFO] [stderr]   Downloaded digest v0.10.7
[INFO] [stderr]   Downloaded pin-project-internal v1.1.3
[INFO] [stderr]   Downloaded pin-project v1.1.3
[INFO] [stderr]   Downloaded indexmap v1.9.3
[INFO] [stderr]   Downloaded lazy-regex-proc_macros v3.0.1
[INFO] [stderr]   Downloaded futures-sink v0.3.28
[INFO] [stderr]   Downloaded futures-core v0.3.28
[INFO] [stderr]   Downloaded base58 v0.1.0
[INFO] [stderr]   Downloaded version_check v0.9.4
[INFO] [stderr]   Downloaded form_urlencoded v1.2.0
[INFO] [stderr]   Downloaded typenum v1.17.0
[INFO] [stderr]   Downloaded tokio-stream v0.1.14
[INFO] [stderr]   Downloaded futures-task v0.3.28
[INFO] [stderr]   Downloaded generic-array v0.14.7
[INFO] [stderr]   Downloaded tinyvec v1.6.0
[INFO] [stderr]   Downloaded ppv-lite86 v0.2.17
[INFO] [stderr]   Downloaded subtle v2.5.0
[INFO] [stderr]   Downloaded jsonrpc-core v18.0.0
[INFO] [stderr]   Downloaded fnv v1.0.7
[INFO] [stderr]   Downloaded http-body v0.4.5
[INFO] [stderr]   Downloaded try-lock v0.2.4
[INFO] [stderr]   Downloaded want v0.3.1
[INFO] [stderr]   Downloaded sha1 v0.10.6
[INFO] [stderr]   Downloaded bumpalo v3.14.0
[INFO] running `Command { std: "docker" "create" "-v" "/var/lib/crater-agent-workspace/builds/worker-5-tc1/target:/opt/rustwide/target:rw,Z" "-v" "/var/lib/crater-agent-workspace/builds/worker-5-tc1/source:/opt/rustwide/workdir:ro,Z" "-v" "/var/lib/crater-agent-workspace/cargo-home:/opt/rustwide/cargo-home:ro,Z" "-v" "/var/lib/crater-agent-workspace/rustup-home:/opt/rustwide/rustup-home:ro,Z" "-e" "SOURCE_DIR=/opt/rustwide/workdir" "-e" "CARGO_TARGET_DIR=/opt/rustwide/target" "-e" "CARGO_HOME=/opt/rustwide/cargo-home" "-e" "RUSTUP_HOME=/opt/rustwide/rustup-home" "-w" "/opt/rustwide/workdir" "-m" "1610612736" "--user" "0:0" "--network" "none" "ghcr.io/rust-lang/crates-build-env/linux@sha256:2788e3201cd34a07e3172128adcd8b3090168a8e3bcc40d7c032b9dda1df7d1c" "/opt/rustwide/cargo-home/bin/cargo" "+1.75.0" "metadata" "--no-deps" "--format-version=1", kill_on_drop: false }`
[INFO] [stdout] 0fff02e05e24a652dc9561aad2c41cffe4ffa6a83613368946d944da33e58923
[INFO] running `Command { std: "docker" "start" "-a" "0fff02e05e24a652dc9561aad2c41cffe4ffa6a83613368946d944da33e58923", kill_on_drop: false }`
[INFO] running `Command { std: "docker" "inspect" "0fff02e05e24a652dc9561aad2c41cffe4ffa6a83613368946d944da33e58923", kill_on_drop: false }`
[INFO] running `Command { std: "docker" "rm" "-f" "0fff02e05e24a652dc9561aad2c41cffe4ffa6a83613368946d944da33e58923", kill_on_drop: false }`
[INFO] [stdout] 0fff02e05e24a652dc9561aad2c41cffe4ffa6a83613368946d944da33e58923
[INFO] running `Command { std: "docker" "create" "-v" "/var/lib/crater-agent-workspace/builds/worker-5-tc1/target:/opt/rustwide/target:rw,Z" "-v" "/var/lib/crater-agent-workspace/builds/worker-5-tc1/source:/opt/rustwide/workdir:ro,Z" "-v" "/var/lib/crater-agent-workspace/cargo-home:/opt/rustwide/cargo-home:ro,Z" "-v" "/var/lib/crater-agent-workspace/rustup-home:/opt/rustwide/rustup-home:ro,Z" "-e" "SOURCE_DIR=/opt/rustwide/workdir" "-e" "CARGO_TARGET_DIR=/opt/rustwide/target" "-e" "CARGO_INCREMENTAL=0" "-e" "RUST_BACKTRACE=full" "-e" "RUSTFLAGS=--cap-lints=warn" "-e" "RUSTDOCFLAGS=--cap-lints=warn" "-e" "CARGO_HOME=/opt/rustwide/cargo-home" "-e" "RUSTUP_HOME=/opt/rustwide/rustup-home" "-w" "/opt/rustwide/workdir" "-m" "1610612736" "--user" "0:0" "--network" "none" "ghcr.io/rust-lang/crates-build-env/linux@sha256:2788e3201cd34a07e3172128adcd8b3090168a8e3bcc40d7c032b9dda1df7d1c" "/opt/rustwide/cargo-home/bin/cargo" "+1.75.0" "build" "--frozen" "--message-format=json", kill_on_drop: false }`
[INFO] [stdout] 07b9d809520e9d881c20ba7ef893425d2b99ed07157c0295fbe6e8a918139527
[INFO] running `Command { std: "docker" "start" "-a" "07b9d809520e9d881c20ba7ef893425d2b99ed07157c0295fbe6e8a918139527", kill_on_drop: false }`
[INFO] [stderr]    Compiling libc v0.2.149
[INFO] [stderr]    Compiling cfg-if v1.0.0
[INFO] [stderr]    Compiling proc-macro2 v1.0.68
[INFO] [stderr]    Compiling unicode-ident v1.0.12
[INFO] [stderr]    Compiling typenum v1.17.0
[INFO] [stderr]    Compiling autocfg v1.1.0
[INFO] [stderr]    Compiling version_check v0.9.4
[INFO] [stderr]    Compiling zeroize v1.6.0
[INFO] [stderr]    Compiling subtle v2.5.0
[INFO] [stderr]    Compiling bytes v1.5.0
[INFO] [stderr]    Compiling log v0.4.20
[INFO] [stderr]    Compiling generic-array v0.14.7
[INFO] [stderr]    Compiling const-oid v0.9.5
[INFO] [stderr]    Compiling lock_api v0.4.10
[INFO] [stderr]    Compiling parking_lot_core v0.9.8
[INFO] [stderr]    Compiling memchr v2.6.4
[INFO] [stderr]    Compiling smallvec v1.11.1
[INFO] [stderr]    Compiling pin-project-lite v0.2.13
[INFO] [stderr]    Compiling once_cell v1.18.0
[INFO] [stderr]    Compiling scopeguard v1.2.0
[INFO] [stderr]    Compiling quote v1.0.33
[INFO] [stderr]    Compiling futures-core v0.3.28
[INFO] [stderr]    Compiling getrandom v0.2.10
[INFO] [stderr]    Compiling syn v2.0.38
[INFO] [stderr]    Compiling rand_core v0.6.4
[INFO] [stderr]    Compiling signal-hook-registry v1.4.1
[INFO] [stderr]    Compiling mio v0.8.8
[INFO] [stderr]    Compiling cc v1.0.83
[INFO] [stderr]    Compiling parking_lot v0.12.1
[INFO] [stderr]    Compiling ppv-lite86 v0.2.17
[INFO] [stderr]    Compiling serde v1.0.188
[INFO] [stderr]    Compiling itoa v1.0.9
[INFO] [stderr]    Compiling slab v0.4.9
[INFO] [stderr]    Compiling futures-task v0.3.28
[INFO] [stderr]    Compiling vcpkg v0.2.15
[INFO] [stderr]    Compiling pkg-config v0.3.27
[INFO] [stderr]    Compiling futures-sink v0.3.28
[INFO] [stderr]    Compiling futures-channel v0.3.28
[INFO] [stderr]    Compiling crypto-common v0.1.6
[INFO] [stderr]    Compiling block-buffer v0.10.4
[INFO] [stderr]    Compiling crunchy v0.2.2
[INFO] [stderr]    Compiling digest v0.10.7
[INFO] [stderr]    Compiling bitflags v2.4.0
[INFO] [stderr]    Compiling byteorder v1.5.0
[INFO] [stderr]    Compiling futures-io v0.3.28
[INFO] [stderr]    Compiling futures-util v0.3.28
[INFO] [stderr]    Compiling rand_chacha v0.3.1
[INFO] [stderr]    Compiling socket2 v0.5.4
[INFO] [stderr]    Compiling num_cpus v1.16.0
[INFO] [stderr]    Compiling pin-utils v0.1.0
[INFO] [stderr]    Compiling fnv v1.0.7
[INFO] [stderr]    Compiling cpufeatures v0.2.9
[INFO] [stderr]    Compiling openssl-sys v0.9.93
[INFO] [stderr]    Compiling http v0.2.9
[INFO] [stderr]    Compiling generic-array v0.12.4
[INFO] [stderr]    Compiling aho-corasick v1.1.1
[INFO] [stderr]    Compiling rand v0.8.5
[INFO] [stderr]    Compiling foreign-types-shared v0.1.1
[INFO] [stderr]    Compiling tinyvec_macros v0.1.1
[INFO] [stderr]    Compiling rustc-hex v2.1.0
[INFO] [stderr]    Compiling regex-syntax v0.7.5
[INFO] [stderr]    Compiling openssl v0.10.57
[INFO] [stderr]    Compiling signal-hook v0.3.17
[INFO] [stderr]    Compiling tinyvec v1.6.0
[INFO] [stderr]    Compiling foreign-types v0.3.2
[INFO] [stderr]    Compiling tracing-core v0.1.31
[INFO] [stderr]    Compiling indexmap v1.9.3
[INFO] [stderr]    Compiling getrandom v0.1.16
[INFO] [stderr]    Compiling httparse v1.8.0
[INFO] [stderr]    Compiling native-tls v0.2.11
[INFO] [stderr]    Compiling static_assertions v1.1.0
[INFO] [stderr]    Compiling syn v1.0.109
[INFO] [stderr]    Compiling thiserror v1.0.49
[INFO] [stderr]    Compiling unicode-normalization v0.1.22
[INFO] [stderr]    Compiling tracing v0.1.37
[INFO] [stderr]    Compiling rlp v0.5.2
[INFO] [stderr]    Compiling percent-encoding v2.3.0
[INFO] [stderr]    Compiling ryu v1.0.15
[INFO] [stderr]    Compiling tiny-keccak v2.0.2
[INFO] [stderr]    Compiling bitcoin-private v0.1.0
[INFO] [stderr]    Compiling serde_json v1.0.107
[INFO] [stderr]    Compiling regex-automata v0.3.9
[INFO] [stderr]    Compiling hashbrown v0.12.3
[INFO] [stderr]    Compiling openssl-probe v0.1.5
[INFO] [stderr]    Compiling impl-rlp v0.3.0
[INFO] [stderr]    Compiling form_urlencoded v1.2.0
[INFO] [stderr]    Compiling signal-hook-mio v0.2.3
[INFO] [stderr]    Compiling fixed-hash v0.8.0
[INFO] [stderr]    Compiling digest v0.8.1
[INFO] [stderr]    Compiling secp256k1-sys v0.8.1
[INFO] [stderr]    Compiling serde_derive v1.0.188
[INFO] [stderr]    Compiling futures-macro v0.3.28
[INFO] [stderr]    Compiling tokio-macros v2.1.0
[INFO] [stderr]    Compiling openssl-macros v0.1.1
[INFO] [stderr]    Compiling thiserror-impl v1.0.49
[INFO] [stderr]    Compiling tokio v1.32.0
[INFO] [stderr]    Compiling hmac v0.12.1
[INFO] [stderr]    Compiling ff v0.13.0
[INFO] [stderr]    Compiling der v0.7.8
[INFO] [stderr]    Compiling regex v1.9.6
[INFO] [stderr]    Compiling unicode-bidi v0.3.13
[INFO] [stderr]    Compiling base16ct v0.2.0
[INFO] [stderr]    Compiling hex v0.4.3
[INFO] [stderr]    Compiling paste v1.0.14
[INFO] [stderr]    Compiling httpdate v1.0.3
[INFO] [stderr]    Compiling try-lock v0.2.4
[INFO] [stderr]    Compiling byte-tools v0.3.1
[INFO] [stderr]    Compiling subtle v1.0.0
[INFO] [stderr]    Compiling block-padding v0.1.5
[INFO] [stderr]    Compiling want v0.3.1
[INFO] [stderr]    Compiling crypto-mac v0.7.0
[INFO] [stderr]    Compiling uint v0.9.5
[INFO] [stderr]    Compiling sec1 v0.7.3
[INFO] [stderr]    Compiling idna v0.4.0
[INFO] [stderr]    Compiling group v0.13.0
[INFO] [stderr]    Compiling futures-executor v0.3.28
[INFO] [stderr]    Compiling rand_core v0.5.1
[INFO] [stderr]    Compiling http-body v0.4.5
[INFO] [stderr]    Compiling crypto-bigint v0.5.3
[INFO] [stderr]    Compiling socket2 v0.4.9
[INFO] [stderr]    Compiling tower-service v0.3.2
[INFO] [stderr]    Compiling bitflags v1.3.2
[INFO] [stderr]    Compiling unicode-width v0.1.11
[INFO] [stderr]    Compiling crossterm v0.26.1
[INFO] [stderr]    Compiling bitcoin_hashes v0.12.0
[INFO] [stderr]    Compiling tokio-util v0.7.9
[INFO] [stderr]    Compiling lazy-regex-proc_macros v3.0.1
[INFO] [stderr]    Compiling h2 v0.3.21
[INFO] [stderr]    Compiling elliptic-curve v0.13.6
[INFO] [stderr]    Compiling tokio-native-tls v0.3.1
[INFO] [stderr]    Compiling rand_chacha v0.2.2
[INFO] [stderr]    Compiling futures v0.3.28
[INFO] [stderr]    Compiling url v2.4.1
[INFO] [stderr]    Compiling impl-serde v0.4.0
[INFO] [stderr]    Compiling ethbloom v0.13.0
[INFO] [stderr]    Compiling primitive-types v0.12.1
[INFO] [stderr]    Compiling hmac v0.7.1
[INFO] [stderr]    Compiling block-buffer v0.7.3
[INFO] [stderr]    Compiling rfc6979 v0.4.0
[INFO] [stderr]    Compiling sha2 v0.10.8
[INFO] [stderr]    Compiling signature v2.1.0
[INFO] [stderr]    Compiling digest v0.9.0
[INFO] [stderr]    Compiling block-buffer v0.9.0
[INFO] [stderr]    Compiling gcc v0.3.55
[INFO] [stderr]    Compiling fake-simd v0.1.2
[INFO] [stderr]    Compiling base64 v0.21.4
[INFO] [stderr]    Compiling mime v0.3.17
[INFO] [stderr]    Compiling unicode-segmentation v1.10.1
[INFO] [stderr]    Compiling indoc v2.0.4
[INFO] [stderr]    Compiling cassowary v0.3.0
[INFO] [stderr]    Compiling hex_lit v0.1.1
[INFO] [stderr]    Compiling keccak v0.1.4
[INFO] [stderr]    Compiling opaque-debug v0.2.3
[INFO] [stderr]    Compiling opaque-debug v0.3.0
[INFO] [stderr]    Compiling sha-1 v0.9.8
[INFO] [stderr]    Compiling ratatui v0.22.0
[INFO] [stderr]    Compiling ethereum-types v0.14.1
[INFO] [stderr]    Compiling sha2 v0.8.2
[INFO] [stderr]    Compiling hyper v0.14.27
[INFO] [stderr]    Compiling sha3 v0.10.8
[INFO] [stderr]    Compiling rust-crypto v0.2.36
[INFO] [stderr]    Compiling ecdsa v0.16.8
[INFO] [stderr]    Compiling hmac-drbg v0.2.0
[INFO] [stderr]    Compiling secp256k1 v0.27.0
[INFO] [stderr]    Compiling lazy-regex v3.0.2
[INFO] [stderr]    Compiling serde_urlencoded v0.7.1
[INFO] [stderr]    Compiling rand v0.7.3
[INFO] [stderr]    Compiling tuirealm_derive v1.0.0
[INFO] [stderr]    Compiling pin-project-internal v1.1.3
[INFO] [stderr]    Compiling crossterm v0.27.0
[INFO] [stderr]    Compiling headers-core v0.2.0
[INFO] [stderr]    Compiling sha1 v0.10.6
[INFO] [stderr]    Compiling rand v0.4.6
[INFO] [stderr]    Compiling hyper-tls v0.5.0
[INFO] [stderr]    Compiling encoding_rs v0.8.33
[INFO] [stderr]    Compiling ipnet v2.8.0
[INFO] [stderr]    Compiling base64 v0.13.1
[INFO] [stderr]    Compiling bitcoin v0.30.1
[INFO] [stderr]    Compiling convert_case v0.4.0
[INFO] [stderr]    Compiling smawk v0.3.2
[INFO] [stderr]    Compiling anyhow v1.0.75
[INFO] [stderr]    Compiling unicode-linebreak v0.1.5
[INFO] [stderr]    Compiling arrayref v0.3.7
[INFO] [stderr]    Compiling textwrap v0.16.0
[INFO] [stderr]    Compiling libsecp256k1 v0.3.5
[INFO] [stderr]    Compiling pin-project v1.1.3
[INFO] [stderr]    Compiling soketto v0.7.1
[INFO] [stderr]    Compiling derive_more v0.99.17
[INFO] [stderr]    Compiling rand v0.3.23
[INFO] [stderr]    Compiling tuirealm v1.9.0
[INFO] [stderr]    Compiling headers v0.3.9
[INFO] [stderr]    Compiling reqwest v0.11.22
[INFO] [stderr]    Compiling k256 v0.13.1
[INFO] [stderr]    Compiling ethabi v18.0.0
[INFO] [stderr]    Compiling jsonrpc-core v18.0.0
[INFO] [stderr]    Compiling bs58 v0.5.0
[INFO] [stderr]    Compiling web3-async-native-tls v0.4.0
[INFO] [stderr]    Compiling tokio-stream v0.1.14
[INFO] [stderr]    Compiling pbkdf2 v0.12.2
[INFO] [stderr]    Compiling ripemd v0.1.3
[INFO] [stderr]    Compiling time v0.1.45
[INFO] [stderr]    Compiling bitcoin_hashes v0.11.0
[INFO] [stderr]    Compiling arrayvec v0.7.4
[INFO] [stderr]    Compiling base58 v0.1.0
[INFO] [stderr]    Compiling bech32 v0.9.1
[INFO] [stderr]    Compiling futures-timer v3.0.2
[INFO] [stderr]    Compiling memzero v0.1.0
[INFO] [stderr]    Compiling bip32 v0.5.1
[INFO] [stderr]    Compiling bip39 v2.0.0
[INFO] [stderr]    Compiling tui-realm-stdlib v1.3.0
[INFO] [stderr]    Compiling web3 v0.19.0
[INFO] [stderr]    Compiling tiny-keccak v1.5.0
[INFO] [stderr]    Compiling bs58 v0.4.0
[INFO] [stderr]    Compiling dotenv v0.15.0
[INFO] [stderr]    Compiling tiny-hderive v0.3.0
[INFO] [stderr]    Compiling cryptowallet v0.1.0 (/opt/rustwide/workdir)
[INFO] [stdout] warning: unused import: `hex::ToHex`
[INFO] [stdout]  --> src/wallet/core.rs:8:5
[INFO] [stdout]   |
[INFO] [stdout] 8 | use hex::ToHex;
[INFO] [stdout]   |     ^^^^^^^^^^
[INFO] [stdout]   |
[INFO] [stdout]   = note: `#[warn(unused_imports)]` on by default
[INFO] [stdout] 
[INFO] [stdout] 
[INFO] [stdout] warning: unused import: `Error`
[INFO] [stdout]  --> src/wallet/evm.rs:1:14
[INFO] [stdout]   |
[INFO] [stdout] 1 | use anyhow::{Error, Result};
[INFO] [stdout]   |              ^^^^^
[INFO] [stdout] 
[INFO] [stdout] 
[INFO] [stdout] warning: unused import: `rand::rngs::OsRng`
[INFO] [stdout]  --> src/wallet/utils.rs:1:5
[INFO] [stdout]   |
[INFO] [stdout] 1 | use rand::rngs::OsRng;
[INFO] [stdout]   |     ^^^^^^^^^^^^^^^^^
[INFO] [stdout] 
[INFO] [stdout] 
[INFO] [stdout] warning: unused imports: `PublicKey`, `Secp256k1`, `SecretKey`
[INFO] [stdout]  --> src/wallet/utils.rs:2:17
[INFO] [stdout]   |
[INFO] [stdout] 2 | use secp256k1::{PublicKey, Secp256k1, SecretKey};
[INFO] [stdout]   |                 ^^^^^^^^^  ^^^^^^^^^  ^^^^^^^^^
[INFO] [stdout] 
[INFO] [stdout] 
[INFO] [stdout] warning: unused import: `tiny_keccak::keccak256`
[INFO] [stdout]  --> src/wallet/utils.rs:3:5
[INFO] [stdout]   |
[INFO] [stdout] 3 | use tiny_keccak::keccak256;
[INFO] [stdout]   |     ^^^^^^^^^^^^^^^^^^^^^^
[INFO] [stdout] 
[INFO] [stdout] 
[INFO] [stdout] warning: unused import: `web3::types::Address`
[INFO] [stdout]  --> src/wallet/utils.rs:4:5
[INFO] [stdout]   |
[INFO] [stdout] 4 | use web3::types::Address;
[INFO] [stdout]   |     ^^^^^^^^^^^^^^^^^^^^
[INFO] [stdout] 
[INFO] [stdout] 
[INFO] [stdout] warning: unused variable: `secp`
[INFO] [stdout]   --> src/wallet/evm.rs:56:9
[INFO] [stdout]    |
[INFO] [stdout] 56 |     let secp = Secp256k1::new();
[INFO] [stdout]    |         ^^^^ help: if this is intentional, prefix it with an underscore: `_secp`
[INFO] [stdout]    |
[INFO] [stdout]    = note: `#[warn(unused_variables)]` on by default
[INFO] [stdout] 
[INFO] [stdout] 
[INFO] [stdout] warning: constant `UNHARDENED_KEY` is never used
[INFO] [stdout]   --> src/wallet/core.rs:22:7
[INFO] [stdout]    |
[INFO] [stdout] 22 | const UNHARDENED_KEY: &str = "must harden child key";
[INFO] [stdout]    |       ^^^^^^^^^^^^^^
[INFO] [stdout]    |
[INFO] [stdout]    = note: `#[warn(dead_code)]` on by default
[INFO] [stdout] 
[INFO] [stdout] 
[INFO] [stdout] warning: 8 warnings emitted
[INFO] [stdout] 
[INFO] [stdout] 
[INFO] [stdout] warning: unused import: `hex::ToHex`
[INFO] [stdout]  --> src/wallet/core.rs:8:5
[INFO] [stdout]   |
[INFO] [stdout] 8 | use hex::ToHex;
[INFO] [stdout]   |     ^^^^^^^^^^
[INFO] [stdout]   |
[INFO] [stdout]   = note: `#[warn(unused_imports)]` on by default
[INFO] [stdout] 
[INFO] [stdout] 
[INFO] [stdout] warning: unused import: `Error`
[INFO] [stdout]  --> src/wallet/evm.rs:1:14
[INFO] [stdout]   |
[INFO] [stdout] 1 | use anyhow::{Error, Result};
[INFO] [stdout]   |              ^^^^^
[INFO] [stdout] 
[INFO] [stdout] 
[INFO] [stdout] warning: unused import: `rand::rngs::OsRng`
[INFO] [stdout]  --> src/wallet/utils.rs:1:5
[INFO] [stdout]   |
[INFO] [stdout] 1 | use rand::rngs::OsRng;
[INFO] [stdout]   |     ^^^^^^^^^^^^^^^^^
[INFO] [stdout] 
[INFO] [stdout] 
[INFO] [stdout] warning: unused imports: `PublicKey`, `Secp256k1`, `SecretKey`
[INFO] [stdout]  --> src/wallet/utils.rs:2:17
[INFO] [stdout]   |
[INFO] [stdout] 2 | use secp256k1::{PublicKey, Secp256k1, SecretKey};
[INFO] [stdout]   |                 ^^^^^^^^^  ^^^^^^^^^  ^^^^^^^^^
[INFO] [stdout] 
[INFO] [stdout] 
[INFO] [stdout] warning: unused import: `tiny_keccak::keccak256`
[INFO] [stdout]  --> src/wallet/utils.rs:3:5
[INFO] [stdout]   |
[INFO] [stdout] 3 | use tiny_keccak::keccak256;
[INFO] [stdout]   |     ^^^^^^^^^^^^^^^^^^^^^^
[INFO] [stdout] 
[INFO] [stdout] 
[INFO] [stdout] warning: unused import: `web3::types::Address`
[INFO] [stdout]  --> src/wallet/utils.rs:4:5
[INFO] [stdout]   |
[INFO] [stdout] 4 | use web3::types::Address;
[INFO] [stdout]   |     ^^^^^^^^^^^^^^^^^^^^
[INFO] [stdout] 
[INFO] [stdout] 
[INFO] [stdout] warning: unused import: `anyhow::Result`
[INFO] [stdout]  --> src/main.rs:6:5
[INFO] [stdout]   |
[INFO] [stdout] 6 | use anyhow::Result;
[INFO] [stdout]   |     ^^^^^^^^^^^^^^
[INFO] [stdout] 
[INFO] [stdout] 
[INFO] [stdout] warning: unused import: `address_from_pubkey`
[INFO] [stdout]   --> src/main.rs:15:11
[INFO] [stdout]    |
[INFO] [stdout] 15 |     evm::{address_from_pubkey, establish_web3_connection},
[INFO] [stdout]    |           ^^^^^^^^^^^^^^^^^^^
[INFO] [stdout] 
[INFO] [stdout] 
[INFO] [stdout] warning: unused variable: `secp`
[INFO] [stdout]   --> src/wallet/evm.rs:56:9
[INFO] [stdout]    |
[INFO] [stdout] 56 |     let secp = Secp256k1::new();
[INFO] [stdout]    |         ^^^^ help: if this is intentional, prefix it with an underscore: `_secp`
[INFO] [stdout]    |
[INFO] [stdout]    = note: `#[warn(unused_variables)]` on by default
[INFO] [stdout] 
[INFO] [stdout] 
[INFO] [stdout] warning: method `test_connection` is never used
[INFO] [stdout]   --> src/main.rs:50:14
[INFO] [stdout]    |
[INFO] [stdout] 37 | impl WoletState {
[INFO] [stdout]    | --------------- method in this implementation
[INFO] [stdout] ...
[INFO] [stdout] 50 |     async fn test_connection(&mut self) {
[INFO] [stdout]    |              ^^^^^^^^^^^^^^^
[INFO] [stdout]    |
[INFO] [stdout]    = note: `#[warn(dead_code)]` on by default
[INFO] [stdout] 
[INFO] [stdout] 
[INFO] [stdout] warning: constant `INVALID_BIP44_PATH_FORMT` is never used
[INFO] [stdout]   --> src/wallet/core.rs:21:7
[INFO] [stdout]    |
[INFO] [stdout] 21 | const INVALID_BIP44_PATH_FORMT: &str = "invalid bip44 path format";
[INFO] [stdout]    |       ^^^^^^^^^^^^^^^^^^^^^^^^
[INFO] [stdout] 
[INFO] [stdout] 
[INFO] [stdout] warning: constant `UNHARDENED_KEY` is never used
[INFO] [stdout]   --> src/wallet/core.rs:22:7
[INFO] [stdout]    |
[INFO] [stdout] 22 | const UNHARDENED_KEY: &str = "must harden child key";
[INFO] [stdout]    |       ^^^^^^^^^^^^^^
[INFO] [stdout] 
[INFO] [stdout] 
[INFO] [stdout] warning: constant `INVALID_WALLET_PATH` is never used
[INFO] [stdout]   --> src/wallet/core.rs:23:7
[INFO] [stdout]    |
[INFO] [stdout] 23 | const INVALID_WALLET_PATH: &str = "invalid wallet path for current state";
[INFO] [stdout]    |       ^^^^^^^^^^^^^^^^^^^
[INFO] [stdout] 
[INFO] [stdout] 
[INFO] [stdout] warning: methods `show_mnemonic`, `new_account`, and `new_address` are never used
[INFO] [stdout]    --> src/wallet/core.rs:135:12
[INFO] [stdout]     |
[INFO] [stdout] 105 | impl Wallet {
[INFO] [stdout]     | ----------- methods in this implementation
[INFO] [stdout] ...
[INFO] [stdout] 135 |     pub fn show_mnemonic(&self) -> Result<String> {
[INFO] [stdout]     |            ^^^^^^^^^^^^^
[INFO] [stdout] ...
[INFO] [stdout] 183 |     pub fn new_account(&mut self, coin: CoinType, account_name: &str) -> Result<u32> {
[INFO] [stdout]     |            ^^^^^^^^^^^
[INFO] [stdout] ...
[INFO] [stdout] 205 |     pub fn new_address(&mut self, prms: NewAddressParams) -> Result<()> {
[INFO] [stdout]     |            ^^^^^^^^^^^
[INFO] [stdout] 
[INFO] [stdout] 
[INFO] [stdout] warning: function `mnemonic_as_seed` is never used
[INFO] [stdout]    --> src/wallet/core.rs:285:4
[INFO] [stdout]     |
[INFO] [stdout] 285 | fn mnemonic_as_seed(mnemonic: [u8; 32], maybe_passphrase: Option<&str>) -> Seed {
[INFO] [stdout]     |    ^^^^^^^^^^^^^^^^
[INFO] [stdout] 
[INFO] [stdout] 
[INFO] [stdout] warning: struct `NewAddressParams` is never constructed
[INFO] [stdout]    --> src/wallet/core.rs:290:12
[INFO] [stdout]     |
[INFO] [stdout] 290 | pub struct NewAddressParams {
[INFO] [stdout]     |            ^^^^^^^^^^^^^^^^
[INFO] [stdout] 
[INFO] [stdout] 
[INFO] [stdout] warning: struct `DerivedKeyPair` is never constructed
[INFO] [stdout]    --> src/wallet/core.rs:302:12
[INFO] [stdout]     |
[INFO] [stdout] 302 | pub struct DerivedKeyPair {
[INFO] [stdout]     |            ^^^^^^^^^^^^^^
[INFO] [stdout] 
[INFO] [stdout] 
[INFO] [stdout] warning: function `derive_child` is never used
[INFO] [stdout]    --> src/wallet/core.rs:307:8
[INFO] [stdout]     |
[INFO] [stdout] 307 | pub fn derive_child(seed: &Seed, path: &str) -> Result<DerivedKeyPair, Error> {
[INFO] [stdout]     |        ^^^^^^^^^^^^
[INFO] [stdout] 
[INFO] [stdout] 
[INFO] [stdout] warning: function `validate_bip_44_path` is never used
[INFO] [stdout]    --> src/wallet/core.rs:316:4
[INFO] [stdout]     |
[INFO] [stdout] 316 | fn validate_bip_44_path(path: &str) -> Result<(), Error> {
[INFO] [stdout]     |    ^^^^^^^^^^^^^^^^^^^^
[INFO] [stdout] 
[INFO] [stdout] 
[INFO] [stdout] warning: function `new_account` is never used
[INFO] [stdout]    --> src/wallet/core.rs:341:4
[INFO] [stdout]     |
[INFO] [stdout] 341 | fn new_account(accounts: &mut Accounts, account_name: &str) -> Result<u32> {
[INFO] [stdout]     |    ^^^^^^^^^^^
[INFO] [stdout] 
[INFO] [stdout] 
[INFO] [stdout] warning: function `establish_web3_connection` is never used
[INFO] [stdout]   --> src/wallet/evm.rs:11:14
[INFO] [stdout]    |
[INFO] [stdout] 11 | pub async fn establish_web3_connection(url: &str) -> Result<Web3<WebSocket>> {
[INFO] [stdout]    |              ^^^^^^^^^^^^^^^^^^^^^^^^^
[INFO] [stdout] 
[INFO] [stdout] 
[INFO] [stdout] warning: function `sign_and_send` is never used
[INFO] [stdout]   --> src/wallet/evm.rs:16:14
[INFO] [stdout]    |
[INFO] [stdout] 16 | pub async fn sign_and_send(
[INFO] [stdout]    |              ^^^^^^^^^^^^^
[INFO] [stdout] 
[INFO] [stdout] 
[INFO] [stdout] warning: function `to_checksum_address` is never used
[INFO] [stdout]   --> src/wallet/evm.rs:32:8
[INFO] [stdout]    |
[INFO] [stdout] 32 | pub fn to_checksum_address(address: &Address) -> String {
[INFO] [stdout]    |        ^^^^^^^^^^^^^^^^^^^
[INFO] [stdout] 
[INFO] [stdout] 
[INFO] [stdout] warning: function `uncompress_pub_key` is never used
[INFO] [stdout]   --> src/wallet/evm.rs:55:8
[INFO] [stdout]    |
[INFO] [stdout] 55 | pub fn uncompress_pub_key(compressed_pubkey: [u8; 33]) -> [u8; 65] {
[INFO] [stdout]    |        ^^^^^^^^^^^^^^^^^^
[INFO] [stdout] 
[INFO] [stdout] 
[INFO] [stdout] warning: function `address_from_pubkey` is never used
[INFO] [stdout]   --> src/wallet/evm.rs:62:8
[INFO] [stdout]    |
[INFO] [stdout] 62 | pub fn address_from_pubkey(pub_key: [u8; 65]) -> Address {
[INFO] [stdout]    |        ^^^^^^^^^^^^^^^^^^^
[INFO] [stdout] 
[INFO] [stdout] 
[INFO] [stdout] warning: function `wei_to_eth` is never used
[INFO] [stdout]  --> src/wallet/utils.rs:7:8
[INFO] [stdout]   |
[INFO] [stdout] 7 | pub fn wei_to_eth(wei_val: U256) -> f64 {
[INFO] [stdout]   |        ^^^^^^^^^^
[INFO] [stdout] 
[INFO] [stdout] 
[INFO] [stdout] warning: function `eth_to_wei` is never used
[INFO] [stdout]   --> src/wallet/utils.rs:12:8
[INFO] [stdout]    |
[INFO] [stdout] 12 | pub fn eth_to_wei(eth_val: f64) -> U256 {
[INFO] [stdout]    |        ^^^^^^^^^^
[INFO] [stdout] 
[INFO] [stdout] 
[INFO] [stdout] warning: constant `INVALID_PARITY_ON_COMPRESSED_KEY` is never used
[INFO] [stdout]  --> src/wallet/wallet_bitcoin.rs:5:7
[INFO] [stdout]   |
[INFO] [stdout] 5 | const INVALID_PARITY_ON_COMPRESSED_KEY: &str = "invalid parity on compressed key";
[INFO] [stdout]   |       ^^^^^^^^^^^^^^^^^^^^^^^^^^^^^^^^
[INFO] [stdout] 
[INFO] [stdout] 
[INFO] [stdout] warning: function `address_from_compressed_pub_key` is never used
[INFO] [stdout]  --> src/wallet/wallet_bitcoin.rs:7:8
[INFO] [stdout]   |
[INFO] [stdout] 7 | pub fn address_from_compressed_pub_key(pub_key: [u8; 33], network: Network) -> Result<Address> {
[INFO] [stdout]   |        ^^^^^^^^^^^^^^^^^^^^^^^^^^^^^^^
[INFO] [stdout] 
[INFO] [stdout] 
[INFO] [stdout] warning: function `parity_from_u8` is never used
[INFO] [stdout]   --> src/wallet/wallet_bitcoin.rs:19:4
[INFO] [stdout]    |
[INFO] [stdout] 19 | fn parity_from_u8(int: u8) -> Result<Parity, Error> {
[INFO] [stdout]    |    ^^^^^^^^^^^^^^
[INFO] [stdout] 
[INFO] [stdout] 
[INFO] [stdout] warning: 30 warnings emitted
[INFO] [stdout] 
[INFO] [stdout] 
[INFO] [stderr]     Finished dev [unoptimized + debuginfo] target(s) in 2m 50s
[INFO] [stderr] warning: the following packages contain code that will be rejected by a future version of Rust: rustc-serialize v0.3.24
[INFO] [stderr] note: to see what the problems were, use the option `--future-incompat-report`, or run `cargo report future-incompatibilities --id 1`
[INFO] running `Command { std: "docker" "inspect" "07b9d809520e9d881c20ba7ef893425d2b99ed07157c0295fbe6e8a918139527", kill_on_drop: false }`
[INFO] running `Command { std: "docker" "rm" "-f" "07b9d809520e9d881c20ba7ef893425d2b99ed07157c0295fbe6e8a918139527", kill_on_drop: false }`
[INFO] [stdout] 07b9d809520e9d881c20ba7ef893425d2b99ed07157c0295fbe6e8a918139527
[INFO] running `Command { std: "docker" "create" "-v" "/var/lib/crater-agent-workspace/builds/worker-5-tc1/target:/opt/rustwide/target:rw,Z" "-v" "/var/lib/crater-agent-workspace/builds/worker-5-tc1/source:/opt/rustwide/workdir:ro,Z" "-v" "/var/lib/crater-agent-workspace/cargo-home:/opt/rustwide/cargo-home:ro,Z" "-v" "/var/lib/crater-agent-workspace/rustup-home:/opt/rustwide/rustup-home:ro,Z" "-e" "SOURCE_DIR=/opt/rustwide/workdir" "-e" "CARGO_TARGET_DIR=/opt/rustwide/target" "-e" "CARGO_INCREMENTAL=0" "-e" "RUST_BACKTRACE=full" "-e" "RUSTFLAGS=--cap-lints=warn" "-e" "RUSTDOCFLAGS=--cap-lints=warn" "-e" "CARGO_HOME=/opt/rustwide/cargo-home" "-e" "RUSTUP_HOME=/opt/rustwide/rustup-home" "-w" "/opt/rustwide/workdir" "-m" "1610612736" "--user" "0:0" "--network" "none" "ghcr.io/rust-lang/crates-build-env/linux@sha256:2788e3201cd34a07e3172128adcd8b3090168a8e3bcc40d7c032b9dda1df7d1c" "/opt/rustwide/cargo-home/bin/cargo" "+1.75.0" "test" "--frozen" "--no-run" "--message-format=json", kill_on_drop: false }`
[INFO] [stdout] 6bb31e97b47e78d9763bec51163c3690fda14ce9f6f90b422b122f84cae8b841
[INFO] running `Command { std: "docker" "start" "-a" "6bb31e97b47e78d9763bec51163c3690fda14ce9f6f90b422b122f84cae8b841", kill_on_drop: false }`
[INFO] [stdout] warning: unused import: `hex::ToHex`
[INFO] [stdout]  --> src/wallet/core.rs:8:5
[INFO] [stdout]   |
[INFO] [stdout] 8 | use hex::ToHex;
[INFO] [stdout]   |     ^^^^^^^^^^
[INFO] [stdout]   |
[INFO] [stdout]   = note: `#[warn(unused_imports)]` on by default
[INFO] [stdout] 
[INFO] [stdout] 
[INFO] [stdout] warning: unused import: `Error`
[INFO] [stdout]  --> src/wallet/evm.rs:1:14
[INFO] [stdout]   |
[INFO] [stdout] 1 | use anyhow::{Error, Result};
[INFO] [stdout]   |              ^^^^^
[INFO] [stdout] 
[INFO] [stdout] 
[INFO] [stdout] warning: unused import: `rand::rngs::OsRng`
[INFO] [stdout]  --> src/wallet/utils.rs:1:5
[INFO] [stdout]   |
[INFO] [stdout] 1 | use rand::rngs::OsRng;
[INFO] [stdout]   |     ^^^^^^^^^^^^^^^^^
[INFO] [stdout] 
[INFO] [stdout] 
[INFO] [stdout] warning: unused imports: `PublicKey`, `Secp256k1`, `SecretKey`
[INFO] [stdout]  --> src/wallet/utils.rs:2:17
[INFO] [stdout]   |
[INFO] [stdout] 2 | use secp256k1::{PublicKey, Secp256k1, SecretKey};
[INFO] [stdout]   |                 ^^^^^^^^^  ^^^^^^^^^  ^^^^^^^^^
[INFO] [stdout] 
[INFO] [stdout] 
[INFO] [stdout] warning: unused import: `tiny_keccak::keccak256`
[INFO] [stdout]  --> src/wallet/utils.rs:3:5
[INFO] [stdout]   |
[INFO] [stdout] 3 | use tiny_keccak::keccak256;
[INFO] [stdout]   |     ^^^^^^^^^^^^^^^^^^^^^^
[INFO] [stdout] 
[INFO] [stdout] 
[INFO] [stdout] warning: unused import: `web3::types::Address`
[INFO] [stdout]  --> src/wallet/utils.rs:4:5
[INFO] [stdout]   |
[INFO] [stdout] 4 | use web3::types::Address;
[INFO] [stdout]   |     ^^^^^^^^^^^^^^^^^^^^
[INFO] [stdout] 
[INFO] [stdout] 
[INFO] [stdout] warning: unused variable: `secp`
[INFO] [stdout]   --> src/wallet/evm.rs:56:9
[INFO] [stdout]    |
[INFO] [stdout] 56 |     let secp = Secp256k1::new();
[INFO] [stdout]    |         ^^^^ help: if this is intentional, prefix it with an underscore: `_secp`
[INFO] [stdout]    |
[INFO] [stdout]    = note: `#[warn(unused_variables)]` on by default
[INFO] [stdout] 
[INFO] [stdout] 
[INFO] [stdout] warning: constant `UNHARDENED_KEY` is never used
[INFO] [stdout]   --> src/wallet/core.rs:22:7
[INFO] [stdout]    |
[INFO] [stdout] 22 | const UNHARDENED_KEY: &str = "must harden child key";
[INFO] [stdout]    |       ^^^^^^^^^^^^^^
[INFO] [stdout]    |
[INFO] [stdout]    = note: `#[warn(dead_code)]` on by default
[INFO] [stdout] 
[INFO] [stdout] 
[INFO] [stdout] warning: 8 warnings emitted
[INFO] [stdout] 
[INFO] [stdout] 
[INFO] [stderr]    Compiling cryptowallet v0.1.0 (/opt/rustwide/workdir)
[INFO] [stdout] warning: unused import: `hex::ToHex`
[INFO] [stdout]  --> src/wallet/core.rs:8:5
[INFO] [stdout]   |
[INFO] [stdout] 8 | use hex::ToHex;
[INFO] [stdout]   |     ^^^^^^^^^^
[INFO] [stdout]   |
[INFO] [stdout]   = note: `#[warn(unused_imports)]` on by default
[INFO] [stdout] 
[INFO] [stdout] 
[INFO] [stdout] warning: unused import: `Error`
[INFO] [stdout]  --> src/wallet/evm.rs:1:14
[INFO] [stdout]   |
[INFO] [stdout] 1 | use anyhow::{Error, Result};
[INFO] [stdout]   |              ^^^^^
[INFO] [stdout] 
[INFO] [stdout] 
[INFO] [stdout] warning: unused import: `rand::rngs::OsRng`
[INFO] [stdout]  --> src/wallet/utils.rs:1:5
[INFO] [stdout]   |
[INFO] [stdout] 1 | use rand::rngs::OsRng;
[INFO] [stdout]   |     ^^^^^^^^^^^^^^^^^
[INFO] [stdout] 
[INFO] [stdout] 
[INFO] [stdout] warning: unused imports: `PublicKey`, `Secp256k1`, `SecretKey`
[INFO] [stdout]  --> src/wallet/utils.rs:2:17
[INFO] [stdout]   |
[INFO] [stdout] 2 | use secp256k1::{PublicKey, Secp256k1, SecretKey};
[INFO] [stdout]   |                 ^^^^^^^^^  ^^^^^^^^^  ^^^^^^^^^
[INFO] [stdout] 
[INFO] [stdout] 
[INFO] [stdout] warning: unused import: `tiny_keccak::keccak256`
[INFO] [stdout]  --> src/wallet/utils.rs:3:5
[INFO] [stdout]   |
[INFO] [stdout] 3 | use tiny_keccak::keccak256;
[INFO] [stdout]   |     ^^^^^^^^^^^^^^^^^^^^^^
[INFO] [stdout] 
[INFO] [stdout] 
[INFO] [stdout] warning: unused import: `web3::types::Address`
[INFO] [stdout]  --> src/wallet/utils.rs:4:5
[INFO] [stdout]   |
[INFO] [stdout] 4 | use web3::types::Address;
[INFO] [stdout]   |     ^^^^^^^^^^^^^^^^^^^^
[INFO] [stdout] 
[INFO] [stdout] 
[INFO] [stdout] warning: unused import: `anyhow::Result`
[INFO] [stdout]  --> src/main.rs:6:5
[INFO] [stdout]   |
[INFO] [stdout] 6 | use anyhow::Result;
[INFO] [stdout]   |     ^^^^^^^^^^^^^^
[INFO] [stdout] 
[INFO] [stdout] 
[INFO] [stdout] warning: unused import: `address_from_pubkey`
[INFO] [stdout]   --> src/main.rs:15:11
[INFO] [stdout]    |
[INFO] [stdout] 15 |     evm::{address_from_pubkey, establish_web3_connection},
[INFO] [stdout]    |           ^^^^^^^^^^^^^^^^^^^
[INFO] [stdout] 
[INFO] [stdout] 
[INFO] [stdout] warning: unused variable: `secp`
[INFO] [stdout]   --> src/wallet/evm.rs:56:9
[INFO] [stdout]    |
[INFO] [stdout] 56 |     let secp = Secp256k1::new();
[INFO] [stdout]    |         ^^^^ help: if this is intentional, prefix it with an underscore: `_secp`
[INFO] [stdout]    |
[INFO] [stdout]    = note: `#[warn(unused_variables)]` on by default
[INFO] [stdout] 
[INFO] [stdout] 
[INFO] [stdout] warning: method `test_connection` is never used
[INFO] [stdout]   --> src/main.rs:50:14
[INFO] [stdout]    |
[INFO] [stdout] 37 | impl WoletState {
[INFO] [stdout]    | --------------- method in this implementation
[INFO] [stdout] ...
[INFO] [stdout] 50 |     async fn test_connection(&mut self) {
[INFO] [stdout]    |              ^^^^^^^^^^^^^^^
[INFO] [stdout]    |
[INFO] [stdout]    = note: `#[warn(dead_code)]` on by default
[INFO] [stdout] 
[INFO] [stdout] 
[INFO] [stdout] warning: constant `INVALID_BIP44_PATH_FORMT` is never used
[INFO] [stdout]   --> src/wallet/core.rs:21:7
[INFO] [stdout]    |
[INFO] [stdout] 21 | const INVALID_BIP44_PATH_FORMT: &str = "invalid bip44 path format";
[INFO] [stdout]    |       ^^^^^^^^^^^^^^^^^^^^^^^^
[INFO] [stdout] 
[INFO] [stdout] 
[INFO] [stdout] warning: constant `UNHARDENED_KEY` is never used
[INFO] [stdout]   --> src/wallet/core.rs:22:7
[INFO] [stdout]    |
[INFO] [stdout] 22 | const UNHARDENED_KEY: &str = "must harden child key";
[INFO] [stdout]    |       ^^^^^^^^^^^^^^
[INFO] [stdout] 
[INFO] [stdout] 
[INFO] [stdout] warning: constant `INVALID_WALLET_PATH` is never used
[INFO] [stdout]   --> src/wallet/core.rs:23:7
[INFO] [stdout]    |
[INFO] [stdout] 23 | const INVALID_WALLET_PATH: &str = "invalid wallet path for current state";
[INFO] [stdout]    |       ^^^^^^^^^^^^^^^^^^^
[INFO] [stdout] 
[INFO] [stdout] 
[INFO] [stdout] warning: methods `show_mnemonic`, `new_account`, and `new_address` are never used
[INFO] [stdout]    --> src/wallet/core.rs:135:12
[INFO] [stdout]     |
[INFO] [stdout] 105 | impl Wallet {
[INFO] [stdout]     | ----------- methods in this implementation
[INFO] [stdout] ...
[INFO] [stdout] 135 |     pub fn show_mnemonic(&self) -> Result<String> {
[INFO] [stdout]     |            ^^^^^^^^^^^^^
[INFO] [stdout] ...
[INFO] [stdout] 183 |     pub fn new_account(&mut self, coin: CoinType, account_name: &str) -> Result<u32> {
[INFO] [stdout]     |            ^^^^^^^^^^^
[INFO] [stdout] ...
[INFO] [stdout] 205 |     pub fn new_address(&mut self, prms: NewAddressParams) -> Result<()> {
[INFO] [stdout]     |            ^^^^^^^^^^^
[INFO] [stdout] 
[INFO] [stdout] 
[INFO] [stdout] warning: function `mnemonic_as_seed` is never used
[INFO] [stdout]    --> src/wallet/core.rs:285:4
[INFO] [stdout]     |
[INFO] [stdout] 285 | fn mnemonic_as_seed(mnemonic: [u8; 32], maybe_passphrase: Option<&str>) -> Seed {
[INFO] [stdout]     |    ^^^^^^^^^^^^^^^^
[INFO] [stdout] 
[INFO] [stdout] 
[INFO] [stdout] warning: struct `NewAddressParams` is never constructed
[INFO] [stdout]    --> src/wallet/core.rs:290:12
[INFO] [stdout]     |
[INFO] [stdout] 290 | pub struct NewAddressParams {
[INFO] [stdout]     |            ^^^^^^^^^^^^^^^^
[INFO] [stdout] 
[INFO] [stdout] 
[INFO] [stdout] warning: struct `DerivedKeyPair` is never constructed
[INFO] [stdout]    --> src/wallet/core.rs:302:12
[INFO] [stdout]     |
[INFO] [stdout] 302 | pub struct DerivedKeyPair {
[INFO] [stdout]     |            ^^^^^^^^^^^^^^
[INFO] [stdout] 
[INFO] [stdout] 
[INFO] [stdout] warning: function `derive_child` is never used
[INFO] [stdout]    --> src/wallet/core.rs:307:8
[INFO] [stdout]     |
[INFO] [stdout] 307 | pub fn derive_child(seed: &Seed, path: &str) -> Result<DerivedKeyPair, Error> {
[INFO] [stdout]     |        ^^^^^^^^^^^^
[INFO] [stdout] 
[INFO] [stdout] 
[INFO] [stdout] warning: function `validate_bip_44_path` is never used
[INFO] [stdout]    --> src/wallet/core.rs:316:4
[INFO] [stdout]     |
[INFO] [stdout] 316 | fn validate_bip_44_path(path: &str) -> Result<(), Error> {
[INFO] [stdout]     |    ^^^^^^^^^^^^^^^^^^^^
[INFO] [stdout] 
[INFO] [stdout] 
[INFO] [stdout] warning: function `new_account` is never used
[INFO] [stdout]    --> src/wallet/core.rs:341:4
[INFO] [stdout]     |
[INFO] [stdout] 341 | fn new_account(accounts: &mut Accounts, account_name: &str) -> Result<u32> {
[INFO] [stdout]     |    ^^^^^^^^^^^
[INFO] [stdout] 
[INFO] [stdout] 
[INFO] [stdout] warning: function `establish_web3_connection` is never used
[INFO] [stdout]   --> src/wallet/evm.rs:11:14
[INFO] [stdout]    |
[INFO] [stdout] 11 | pub async fn establish_web3_connection(url: &str) -> Result<Web3<WebSocket>> {
[INFO] [stdout]    |              ^^^^^^^^^^^^^^^^^^^^^^^^^
[INFO] [stdout] 
[INFO] [stdout] 
[INFO] [stdout] warning: function `sign_and_send` is never used
[INFO] [stdout]   --> src/wallet/evm.rs:16:14
[INFO] [stdout]    |
[INFO] [stdout] 16 | pub async fn sign_and_send(
[INFO] [stdout]    |              ^^^^^^^^^^^^^
[INFO] [stdout] 
[INFO] [stdout] 
[INFO] [stdout] warning: function `to_checksum_address` is never used
[INFO] [stdout]   --> src/wallet/evm.rs:32:8
[INFO] [stdout]    |
[INFO] [stdout] 32 | pub fn to_checksum_address(address: &Address) -> String {
[INFO] [stdout]    |        ^^^^^^^^^^^^^^^^^^^
[INFO] [stdout] 
[INFO] [stdout] 
[INFO] [stdout] warning: function `uncompress_pub_key` is never used
[INFO] [stdout]   --> src/wallet/evm.rs:55:8
[INFO] [stdout]    |
[INFO] [stdout] 55 | pub fn uncompress_pub_key(compressed_pubkey: [u8; 33]) -> [u8; 65] {
[INFO] [stdout]    |        ^^^^^^^^^^^^^^^^^^
[INFO] [stdout] 
[INFO] [stdout] 
[INFO] [stdout] warning: function `address_from_pubkey` is never used
[INFO] [stdout]   --> src/wallet/evm.rs:62:8
[INFO] [stdout]    |
[INFO] [stdout] 62 | pub fn address_from_pubkey(pub_key: [u8; 65]) -> Address {
[INFO] [stdout]    |        ^^^^^^^^^^^^^^^^^^^
[INFO] [stdout] 
[INFO] [stdout] 
[INFO] [stdout] warning: function `wei_to_eth` is never used
[INFO] [stdout]  --> src/wallet/utils.rs:7:8
[INFO] [stdout]   |
[INFO] [stdout] 7 | pub fn wei_to_eth(wei_val: U256) -> f64 {
[INFO] [stdout]   |        ^^^^^^^^^^
[INFO] [stdout] 
[INFO] [stdout] 
[INFO] [stdout] warning: function `eth_to_wei` is never used
[INFO] [stdout]   --> src/wallet/utils.rs:12:8
[INFO] [stdout]    |
[INFO] [stdout] 12 | pub fn eth_to_wei(eth_val: f64) -> U256 {
[INFO] [stdout]    |        ^^^^^^^^^^
[INFO] [stdout] 
[INFO] [stdout] 
[INFO] [stdout] warning: constant `INVALID_PARITY_ON_COMPRESSED_KEY` is never used
[INFO] [stdout]  --> src/wallet/wallet_bitcoin.rs:5:7
[INFO] [stdout]   |
[INFO] [stdout] 5 | const INVALID_PARITY_ON_COMPRESSED_KEY: &str = "invalid parity on compressed key";
[INFO] [stdout]   |       ^^^^^^^^^^^^^^^^^^^^^^^^^^^^^^^^
[INFO] [stdout] 
[INFO] [stdout] 
[INFO] [stdout] warning: function `address_from_compressed_pub_key` is never used
[INFO] [stdout]  --> src/wallet/wallet_bitcoin.rs:7:8
[INFO] [stdout]   |
[INFO] [stdout] 7 | pub fn address_from_compressed_pub_key(pub_key: [u8; 33], network: Network) -> Result<Address> {
[INFO] [stdout]   |        ^^^^^^^^^^^^^^^^^^^^^^^^^^^^^^^
[INFO] [stdout] 
[INFO] [stdout] 
[INFO] [stdout] warning: function `parity_from_u8` is never used
[INFO] [stdout]   --> src/wallet/wallet_bitcoin.rs:19:4
[INFO] [stdout]    |
[INFO] [stdout] 19 | fn parity_from_u8(int: u8) -> Result<Parity, Error> {
[INFO] [stdout]    |    ^^^^^^^^^^^^^^
[INFO] [stdout] 
[INFO] [stdout] 
[INFO] [stdout] warning: 30 warnings emitted
[INFO] [stdout] 
[INFO] [stdout] 
[INFO] [stdout] warning: unused import: `hex::ToHex`
[INFO] [stdout]  --> src/wallet/core.rs:8:5
[INFO] [stdout]   |
[INFO] [stdout] 8 | use hex::ToHex;
[INFO] [stdout]   |     ^^^^^^^^^^
[INFO] [stdout]   |
[INFO] [stdout]   = note: `#[warn(unused_imports)]` on by default
[INFO] [stdout] 
[INFO] [stdout] 
[INFO] [stdout] warning: unused import: `Error`
[INFO] [stdout]  --> src/wallet/evm.rs:1:14
[INFO] [stdout]   |
[INFO] [stdout] 1 | use anyhow::{Error, Result};
[INFO] [stdout]   |              ^^^^^
[INFO] [stdout] 
[INFO] [stdout] 
[INFO] [stdout] warning: unused import: `rand::rngs::OsRng`
[INFO] [stdout]  --> src/wallet/utils.rs:1:5
[INFO] [stdout]   |
[INFO] [stdout] 1 | use rand::rngs::OsRng;
[INFO] [stdout]   |     ^^^^^^^^^^^^^^^^^
[INFO] [stdout] 
[INFO] [stdout] 
[INFO] [stdout] warning: unused imports: `PublicKey`, `Secp256k1`, `SecretKey`
[INFO] [stdout]  --> src/wallet/utils.rs:2:17
[INFO] [stdout]   |
[INFO] [stdout] 2 | use secp256k1::{PublicKey, Secp256k1, SecretKey};
[INFO] [stdout]   |                 ^^^^^^^^^  ^^^^^^^^^  ^^^^^^^^^
[INFO] [stdout] 
[INFO] [stdout] 
[INFO] [stdout] warning: unused import: `tiny_keccak::keccak256`
[INFO] [stdout]  --> src/wallet/utils.rs:3:5
[INFO] [stdout]   |
[INFO] [stdout] 3 | use tiny_keccak::keccak256;
[INFO] [stdout]   |     ^^^^^^^^^^^^^^^^^^^^^^
[INFO] [stdout] 
[INFO] [stdout] 
[INFO] [stdout] warning: unused import: `web3::types::Address`
[INFO] [stdout]  --> src/wallet/utils.rs:4:5
[INFO] [stdout]   |
[INFO] [stdout] 4 | use web3::types::Address;
[INFO] [stdout]   |     ^^^^^^^^^^^^^^^^^^^^
[INFO] [stdout] 
[INFO] [stdout] 
[INFO] [stdout] warning: unused import: `anyhow::Result`
[INFO] [stdout]  --> src/main.rs:6:5
[INFO] [stdout]   |
[INFO] [stdout] 6 | use anyhow::Result;
[INFO] [stdout]   |     ^^^^^^^^^^^^^^
[INFO] [stdout] 
[INFO] [stdout] 
[INFO] [stdout] warning: unused import: `address_from_pubkey`
[INFO] [stdout]   --> src/main.rs:15:11
[INFO] [stdout]    |
[INFO] [stdout] 15 |     evm::{address_from_pubkey, establish_web3_connection},
[INFO] [stdout]    |           ^^^^^^^^^^^^^^^^^^^
[INFO] [stdout] 
[INFO] [stdout] 
[INFO] [stdout] warning: unused import: `std::u64`
[INFO] [stdout]  --> tests/core.rs:3:9
[INFO] [stdout]   |
[INFO] [stdout] 3 |     use std::u64;
[INFO] [stdout]   |         ^^^^^^^^
[INFO] [stdout]   |
[INFO] [stdout]   = note: `#[warn(unused_imports)]` on by default
[INFO] [stdout] 
[INFO] [stdout] 
[INFO] [stdout] warning: unused import: `rand::RngCore`
[INFO] [stdout]  --> tests/core.rs:6:9
[INFO] [stdout]   |
[INFO] [stdout] 6 |     use rand::RngCore;
[INFO] [stdout]   |         ^^^^^^^^^^^^^
[INFO] [stdout] 
[INFO] [stdout] 
[INFO] [stdout] warning: unused imports: `Rng`, `SeedableRng`
[INFO] [stdout]  --> tests/core.rs:7:27
[INFO] [stdout]   |
[INFO] [stdout] 7 |     use secp256k1::rand::{Rng, SeedableRng};
[INFO] [stdout]   |                           ^^^  ^^^^^^^^^^^
[INFO] [stdout] 
[INFO] [stdout] 
[INFO] [stdout] warning: unused variable: `public_key`
[INFO] [stdout]   --> tests/core.rs:34:13
[INFO] [stdout]    |
[INFO] [stdout] 34 |         let public_key = PublicKey::from_secret_key(&secp, &secret_key);
[INFO] [stdout]    |             ^^^^^^^^^^ help: if this is intentional, prefix it with an underscore: `_public_key`
[INFO] [stdout]    |
[INFO] [stdout]    = note: `#[warn(unused_variables)]` on by default
[INFO] [stdout] 
[INFO] [stdout] 
[INFO] [stdout] warning: unused variable: `public_key`
[INFO] [stdout]   --> tests/core.rs:52:13
[INFO] [stdout]    |
[INFO] [stdout] 52 |         let public_key = PublicKey::from_secret_key(&secp, &secret_key);
[INFO] [stdout]    |             ^^^^^^^^^^ help: if this is intentional, prefix it with an underscore: `_public_key`
[INFO] [stdout] 
[INFO] [stdout] 
[INFO] [stdout] warning: unused import: `hex::ToHex`
[INFO] [stdout]  --> src/wallet/core.rs:8:5
[INFO] [stdout]   |
[INFO] [stdout] 8 | use hex::ToHex;
[INFO] [stdout]   |     ^^^^^^^^^^
[INFO] [stdout]   |
[INFO] [stdout]   = note: `#[warn(unused_imports)]` on by default
[INFO] [stdout] 
[INFO] [stdout] 
[INFO] [stdout] warning: unused variable: `wallet`
[INFO] [stdout]   --> tests/core.rs:53:13
[INFO] [stdout]    |
[INFO] [stdout] 53 |         let wallet = Wallet::new();
[INFO] [stdout]    |             ^^^^^^ help: if this is intentional, prefix it with an underscore: `_wallet`
[INFO] [stdout] 
[INFO] [stdout] 
[INFO] [stdout] warning: unused import: `Error`
[INFO] [stdout]  --> src/wallet/evm.rs:1:14
[INFO] [stdout]   |
[INFO] [stdout] 1 | use anyhow::{Error, Result};
[INFO] [stdout]   |              ^^^^^
[INFO] [stdout] 
[INFO] [stdout] 
[INFO] [stdout] warning: unused import: `rand::rngs::OsRng`
[INFO] [stdout]  --> src/wallet/utils.rs:1:5
[INFO] [stdout]   |
[INFO] [stdout] 1 | use rand::rngs::OsRng;
[INFO] [stdout]   |     ^^^^^^^^^^^^^^^^^
[INFO] [stdout] 
[INFO] [stdout] 
[INFO] [stdout] warning: unused imports: `PublicKey`, `Secp256k1`, `SecretKey`
[INFO] [stdout]  --> src/wallet/utils.rs:2:17
[INFO] [stdout]   |
[INFO] [stdout] 2 | use secp256k1::{PublicKey, Secp256k1, SecretKey};
[INFO] [stdout]   |                 ^^^^^^^^^  ^^^^^^^^^  ^^^^^^^^^
[INFO] [stdout] 
[INFO] [stdout] 
[INFO] [stdout] warning: unused import: `tiny_keccak::keccak256`
[INFO] [stdout]  --> src/wallet/utils.rs:3:5
[INFO] [stdout]   |
[INFO] [stdout] 3 | use tiny_keccak::keccak256;
[INFO] [stdout]   |     ^^^^^^^^^^^^^^^^^^^^^^
[INFO] [stdout] 
[INFO] [stdout] 
[INFO] [stdout] warning: unused import: `web3::types::Address`
[INFO] [stdout]  --> src/wallet/utils.rs:4:5
[INFO] [stdout]   |
[INFO] [stdout] 4 | use web3::types::Address;
[INFO] [stdout]   |     ^^^^^^^^^^^^^^^^^^^^
[INFO] [stdout] 
[INFO] [stdout] 
[INFO] [stdout] warning: unused variable: `secp`
[INFO] [stdout]   --> src/wallet/evm.rs:56:9
[INFO] [stdout]    |
[INFO] [stdout] 56 |     let secp = Secp256k1::new();
[INFO] [stdout]    |         ^^^^ help: if this is intentional, prefix it with an underscore: `_secp`
[INFO] [stdout]    |
[INFO] [stdout]    = note: `#[warn(unused_variables)]` on by default
[INFO] [stdout] 
[INFO] [stdout] 
[INFO] [stdout] warning: method `test_connection` is never used
[INFO] [stdout]   --> src/main.rs:50:14
[INFO] [stdout]    |
[INFO] [stdout] 37 | impl WoletState {
[INFO] [stdout]    | --------------- method in this implementation
[INFO] [stdout] ...
[INFO] [stdout] 50 |     async fn test_connection(&mut self) {
[INFO] [stdout]    |              ^^^^^^^^^^^^^^^
[INFO] [stdout]    |
[INFO] [stdout]    = note: `#[warn(dead_code)]` on by default
[INFO] [stdout] 
[INFO] [stdout] 
[INFO] [stdout] warning: constant `INVALID_BIP44_PATH_FORMT` is never used
[INFO] [stdout]   --> src/wallet/core.rs:21:7
[INFO] [stdout]    |
[INFO] [stdout] 21 | const INVALID_BIP44_PATH_FORMT: &str = "invalid bip44 path format";
[INFO] [stdout]    |       ^^^^^^^^^^^^^^^^^^^^^^^^
[INFO] [stdout] 
[INFO] [stdout] 
[INFO] [stdout] warning: constant `UNHARDENED_KEY` is never used
[INFO] [stdout]   --> src/wallet/core.rs:22:7
[INFO] [stdout]    |
[INFO] [stdout] 22 | const UNHARDENED_KEY: &str = "must harden child key";
[INFO] [stdout]    |       ^^^^^^^^^^^^^^
[INFO] [stdout] 
[INFO] [stdout] 
[INFO] [stdout] warning: constant `INVALID_WALLET_PATH` is never used
[INFO] [stdout]   --> src/wallet/core.rs:23:7
[INFO] [stdout]    |
[INFO] [stdout] 23 | const INVALID_WALLET_PATH: &str = "invalid wallet path for current state";
[INFO] [stdout]    |       ^^^^^^^^^^^^^^^^^^^
[INFO] [stdout] 
[INFO] [stdout] 
[INFO] [stdout] warning: methods `show_mnemonic`, `new_account`, and `new_address` are never used
[INFO] [stdout]    --> src/wallet/core.rs:135:12
[INFO] [stdout]     |
[INFO] [stdout] 105 | impl Wallet {
[INFO] [stdout]     | ----------- methods in this implementation
[INFO] [stdout] ...
[INFO] [stdout] 135 |     pub fn show_mnemonic(&self) -> Result<String> {
[INFO] [stdout]     |            ^^^^^^^^^^^^^
[INFO] [stdout] ...
[INFO] [stdout] 183 |     pub fn new_account(&mut self, coin: CoinType, account_name: &str) -> Result<u32> {
[INFO] [stdout]     |            ^^^^^^^^^^^
[INFO] [stdout] ...
[INFO] [stdout] 205 |     pub fn new_address(&mut self, prms: NewAddressParams) -> Result<()> {
[INFO] [stdout]     |            ^^^^^^^^^^^
[INFO] [stdout] 
[INFO] [stdout] 
[INFO] [stdout] warning: function `mnemonic_as_seed` is never used
[INFO] [stdout]    --> src/wallet/core.rs:285:4
[INFO] [stdout]     |
[INFO] [stdout] 285 | fn mnemonic_as_seed(mnemonic: [u8; 32], maybe_passphrase: Option<&str>) -> Seed {
[INFO] [stdout]     |    ^^^^^^^^^^^^^^^^
[INFO] [stdout] 
[INFO] [stdout] 
[INFO] [stdout] warning: struct `NewAddressParams` is never constructed
[INFO] [stdout]    --> src/wallet/core.rs:290:12
[INFO] [stdout]     |
[INFO] [stdout] 290 | pub struct NewAddressParams {
[INFO] [stdout]     |            ^^^^^^^^^^^^^^^^
[INFO] [stdout] 
[INFO] [stdout] 
[INFO] [stdout] warning: struct `DerivedKeyPair` is never constructed
[INFO] [stdout]    --> src/wallet/core.rs:302:12
[INFO] [stdout]     |
[INFO] [stdout] 302 | pub struct DerivedKeyPair {
[INFO] [stdout]     |            ^^^^^^^^^^^^^^
[INFO] [stdout] 
[INFO] [stdout] 
[INFO] [stdout] warning: function `derive_child` is never used
[INFO] [stdout]    --> src/wallet/core.rs:307:8
[INFO] [stdout]     |
[INFO] [stdout] 307 | pub fn derive_child(seed: &Seed, path: &str) -> Result<DerivedKeyPair, Error> {
[INFO] [stdout]     |        ^^^^^^^^^^^^
[INFO] [stdout] 
[INFO] [stdout] 
[INFO] [stdout] warning: function `validate_bip_44_path` is never used
[INFO] [stdout]    --> src/wallet/core.rs:316:4
[INFO] [stdout]     |
[INFO] [stdout] 316 | fn validate_bip_44_path(path: &str) -> Result<(), Error> {
[INFO] [stdout]     |    ^^^^^^^^^^^^^^^^^^^^
[INFO] [stdout] 
[INFO] [stdout] 
[INFO] [stdout] warning: function `new_account` is never used
[INFO] [stdout]    --> src/wallet/core.rs:341:4
[INFO] [stdout]     |
[INFO] [stdout] 341 | fn new_account(accounts: &mut Accounts, account_name: &str) -> Result<u32> {
[INFO] [stdout]     |    ^^^^^^^^^^^
[INFO] [stdout] 
[INFO] [stdout] 
[INFO] [stdout] warning: function `establish_web3_connection` is never used
[INFO] [stdout]   --> src/wallet/evm.rs:11:14
[INFO] [stdout]    |
[INFO] [stdout] 11 | pub async fn establish_web3_connection(url: &str) -> Result<Web3<WebSocket>> {
[INFO] [stdout]    |              ^^^^^^^^^^^^^^^^^^^^^^^^^
[INFO] [stdout] 
[INFO] [stdout] 
[INFO] [stdout] warning: function `sign_and_send` is never used
[INFO] [stdout]   --> src/wallet/evm.rs:16:14
[INFO] [stdout]    |
[INFO] [stdout] 16 | pub async fn sign_and_send(
[INFO] [stdout]    |              ^^^^^^^^^^^^^
[INFO] [stdout] 
[INFO] [stdout] 
[INFO] [stdout] warning: function `to_checksum_address` is never used
[INFO] [stdout]   --> src/wallet/evm.rs:32:8
[INFO] [stdout]    |
[INFO] [stdout] 32 | pub fn to_checksum_address(address: &Address) -> String {
[INFO] [stdout]    |        ^^^^^^^^^^^^^^^^^^^
[INFO] [stdout] 
[INFO] [stdout] 
[INFO] [stdout] warning: function `uncompress_pub_key` is never used
[INFO] [stdout]   --> src/wallet/evm.rs:55:8
[INFO] [stdout]    |
[INFO] [stdout] 55 | pub fn uncompress_pub_key(compressed_pubkey: [u8; 33]) -> [u8; 65] {
[INFO] [stdout]    |        ^^^^^^^^^^^^^^^^^^
[INFO] [stdout] 
[INFO] [stdout] 
[INFO] [stdout] warning: function `address_from_pubkey` is never used
[INFO] [stdout]   --> src/wallet/evm.rs:62:8
[INFO] [stdout]    |
[INFO] [stdout] 62 | pub fn address_from_pubkey(pub_key: [u8; 65]) -> Address {
[INFO] [stdout]    |        ^^^^^^^^^^^^^^^^^^^
[INFO] [stdout] 
[INFO] [stdout] 
[INFO] [stdout] warning: function `wei_to_eth` is never used
[INFO] [stdout]  --> src/wallet/utils.rs:7:8
[INFO] [stdout]   |
[INFO] [stdout] 7 | pub fn wei_to_eth(wei_val: U256) -> f64 {
[INFO] [stdout]   |        ^^^^^^^^^^
[INFO] [stdout] 
[INFO] [stdout] 
[INFO] [stdout] warning: function `eth_to_wei` is never used
[INFO] [stdout]   --> src/wallet/utils.rs:12:8
[INFO] [stdout]    |
[INFO] [stdout] 12 | pub fn eth_to_wei(eth_val: f64) -> U256 {
[INFO] [stdout]    |        ^^^^^^^^^^
[INFO] [stdout] 
[INFO] [stdout] 
[INFO] [stdout] warning: constant `INVALID_PARITY_ON_COMPRESSED_KEY` is never used
[INFO] [stdout]  --> src/wallet/wallet_bitcoin.rs:5:7
[INFO] [stdout]   |
[INFO] [stdout] 5 | const INVALID_PARITY_ON_COMPRESSED_KEY: &str = "invalid parity on compressed key";
[INFO] [stdout]   |       ^^^^^^^^^^^^^^^^^^^^^^^^^^^^^^^^
[INFO] [stdout] 
[INFO] [stdout] 
[INFO] [stdout] warning: function `address_from_compressed_pub_key` is never used
[INFO] [stdout]  --> src/wallet/wallet_bitcoin.rs:7:8
[INFO] [stdout]   |
[INFO] [stdout] 7 | pub fn address_from_compressed_pub_key(pub_key: [u8; 33], network: Network) -> Result<Address> {
[INFO] [stdout]   |        ^^^^^^^^^^^^^^^^^^^^^^^^^^^^^^^
[INFO] [stdout] 
[INFO] [stdout] 
[INFO] [stdout] warning: function `parity_from_u8` is never used
[INFO] [stdout]   --> src/wallet/wallet_bitcoin.rs:19:4
[INFO] [stdout]    |
[INFO] [stdout] 19 | fn parity_from_u8(int: u8) -> Result<Parity, Error> {
[INFO] [stdout]    |    ^^^^^^^^^^^^^^
[INFO] [stdout] 
[INFO] [stdout] 
[INFO] [stdout] warning: unused variable: `secp`
[INFO] [stdout]   --> src/wallet/evm.rs:56:9
[INFO] [stdout]    |
[INFO] [stdout] 56 |     let secp = Secp256k1::new();
[INFO] [stdout]    |         ^^^^ help: if this is intentional, prefix it with an underscore: `_secp`
[INFO] [stdout]    |
[INFO] [stdout]    = note: `#[warn(unused_variables)]` on by default
[INFO] [stdout] 
[INFO] [stdout] 
[INFO] [stdout] warning: constant `UNHARDENED_KEY` is never used
[INFO] [stdout]   --> src/wallet/core.rs:22:7
[INFO] [stdout]    |
[INFO] [stdout] 22 | const UNHARDENED_KEY: &str = "must harden child key";
[INFO] [stdout]    |       ^^^^^^^^^^^^^^
[INFO] [stdout]    |
[INFO] [stdout]    = note: `#[warn(dead_code)]` on by default
[INFO] [stdout] 
[INFO] [stdout] 
[INFO] [stdout] warning: 30 warnings emitted
[INFO] [stdout] 
[INFO] [stdout] 
[INFO] [stdout] warning: 8 warnings emitted
[INFO] [stdout] 
[INFO] [stdout] 
[INFO] [stdout] warning: 6 warnings emitted
[INFO] [stdout] 
[INFO] [stdout] 
[INFO] [stderr]     Finished test [unoptimized + debuginfo] target(s) in 5.40s
[INFO] [stderr] warning: the following packages contain code that will be rejected by a future version of Rust: rustc-serialize v0.3.24
[INFO] [stderr] note: to see what the problems were, use the option `--future-incompat-report`, or run `cargo report future-incompatibilities --id 1`
[INFO] running `Command { std: "docker" "inspect" "6bb31e97b47e78d9763bec51163c3690fda14ce9f6f90b422b122f84cae8b841", kill_on_drop: false }`
[INFO] running `Command { std: "docker" "rm" "-f" "6bb31e97b47e78d9763bec51163c3690fda14ce9f6f90b422b122f84cae8b841", kill_on_drop: false }`
[INFO] [stdout] 6bb31e97b47e78d9763bec51163c3690fda14ce9f6f90b422b122f84cae8b841
[INFO] running `Command { std: "docker" "create" "-v" "/var/lib/crater-agent-workspace/builds/worker-5-tc1/target:/opt/rustwide/target:rw,Z" "-v" "/var/lib/crater-agent-workspace/builds/worker-5-tc1/source:/opt/rustwide/workdir:ro,Z" "-v" "/var/lib/crater-agent-workspace/cargo-home:/opt/rustwide/cargo-home:ro,Z" "-v" "/var/lib/crater-agent-workspace/rustup-home:/opt/rustwide/rustup-home:ro,Z" "-e" "SOURCE_DIR=/opt/rustwide/workdir" "-e" "CARGO_TARGET_DIR=/opt/rustwide/target" "-e" "CARGO_INCREMENTAL=0" "-e" "RUST_BACKTRACE=full" "-e" "RUSTFLAGS=--cap-lints=warn" "-e" "RUSTDOCFLAGS=--cap-lints=warn" "-e" "CARGO_HOME=/opt/rustwide/cargo-home" "-e" "RUSTUP_HOME=/opt/rustwide/rustup-home" "-w" "/opt/rustwide/workdir" "-m" "1610612736" "--user" "0:0" "--network" "none" "ghcr.io/rust-lang/crates-build-env/linux@sha256:2788e3201cd34a07e3172128adcd8b3090168a8e3bcc40d7c032b9dda1df7d1c" "/opt/rustwide/cargo-home/bin/cargo" "+1.75.0" "test" "--frozen", kill_on_drop: false }`
[INFO] [stdout] 0765b7839a6d6e2749fc3b1f28237acb967640e396649a44f9994239921528af
[INFO] running `Command { std: "docker" "start" "-a" "0765b7839a6d6e2749fc3b1f28237acb967640e396649a44f9994239921528af", kill_on_drop: false }`
[INFO] [stderr] warning: unused import: `hex::ToHex`
[INFO] [stderr]  --> src/wallet/core.rs:8:5
[INFO] [stderr]   |
[INFO] [stderr] 8 | use hex::ToHex;
[INFO] [stderr]   |     ^^^^^^^^^^
[INFO] [stderr]   |
[INFO] [stderr]   = note: `#[warn(unused_imports)]` on by default
[INFO] [stderr] 
[INFO] [stderr] warning: unused import: `Error`
[INFO] [stderr]  --> src/wallet/evm.rs:1:14
[INFO] [stderr]   |
[INFO] [stderr] 1 | use anyhow::{Error, Result};
[INFO] [stderr]   |              ^^^^^
[INFO] [stderr] 
[INFO] [stderr] warning: unused import: `rand::rngs::OsRng`
[INFO] [stderr]  --> src/wallet/utils.rs:1:5
[INFO] [stderr]   |
[INFO] [stderr] 1 | use rand::rngs::OsRng;
[INFO] [stderr]   |     ^^^^^^^^^^^^^^^^^
[INFO] [stderr] 
[INFO] [stderr] warning: unused imports: `PublicKey`, `Secp256k1`, `SecretKey`
[INFO] [stderr]  --> src/wallet/utils.rs:2:17
[INFO] [stderr]   |
[INFO] [stderr] 2 | use secp256k1::{PublicKey, Secp256k1, SecretKey};
[INFO] [stderr]   |                 ^^^^^^^^^  ^^^^^^^^^  ^^^^^^^^^
[INFO] [stderr] 
[INFO] [stderr] warning: unused import: `tiny_keccak::keccak256`
[INFO] [stderr]  --> src/wallet/utils.rs:3:5
[INFO] [stderr]   |
[INFO] [stderr] 3 | use tiny_keccak::keccak256;
[INFO] [stderr]   |     ^^^^^^^^^^^^^^^^^^^^^^
[INFO] [stderr] 
[INFO] [stderr] warning: unused import: `web3::types::Address`
[INFO] [stderr]  --> src/wallet/utils.rs:4:5
[INFO] [stderr]   |
[INFO] [stderr] 4 | use web3::types::Address;
[INFO] [stderr]   |     ^^^^^^^^^^^^^^^^^^^^
[INFO] [stderr] 
[INFO] [stderr] warning: unused variable: `secp`
[INFO] [stderr]   --> src/wallet/evm.rs:56:9
[INFO] [stderr]    |
[INFO] [stderr] 56 |     let secp = Secp256k1::new();
[INFO] [stderr]    |         ^^^^ help: if this is intentional, prefix it with an underscore: `_secp`
[INFO] [stderr]    |
[INFO] [stderr]    = note: `#[warn(unused_variables)]` on by default
[INFO] [stderr] 
[INFO] [stderr] warning: constant `UNHARDENED_KEY` is never used
[INFO] [stderr]   --> src/wallet/core.rs:22:7
[INFO] [stderr]    |
[INFO] [stderr] 22 | const UNHARDENED_KEY: &str = "must harden child key";
[INFO] [stderr]    |       ^^^^^^^^^^^^^^
[INFO] [stderr]    |
[INFO] [stderr]    = note: `#[warn(dead_code)]` on by default
[INFO] [stderr] 
[INFO] [stderr] warning: `cryptowallet` (lib) generated 8 warnings (run `cargo fix --lib -p cryptowallet` to apply 7 suggestions)
[INFO] [stderr] warning: `cryptowallet` (lib test) generated 8 warnings (8 duplicates)
[INFO] [stderr] warning: unused import: `anyhow::Result`
[INFO] [stderr]  --> src/main.rs:6:5
[INFO] [stderr]   |
[INFO] [stderr] 6 | use anyhow::Result;
[INFO] [stderr]   |     ^^^^^^^^^^^^^^
[INFO] [stderr] 
[INFO] [stderr] warning: unused import: `address_from_pubkey`
[INFO] [stderr]   --> src/main.rs:15:11
[INFO] [stderr]    |
[INFO] [stderr] 15 |     evm::{address_from_pubkey, establish_web3_connection},
[INFO] [stderr]    |           ^^^^^^^^^^^^^^^^^^^
[INFO] [stderr] 
[INFO] [stderr] warning: method `test_connection` is never used
[INFO] [stderr]   --> src/main.rs:50:14
[INFO] [stderr]    |
[INFO] [stderr] 37 | impl WoletState {
[INFO] [stderr]    | --------------- method in this implementation
[INFO] [stderr] ...
[INFO] [stderr] 50 |     async fn test_connection(&mut self) {
[INFO] [stderr]    |              ^^^^^^^^^^^^^^^
[INFO] [stderr]    |
[INFO] [stderr]    = note: `#[warn(dead_code)]` on by default
[INFO] [stderr] 
[INFO] [stderr] warning: constant `INVALID_BIP44_PATH_FORMT` is never used
[INFO] [stderr]   --> src/wallet/core.rs:21:7
[INFO] [stderr]    |
[INFO] [stderr] 21 | const INVALID_BIP44_PATH_FORMT: &str = "invalid bip44 path format";
[INFO] [stderr]    |       ^^^^^^^^^^^^^^^^^^^^^^^^
[INFO] [stderr] 
[INFO] [stderr] warning: constant `UNHARDENED_KEY` is never used
[INFO] [stderr]   --> src/wallet/core.rs:22:7
[INFO] [stderr]    |
[INFO] [stderr] 22 | const UNHARDENED_KEY: &str = "must harden child key";
[INFO] [stderr]    |       ^^^^^^^^^^^^^^
[INFO] [stderr] 
[INFO] [stderr] warning: constant `INVALID_WALLET_PATH` is never used
[INFO] [stderr]   --> src/wallet/core.rs:23:7
[INFO] [stderr]    |
[INFO] [stderr] 23 | const INVALID_WALLET_PATH: &str = "invalid wallet path for current state";
[INFO] [stderr]    |       ^^^^^^^^^^^^^^^^^^^
[INFO] [stderr] 
[INFO] [stderr] warning: methods `show_mnemonic`, `new_account`, and `new_address` are never used
[INFO] [stderr]    --> src/wallet/core.rs:135:12
[INFO] [stderr]     |
[INFO] [stderr] 105 | impl Wallet {
[INFO] [stderr]     | ----------- methods in this implementation
[INFO] [stderr] ...
[INFO] [stderr] 135 |     pub fn show_mnemonic(&self) -> Result<String> {
[INFO] [stderr]     |            ^^^^^^^^^^^^^
[INFO] [stderr] ...
[INFO] [stderr] 183 |     pub fn new_account(&mut self, coin: CoinType, account_name: &str) -> Result<u32> {
[INFO] [stderr]     |            ^^^^^^^^^^^
[INFO] [stderr] ...
[INFO] [stderr] 205 |     pub fn new_address(&mut self, prms: NewAddressParams) -> Result<()> {
[INFO] [stderr]     |            ^^^^^^^^^^^
[INFO] [stderr] 
[INFO] [stderr] warning: function `mnemonic_as_seed` is never used
[INFO] [stderr]    --> src/wallet/core.rs:285:4
[INFO] [stderr]     |
[INFO] [stderr] 285 | fn mnemonic_as_seed(mnemonic: [u8; 32], maybe_passphrase: Option<&str>) -> Seed {
[INFO] [stderr]     |    ^^^^^^^^^^^^^^^^
[INFO] [stderr] 
[INFO] [stderr] warning: struct `NewAddressParams` is never constructed
[INFO] [stderr]    --> src/wallet/core.rs:290:12
[INFO] [stderr]     |
[INFO] [stderr] 290 | pub struct NewAddressParams {
[INFO] [stderr]     |            ^^^^^^^^^^^^^^^^
[INFO] [stderr] 
[INFO] [stderr] warning: struct `DerivedKeyPair` is never constructed
[INFO] [stderr]    --> src/wallet/core.rs:302:12
[INFO] [stderr]     |
[INFO] [stderr] 302 | pub struct DerivedKeyPair {
[INFO] [stderr]     |            ^^^^^^^^^^^^^^
[INFO] [stderr] 
[INFO] [stderr] warning: function `derive_child` is never used
[INFO] [stderr]    --> src/wallet/core.rs:307:8
[INFO] [stderr]     |
[INFO] [stderr] 307 | pub fn derive_child(seed: &Seed, path: &str) -> Result<DerivedKeyPair, Error> {
[INFO] [stderr]     |        ^^^^^^^^^^^^
[INFO] [stderr] 
[INFO] [stderr] warning: function `validate_bip_44_path` is never used
[INFO] [stderr]    --> src/wallet/core.rs:316:4
[INFO] [stderr]     |
[INFO] [stderr] 316 | fn validate_bip_44_path(path: &str) -> Result<(), Error> {
[INFO] [stderr]     |    ^^^^^^^^^^^^^^^^^^^^
[INFO] [stderr] 
[INFO] [stderr] warning: function `new_account` is never used
[INFO] [stderr]    --> src/wallet/core.rs:341:4
[INFO] [stderr]     |
[INFO] [stderr] 341 | fn new_account(accounts: &mut Accounts, account_name: &str) -> Result<u32> {
[INFO] [stderr]     |    ^^^^^^^^^^^
[INFO] [stderr] 
[INFO] [stderr] warning: function `establish_web3_connection` is never used
[INFO] [stderr]   --> src/wallet/evm.rs:11:14
[INFO] [stderr]    |
[INFO] [stderr] 11 | pub async fn establish_web3_connection(url: &str) -> Result<Web3<WebSocket>> {
[INFO] [stderr]    |              ^^^^^^^^^^^^^^^^^^^^^^^^^
[INFO] [stderr] 
[INFO] [stderr] warning: function `sign_and_send` is never used
[INFO] [stderr]   --> src/wallet/evm.rs:16:14
[INFO] [stderr]    |
[INFO] [stderr] 16 | pub async fn sign_and_send(
[INFO] [stderr]    |              ^^^^^^^^^^^^^
[INFO] [stderr] 
[INFO] [stderr] warning: function `to_checksum_address` is never used
[INFO] [stderr]   --> src/wallet/evm.rs:32:8
[INFO] [stderr]    |
[INFO] [stderr] 32 | pub fn to_checksum_address(address: &Address) -> String {
[INFO] [stderr]    |        ^^^^^^^^^^^^^^^^^^^
[INFO] [stderr] 
[INFO] [stderr] warning: function `uncompress_pub_key` is never used
[INFO] [stderr]   --> src/wallet/evm.rs:55:8
[INFO] [stderr]    |
[INFO] [stderr] 55 | pub fn uncompress_pub_key(compressed_pubkey: [u8; 33]) -> [u8; 65] {
[INFO] [stderr]    |        ^^^^^^^^^^^^^^^^^^
[INFO] [stderr] 
[INFO] [stderr] warning: function `address_from_pubkey` is never used
[INFO] [stderr]   --> src/wallet/evm.rs:62:8
[INFO] [stderr]    |
[INFO] [stderr] 62 | pub fn address_from_pubkey(pub_key: [u8; 65]) -> Address {
[INFO] [stderr]    |        ^^^^^^^^^^^^^^^^^^^
[INFO] [stderr] 
[INFO] [stderr] warning: function `wei_to_eth` is never used
[INFO] [stderr]  --> src/wallet/utils.rs:7:8
[INFO] [stderr]   |
[INFO] [stderr] 7 | pub fn wei_to_eth(wei_val: U256) -> f64 {
[INFO] [stderr]   |        ^^^^^^^^^^
[INFO] [stderr] 
[INFO] [stderr] warning: function `eth_to_wei` is never used
[INFO] [stderr]   --> src/wallet/utils.rs:12:8
[INFO] [stderr]    |
[INFO] [stderr] 12 | pub fn eth_to_wei(eth_val: f64) -> U256 {
[INFO] [stderr]    |        ^^^^^^^^^^
[INFO] [stderr] 
[INFO] [stderr] warning: constant `INVALID_PARITY_ON_COMPRESSED_KEY` is never used
[INFO] [stderr]  --> src/wallet/wallet_bitcoin.rs:5:7
[INFO] [stderr]   |
[INFO] [stderr] 5 | const INVALID_PARITY_ON_COMPRESSED_KEY: &str = "invalid parity on compressed key";
[INFO] [stderr]   |       ^^^^^^^^^^^^^^^^^^^^^^^^^^^^^^^^
[INFO] [stderr] 
[INFO] [stderr] warning: function `address_from_compressed_pub_key` is never used
[INFO] [stderr]  --> src/wallet/wallet_bitcoin.rs:7:8
[INFO] [stderr]   |
[INFO] [stderr] 7 | pub fn address_from_compressed_pub_key(pub_key: [u8; 33], network: Network) -> Result<Address> {
[INFO] [stderr]   |        ^^^^^^^^^^^^^^^^^^^^^^^^^^^^^^^
[INFO] [stderr] 
[INFO] [stderr] warning: function `parity_from_u8` is never used
[INFO] [stderr]   --> src/wallet/wallet_bitcoin.rs:19:4
[INFO] [stderr]    |
[INFO] [stderr] 19 | fn parity_from_u8(int: u8) -> Result<Parity, Error> {
[INFO] [stderr]    |    ^^^^^^^^^^^^^^
[INFO] [stderr] 
[INFO] [stderr] warning: unused import: `std::u64`
[INFO] [stderr]  --> tests/core.rs:3:9
[INFO] [stderr]   |
[INFO] [stderr] 3 |     use std::u64;
[INFO] [stderr]   |         ^^^^^^^^
[INFO] [stderr]   |
[INFO] [stderr]   = note: `#[warn(unused_imports)]` on by default
[INFO] [stderr] 
[INFO] [stderr] warning: unused import: `rand::RngCore`
[INFO] [stderr]  --> tests/core.rs:6:9
[INFO] [stderr]   |
[INFO] [stderr] 6 |     use rand::RngCore;
[INFO] [stderr]   |         ^^^^^^^^^^^^^
[INFO] [stderr] 
[INFO] [stderr] warning: unused imports: `Rng`, `SeedableRng`
[INFO] [stderr]  --> tests/core.rs:7:27
[INFO] [stderr]   |
[INFO] [stderr] 7 |     use secp256k1::rand::{Rng, SeedableRng};
[INFO] [stderr]   |                           ^^^  ^^^^^^^^^^^
[INFO] [stderr] 
[INFO] [stderr] warning: unused variable: `public_key`
[INFO] [stderr]   --> tests/core.rs:34:13
[INFO] [stderr]    |
[INFO] [stderr] 34 |         let public_key = PublicKey::from_secret_key(&secp, &secret_key);
[INFO] [stderr]    |             ^^^^^^^^^^ help: if this is intentional, prefix it with an underscore: `_public_key`
[INFO] [stderr]    |
[INFO] [stderr]    = note: `#[warn(unused_variables)]` on by default
[INFO] [stderr] 
[INFO] [stderr] warning: unused variable: `public_key`
[INFO] [stderr]   --> tests/core.rs:52:13
[INFO] [stderr]    |
[INFO] [stderr] 52 |         let public_key = PublicKey::from_secret_key(&secp, &secret_key);
[INFO] [stderr]    |             ^^^^^^^^^^ help: if this is intentional, prefix it with an underscore: `_public_key`
[INFO] [stderr] 
[INFO] [stderr] warning: unused variable: `wallet`
[INFO] [stderr]   --> tests/core.rs:53:13
[INFO] [stderr]    |
[INFO] [stderr] 53 |         let wallet = Wallet::new();
[INFO] [stderr]    |             ^^^^^^ help: if this is intentional, prefix it with an underscore: `_wallet`
[INFO] [stderr] 
[INFO] [stderr] warning: `cryptowallet` (bin "cryptowallet") generated 30 warnings (7 duplicates) (run `cargo fix --bin "cryptowallet"` to apply 2 suggestions)
[INFO] [stderr] warning: `cryptowallet` (test "core") generated 6 warnings (run `cargo fix --test "core"` to apply 6 suggestions)
[INFO] [stderr] warning: `cryptowallet` (bin "cryptowallet" test) generated 30 warnings (30 duplicates)
[INFO] [stderr]     Finished test [unoptimized + debuginfo] target(s) in 0.29s
[INFO] [stderr] warning: the following packages contain code that will be rejected by a future version of Rust: rustc-serialize v0.3.24
[INFO] [stderr] note: to see what the problems were, use the option `--future-incompat-report`, or run `cargo report future-incompatibilities --id 1`
[INFO] [stderr]      Running unittests src/lib.rs (/opt/rustwide/target/debug/deps/cryptowallet-f8f4c332e0310b8b)
[INFO] [stdout] 
[INFO] [stdout] running 0 tests
[INFO] [stdout] 
[INFO] [stdout] test result: ok. 0 passed; 0 failed; 0 ignored; 0 measured; 0 filtered out; finished in 0.00s
[INFO] [stdout] 
[INFO] [stderr]      Running unittests src/main.rs (/opt/rustwide/target/debug/deps/cryptowallet-cb83eb67e495452c)
[INFO] [stdout] 
[INFO] [stdout] running 0 tests
[INFO] [stdout] 
[INFO] [stdout] test result: ok. 0 passed; 0 failed; 0 ignored; 0 measured; 0 filtered out; finished in 0.00s
[INFO] [stdout] 
[INFO] [stderr]      Running tests/core.rs (/opt/rustwide/target/debug/deps/core-0567f1c8ee1ec39b)
[INFO] [stdout] 
[INFO] [stdout] running 4 tests
[INFO] [stdout] test tests::gen_correct_pubkey ... FAILED
[INFO] [stdout] test tests::address_is_checksumed ... FAILED
[INFO] [stdout] test tests::gen_correct_private_key ... FAILED
[INFO] [stdout] test tests::pub_key_to_address_correct_hash ... FAILED
[INFO] [stdout] 
[INFO] [stdout] failures:
[INFO] [stdout] 
[INFO] [stdout] ---- tests::gen_correct_pubkey stdout ----
[INFO] [stdout] thread 'tests::gen_correct_pubkey' panicked at tests/core.rs:14:9:
[INFO] [stdout] assertion `left == right` failed
[INFO] [stdout]   left: 97
[INFO] [stdout]  right: 4
[INFO] [stdout] stack backtrace:
[INFO] [stdout]    0:     0x55fcc494ce3c - std::backtrace_rs::backtrace::libunwind::trace::ha637c64ce894333a
[INFO] [stdout]                                at /rustc/82e1608dfa6e0b5569232559e3d385fea5a93112/library/std/src/../../backtrace/src/backtrace/libunwind.rs:104:5
[INFO] [stdout]    1:     0x55fcc494ce3c - std::backtrace_rs::backtrace::trace_unsynchronized::h47f62dea28e0c88d
[INFO] [stdout]                                at /rustc/82e1608dfa6e0b5569232559e3d385fea5a93112/library/std/src/../../backtrace/src/backtrace/mod.rs:66:5
[INFO] [stdout]    2:     0x55fcc494ce3c - std::sys_common::backtrace::_print_fmt::h9eef0abe20ede486
[INFO] [stdout]                                at /rustc/82e1608dfa6e0b5569232559e3d385fea5a93112/library/std/src/sys_common/backtrace.rs:67:5
[INFO] [stdout]    3:     0x55fcc494ce3c - <std::sys_common::backtrace::_print::DisplayBacktrace as core::fmt::Display>::fmt::hed7f999df88cc644
[INFO] [stdout]                                at /rustc/82e1608dfa6e0b5569232559e3d385fea5a93112/library/std/src/sys_common/backtrace.rs:44:22
[INFO] [stdout]    4:     0x55fcc49769c0 - core::fmt::rt::Argument::fmt::h1539a9308b8d058d
[INFO] [stdout]                                at /rustc/82e1608dfa6e0b5569232559e3d385fea5a93112/library/core/src/fmt/rt.rs:142:9
[INFO] [stdout]    5:     0x55fcc49769c0 - core::fmt::write::h3a39390d8560d9c9
[INFO] [stdout]                                at /rustc/82e1608dfa6e0b5569232559e3d385fea5a93112/library/core/src/fmt/mod.rs:1120:17
[INFO] [stdout]    6:     0x55fcc494a7ef - std::io::Write::write_fmt::h040b369f3a0f9cbc
[INFO] [stdout]                                at /rustc/82e1608dfa6e0b5569232559e3d385fea5a93112/library/std/src/io/mod.rs:1762:15
[INFO] [stdout]    7:     0x55fcc494cc24 - std::sys_common::backtrace::_print::h894006fb5c6f3d45
[INFO] [stdout]                                at /rustc/82e1608dfa6e0b5569232559e3d385fea5a93112/library/std/src/sys_common/backtrace.rs:47:5
[INFO] [stdout]    8:     0x55fcc494cc24 - std::sys_common::backtrace::print::h23a2d212c6fff936
[INFO] [stdout]                                at /rustc/82e1608dfa6e0b5569232559e3d385fea5a93112/library/std/src/sys_common/backtrace.rs:34:9
[INFO] [stdout]    9:     0x55fcc494e8e7 - std::panicking::default_hook::{{closure}}::h8a1d2ee00185001a
[INFO] [stdout]   10:     0x55fcc494e5d3 - std::panicking::default_hook::h6038f2eba384e475
[INFO] [stdout]                                at /rustc/82e1608dfa6e0b5569232559e3d385fea5a93112/library/std/src/panicking.rs:289:9
[INFO] [stdout]   11:     0x55fcc48a88a7 - <alloc::boxed::Box<F,A> as core::ops::function::Fn<Args>>::call::h0ad024c9bdc6d768
[INFO] [stdout]                                at /rustc/82e1608dfa6e0b5569232559e3d385fea5a93112/library/alloc/src/boxed.rs:2021:9
[INFO] [stdout]   12:     0x55fcc48a88a7 - test::test_main::{{closure}}::h7500b54257359db6
[INFO] [stdout]                                at /rustc/82e1608dfa6e0b5569232559e3d385fea5a93112/library/test/src/lib.rs:138:21
[INFO] [stdout]   13:     0x55fcc494eef8 - <alloc::boxed::Box<F,A> as core::ops::function::Fn<Args>>::call::h1f8f335eaa9cfaee
[INFO] [stdout]                                at /rustc/82e1608dfa6e0b5569232559e3d385fea5a93112/library/alloc/src/boxed.rs:2021:9
[INFO] [stdout]   14:     0x55fcc494eef8 - std::panicking::rust_panic_with_hook::h2b5517d590cab22e
[INFO] [stdout]                                at /rustc/82e1608dfa6e0b5569232559e3d385fea5a93112/library/std/src/panicking.rs:783:13
[INFO] [stdout]   15:     0x55fcc494ec4e - std::panicking::begin_panic_handler::{{closure}}::h233112c06e0ef43e
[INFO] [stdout]                                at /rustc/82e1608dfa6e0b5569232559e3d385fea5a93112/library/std/src/panicking.rs:657:13
[INFO] [stdout]   16:     0x55fcc494d306 - std::sys_common::backtrace::__rust_end_short_backtrace::h6e893f24d7ebbff8
[INFO] [stdout]                                at /rustc/82e1608dfa6e0b5569232559e3d385fea5a93112/library/std/src/sys_common/backtrace.rs:170:18
[INFO] [stdout]   17:     0x55fcc494e9b2 - rust_begin_unwind
[INFO] [stdout]                                at /rustc/82e1608dfa6e0b5569232559e3d385fea5a93112/library/std/src/panicking.rs:645:5
[INFO] [stdout]   18:     0x55fcc4873165 - core::panicking::panic_fmt::hbf0e066aabfa482c
[INFO] [stdout]                                at /rustc/82e1608dfa6e0b5569232559e3d385fea5a93112/library/core/src/panicking.rs:72:14
[INFO] [stdout]   19:     0x55fcc487357b - core::panicking::assert_failed_inner::h0bba8b7c26ee4492
[INFO] [stdout]   20:     0x55fcc491f28e - core::panicking::assert_failed::ha49e1db520e306f8
[INFO] [stdout]                                at /rustc/82e1608dfa6e0b5569232559e3d385fea5a93112/library/core/src/panicking.rs:279:5
[INFO] [stdout]   21:     0x55fcc48746de - core::tests::gen_correct_pubkey::h800564b20365e9e9
[INFO] [stdout]                                at /opt/rustwide/workdir/tests/core.rs:14:9
[INFO] [stdout]   22:     0x55fcc48745e7 - core::tests::gen_correct_pubkey::{{closure}}::h70f5a64846317f19
[INFO] [stdout]                                at /opt/rustwide/workdir/tests/core.rs:11:28
[INFO] [stdout]   23:     0x55fcc4873d56 - core::ops::function::FnOnce::call_once::hb0c2e5b24c977707
[INFO] [stdout]                                at /rustc/82e1608dfa6e0b5569232559e3d385fea5a93112/library/core/src/ops/function.rs:250:5
[INFO] [stdout]   24:     0x55fcc48adeff - core::ops::function::FnOnce::call_once::h2b5d431d5046312d
[INFO] [stdout]                                at /rustc/82e1608dfa6e0b5569232559e3d385fea5a93112/library/core/src/ops/function.rs:250:5
[INFO] [stdout]   25:     0x55fcc48adeff - test::__rust_begin_short_backtrace::h7714669af176e207
[INFO] [stdout]                                at /rustc/82e1608dfa6e0b5569232559e3d385fea5a93112/library/test/src/lib.rs:628:18
[INFO] [stdout]   26:     0x55fcc48acf15 - test::run_test_in_process::{{closure}}::h85218797dcbcec12
[INFO] [stdout]                                at /rustc/82e1608dfa6e0b5569232559e3d385fea5a93112/library/test/src/lib.rs:651:60
[INFO] [stdout]   27:     0x55fcc48acf15 - <core::panic::unwind_safe::AssertUnwindSafe<F> as core::ops::function::FnOnce<()>>::call_once::h76c106ea31c14d7b
[INFO] [stdout]                                at /rustc/82e1608dfa6e0b5569232559e3d385fea5a93112/library/core/src/panic/unwind_safe.rs:272:9
[INFO] [stdout]   28:     0x55fcc48acf15 - std::panicking::try::do_call::h3bd5d0f6620ee946
[INFO] [stdout]                                at /rustc/82e1608dfa6e0b5569232559e3d385fea5a93112/library/std/src/panicking.rs:552:40
[INFO] [stdout]   29:     0x55fcc48acf15 - std::panicking::try::h232e535e4744fe31
[INFO] [stdout]                                at /rustc/82e1608dfa6e0b5569232559e3d385fea5a93112/library/std/src/panicking.rs:516:19
[INFO] [stdout]   30:     0x55fcc48acf15 - std::panic::catch_unwind::h3ce3bd6ca8dbac68
[INFO] [stdout]                                at /rustc/82e1608dfa6e0b5569232559e3d385fea5a93112/library/std/src/panic.rs:142:14
[INFO] [stdout]   31:     0x55fcc48acf15 - test::run_test_in_process::hc97b257c9621286a
[INFO] [stdout]                                at /rustc/82e1608dfa6e0b5569232559e3d385fea5a93112/library/test/src/lib.rs:651:27
[INFO] [stdout]   32:     0x55fcc48acf15 - test::run_test::{{closure}}::h2aa798823a438d38
[INFO] [stdout]                                at /rustc/82e1608dfa6e0b5569232559e3d385fea5a93112/library/test/src/lib.rs:574:43
[INFO] [stdout]   33:     0x55fcc48751d6 - test::run_test::{{closure}}::h87d231c78fb59832
[INFO] [stdout]                                at /rustc/82e1608dfa6e0b5569232559e3d385fea5a93112/library/test/src/lib.rs:602:41
[INFO] [stdout]   34:     0x55fcc48751d6 - std::sys_common::backtrace::__rust_begin_short_backtrace::he6df152596625789
[INFO] [stdout]                                at /rustc/82e1608dfa6e0b5569232559e3d385fea5a93112/library/std/src/sys_common/backtrace.rs:154:18
[INFO] [stdout]   35:     0x55fcc487a287 - std::thread::Builder::spawn_unchecked_::{{closure}}::{{closure}}::ha94be15d1e0acf36
[INFO] [stdout]                                at /rustc/82e1608dfa6e0b5569232559e3d385fea5a93112/library/std/src/thread/mod.rs:529:17
[INFO] [stdout]   36:     0x55fcc487a287 - <core::panic::unwind_safe::AssertUnwindSafe<F> as core::ops::function::FnOnce<()>>::call_once::h9dc6bd6372f16606
[INFO] [stdout]                                at /rustc/82e1608dfa6e0b5569232559e3d385fea5a93112/library/core/src/panic/unwind_safe.rs:272:9
[INFO] [stdout]   37:     0x55fcc487a287 - std::panicking::try::do_call::h9057517f80303cd4
[INFO] [stdout]                                at /rustc/82e1608dfa6e0b5569232559e3d385fea5a93112/library/std/src/panicking.rs:552:40
[INFO] [stdout]   38:     0x55fcc487a287 - std::panicking::try::he3a30b11ee45340c
[INFO] [stdout]                                at /rustc/82e1608dfa6e0b5569232559e3d385fea5a93112/library/std/src/panicking.rs:516:19
[INFO] [stdout]   39:     0x55fcc487a287 - std::panic::catch_unwind::h410458cfd3528b8b
[INFO] [stdout]                                at /rustc/82e1608dfa6e0b5569232559e3d385fea5a93112/library/std/src/panic.rs:142:14
[INFO] [stdout]   40:     0x55fcc487a287 - std::thread::Builder::spawn_unchecked_::{{closure}}::h72ac3bdb567b737b
[INFO] [stdout]                                at /rustc/82e1608dfa6e0b5569232559e3d385fea5a93112/library/std/src/thread/mod.rs:528:30
[INFO] [stdout]   41:     0x55fcc487a287 - core::ops::function::FnOnce::call_once{{vtable.shim}}::h38f34da3654a8344
[INFO] [stdout]                                at /rustc/82e1608dfa6e0b5569232559e3d385fea5a93112/library/core/src/ops/function.rs:250:5
[INFO] [stdout]   42:     0x55fcc4953985 - <alloc::boxed::Box<F,A> as core::ops::function::FnOnce<Args>>::call_once::hc7eafaff61e32df9
[INFO] [stdout]                                at /rustc/82e1608dfa6e0b5569232559e3d385fea5a93112/library/alloc/src/boxed.rs:2007:9
[INFO] [stdout]   43:     0x55fcc4953985 - <alloc::boxed::Box<F,A> as core::ops::function::FnOnce<Args>>::call_once::h6ba4a5de48dd2304
[INFO] [stdout]                                at /rustc/82e1608dfa6e0b5569232559e3d385fea5a93112/library/alloc/src/boxed.rs:2007:9
[INFO] [stdout]   44:     0x55fcc4953985 - std::sys::unix::thread::Thread::new::thread_start::he469335aef763e45
[INFO] [stdout]                                at /rustc/82e1608dfa6e0b5569232559e3d385fea5a93112/library/std/src/sys/unix/thread.rs:108:17
[INFO] [stdout]   45:     0x7f981b2a9ac3 - <unknown>
[INFO] [stdout]   46:     0x7f981b33abf4 - __clone
[INFO] [stdout]   47:                0x0 - <unknown>
[INFO] [stdout] 
[INFO] [stdout] ---- tests::address_is_checksumed stdout ----
[INFO] [stdout] address!
[INFO] [stdout] thread 'tests::address_is_checksumed' panicked at tests/core.rs:57:9:
[INFO] [stdout] assertion `left == right` failed
[INFO] [stdout]   left: "0x89AEF553A06ab0C3173e79DE1Ce241A9ed3b992C"
[INFO] [stdout]  right: "address!"
[INFO] [stdout] stack backtrace:
[INFO] [stdout]    0:     0x55fcc494ce3c - std::backtrace_rs::backtrace::libunwind::trace::ha637c64ce894333a
[INFO] [stdout]                                at /rustc/82e1608dfa6e0b5569232559e3d385fea5a93112/library/std/src/../../backtrace/src/backtrace/libunwind.rs:104:5
[INFO] [stdout]    1:     0x55fcc494ce3c - std::backtrace_rs::backtrace::trace_unsynchronized::h47f62dea28e0c88d
[INFO] [stdout]                                at /rustc/82e1608dfa6e0b5569232559e3d385fea5a93112/library/std/src/../../backtrace/src/backtrace/mod.rs:66:5
[INFO] [stdout]    2:     0x55fcc494ce3c - std::sys_common::backtrace::_print_fmt::h9eef0abe20ede486
[INFO] [stdout]                                at /rustc/82e1608dfa6e0b5569232559e3d385fea5a93112/library/std/src/sys_common/backtrace.rs:67:5
[INFO] [stdout]    3:     0x55fcc494ce3c - <std::sys_common::backtrace::_print::DisplayBacktrace as core::fmt::Display>::fmt::hed7f999df88cc644
[INFO] [stdout]                                at /rustc/82e1608dfa6e0b5569232559e3d385fea5a93112/library/std/src/sys_common/backtrace.rs:44:22
[INFO] [stdout]    4:     0x55fcc49769c0 - core::fmt::rt::Argument::fmt::h1539a9308b8d058d
[INFO] [stdout]                                at /rustc/82e1608dfa6e0b5569232559e3d385fea5a93112/library/core/src/fmt/rt.rs:142:9
[INFO] [stdout]    5:     0x55fcc49769c0 - core::fmt::write::h3a39390d8560d9c9
[INFO] [stdout]                                at /rustc/82e1608dfa6e0b5569232559e3d385fea5a93112/library/core/src/fmt/mod.rs:1120:17
[INFO] [stdout]    6:     0x55fcc494a7ef - std::io::Write::write_fmt::h040b369f3a0f9cbc
[INFO] [stdout]                                at /rustc/82e1608dfa6e0b5569232559e3d385fea5a93112/library/std/src/io/mod.rs:1762:15
[INFO] [stdout]    7:     0x55fcc494cc24 - std::sys_common::backtrace::_print::h894006fb5c6f3d45
[INFO] [stdout]                                at /rustc/82e1608dfa6e0b5569232559e3d385fea5a93112/library/std/src/sys_common/backtrace.rs:47:5
[INFO] [stdout]    8:     0x55fcc494cc24 - std::sys_common::backtrace::print::h23a2d212c6fff936
[INFO] [stdout]                                at /rustc/82e1608dfa6e0b5569232559e3d385fea5a93112/library/std/src/sys_common/backtrace.rs:34:9
[INFO] [stdout]    9:     0x55fcc494e8e7 - std::panicking::default_hook::{{closure}}::h8a1d2ee00185001a
[INFO] [stdout]   10:     0x55fcc494e5d3 - std::panicking::default_hook::h6038f2eba384e475
[INFO] [stdout]                                at /rustc/82e1608dfa6e0b5569232559e3d385fea5a93112/library/std/src/panicking.rs:289:9
[INFO] [stdout]   11:     0x55fcc48a88a7 - <alloc::boxed::Box<F,A> as core::ops::function::Fn<Args>>::call::h0ad024c9bdc6d768
[INFO] [stdout]                                at /rustc/82e1608dfa6e0b5569232559e3d385fea5a93112/library/alloc/src/boxed.rs:2021:9
[INFO] [stdout]   12:     0x55fcc48a88a7 - test::test_main::{{closure}}::h7500b54257359db6
[INFO] [stdout]                                at /rustc/82e1608dfa6e0b5569232559e3d385fea5a93112/library/test/src/lib.rs:138:21
[INFO] [stdout]   13:     0x55fcc494eef8 - <alloc::boxed::Box<F,A> as core::ops::function::Fn<Args>>::call::h1f8f335eaa9cfaee
[INFO] [stdout]                                at /rustc/82e1608dfa6e0b5569232559e3d385fea5a93112/library/alloc/src/boxed.rs:2021:9
[INFO] [stdout]   14:     0x55fcc494eef8 - std::panicking::rust_panic_with_hook::h2b5517d590cab22e
[INFO] [stdout]                                at /rustc/82e1608dfa6e0b5569232559e3d385fea5a93112/library/std/src/panicking.rs:783:13
[INFO] [stdout]   15:     0x55fcc494ec4e - std::panicking::begin_panic_handler::{{closure}}::h233112c06e0ef43e
[INFO] [stdout]                                at /rustc/82e1608dfa6e0b5569232559e3d385fea5a93112/library/std/src/panicking.rs:657:13
[INFO] [stdout]   16:     0x55fcc494d306 - std::sys_common::backtrace::__rust_end_short_backtrace::h6e893f24d7ebbff8
[INFO] [stdout]                                at /rustc/82e1608dfa6e0b5569232559e3d385fea5a93112/library/std/src/sys_common/backtrace.rs:170:18
[INFO] [stdout]   17:     0x55fcc494e9b2 - rust_begin_unwind
[INFO] [stdout]                                at /rustc/82e1608dfa6e0b5569232559e3d385fea5a93112/library/std/src/panicking.rs:645:5
[INFO] [stdout]   18:     0x55fcc4873165 - core::panicking::panic_fmt::hbf0e066aabfa482c
[INFO] [stdout]                                at /rustc/82e1608dfa6e0b5569232559e3d385fea5a93112/library/core/src/panicking.rs:72:14
[INFO] [stdout]   19:     0x55fcc487357b - core::panicking::assert_failed_inner::h0bba8b7c26ee4492
[INFO] [stdout]   20:     0x55fcc4873f7e - core::panicking::assert_failed::h5c7aa47a08a84f68
[INFO] [stdout]                                at /rustc/82e1608dfa6e0b5569232559e3d385fea5a93112/library/core/src/panicking.rs:279:5
[INFO] [stdout]   21:     0x55fcc4874e95 - core::tests::address_is_checksumed::h3e44acd7819bbd11
[INFO] [stdout]                                at /opt/rustwide/workdir/tests/core.rs:57:9
[INFO] [stdout]   22:     0x55fcc4874cd7 - core::tests::address_is_checksumed::{{closure}}::h12e13741f354f685
[INFO] [stdout]                                at /opt/rustwide/workdir/tests/core.rs:47:31
[INFO] [stdout]   23:     0x55fcc4873c86 - core::ops::function::FnOnce::call_once::h1714b1a1f7569b7f
[INFO] [stdout]                                at /rustc/82e1608dfa6e0b5569232559e3d385fea5a93112/library/core/src/ops/function.rs:250:5
[INFO] [stdout]   24:     0x55fcc48adeff - core::ops::function::FnOnce::call_once::h2b5d431d5046312d
[INFO] [stdout]                                at /rustc/82e1608dfa6e0b5569232559e3d385fea5a93112/library/core/src/ops/function.rs:250:5
[INFO] [stdout]   25:     0x55fcc48adeff - test::__rust_begin_short_backtrace::h7714669af176e207
[INFO] [stdout]                                at /rustc/82e1608dfa6e0b5569232559e3d385fea5a93112/library/test/src/lib.rs:628:18
[INFO] [stdout]   26:     0x55fcc48acf15 - test::run_test_in_process::{{closure}}::h85218797dcbcec12
[INFO] [stdout]                                at /rustc/82e1608dfa6e0b5569232559e3d385fea5a93112/library/test/src/lib.rs:651:60
[INFO] [stdout]   27:     0x55fcc48acf15 - <core::panic::unwind_safe::AssertUnwindSafe<F> as core::ops::function::FnOnce<()>>::call_once::h76c106ea31c14d7b
[INFO] [stdout]                                at /rustc/82e1608dfa6e0b5569232559e3d385fea5a93112/library/core/src/panic/unwind_safe.rs:272:9
[INFO] [stdout]   28:     0x55fcc48acf15 - std::panicking::try::do_call::h3bd5d0f6620ee946
[INFO] [stdout]                                at /rustc/82e1608dfa6e0b5569232559e3d385fea5a93112/library/std/src/panicking.rs:552:40
[INFO] [stdout]   29:     0x55fcc48acf15 - std::panicking::try::h232e535e4744fe31
[INFO] [stdout]                                at /rustc/82e1608dfa6e0b5569232559e3d385fea5a93112/library/std/src/panicking.rs:516:19
[INFO] [stdout]   30:     0x55fcc48acf15 - std::panic::catch_unwind::h3ce3bd6ca8dbac68
[INFO] [stdout]                                at /rustc/82e1608dfa6e0b5569232559e3d385fea5a93112/library/std/src/panic.rs:142:14
[INFO] [stdout]   31:     0x55fcc48acf15 - test::run_test_in_process::hc97b257c9621286a
[INFO] [stdout]                                at /rustc/82e1608dfa6e0b5569232559e3d385fea5a93112/library/test/src/lib.rs:651:27
[INFO] [stdout]   32:     0x55fcc48acf15 - test::run_test::{{closure}}::h2aa798823a438d38
[INFO] [stdout]                                at /rustc/82e1608dfa6e0b5569232559e3d385fea5a93112/library/test/src/lib.rs:574:43
[INFO] [stdout]   33:     0x55fcc48751d6 - test::run_test::{{closure}}::h87d231c78fb59832
[INFO] [stdout]                                at /rustc/82e1608dfa6e0b5569232559e3d385fea5a93112/library/test/src/lib.rs:602:41
[INFO] [stdout]   34:     0x55fcc48751d6 - std::sys_common::backtrace::__rust_begin_short_backtrace::he6df152596625789
[INFO] [stdout]                                at /rustc/82e1608dfa6e0b5569232559e3d385fea5a93112/library/std/src/sys_common/backtrace.rs:154:18
[INFO] [stdout]   35:     0x55fcc487a287 - std::thread::Builder::spawn_unchecked_::{{closure}}::{{closure}}::ha94be15d1e0acf36
[INFO] [stdout]                                at /rustc/82e1608dfa6e0b5569232559e3d385fea5a93112/library/std/src/thread/mod.rs:529:17
[INFO] [stdout]   36:     0x55fcc487a287 - <core::panic::unwind_safe::AssertUnwindSafe<F> as core::ops::function::FnOnce<()>>::call_once::h9dc6bd6372f16606
[INFO] [stdout]                                at /rustc/82e1608dfa6e0b5569232559e3d385fea5a93112/library/core/src/panic/unwind_safe.rs:272:9
[INFO] [stdout]   37:     0x55fcc487a287 - std::panicking::try::do_call::h9057517f80303cd4
[INFO] [stdout]                                at /rustc/82e1608dfa6e0b5569232559e3d385fea5a93112/library/std/src/panicking.rs:552:40
[INFO] [stdout]   38:     0x55fcc487a287 - std::panicking::try::he3a30b11ee45340c
[INFO] [stdout]                                at /rustc/82e1608dfa6e0b5569232559e3d385fea5a93112/library/std/src/panicking.rs:516:19
[INFO] [stdout]   39:     0x55fcc487a287 - std::panic::catch_unwind::h410458cfd3528b8b
[INFO] [stdout]                                at /rustc/82e1608dfa6e0b5569232559e3d385fea5a93112/library/std/src/panic.rs:142:14
[INFO] [stdout]   40:     0x55fcc487a287 - std::thread::Builder::spawn_unchecked_::{{closure}}::h72ac3bdb567b737b
[INFO] [stdout]                                at /rustc/82e1608dfa6e0b5569232559e3d385fea5a93112/library/std/src/thread/mod.rs:528:30
[INFO] [stdout]   41:     0x55fcc487a287 - core::ops::function::FnOnce::call_once{{vtable.shim}}::h38f34da3654a8344
[INFO] [stdout]                                at /rustc/82e1608dfa6e0b5569232559e3d385fea5a93112/library/core/src/ops/function.rs:250:5
[INFO] [stdout]   42:     0x55fcc4953985 - <alloc::boxed::Box<F,A> as core::ops::function::FnOnce<Args>>::call_once::hc7eafaff61e32df9
[INFO] [stdout]                                at /rustc/82e1608dfa6e0b5569232559e3d385fea5a93112/library/alloc/src/boxed.rs:2007:9
[INFO] [stdout]   43:     0x55fcc4953985 - <alloc::boxed::Box<F,A> as core::ops::function::FnOnce<Args>>::call_once::h6ba4a5de48dd2304
[INFO] [stdout]                                at /rustc/82e1608dfa6e0b5569232559e3d385fea5a93112/library/alloc/src/boxed.rs:2007:9
[INFO] [stdout]   44:     0x55fcc4953985 - std::sys::unix::thread::Thread::new::thread_start::he469335aef763e45
[INFO] [stdout]                                at /rustc/82e1608dfa6e0b5569232559e3d385fea5a93112/library/std/src/sys/unix/thread.rs:108:17
[INFO] [stdout]   45:     0x7f981b2a9ac3 - <unknown>
[INFO] [stdout]   46:     0x7f981b33abf4 - __clone
[INFO] [stdout]   47:                0x0 - <unknown>
[INFO] [stdout] 
[INFO] [stdout] ---- tests::gen_correct_private_key stdout ----
[INFO] [stdout] thread 'tests::gen_correct_private_key' panicked at tests/core.rs:23:9:
[INFO] [stdout] assertion `left == right` failed
[INFO] [stdout]   left: 20
[INFO] [stdout]  right: 64
[INFO] [stdout] stack backtrace:
[INFO] [stdout]    0:     0x55fcc494ce3c - std::backtrace_rs::backtrace::libunwind::trace::ha637c64ce894333a
[INFO] [stdout]                                at /rustc/82e1608dfa6e0b5569232559e3d385fea5a93112/library/std/src/../../backtrace/src/backtrace/libunwind.rs:104:5
[INFO] [stdout]    1:     0x55fcc494ce3c - std::backtrace_rs::backtrace::trace_unsynchronized::h47f62dea28e0c88d
[INFO] [stdout]                                at /rustc/82e1608dfa6e0b5569232559e3d385fea5a93112/library/std/src/../../backtrace/src/backtrace/mod.rs:66:5
[INFO] [stdout]    2:     0x55fcc494ce3c - std::sys_common::backtrace::_print_fmt::h9eef0abe20ede486
[INFO] [stdout]                                at /rustc/82e1608dfa6e0b5569232559e3d385fea5a93112/library/std/src/sys_common/backtrace.rs:67:5
[INFO] [stdout]    3:     0x55fcc494ce3c - <std::sys_common::backtrace::_print::DisplayBacktrace as core::fmt::Display>::fmt::hed7f999df88cc644
[INFO] [stdout]                                at /rustc/82e1608dfa6e0b5569232559e3d385fea5a93112/library/std/src/sys_common/backtrace.rs:44:22
[INFO] [stdout]    4:     0x55fcc49769c0 - core::fmt::rt::Argument::fmt::h1539a9308b8d058d
[INFO] [stdout]                                at /rustc/82e1608dfa6e0b5569232559e3d385fea5a93112/library/core/src/fmt/rt.rs:142:9
[INFO] [stdout]    5:     0x55fcc49769c0 - core::fmt::write::h3a39390d8560d9c9
[INFO] [stdout]                                at /rustc/82e1608dfa6e0b5569232559e3d385fea5a93112/library/core/src/fmt/mod.rs:1120:17
[INFO] [stdout]    6:     0x55fcc494a7ef - std::io::Write::write_fmt::h040b369f3a0f9cbc
[INFO] [stdout]                                at /rustc/82e1608dfa6e0b5569232559e3d385fea5a93112/library/std/src/io/mod.rs:1762:15
[INFO] [stdout]    7:     0x55fcc494cc24 - std::sys_common::backtrace::_print::h894006fb5c6f3d45
[INFO] [stdout]                                at /rustc/82e1608dfa6e0b5569232559e3d385fea5a93112/library/std/src/sys_common/backtrace.rs:47:5
[INFO] [stdout]    8:     0x55fcc494cc24 - std::sys_common::backtrace::print::h23a2d212c6fff936
[INFO] [stdout]                                at /rustc/82e1608dfa6e0b5569232559e3d385fea5a93112/library/std/src/sys_common/backtrace.rs:34:9
[INFO] [stdout]    9:     0x55fcc494e8e7 - std::panicking::default_hook::{{closure}}::h8a1d2ee00185001a
[INFO] [stdout]   10:     0x55fcc494e5d3 - std::panicking::default_hook::h6038f2eba384e475
[INFO] [stdout]                                at /rustc/82e1608dfa6e0b5569232559e3d385fea5a93112/library/std/src/panicking.rs:289:9
[INFO] [stdout]   11:     0x55fcc48a88a7 - <alloc::boxed::Box<F,A> as core::ops::function::Fn<Args>>::call::h0ad024c9bdc6d768
[INFO] [stdout]                                at /rustc/82e1608dfa6e0b5569232559e3d385fea5a93112/library/alloc/src/boxed.rs:2021:9
[INFO] [stdout]   12:     0x55fcc48a88a7 - test::test_main::{{closure}}::h7500b54257359db6
[INFO] [stdout]                                at /rustc/82e1608dfa6e0b5569232559e3d385fea5a93112/library/test/src/lib.rs:138:21
[INFO] [stdout]   13:     0x55fcc494eef8 - <alloc::boxed::Box<F,A> as core::ops::function::Fn<Args>>::call::h1f8f335eaa9cfaee
[INFO] [stdout]                                at /rustc/82e1608dfa6e0b5569232559e3d385fea5a93112/library/alloc/src/boxed.rs:2021:9
[INFO] [stdout]   14:     0x55fcc494eef8 - std::panicking::rust_panic_with_hook::h2b5517d590cab22e
[INFO] [stdout]                                at /rustc/82e1608dfa6e0b5569232559e3d385fea5a93112/library/std/src/panicking.rs:783:13
[INFO] [stdout]   15:     0x55fcc494ec4e - std::panicking::begin_panic_handler::{{closure}}::h233112c06e0ef43e
[INFO] [stdout]                                at /rustc/82e1608dfa6e0b5569232559e3d385fea5a93112/library/std/src/panicking.rs:657:13
[INFO] [stdout]   16:     0x55fcc494d306 - std::sys_common::backtrace::__rust_end_short_backtrace::h6e893f24d7ebbff8
[INFO] [stdout]                                at /rustc/82e1608dfa6e0b5569232559e3d385fea5a93112/library/std/src/sys_common/backtrace.rs:170:18
[INFO] [stdout]   17:     0x55fcc494e9b2 - rust_begin_unwind
[INFO] [stdout]                                at /rustc/82e1608dfa6e0b5569232559e3d385fea5a93112/library/std/src/panicking.rs:645:5
[INFO] [stdout]   18:     0x55fcc4873165 - core::panicking::panic_fmt::hbf0e066aabfa482c
[INFO] [stdout]                                at /rustc/82e1608dfa6e0b5569232559e3d385fea5a93112/library/core/src/panicking.rs:72:14
[INFO] [stdout]   19:     0x55fcc487357b - core::panicking::assert_failed_inner::h0bba8b7c26ee4492
[INFO] [stdout]   20:     0x55fcc492311e - core::panicking::assert_failed::h83e21e58a0be6d9e
[INFO] [stdout]                                at /rustc/82e1608dfa6e0b5569232559e3d385fea5a93112/library/core/src/panicking.rs:279:5
[INFO] [stdout]   21:     0x55fcc4874865 - core::tests::gen_correct_private_key::h7662991ba631060e
[INFO] [stdout]                                at /opt/rustwide/workdir/tests/core.rs:23:9
[INFO] [stdout]   22:     0x55fcc4874797 - core::tests::gen_correct_private_key::{{closure}}::h70c434861f94a29a
[INFO] [stdout]                                at /opt/rustwide/workdir/tests/core.rs:20:33
[INFO] [stdout]   23:     0x55fcc4873d96 - core::ops::function::FnOnce::call_once::he4da9b1f5099526a
[INFO] [stdout]                                at /rustc/82e1608dfa6e0b5569232559e3d385fea5a93112/library/core/src/ops/function.rs:250:5
[INFO] [stdout]   24:     0x55fcc48adeff - core::ops::function::FnOnce::call_once::h2b5d431d5046312d
[INFO] [stdout]                                at /rustc/82e1608dfa6e0b5569232559e3d385fea5a93112/library/core/src/ops/function.rs:250:5
[INFO] [stdout]   25:     0x55fcc48adeff - test::__rust_begin_short_backtrace::h7714669af176e207
[INFO] [stdout]                                at /rustc/82e1608dfa6e0b5569232559e3d385fea5a93112/library/test/src/lib.rs:628:18
[INFO] [stdout]   26:     0x55fcc48acf15 - test::run_test_in_process::{{closure}}::h85218797dcbcec12
[INFO] [stdout]                                at /rustc/82e1608dfa6e0b5569232559e3d385fea5a93112/library/test/src/lib.rs:651:60
[INFO] [stdout]   27:     0x55fcc48acf15 - <core::panic::unwind_safe::AssertUnwindSafe<F> as core::ops::function::FnOnce<()>>::call_once::h76c106ea31c14d7b
[INFO] [stdout]                                at /rustc/82e1608dfa6e0b5569232559e3d385fea5a93112/library/core/src/panic/unwind_safe.rs:272:9
[INFO] [stdout]   28:     0x55fcc48acf15 - std::panicking::try::do_call::h3bd5d0f6620ee946
[INFO] [stdout]                                at /rustc/82e1608dfa6e0b5569232559e3d385fea5a93112/library/std/src/panicking.rs:552:40
[INFO] [stdout]   29:     0x55fcc48acf15 - std::panicking::try::h232e535e4744fe31
[INFO] [stdout]                                at /rustc/82e1608dfa6e0b5569232559e3d385fea5a93112/library/std/src/panicking.rs:516:19
[INFO] [stdout]   30:     0x55fcc48acf15 - std::panic::catch_unwind::h3ce3bd6ca8dbac68
[INFO] [stdout]                                at /rustc/82e1608dfa6e0b5569232559e3d385fea5a93112/library/std/src/panic.rs:142:14
[INFO] [stdout]   31:     0x55fcc48acf15 - test::run_test_in_process::hc97b257c9621286a
[INFO] [stdout]                                at /rustc/82e1608dfa6e0b5569232559e3d385fea5a93112/library/test/src/lib.rs:651:27
[INFO] [stdout]   32:     0x55fcc48acf15 - test::run_test::{{closure}}::h2aa798823a438d38
[INFO] [stdout]                                at /rustc/82e1608dfa6e0b5569232559e3d385fea5a93112/library/test/src/lib.rs:574:43
[INFO] [stdout]   33:     0x55fcc48751d6 - test::run_test::{{closure}}::h87d231c78fb59832
[INFO] [stdout]                                at /rustc/82e1608dfa6e0b5569232559e3d385fea5a93112/library/test/src/lib.rs:602:41
[INFO] [stdout]   34:     0x55fcc48751d6 - std::sys_common::backtrace::__rust_begin_short_backtrace::he6df152596625789
[INFO] [stdout]                                at /rustc/82e1608dfa6e0b5569232559e3d385fea5a93112/library/std/src/sys_common/backtrace.rs:154:18
[INFO] [stdout]   35:     0x55fcc487a287 - std::thread::Builder::spawn_unchecked_::{{closure}}::{{closure}}::ha94be15d1e0acf36
[INFO] [stdout]                                at /rustc/82e1608dfa6e0b5569232559e3d385fea5a93112/library/std/src/thread/mod.rs:529:17
[INFO] [stdout]   36:     0x55fcc487a287 - <core::panic::unwind_safe::AssertUnwindSafe<F> as core::ops::function::FnOnce<()>>::call_once::h9dc6bd6372f16606
[INFO] [stdout]                                at /rustc/82e1608dfa6e0b5569232559e3d385fea5a93112/library/core/src/panic/unwind_safe.rs:272:9
[INFO] [stdout]   37:     0x55fcc487a287 - std::panicking::try::do_call::h9057517f80303cd4
[INFO] [stdout]                                at /rustc/82e1608dfa6e0b5569232559e3d385fea5a93112/library/std/src/panicking.rs:552:40
[INFO] [stdout]   38:     0x55fcc487a287 - std::panicking::try::he3a30b11ee45340c
[INFO] [stdout]                                at /rustc/82e1608dfa6e0b5569232559e3d385fea5a93112/library/std/src/panicking.rs:516:19
[INFO] [stdout]   39:     0x55fcc487a287 - std::panic::catch_unwind::h410458cfd3528b8b
[INFO] [stdout]                                at /rustc/82e1608dfa6e0b5569232559e3d385fea5a93112/library/std/src/panic.rs:142:14
[INFO] [stdout]   40:     0x55fcc487a287 - std::thread::Builder::spawn_unchecked_::{{closure}}::h72ac3bdb567b737b
[INFO] [stdout]                                at /rustc/82e1608dfa6e0b5569232559e3d385fea5a93112/library/std/src/thread/mod.rs:528:30
[INFO] [stdout]   41:     0x55fcc487a287 - core::ops::function::FnOnce::call_once{{vtable.shim}}::h38f34da3654a8344
[INFO] [stdout]                                at /rustc/82e1608dfa6e0b5569232559e3d385fea5a93112/library/core/src/ops/function.rs:250:5
[INFO] [stdout]   42:     0x55fcc4953985 - <alloc::boxed::Box<F,A> as core::ops::function::FnOnce<Args>>::call_once::hc7eafaff61e32df9
[INFO] [stdout]                                at /rustc/82e1608dfa6e0b5569232559e3d385fea5a93112/library/alloc/src/boxed.rs:2007:9
[INFO] [stdout]   43:     0x55fcc4953985 - <alloc::boxed::Box<F,A> as core::ops::function::FnOnce<Args>>::call_once::h6ba4a5de48dd2304
[INFO] [stdout]                                at /rustc/82e1608dfa6e0b5569232559e3d385fea5a93112/library/alloc/src/boxed.rs:2007:9
[INFO] [stdout]   44:     0x55fcc4953985 - std::sys::unix::thread::Thread::new::thread_start::he469335aef763e45
[INFO] [stdout]                                at /rustc/82e1608dfa6e0b5569232559e3d385fea5a93112/library/std/src/sys/unix/thread.rs:108:17
[INFO] [stdout]   45:     0x7f981b2a9ac3 - <unknown>
[INFO] [stdout]   46:     0x7f981b33abf4 - __clone
[INFO] [stdout]   47:                0x0 - <unknown>
[INFO] [stdout] 
[INFO] [stdout] ---- tests::pub_key_to_address_correct_hash stdout ----
[INFO] [stdout] thread 'tests::pub_key_to_address_correct_hash' panicked at tests/core.rs:37:9:
[INFO] [stdout] assertion `left == right` failed
[INFO] [stdout]   left: 6
[INFO] [stdout]  right: 20
[INFO] [stdout] stack backtrace:
[INFO] [stdout]    0:     0x55fcc494ce3c - std::backtrace_rs::backtrace::libunwind::trace::ha637c64ce894333a
[INFO] [stdout]                                at /rustc/82e1608dfa6e0b5569232559e3d385fea5a93112/library/std/src/../../backtrace/src/backtrace/libunwind.rs:104:5
[INFO] [stdout]    1:     0x55fcc494ce3c - std::backtrace_rs::backtrace::trace_unsynchronized::h47f62dea28e0c88d
[INFO] [stdout]                                at /rustc/82e1608dfa6e0b5569232559e3d385fea5a93112/library/std/src/../../backtrace/src/backtrace/mod.rs:66:5
[INFO] [stdout]    2:     0x55fcc494ce3c - std::sys_common::backtrace::_print_fmt::h9eef0abe20ede486
[INFO] [stdout]                                at /rustc/82e1608dfa6e0b5569232559e3d385fea5a93112/library/std/src/sys_common/backtrace.rs:67:5
[INFO] [stdout]    3:     0x55fcc494ce3c - <std::sys_common::backtrace::_print::DisplayBacktrace as core::fmt::Display>::fmt::hed7f999df88cc644
[INFO] [stdout]                                at /rustc/82e1608dfa6e0b5569232559e3d385fea5a93112/library/std/src/sys_common/backtrace.rs:44:22
[INFO] [stdout]    4:     0x55fcc49769c0 - core::fmt::rt::Argument::fmt::h1539a9308b8d058d
[INFO] [stdout]                                at /rustc/82e1608dfa6e0b5569232559e3d385fea5a93112/library/core/src/fmt/rt.rs:142:9
[INFO] [stdout]    5:     0x55fcc49769c0 - core::fmt::write::h3a39390d8560d9c9
[INFO] [stdout]                                at /rustc/82e1608dfa6e0b5569232559e3d385fea5a93112/library/core/src/fmt/mod.rs:1120:17
[INFO] [stdout]    6:     0x55fcc494a7ef - std::io::Write::write_fmt::h040b369f3a0f9cbc
[INFO] [stdout]                                at /rustc/82e1608dfa6e0b5569232559e3d385fea5a93112/library/std/src/io/mod.rs:1762:15
[INFO] [stdout]    7:     0x55fcc494cc24 - std::sys_common::backtrace::_print::h894006fb5c6f3d45
[INFO] [stdout]                                at /rustc/82e1608dfa6e0b5569232559e3d385fea5a93112/library/std/src/sys_common/backtrace.rs:47:5
[INFO] [stdout]    8:     0x55fcc494cc24 - std::sys_common::backtrace::print::h23a2d212c6fff936
[INFO] [stdout]                                at /rustc/82e1608dfa6e0b5569232559e3d385fea5a93112/library/std/src/sys_common/backtrace.rs:34:9
[INFO] [stdout]    9:     0x55fcc494e8e7 - std::panicking::default_hook::{{closure}}::h8a1d2ee00185001a
[INFO] [stdout]   10:     0x55fcc494e5d3 - std::panicking::default_hook::h6038f2eba384e475
[INFO] [stdout]                                at /rustc/82e1608dfa6e0b5569232559e3d385fea5a93112/library/std/src/panicking.rs:289:9
[INFO] [stdout]   11:     0x55fcc48a88a7 - <alloc::boxed::Box<F,A> as core::ops::function::Fn<Args>>::call::h0ad024c9bdc6d768
[INFO] [stdout]                                at /rustc/82e1608dfa6e0b5569232559e3d385fea5a93112/library/alloc/src/boxed.rs:2021:9
[INFO] [stdout]   12:     0x55fcc48a88a7 - test::test_main::{{closure}}::h7500b54257359db6
[INFO] [stdout]                                at /rustc/82e1608dfa6e0b5569232559e3d385fea5a93112/library/test/src/lib.rs:138:21
[INFO] [stdout]   13:     0x55fcc494eef8 - <alloc::boxed::Box<F,A> as core::ops::function::Fn<Args>>::call::h1f8f335eaa9cfaee
[INFO] [stdout]                                at /rustc/82e1608dfa6e0b5569232559e3d385fea5a93112/library/alloc/src/boxed.rs:2021:9
[INFO] [stdout]   14:     0x55fcc494eef8 - std::panicking::rust_panic_with_hook::h2b5517d590cab22e
[INFO] [stdout]                                at /rustc/82e1608dfa6e0b5569232559e3d385fea5a93112/library/std/src/panicking.rs:783:13
[INFO] [stdout]   15:     0x55fcc494ec4e - std::panicking::begin_panic_handler::{{closure}}::h233112c06e0ef43e
[INFO] [stdout]                                at /rustc/82e1608dfa6e0b5569232559e3d385fea5a93112/library/std/src/panicking.rs:657:13
[INFO] [stdout]   16:     0x55fcc494d306 - std::sys_common::backtrace::__rust_end_short_backtrace::h6e893f24d7ebbff8
[INFO] [stdout]                                at /rustc/82e1608dfa6e0b5569232559e3d385fea5a93112/library/std/src/sys_common/backtrace.rs:170:18
[INFO] [stdout]   17:     0x55fcc494e9b2 - rust_begin_unwind
[INFO] [stdout]                                at /rustc/82e1608dfa6e0b5569232559e3d385fea5a93112/library/std/src/panicking.rs:645:5
[INFO] [stdout]   18:     0x55fcc4873165 - core::panicking::panic_fmt::hbf0e066aabfa482c
[INFO] [stdout]                                at /rustc/82e1608dfa6e0b5569232559e3d385fea5a93112/library/core/src/panicking.rs:72:14
[INFO] [stdout]   19:     0x55fcc487357b - core::panicking::assert_failed_inner::h0bba8b7c26ee4492
[INFO] [stdout]   20:     0x55fcc492311e - core::panicking::assert_failed::h83e21e58a0be6d9e
[INFO] [stdout]                                at /rustc/82e1608dfa6e0b5569232559e3d385fea5a93112/library/core/src/panicking.rs:279:5
[INFO] [stdout]   21:     0x55fcc4874ac8 - core::tests::pub_key_to_address_correct_hash::h93075ad9efee27de
[INFO] [stdout]                                at /opt/rustwide/workdir/tests/core.rs:37:9
[INFO] [stdout]   22:     0x55fcc4874927 - core::tests::pub_key_to_address_correct_hash::{{closure}}::hf2dcd14b4176629d
[INFO] [stdout]                                at /opt/rustwide/workdir/tests/core.rs:29:41
[INFO] [stdout]   23:     0x55fcc4873d16 - core::ops::function::FnOnce::call_once::h8019ef57305686be
[INFO] [stdout]                                at /rustc/82e1608dfa6e0b5569232559e3d385fea5a93112/library/core/src/ops/function.rs:250:5
[INFO] [stdout]   24:     0x55fcc48adeff - core::ops::function::FnOnce::call_once::h2b5d431d5046312d
[INFO] [stdout]                                at /rustc/82e1608dfa6e0b5569232559e3d385fea5a93112/library/core/src/ops/function.rs:250:5
[INFO] [stdout]   25:     0x55fcc48adeff - test::__rust_begin_short_backtrace::h7714669af176e207
[INFO] [stdout]                                at /rustc/82e1608dfa6e0b5569232559e3d385fea5a93112/library/test/src/lib.rs:628:18
[INFO] [stdout]   26:     0x55fcc48acf15 - test::run_test_in_process::{{closure}}::h85218797dcbcec12
[INFO] [stdout]                                at /rustc/82e1608dfa6e0b5569232559e3d385fea5a93112/library/test/src/lib.rs:651:60
[INFO] [stdout]   27:     0x55fcc48acf15 - <core::panic::unwind_safe::AssertUnwindSafe<F> as core::ops::function::FnOnce<()>>::call_once::h76c106ea31c14d7b
[INFO] [stdout]                                at /rustc/82e1608dfa6e0b5569232559e3d385fea5a93112/library/core/src/panic/unwind_safe.rs:272:9
[INFO] [stdout]   28:     0x55fcc48acf15 - std::panicking::try::do_call::h3bd5d0f6620ee946
[INFO] [stdout]                                at /rustc/82e1608dfa6e0b5569232559e3d385fea5a93112/library/std/src/panicking.rs:552:40
[INFO] [stdout]   29:     0x55fcc48acf15 - std::panicking::try::h232e535e4744fe31
[INFO] [stdout]                                at /rustc/82e1608dfa6e0b5569232559e3d385fea5a93112/library/std/src/panicking.rs:516:19
[INFO] [stdout]   30:     0x55fcc48acf15 - std::panic::catch_unwind::h3ce3bd6ca8dbac68
[INFO] [stdout]                                at /rustc/82e1608dfa6e0b5569232559e3d385fea5a93112/library/std/src/panic.rs:142:14
[INFO] [stdout]   31:     0x55fcc48acf15 - test::run_test_in_process::hc97b257c9621286a
[INFO] [stdout]                                at /rustc/82e1608dfa6e0b5569232559e3d385fea5a93112/library/test/src/lib.rs:651:27
[INFO] [stdout]   32:     0x55fcc48acf15 - test::run_test::{{closure}}::h2aa798823a438d38
[INFO] [stdout]                                at /rustc/82e1608dfa6e0b5569232559e3d385fea5a93112/library/test/src/lib.rs:574:43
[INFO] [stdout]   33:     0x55fcc48751d6 - test::run_test::{{closure}}::h87d231c78fb59832
[INFO] [stdout]                                at /rustc/82e1608dfa6e0b5569232559e3d385fea5a93112/library/test/src/lib.rs:602:41
[INFO] [stdout]   34:     0x55fcc48751d6 - std::sys_common::backtrace::__rust_begin_short_backtrace::he6df152596625789
[INFO] [stdout]                                at /rustc/82e1608dfa6e0b5569232559e3d385fea5a93112/library/std/src/sys_common/backtrace.rs:154:18
[INFO] [stdout]   35:     0x55fcc487a287 - std::thread::Builder::spawn_unchecked_::{{closure}}::{{closure}}::ha94be15d1e0acf36
[INFO] [stdout]                                at /rustc/82e1608dfa6e0b5569232559e3d385fea5a93112/library/std/src/thread/mod.rs:529:17
[INFO] [stdout]   36:     0x55fcc487a287 - <core::panic::unwind_safe::AssertUnwindSafe<F> as core::ops::function::FnOnce<()>>::call_once::h9dc6bd6372f16606
[INFO] [stdout]                                at /rustc/82e1608dfa6e0b5569232559e3d385fea5a93112/library/core/src/panic/unwind_safe.rs:272:9
[INFO] [stdout]   37:     0x55fcc487a287 - std::panicking::try::do_call::h9057517f80303cd4
[INFO] [stdout]                                at /rustc/82e1608dfa6e0b5569232559e3d385fea5a93112/library/std/src/panicking.rs:552:40
[INFO] [stdout]   38:     0x55fcc487a287 - std::panicking::try::he3a30b11ee45340c
[INFO] [stdout]                                at /rustc/82e1608dfa6e0b5569232559e3d385fea5a93112/library/std/src/panicking.rs:516:19
[INFO] [stdout]   39:     0x55fcc487a287 - std::panic::catch_unwind::h410458cfd3528b8b
[INFO] [stdout]                                at /rustc/82e1608dfa6e0b5569232559e3d385fea5a93112/library/std/src/panic.rs:142:14
[INFO] [stdout]   40:     0x55fcc487a287 - std::thread::Builder::spawn_unchecked_::{{closure}}::h72ac3bdb567b737b
[INFO] [stdout]                                at /rustc/82e1608dfa6e0b5569232559e3d385fea5a93112/library/std/src/thread/mod.rs:528:30
[INFO] [stdout]   41:     0x55fcc487a287 - core::ops::function::FnOnce::call_once{{vtable.shim}}::h38f34da3654a8344
[INFO] [stdout]                                at /rustc/82e1608dfa6e0b5569232559e3d385fea5a93112/library/core/src/ops/function.rs:250:5
[INFO] [stdout]   42:     0x55fcc4953985 - <alloc::boxed::Box<F,A> as core::ops::function::FnOnce<Args>>::call_once::hc7eafaff61e32df9
[INFO] [stdout]                                at /rustc/82e1608dfa6e0b5569232559e3d385fea5a93112/library/alloc/src/boxed.rs:2007:9
[INFO] [stdout]   43:     0x55fcc4953985 - <alloc::boxed::Box<F,A> as core::ops::function::FnOnce<Args>>::call_once::h6ba4a5de48dd2304
[INFO] [stdout]                                at /rustc/82e1608dfa6e0b5569232559e3d385fea5a93112/library/alloc/src/boxed.rs:2007:9
[INFO] [stdout]   44:     0x55fcc4953985 - std::sys::unix::thread::Thread::new::thread_start::he469335aef763e45
[INFO] [stdout]                                at /rustc/82e1608dfa6e0b5569232559e3d385fea5a93112/library/std/src/sys/unix/thread.rs:108:17
[INFO] [stdout]   45:     0x7f981b2a9ac3 - <unknown>
[INFO] [stdout]   46:     0x7f981b33abf4 - __clone
[INFO] [stdout]   47:                0x0 - <unknown>
[INFO] [stdout] 
[INFO] [stdout] 
[INFO] [stdout] failures:
[INFO] [stdout]     tests::address_is_checksumed
[INFO] [stdout]     tests::gen_correct_private_key
[INFO] [stdout]     tests::gen_correct_pubkey
[INFO] [stdout]     tests::pub_key_to_address_correct_hash
[INFO] [stdout] 
[INFO] [stdout] test result: FAILED. 0 passed; 4 failed; 0 ignored; 0 measured; 0 filtered out; finished in 0.20s
[INFO] [stdout] 
[INFO] [stderr] error: test failed, to rerun pass `--test core`
[INFO] running `Command { std: "docker" "inspect" "0765b7839a6d6e2749fc3b1f28237acb967640e396649a44f9994239921528af", kill_on_drop: false }`
[INFO] running `Command { std: "docker" "rm" "-f" "0765b7839a6d6e2749fc3b1f28237acb967640e396649a44f9994239921528af", kill_on_drop: false }`
[INFO] [stdout] 0765b7839a6d6e2749fc3b1f28237acb967640e396649a44f9994239921528af
[INFO] testing k0zn4n3ja/crypto-wallet-rust against beta-2024-01-09 for beta-1.76-3
[INFO] running `Command { std: "git" "clone" "/workspace/cache/git-repos/https%3A%2F%2Fgithub.com%2Fk0zn4n3ja%2Fcrypto-wallet-rust" "/workspace/builds/worker-5-tc2/source", kill_on_drop: false }`
[INFO] [stderr] Cloning into '/workspace/builds/worker-5-tc2/source'...
[INFO] [stderr] done.
[INFO] validating manifest of git repo https://github.com/k0zn4n3ja/crypto-wallet-rust on toolchain beta-2024-01-09
[INFO] running `Command { std: CARGO_HOME="/workspace/cargo-home" RUSTUP_HOME="/workspace/rustup-home" "/workspace/cargo-home/bin/cargo" "+beta-2024-01-09" "metadata" "--manifest-path" "Cargo.toml" "--no-deps", kill_on_drop: false }`
[INFO] started tweaking git repo https://github.com/k0zn4n3ja/crypto-wallet-rust
[INFO] finished tweaking git repo https://github.com/k0zn4n3ja/crypto-wallet-rust
[INFO] tweaked toml for git repo https://github.com/k0zn4n3ja/crypto-wallet-rust written to /workspace/builds/worker-5-tc2/source/Cargo.toml
[INFO] crate git repo https://github.com/k0zn4n3ja/crypto-wallet-rust already has a lockfile, it will not be regenerated
[INFO] running `Command { std: CARGO_HOME="/workspace/cargo-home" RUSTUP_HOME="/workspace/rustup-home" "/workspace/cargo-home/bin/cargo" "+beta-2024-01-09" "fetch" "--manifest-path" "Cargo.toml", kill_on_drop: false }`
[INFO] running `Command { std: "docker" "create" "-v" "/var/lib/crater-agent-workspace/builds/worker-5-tc2/target:/opt/rustwide/target:rw,Z" "-v" "/var/lib/crater-agent-workspace/builds/worker-5-tc2/source:/opt/rustwide/workdir:ro,Z" "-v" "/var/lib/crater-agent-workspace/cargo-home:/opt/rustwide/cargo-home:ro,Z" "-v" "/var/lib/crater-agent-workspace/rustup-home:/opt/rustwide/rustup-home:ro,Z" "-e" "SOURCE_DIR=/opt/rustwide/workdir" "-e" "CARGO_TARGET_DIR=/opt/rustwide/target" "-e" "CARGO_HOME=/opt/rustwide/cargo-home" "-e" "RUSTUP_HOME=/opt/rustwide/rustup-home" "-w" "/opt/rustwide/workdir" "-m" "1610612736" "--user" "0:0" "--network" "none" "ghcr.io/rust-lang/crates-build-env/linux@sha256:2788e3201cd34a07e3172128adcd8b3090168a8e3bcc40d7c032b9dda1df7d1c" "/opt/rustwide/cargo-home/bin/cargo" "+beta-2024-01-09" "metadata" "--no-deps" "--format-version=1", kill_on_drop: false }`
[INFO] [stdout] 781a19642387d9d36d844f9a0e1f2139b9c0b8d8534b28329e1480a35ef213a7
[INFO] running `Command { std: "docker" "start" "-a" "781a19642387d9d36d844f9a0e1f2139b9c0b8d8534b28329e1480a35ef213a7", kill_on_drop: false }`
[INFO] running `Command { std: "docker" "inspect" "781a19642387d9d36d844f9a0e1f2139b9c0b8d8534b28329e1480a35ef213a7", kill_on_drop: false }`
[INFO] running `Command { std: "docker" "rm" "-f" "781a19642387d9d36d844f9a0e1f2139b9c0b8d8534b28329e1480a35ef213a7", kill_on_drop: false }`
[INFO] [stdout] 781a19642387d9d36d844f9a0e1f2139b9c0b8d8534b28329e1480a35ef213a7
[INFO] running `Command { std: "docker" "create" "-v" "/var/lib/crater-agent-workspace/builds/worker-5-tc2/target:/opt/rustwide/target:rw,Z" "-v" "/var/lib/crater-agent-workspace/builds/worker-5-tc2/source:/opt/rustwide/workdir:ro,Z" "-v" "/var/lib/crater-agent-workspace/cargo-home:/opt/rustwide/cargo-home:ro,Z" "-v" "/var/lib/crater-agent-workspace/rustup-home:/opt/rustwide/rustup-home:ro,Z" "-e" "SOURCE_DIR=/opt/rustwide/workdir" "-e" "CARGO_TARGET_DIR=/opt/rustwide/target" "-e" "CARGO_INCREMENTAL=0" "-e" "RUST_BACKTRACE=full" "-e" "RUSTFLAGS=--cap-lints=warn" "-e" "RUSTDOCFLAGS=--cap-lints=warn" "-e" "CARGO_HOME=/opt/rustwide/cargo-home" "-e" "RUSTUP_HOME=/opt/rustwide/rustup-home" "-w" "/opt/rustwide/workdir" "-m" "1610612736" "--user" "0:0" "--network" "none" "ghcr.io/rust-lang/crates-build-env/linux@sha256:2788e3201cd34a07e3172128adcd8b3090168a8e3bcc40d7c032b9dda1df7d1c" "/opt/rustwide/cargo-home/bin/cargo" "+beta-2024-01-09" "build" "--frozen" "--message-format=json", kill_on_drop: false }`
[INFO] [stdout] 02471a006b4860650f07d2dc6d1aec411546aba3a289454b837b857c973c45b1
[INFO] running `Command { std: "docker" "start" "-a" "02471a006b4860650f07d2dc6d1aec411546aba3a289454b837b857c973c45b1", kill_on_drop: false }`
[INFO] [stderr]    Compiling libc v0.2.149
[INFO] [stderr]    Compiling cfg-if v1.0.0
[INFO] [stderr]    Compiling proc-macro2 v1.0.68
[INFO] [stderr]    Compiling unicode-ident v1.0.12
[INFO] [stderr]    Compiling typenum v1.17.0
[INFO] [stderr]    Compiling autocfg v1.1.0
[INFO] [stderr]    Compiling version_check v0.9.4
[INFO] [stderr]    Compiling zeroize v1.6.0
[INFO] [stderr]    Compiling subtle v2.5.0
[INFO] [stderr]    Compiling bytes v1.5.0
[INFO] [stderr]    Compiling log v0.4.20
[INFO] [stderr]    Compiling generic-array v0.14.7
[INFO] [stderr]    Compiling const-oid v0.9.5
[INFO] [stderr]    Compiling lock_api v0.4.10
[INFO] [stderr]    Compiling memchr v2.6.4
[INFO] [stderr]    Compiling quote v1.0.33
[INFO] [stderr]    Compiling parking_lot_core v0.9.8
[INFO] [stderr]    Compiling syn v2.0.38
[INFO] [stderr]    Compiling pin-project-lite v0.2.13
[INFO] [stderr]    Compiling smallvec v1.11.1
[INFO] [stderr]    Compiling once_cell v1.18.0
[INFO] [stderr]    Compiling scopeguard v1.2.0
[INFO] [stderr]    Compiling getrandom v0.2.10
[INFO] [stderr]    Compiling signal-hook-registry v1.4.1
[INFO] [stderr]    Compiling cc v1.0.83
[INFO] [stderr]    Compiling mio v0.8.8
[INFO] [stderr]    Compiling rand_core v0.6.4
[INFO] [stderr]    Compiling parking_lot v0.12.1
[INFO] [stderr]    Compiling ppv-lite86 v0.2.17
[INFO] [stderr]    Compiling futures-core v0.3.28
[INFO] [stderr]    Compiling itoa v1.0.9
[INFO] [stderr]    Compiling serde v1.0.188
[INFO] [stderr]    Compiling slab v0.4.9
[INFO] [stderr]    Compiling pkg-config v0.3.27
[INFO] [stderr]    Compiling block-buffer v0.10.4
[INFO] [stderr]    Compiling crypto-common v0.1.6
[INFO] [stderr]    Compiling futures-task v0.3.28
[INFO] [stderr]    Compiling futures-sink v0.3.28
[INFO] [stderr]    Compiling futures-channel v0.3.28
[INFO] [stderr]    Compiling digest v0.10.7
[INFO] [stderr]    Compiling crunchy v0.2.2
[INFO] [stderr]    Compiling vcpkg v0.2.15
[INFO] [stderr]    Compiling futures-io v0.3.28
[INFO] [stderr]    Compiling futures-util v0.3.28
[INFO] [stderr]    Compiling bitflags v2.4.0
[INFO] [stderr]    Compiling byteorder v1.5.0
[INFO] [stderr]    Compiling rand_chacha v0.3.1
[INFO] [stderr]    Compiling num_cpus v1.16.0
[INFO] [stderr]    Compiling socket2 v0.5.4
[INFO] [stderr]    Compiling pin-utils v0.1.0
[INFO] [stderr]    Compiling cpufeatures v0.2.9
[INFO] [stderr]    Compiling fnv v1.0.7
[INFO] [stderr]    Compiling generic-array v0.12.4
[INFO] [stderr]    Compiling aho-corasick v1.1.1
[INFO] [stderr]    Compiling rand v0.8.5
[INFO] [stderr]    Compiling openssl-sys v0.9.93
[INFO] [stderr]    Compiling http v0.2.9
[INFO] [stderr]    Compiling regex-syntax v0.7.5
[INFO] [stderr]    Compiling signal-hook v0.3.17
[INFO] [stderr]    Compiling tinyvec_macros v0.1.1
[INFO] [stderr]    Compiling foreign-types-shared v0.1.1
[INFO] [stderr]    Compiling openssl v0.10.57
[INFO] [stderr]    Compiling rustc-hex v2.1.0
[INFO] [stderr]    Compiling foreign-types v0.3.2
[INFO] [stderr]    Compiling tinyvec v1.6.0
[INFO] [stderr]    Compiling tracing-core v0.1.31
[INFO] [stderr]    Compiling indexmap v1.9.3
[INFO] [stderr]    Compiling getrandom v0.1.16
[INFO] [stderr]    Compiling httparse v1.8.0
[INFO] [stderr]    Compiling native-tls v0.2.11
[INFO] [stderr]    Compiling static_assertions v1.1.0
[INFO] [stderr]    Compiling thiserror v1.0.49
[INFO] [stderr]    Compiling syn v1.0.109
[INFO] [stderr]    Compiling unicode-normalization v0.1.22
[INFO] [stderr]    Compiling tracing v0.1.37
[INFO] [stderr]    Compiling rlp v0.5.2
[INFO] [stderr]    Compiling bitcoin-private v0.1.0
[INFO] [stderr]    Compiling hashbrown v0.12.3
[INFO] [stderr]    Compiling openssl-probe v0.1.5
[INFO] [stderr]    Compiling regex-automata v0.3.9
[INFO] [stderr]    Compiling ryu v1.0.15
[INFO] [stderr]    Compiling percent-encoding v2.3.0
[INFO] [stderr]    Compiling serde_json v1.0.107
[INFO] [stderr]    Compiling tiny-keccak v2.0.2
[INFO] [stderr]    Compiling form_urlencoded v1.2.0
[INFO] [stderr]    Compiling serde_derive v1.0.188
[INFO] [stderr]    Compiling futures-macro v0.3.28
[INFO] [stderr]    Compiling tokio-macros v2.1.0
[INFO] [stderr]    Compiling openssl-macros v0.1.1
[INFO] [stderr]    Compiling thiserror-impl v1.0.49
[INFO] [stderr]    Compiling impl-rlp v0.3.0
[INFO] [stderr]    Compiling signal-hook-mio v0.2.3
[INFO] [stderr]    Compiling tokio v1.32.0
[INFO] [stderr]    Compiling regex v1.9.6
[INFO] [stderr]    Compiling fixed-hash v0.8.0
[INFO] [stderr]    Compiling digest v0.8.1
[INFO] [stderr]    Compiling secp256k1-sys v0.8.1
[INFO] [stderr]    Compiling hmac v0.12.1
[INFO] [stderr]    Compiling ff v0.13.0
[INFO] [stderr]    Compiling der v0.7.8
[INFO] [stderr]    Compiling httpdate v1.0.3
[INFO] [stderr]    Compiling try-lock v0.2.4
[INFO] [stderr]    Compiling base16ct v0.2.0
[INFO] [stderr]    Compiling subtle v1.0.0
[INFO] [stderr]    Compiling byte-tools v0.3.1
[INFO] [stderr]    Compiling unicode-bidi v0.3.13
[INFO] [stderr]    Compiling paste v1.0.14
[INFO] [stderr]    Compiling hex v0.4.3
[INFO] [stderr]    Compiling idna v0.4.0
[INFO] [stderr]    Compiling uint v0.9.5
[INFO] [stderr]    Compiling futures-executor v0.3.28
[INFO] [stderr]    Compiling block-padding v0.1.5
[INFO] [stderr]    Compiling crypto-mac v0.7.0
[INFO] [stderr]    Compiling sec1 v0.7.3
[INFO] [stderr]    Compiling want v0.3.1
[INFO] [stderr]    Compiling tokio-util v0.7.9
[INFO] [stderr]    Compiling group v0.13.0
[INFO] [stderr]    Compiling rand_core v0.5.1
[INFO] [stderr]    Compiling h2 v0.3.21
[INFO] [stderr]    Compiling http-body v0.4.5
[INFO] [stderr]    Compiling crypto-bigint v0.5.3
[INFO] [stderr]    Compiling socket2 v0.4.9
[INFO] [stderr]    Compiling unicode-width v0.1.11
[INFO] [stderr]    Compiling bitflags v1.3.2
[INFO] [stderr]    Compiling tower-service v0.3.2
[INFO] [stderr]    Compiling crossterm v0.26.1
[INFO] [stderr]    Compiling bitcoin_hashes v0.12.0
[INFO] [stderr]    Compiling rand_chacha v0.2.2
[INFO] [stderr]    Compiling impl-serde v0.4.0
[INFO] [stderr]    Compiling elliptic-curve v0.13.6
[INFO] [stderr]    Compiling ethbloom v0.13.0
[INFO] [stderr]    Compiling primitive-types v0.12.1
[INFO] [stderr]    Compiling lazy-regex-proc_macros v3.0.1
[INFO] [stderr]    Compiling tokio-native-tls v0.3.1
[INFO] [stderr]    Compiling url v2.4.1
[INFO] [stderr]    Compiling hmac v0.7.1
[INFO] [stderr]    Compiling block-buffer v0.7.3
[INFO] [stderr]    Compiling hyper v0.14.27
[INFO] [stderr]    Compiling futures v0.3.28
[INFO] [stderr]    Compiling rfc6979 v0.4.0
[INFO] [stderr]    Compiling sha2 v0.10.8
[INFO] [stderr]    Compiling signature v2.1.0
[INFO] [stderr]    Compiling block-buffer v0.9.0
[INFO] [stderr]    Compiling digest v0.9.0
[INFO] [stderr]    Compiling gcc v0.3.55
[INFO] [stderr]    Compiling hex_lit v0.1.1
[INFO] [stderr]    Compiling opaque-debug v0.3.0
[INFO] [stderr]    Compiling cassowary v0.3.0
[INFO] [stderr]    Compiling opaque-debug v0.2.3
[INFO] [stderr]    Compiling unicode-segmentation v1.10.1
[INFO] [stderr]    Compiling base64 v0.21.4
[INFO] [stderr]    Compiling mime v0.3.17
[INFO] [stderr]    Compiling keccak v0.1.4
[INFO] [stderr]    Compiling indoc v2.0.4
[INFO] [stderr]    Compiling fake-simd v0.1.2
[INFO] [stderr]    Compiling rust-crypto v0.2.36
[INFO] [stderr]    Compiling sha2 v0.8.2
[INFO] [stderr]    Compiling hyper-tls v0.5.0
[INFO] [stderr]    Compiling sha3 v0.10.8
[INFO] [stderr]    Compiling sha-1 v0.9.8
[INFO] [stderr]    Compiling lazy-regex v3.0.2
[INFO] [stderr]    Compiling ecdsa v0.16.8
[INFO] [stderr]    Compiling secp256k1 v0.27.0
[INFO] [stderr]    Compiling ethereum-types v0.14.1
[INFO] [stderr]    Compiling ratatui v0.22.0
[INFO] [stderr]    Compiling hmac-drbg v0.2.0
[INFO] [stderr]    Compiling serde_urlencoded v0.7.1
[INFO] [stderr]    Compiling rand v0.7.3
[INFO] [stderr]    Compiling tuirealm_derive v1.0.0
[INFO] [stderr]    Compiling crossterm v0.27.0
[INFO] [stderr]    Compiling pin-project-internal v1.1.3
[INFO] [stderr]    Compiling headers-core v0.2.0
[INFO] [stderr]    Compiling sha1 v0.10.6
[INFO] [stderr]    Compiling rand v0.4.6
[INFO] [stderr]    Compiling encoding_rs v0.8.33
[INFO] [stderr]    Compiling arrayref v0.3.7
[INFO] [stderr]    Compiling unicode-linebreak v0.1.5
[INFO] [stderr]    Compiling base64 v0.13.1
[INFO] [stderr]    Compiling bitcoin v0.30.1
[INFO] [stderr]    Compiling ipnet v2.8.0
[INFO] [stderr]    Compiling anyhow v1.0.75
[INFO] [stderr]    Compiling smawk v0.3.2
[INFO] [stderr]    Compiling convert_case v0.4.0
[INFO] [stderr]    Compiling textwrap v0.16.0
[INFO] [stderr]    Compiling soketto v0.7.1
[INFO] [stderr]    Compiling rand v0.3.23
[INFO] [stderr]    Compiling tuirealm v1.9.0
[INFO] [stderr]    Compiling derive_more v0.99.17
[INFO] [stderr]    Compiling libsecp256k1 v0.3.5
[INFO] [stderr]    Compiling pin-project v1.1.3
[INFO] [stderr]    Compiling headers v0.3.9
[INFO] [stderr]    Compiling reqwest v0.11.22
[INFO] [stderr]    Compiling ethabi v18.0.0
[INFO] [stderr]    Compiling k256 v0.13.1
[INFO] [stderr]    Compiling bs58 v0.5.0
[INFO] [stderr]    Compiling jsonrpc-core v18.0.0
[INFO] [stderr]    Compiling web3-async-native-tls v0.4.0
[INFO] [stderr]    Compiling tokio-stream v0.1.14
[INFO] [stderr]    Compiling pbkdf2 v0.12.2
[INFO] [stderr]    Compiling ripemd v0.1.3
[INFO] [stderr]    Compiling time v0.1.45
[INFO] [stderr]    Compiling memzero v0.1.0
[INFO] [stderr]    Compiling bech32 v0.9.1
[INFO] [stderr]    Compiling futures-timer v3.0.2
[INFO] [stderr]    Compiling bitcoin_hashes v0.11.0
[INFO] [stderr]    Compiling arrayvec v0.7.4
[INFO] [stderr]    Compiling base58 v0.1.0
[INFO] [stderr]    Compiling rustc-serialize v0.3.24
[INFO] [stderr]    Compiling bip32 v0.5.1
[INFO] [stderr]    Compiling tui-realm-stdlib v1.3.0
[INFO] [stdout] error[E0310]: the parameter type `T` may not live long enough
[INFO] [stdout]     --> /opt/rustwide/cargo-home/registry/src/index.crates.io-6f17d22bba15001f/rustc-serialize-0.3.24/src/serialize.rs:1155:5
[INFO] [stdout]      |
[INFO] [stdout] 1155 |     fn decode<D: Decoder>(d: &mut D) -> Result<Cow<'static, T>, D::Error> {
[INFO] [stdout]      |     ^^^^^^^^^^^^^^^^^^^^^^^^^^^^^^^^^^^^^^^^^^^^^^^^^^^^^^^^^^^^^^^^^^^^^
[INFO] [stdout]      |     |
[INFO] [stdout]      |     the parameter type `T` must be valid for the static lifetime...
[INFO] [stdout]      |     ...so that the type `T` will meet its required lifetime bounds...
[INFO] [stdout]      |
[INFO] [stdout] note: ...that is required by this bound
[INFO] [stdout]     --> /rustc/650745ceb2ae60e04f8cd7bfb671fc37239533e4/library/alloc/src/borrow.rs:180:30
[INFO] [stdout] help: consider adding an explicit lifetime bound
[INFO] [stdout]      |
[INFO] [stdout] 1151 | impl<'a, T: ?Sized + 'static> Decodable for Cow<'a, T>
[INFO] [stdout]      |                    +++++++++
[INFO] [stdout] 
[INFO] [stdout] 
[INFO] [stdout] error: aborting due to 1 previous error
[INFO] [stdout] 
[INFO] [stdout] 
[INFO] [stdout] For more information about this error, try `rustc --explain E0310`.
[INFO] [stdout] 
[INFO] [stderr] error: could not compile `rustc-serialize` (lib) due to 2 previous errors
[INFO] [stderr] warning: build failed, waiting for other jobs to finish...
[INFO] running `Command { std: "docker" "inspect" "02471a006b4860650f07d2dc6d1aec411546aba3a289454b837b857c973c45b1", kill_on_drop: false }`
[INFO] running `Command { std: "docker" "rm" "-f" "02471a006b4860650f07d2dc6d1aec411546aba3a289454b837b857c973c45b1", kill_on_drop: false }`
[INFO] [stdout] 02471a006b4860650f07d2dc6d1aec411546aba3a289454b837b857c973c45b1
