[INFO] cloning repository https://github.com/exceptional-lang/exceptional
[INFO] running `Command { std: "git" "-c" "credential.helper=" "-c" "credential.helper=/workspace/cargo-home/bin/git-credential-null" "clone" "--bare" "https://github.com/exceptional-lang/exceptional" "/workspace/cache/git-repos/https%3A%2F%2Fgithub.com%2Fexceptional-lang%2Fexceptional", kill_on_drop: false }`
[INFO] [stderr] Cloning into bare repository '/workspace/cache/git-repos/https%3A%2F%2Fgithub.com%2Fexceptional-lang%2Fexceptional'...
[INFO] running `Command { std: "git" "rev-parse" "HEAD", kill_on_drop: false }`
[INFO] [stdout] 02b6645854a847a55dd2332e4d5dd9c2ed31ce98
[INFO] testing exceptional-lang/exceptional against 1.75.0 for beta-1.76-3
[INFO] running `Command { std: "git" "clone" "/workspace/cache/git-repos/https%3A%2F%2Fgithub.com%2Fexceptional-lang%2Fexceptional" "/workspace/builds/worker-3-tc1/source", kill_on_drop: false }`
[INFO] [stderr] Cloning into '/workspace/builds/worker-3-tc1/source'...
[INFO] [stderr] done.
[INFO] validating manifest of git repo https://github.com/exceptional-lang/exceptional on toolchain 1.75.0
[INFO] running `Command { std: CARGO_HOME="/workspace/cargo-home" RUSTUP_HOME="/workspace/rustup-home" "/workspace/cargo-home/bin/cargo" "+1.75.0" "metadata" "--manifest-path" "Cargo.toml" "--no-deps", kill_on_drop: false }`
[INFO] started tweaking git repo https://github.com/exceptional-lang/exceptional
[INFO] finished tweaking git repo https://github.com/exceptional-lang/exceptional
[INFO] tweaked toml for git repo https://github.com/exceptional-lang/exceptional written to /workspace/builds/worker-3-tc1/source/Cargo.toml
[INFO] crate git repo https://github.com/exceptional-lang/exceptional already has a lockfile, it will not be regenerated
[INFO] running `Command { std: CARGO_HOME="/workspace/cargo-home" RUSTUP_HOME="/workspace/rustup-home" "/workspace/cargo-home/bin/cargo" "+1.75.0" "fetch" "--manifest-path" "Cargo.toml", kill_on_drop: false }`
[INFO] [stderr]     Blocking waiting for file lock on package cache
[INFO] [stderr]     Updating crates.io index
[INFO] [stderr]     Blocking waiting for file lock on package cache
[INFO] [stderr]  Downloading crates ...
[INFO] [stderr]   Downloaded num-traits v0.1.39
[INFO] [stderr]   Downloaded num-bigint v0.1.39
[INFO] [stderr]   Downloaded num-integer v0.1.34
[INFO] [stderr]   Downloaded fern v0.4.0
[INFO] [stderr]   Downloaded num-iter v0.1.33
[INFO] [stderr]   Downloaded num v0.1.39
[INFO] [stderr]   Downloaded num-complex v0.1.38
[INFO] [stderr]   Downloaded log v0.3.8
[INFO] [stderr]   Downloaded num-rational v0.1.38
[INFO] [stderr]   Downloaded regex-syntax v0.4.1
[INFO] [stderr]   Downloaded libc v0.2.24
[INFO] [stderr]   Downloaded regex v0.2.2
[INFO] [stderr]   Downloaded peg v0.4.0
[INFO] running `Command { std: "docker" "create" "-v" "/var/lib/crater-agent-workspace/builds/worker-3-tc1/target:/opt/rustwide/target:rw,Z" "-v" "/var/lib/crater-agent-workspace/builds/worker-3-tc1/source:/opt/rustwide/workdir:ro,Z" "-v" "/var/lib/crater-agent-workspace/cargo-home:/opt/rustwide/cargo-home:ro,Z" "-v" "/var/lib/crater-agent-workspace/rustup-home:/opt/rustwide/rustup-home:ro,Z" "-e" "SOURCE_DIR=/opt/rustwide/workdir" "-e" "CARGO_TARGET_DIR=/opt/rustwide/target" "-e" "CARGO_HOME=/opt/rustwide/cargo-home" "-e" "RUSTUP_HOME=/opt/rustwide/rustup-home" "-w" "/opt/rustwide/workdir" "-m" "1610612736" "--user" "0:0" "--network" "none" "ghcr.io/rust-lang/crates-build-env/linux@sha256:2788e3201cd34a07e3172128adcd8b3090168a8e3bcc40d7c032b9dda1df7d1c" "/opt/rustwide/cargo-home/bin/cargo" "+1.75.0" "metadata" "--no-deps" "--format-version=1", kill_on_drop: false }`
[INFO] [stdout] d55e23df22f3c87d2773ddca8cdc243affd191503236d39e1c3842ef9996e179
[INFO] running `Command { std: "docker" "start" "-a" "d55e23df22f3c87d2773ddca8cdc243affd191503236d39e1c3842ef9996e179", kill_on_drop: false }`
[INFO] running `Command { std: "docker" "inspect" "d55e23df22f3c87d2773ddca8cdc243affd191503236d39e1c3842ef9996e179", kill_on_drop: false }`
[INFO] running `Command { std: "docker" "rm" "-f" "d55e23df22f3c87d2773ddca8cdc243affd191503236d39e1c3842ef9996e179", kill_on_drop: false }`
[INFO] [stdout] d55e23df22f3c87d2773ddca8cdc243affd191503236d39e1c3842ef9996e179
[INFO] running `Command { std: "docker" "create" "-v" "/var/lib/crater-agent-workspace/builds/worker-3-tc1/target:/opt/rustwide/target:rw,Z" "-v" "/var/lib/crater-agent-workspace/builds/worker-3-tc1/source:/opt/rustwide/workdir:ro,Z" "-v" "/var/lib/crater-agent-workspace/cargo-home:/opt/rustwide/cargo-home:ro,Z" "-v" "/var/lib/crater-agent-workspace/rustup-home:/opt/rustwide/rustup-home:ro,Z" "-e" "SOURCE_DIR=/opt/rustwide/workdir" "-e" "CARGO_TARGET_DIR=/opt/rustwide/target" "-e" "CARGO_INCREMENTAL=0" "-e" "RUST_BACKTRACE=full" "-e" "RUSTFLAGS=--cap-lints=warn" "-e" "RUSTDOCFLAGS=--cap-lints=warn" "-e" "CARGO_HOME=/opt/rustwide/cargo-home" "-e" "RUSTUP_HOME=/opt/rustwide/rustup-home" "-w" "/opt/rustwide/workdir" "-m" "1610612736" "--user" "0:0" "--network" "none" "ghcr.io/rust-lang/crates-build-env/linux@sha256:2788e3201cd34a07e3172128adcd8b3090168a8e3bcc40d7c032b9dda1df7d1c" "/opt/rustwide/cargo-home/bin/cargo" "+1.75.0" "build" "--frozen" "--message-format=json", kill_on_drop: false }`
[INFO] [stdout] 21b7e64dbd4dc278cf3c644ac5d96279c19007d1202630e92f739fa27c1557b4
[INFO] running `Command { std: "docker" "start" "-a" "21b7e64dbd4dc278cf3c644ac5d96279c19007d1202630e92f739fa27c1557b4", kill_on_drop: false }`
[INFO] [stderr]    Compiling libc v0.2.24
[INFO] [stderr]    Compiling num-traits v0.1.39
[INFO] [stderr]    Compiling quote v0.3.15
[INFO] [stderr]    Compiling regex-syntax v0.4.1
[INFO] [stderr]    Compiling log v0.3.8
[INFO] [stderr]    Compiling peg v0.4.0
[INFO] [stderr]    Compiling fern v0.4.0
[INFO] [stderr]    Compiling rand v0.3.15
[INFO] [stderr]    Compiling memchr v1.0.1
[INFO] [stderr]    Compiling thread-id v3.1.0
[INFO] [stderr]    Compiling num-integer v0.1.34
[INFO] [stderr]    Compiling num-complex v0.1.38
[INFO] [stderr]    Compiling aho-corasick v0.6.3
[INFO] [stderr]    Compiling thread_local v0.3.3
[INFO] [stderr]    Compiling num-iter v0.1.33
[INFO] [stderr]    Compiling regex v0.2.2
[INFO] [stderr]    Compiling num-bigint v0.1.39
[INFO] [stderr]    Compiling exceptional v0.1.0 (/opt/rustwide/workdir)
[INFO] [stderr]    Compiling num-rational v0.1.38
[INFO] [stderr]    Compiling num v0.1.39
[INFO] [stdout] warning: use of deprecated macro `try`: use the `?` operator instead
[INFO] [stdout]   --> /opt/rustwide/target/debug/build/exceptional-92ad7211f6726278/out/exceptional-grammar.rs:18:9
[INFO] [stdout]    |
[INFO] [stdout] 18 |         try!
[INFO] [stdout]    |         ^^^
[INFO] [stdout]    |
[INFO] [stdout]    = note: `#[warn(deprecated)]` on by default
[INFO] [stdout] 
[INFO] [stdout] 
[INFO] [stdout] warning: use of deprecated macro `try`: use the `?` operator instead
[INFO] [stdout]   --> /opt/rustwide/target/debug/build/exceptional-92ad7211f6726278/out/exceptional-grammar.rs:20:39
[INFO] [stdout]    |
[INFO] [stdout] 20 |         if self.expected.len() == 0 { try! (write! (fmt, "EOF")) ; } else if
[INFO] [stdout]    |                                       ^^^
[INFO] [stdout] 
[INFO] [stdout] 
[INFO] [stdout] warning: use of deprecated macro `try`: use the `?` operator instead
[INFO] [stdout]   --> /opt/rustwide/target/debug/build/exceptional-92ad7211f6726278/out/exceptional-grammar.rs:23:13
[INFO] [stdout]    |
[INFO] [stdout] 23 |             try!
[INFO] [stdout]    |             ^^^
[INFO] [stdout] 
[INFO] [stdout] 
[INFO] [stdout] warning: use of deprecated macro `try`: use the `?` operator instead
[INFO] [stdout]   --> /opt/rustwide/target/debug/build/exceptional-92ad7211f6726278/out/exceptional-grammar.rs:29:51
[INFO] [stdout]    |
[INFO] [stdout] 29 |             let mut iter = self.expected.iter() ; try!
[INFO] [stdout]    |                                                   ^^^
[INFO] [stdout] 
[INFO] [stdout] 
[INFO] [stdout] warning: use of deprecated macro `try`: use the `?` operator instead
[INFO] [stdout]   --> /opt/rustwide/target/debug/build/exceptional-92ad7211f6726278/out/exceptional-grammar.rs:33:15
[INFO] [stdout]    |
[INFO] [stdout] 33 |             { try! (write! (fmt, ", `{}`", escape_default(elem))) ; }
[INFO] [stdout]    |               ^^^
[INFO] [stdout] 
[INFO] [stdout] 
[INFO] [stdout] warning: `...` range patterns are deprecated
[INFO] [stdout]    --> /opt/rustwide/target/debug/build/exceptional-92ad7211f6726278/out/exceptional-grammar.rs:147:574
[INFO] [stdout]     |
[INFO] [stdout] 147 | ...nge_at ( __input , __pos ) ; match __ch { 'a' ... 'z' | 'A' ... 'Z' => Matched ( __next , ( ) ) , _ => __state . mark_failure ( __pos ...
[INFO] [stdout]     |                                                  ^^^ help: use `..=` for an inclusive range
[INFO] [stdout]     |
[INFO] [stdout]     = warning: this is accepted in the current edition (Rust 2015) but is a hard error in Rust 2021!
[INFO] [stdout]     = note: for more information, see <https://doc.rust-lang.org/nightly/edition-guide/rust-2021/warnings-promoted-to-error.html>
[INFO] [stdout]     = note: `#[warn(ellipsis_inclusive_range_patterns)]` on by default
[INFO] [stdout] 
[INFO] [stdout] 
[INFO] [stdout] warning: `...` range patterns are deprecated
[INFO] [stdout]    --> /opt/rustwide/target/debug/build/exceptional-92ad7211f6726278/out/exceptional-grammar.rs:147:588
[INFO] [stdout]     |
[INFO] [stdout] 147 | ...ut , __pos ) ; match __ch { 'a' ... 'z' | 'A' ... 'Z' => Matched ( __next , ( ) ) , _ => __state . mark_failure ( __pos , "[a-zA-Z]" )...
[INFO] [stdout]     |                                                  ^^^ help: use `..=` for an inclusive range
[INFO] [stdout]     |
[INFO] [stdout]     = warning: this is accepted in the current edition (Rust 2015) but is a hard error in Rust 2021!
[INFO] [stdout]     = note: for more information, see <https://doc.rust-lang.org/nightly/edition-guide/rust-2021/warnings-promoted-to-error.html>
[INFO] [stdout] 
[INFO] [stdout] 
[INFO] [stdout] warning: `...` range patterns are deprecated
[INFO] [stdout]    --> /opt/rustwide/target/debug/build/exceptional-92ad7211f6726278/out/exceptional-grammar.rs:147:973
[INFO] [stdout]     |
[INFO] [stdout] 147 | ...nge_at ( __input , __pos ) ; match __ch { 'a' ... 'z' | 'A' ... 'Z' | '0' ... '9' | '_' => Matched ( __next , ( ) ) , _ => __state . m...
[INFO] [stdout]     |                                                  ^^^ help: use `..=` for an inclusive range
[INFO] [stdout]     |
[INFO] [stdout]     = warning: this is accepted in the current edition (Rust 2015) but is a hard error in Rust 2021!
[INFO] [stdout]     = note: for more information, see <https://doc.rust-lang.org/nightly/edition-guide/rust-2021/warnings-promoted-to-error.html>
[INFO] [stdout] 
[INFO] [stdout] 
[INFO] [stdout] warning: `...` range patterns are deprecated
[INFO] [stdout]    --> /opt/rustwide/target/debug/build/exceptional-92ad7211f6726278/out/exceptional-grammar.rs:147:987
[INFO] [stdout]     |
[INFO] [stdout] 147 | ...ut , __pos ) ; match __ch { 'a' ... 'z' | 'A' ... 'Z' | '0' ... '9' | '_' => Matched ( __next , ( ) ) , _ => __state . mark_failure ( ...
[INFO] [stdout]     |                                                  ^^^ help: use `..=` for an inclusive range
[INFO] [stdout]     |
[INFO] [stdout]     = warning: this is accepted in the current edition (Rust 2015) but is a hard error in Rust 2021!
[INFO] [stdout]     = note: for more information, see <https://doc.rust-lang.org/nightly/edition-guide/rust-2021/warnings-promoted-to-error.html>
[INFO] [stdout] 
[INFO] [stdout] 
[INFO] [stdout] warning: `...` range patterns are deprecated
[INFO] [stdout]    --> /opt/rustwide/target/debug/build/exceptional-92ad7211f6726278/out/exceptional-grammar.rs:147:1001
[INFO] [stdout]     |
[INFO] [stdout] 147 | ... match __ch { 'a' ... 'z' | 'A' ... 'Z' | '0' ... '9' | '_' => Matched ( __next , ( ) ) , _ => __state . mark_failure ( __pos , "[a-zA...
[INFO] [stdout]     |                                                  ^^^ help: use `..=` for an inclusive range
[INFO] [stdout]     |
[INFO] [stdout]     = warning: this is accepted in the current edition (Rust 2015) but is a hard error in Rust 2021!
[INFO] [stdout]     = note: for more information, see <https://doc.rust-lang.org/nightly/edition-guide/rust-2021/warnings-promoted-to-error.html>
[INFO] [stdout] 
[INFO] [stdout] 
[INFO] [stdout] warning: `...` range patterns are deprecated
[INFO] [stdout]    --> /opt/rustwide/target/debug/build/exceptional-92ad7211f6726278/out/exceptional-grammar.rs:164:454
[INFO] [stdout]     |
[INFO] [stdout] 164 | ...nge_at ( __input , __pos ) ; match __ch { '0' ... '9' => Matched ( __next , ( ) ) , _ => __state . mark_failure ( __pos , "[0-9]" ) , ...
[INFO] [stdout]     |                                                  ^^^ help: use `..=` for an inclusive range
[INFO] [stdout]     |
[INFO] [stdout]     = warning: this is accepted in the current edition (Rust 2015) but is a hard error in Rust 2021!
[INFO] [stdout]     = note: for more information, see <https://doc.rust-lang.org/nightly/edition-guide/rust-2021/warnings-promoted-to-error.html>
[INFO] [stdout] 
[INFO] [stdout] 
[INFO] [stdout] warning: unused import: `Shutdown`
[INFO] [stdout]   --> src/native.rs:14:16
[INFO] [stdout]    |
[INFO] [stdout] 14 | use std::net::{Shutdown, TcpListener, TcpStream};
[INFO] [stdout]    |                ^^^^^^^^
[INFO] [stdout]    |
[INFO] [stdout]    = note: `#[warn(unused_imports)]` on by default
[INFO] [stdout] 
[INFO] [stdout] 
[INFO] [stdout] warning: unnecessary parentheses around block return value
[INFO] [stdout]   --> src/native.rs:92:5
[INFO] [stdout]    |
[INFO] [stdout] 92 |     (Value::Map(Rc::new(RefCell::new(map))))
[INFO] [stdout]    |     ^                                      ^
[INFO] [stdout]    |
[INFO] [stdout]    = note: `#[warn(unused_parens)]` on by default
[INFO] [stdout] help: remove these parentheses
[INFO] [stdout]    |
[INFO] [stdout] 92 -     (Value::Map(Rc::new(RefCell::new(map))))
[INFO] [stdout] 92 +     Value::Map(Rc::new(RefCell::new(map)))
[INFO] [stdout]    |
[INFO] [stdout] 
[INFO] [stdout] 
[INFO] [stdout] warning: unused import: `std::fs`
[INFO] [stdout]  --> src/vm.rs:9:5
[INFO] [stdout]   |
[INFO] [stdout] 9 | use std::fs;
[INFO] [stdout]   |     ^^^^^^^
[INFO] [stdout] 
[INFO] [stdout] 
[INFO] [stdout] warning: unused import: `std::fs::File`
[INFO] [stdout]   --> src/vm.rs:10:5
[INFO] [stdout]    |
[INFO] [stdout] 10 | use std::fs::File;
[INFO] [stdout]    |     ^^^^^^^^^^^^^
[INFO] [stdout] 
[INFO] [stdout] 
[INFO] [stdout] warning: unused import: `std::io::Write`
[INFO] [stdout]   --> src/vm.rs:11:5
[INFO] [stdout]    |
[INFO] [stdout] 11 | use std::io::Write;
[INFO] [stdout]    |     ^^^^^^^^^^^^^^
[INFO] [stdout] 
[INFO] [stdout] 
[INFO] [stdout] warning: use of deprecated method `std::error::Error::description`: use the Display impl or to_string()
[INFO] [stdout]    --> src/native.rs:102:32
[INFO] [stdout]     |
[INFO] [stdout] 102 |         Err(m) => return Err(m.description().to_owned()),
[INFO] [stdout]     |                                ^^^^^^^^^^^
[INFO] [stdout] 
[INFO] [stdout] 
[INFO] [stdout] warning: use of deprecated method `std::error::Error::description`: use the Display impl or to_string()
[INFO] [stdout]    --> src/native.rs:132:32
[INFO] [stdout]     |
[INFO] [stdout] 132 |         Err(m) => return Err(m.description().to_owned()),
[INFO] [stdout]     |                                ^^^^^^^^^^^
[INFO] [stdout] 
[INFO] [stdout] 
[INFO] [stdout] warning: use of deprecated method `std::error::Error::description`: use the Display impl or to_string()
[INFO] [stdout]    --> src/native.rs:185:37
[INFO] [stdout]     |
[INFO] [stdout] 185 |                 Value::CharString(e.description().to_owned()),
[INFO] [stdout]     |                                     ^^^^^^^^^^^
[INFO] [stdout] 
[INFO] [stdout] 
[INFO] [stdout] warning: use of deprecated method `std::error::Error::description`: use the Display impl or to_string()
[INFO] [stdout]    --> src/native.rs:217:37
[INFO] [stdout]     |
[INFO] [stdout] 217 |                 Value::CharString(e.description().to_owned()),
[INFO] [stdout]     |                                     ^^^^^^^^^^^
[INFO] [stdout] 
[INFO] [stdout] 
[INFO] [stdout] warning: associated function `blank` is never used
[INFO] [stdout]   --> src/closure.rs:20:12
[INFO] [stdout]    |
[INFO] [stdout] 12 | impl Closure {
[INFO] [stdout]    | ------------ associated function in this implementation
[INFO] [stdout] ...
[INFO] [stdout] 20 |     pub fn blank() -> Closure {
[INFO] [stdout]    |            ^^^^^
[INFO] [stdout]    |
[INFO] [stdout]    = note: `#[warn(dead_code)]` on by default
[INFO] [stdout] 
[INFO] [stdout] 
[INFO] [stdout] warning: variant `File` is never constructed
[INFO] [stdout]   --> src/native.rs:23:5
[INFO] [stdout]    |
[INFO] [stdout] 22 | pub enum FileDescriptor {
[INFO] [stdout]    |          -------------- variant in this enum
[INFO] [stdout] 23 |     File(File),
[INFO] [stdout]    |     ^^^^
[INFO] [stdout]    |
[INFO] [stdout]    = note: `FileDescriptor` has a derived impl for the trait `Debug`, but this is intentionally ignored during dead code analysis
[INFO] [stdout] 
[INFO] [stdout] 
[INFO] [stdout] warning: associated items `empty`, `pop`, and `local_assign` are never used
[INFO] [stdout]    --> src/vm.rs:60:12
[INFO] [stdout]     |
[INFO] [stdout] 43  | impl Vm {
[INFO] [stdout]     | ------- associated items in this implementation
[INFO] [stdout] ...
[INFO] [stdout] 60  |     pub fn empty() -> Vm {
[INFO] [stdout]     |            ^^^^^
[INFO] [stdout] ...
[INFO] [stdout] 251 |     pub fn pop(&mut self) -> Option<Value> {
[INFO] [stdout]     |            ^^^
[INFO] [stdout] ...
[INFO] [stdout] 259 |     pub fn local_assign(&mut self, name: &String, value: Value) {
[INFO] [stdout]     |            ^^^^^^^^^^^^
[INFO] [stdout] 
[INFO] [stdout] 
[INFO] [stdout] warning: panic message is not a string literal
[INFO] [stdout]    --> src/vm.rs:119:42
[INFO] [stdout]     |
[INFO] [stdout] 119 |                         Err(m) => panic!(m),
[INFO] [stdout]     |                                          ^
[INFO] [stdout]     |
[INFO] [stdout]     = note: this usage of `panic!()` is deprecated; it will be a hard error in Rust 2021
[INFO] [stdout]     = note: for more information, see <https://doc.rust-lang.org/nightly/edition-guide/rust-2021/panic-macro-consistency.html>
[INFO] [stdout]     = note: `#[warn(non_fmt_panics)]` on by default
[INFO] [stdout] help: add a "{}" format string to `Display` the message
[INFO] [stdout]     |
[INFO] [stdout] 119 |                         Err(m) => panic!("{}", m),
[INFO] [stdout]     |                                          +++++
[INFO] [stdout] 
[INFO] [stdout] 
[INFO] [stdout] warning: 24 warnings emitted
[INFO] [stdout] 
[INFO] [stdout] 
[INFO] [stderr]     Finished dev [unoptimized + debuginfo] target(s) in 7.81s
[INFO] [stderr] warning: the following packages contain code that will be rejected by a future version of Rust: rustc-serialize v0.3.24
[INFO] [stderr] note: to see what the problems were, use the option `--future-incompat-report`, or run `cargo report future-incompatibilities --id 4`
[INFO] running `Command { std: "docker" "inspect" "21b7e64dbd4dc278cf3c644ac5d96279c19007d1202630e92f739fa27c1557b4", kill_on_drop: false }`
[INFO] running `Command { std: "docker" "rm" "-f" "21b7e64dbd4dc278cf3c644ac5d96279c19007d1202630e92f739fa27c1557b4", kill_on_drop: false }`
[INFO] [stdout] 21b7e64dbd4dc278cf3c644ac5d96279c19007d1202630e92f739fa27c1557b4
[INFO] running `Command { std: "docker" "create" "-v" "/var/lib/crater-agent-workspace/builds/worker-3-tc1/target:/opt/rustwide/target:rw,Z" "-v" "/var/lib/crater-agent-workspace/builds/worker-3-tc1/source:/opt/rustwide/workdir:ro,Z" "-v" "/var/lib/crater-agent-workspace/cargo-home:/opt/rustwide/cargo-home:ro,Z" "-v" "/var/lib/crater-agent-workspace/rustup-home:/opt/rustwide/rustup-home:ro,Z" "-e" "SOURCE_DIR=/opt/rustwide/workdir" "-e" "CARGO_TARGET_DIR=/opt/rustwide/target" "-e" "CARGO_INCREMENTAL=0" "-e" "RUST_BACKTRACE=full" "-e" "RUSTFLAGS=--cap-lints=warn" "-e" "RUSTDOCFLAGS=--cap-lints=warn" "-e" "CARGO_HOME=/opt/rustwide/cargo-home" "-e" "RUSTUP_HOME=/opt/rustwide/rustup-home" "-w" "/opt/rustwide/workdir" "-m" "1610612736" "--user" "0:0" "--network" "none" "ghcr.io/rust-lang/crates-build-env/linux@sha256:2788e3201cd34a07e3172128adcd8b3090168a8e3bcc40d7c032b9dda1df7d1c" "/opt/rustwide/cargo-home/bin/cargo" "+1.75.0" "test" "--frozen" "--no-run" "--message-format=json", kill_on_drop: false }`
[INFO] [stdout] 77e8b4c3856fc5bdd2d1c4717153b6cf622fa33d2115cf8fb36a2d39cc58a9a1
[INFO] running `Command { std: "docker" "start" "-a" "77e8b4c3856fc5bdd2d1c4717153b6cf622fa33d2115cf8fb36a2d39cc58a9a1", kill_on_drop: false }`
[INFO] [stderr]    Compiling exceptional v0.1.0 (/opt/rustwide/workdir)
[INFO] [stdout] warning: use of deprecated macro `try`: use the `?` operator instead
[INFO] [stdout]   --> /opt/rustwide/target/debug/build/exceptional-92ad7211f6726278/out/exceptional-grammar.rs:18:9
[INFO] [stdout]    |
[INFO] [stdout] 18 |         try!
[INFO] [stdout]    |         ^^^
[INFO] [stdout]    |
[INFO] [stdout]    = note: `#[warn(deprecated)]` on by default
[INFO] [stdout] 
[INFO] [stdout] 
[INFO] [stdout] warning: use of deprecated macro `try`: use the `?` operator instead
[INFO] [stdout]   --> /opt/rustwide/target/debug/build/exceptional-92ad7211f6726278/out/exceptional-grammar.rs:20:39
[INFO] [stdout]    |
[INFO] [stdout] 20 |         if self.expected.len() == 0 { try! (write! (fmt, "EOF")) ; } else if
[INFO] [stdout]    |                                       ^^^
[INFO] [stdout] 
[INFO] [stdout] 
[INFO] [stdout] warning: use of deprecated macro `try`: use the `?` operator instead
[INFO] [stdout]   --> /opt/rustwide/target/debug/build/exceptional-92ad7211f6726278/out/exceptional-grammar.rs:23:13
[INFO] [stdout]    |
[INFO] [stdout] 23 |             try!
[INFO] [stdout]    |             ^^^
[INFO] [stdout] 
[INFO] [stdout] 
[INFO] [stdout] warning: use of deprecated macro `try`: use the `?` operator instead
[INFO] [stdout]   --> /opt/rustwide/target/debug/build/exceptional-92ad7211f6726278/out/exceptional-grammar.rs:29:51
[INFO] [stdout]    |
[INFO] [stdout] 29 |             let mut iter = self.expected.iter() ; try!
[INFO] [stdout]    |                                                   ^^^
[INFO] [stdout] 
[INFO] [stdout] 
[INFO] [stdout] warning: use of deprecated macro `try`: use the `?` operator instead
[INFO] [stdout]   --> /opt/rustwide/target/debug/build/exceptional-92ad7211f6726278/out/exceptional-grammar.rs:33:15
[INFO] [stdout]    |
[INFO] [stdout] 33 |             { try! (write! (fmt, ", `{}`", escape_default(elem))) ; }
[INFO] [stdout]    |               ^^^
[INFO] [stdout] 
[INFO] [stdout] 
[INFO] [stdout] warning: `...` range patterns are deprecated
[INFO] [stdout]    --> /opt/rustwide/target/debug/build/exceptional-92ad7211f6726278/out/exceptional-grammar.rs:147:574
[INFO] [stdout]     |
[INFO] [stdout] 147 | ...nge_at ( __input , __pos ) ; match __ch { 'a' ... 'z' | 'A' ... 'Z' => Matched ( __next , ( ) ) , _ => __state . mark_failure ( __pos ...
[INFO] [stdout]     |                                                  ^^^ help: use `..=` for an inclusive range
[INFO] [stdout]     |
[INFO] [stdout]     = warning: this is accepted in the current edition (Rust 2015) but is a hard error in Rust 2021!
[INFO] [stdout]     = note: for more information, see <https://doc.rust-lang.org/nightly/edition-guide/rust-2021/warnings-promoted-to-error.html>
[INFO] [stdout]     = note: `#[warn(ellipsis_inclusive_range_patterns)]` on by default
[INFO] [stdout] 
[INFO] [stdout] 
[INFO] [stdout] warning: `...` range patterns are deprecated
[INFO] [stdout]    --> /opt/rustwide/target/debug/build/exceptional-92ad7211f6726278/out/exceptional-grammar.rs:147:588
[INFO] [stdout]     |
[INFO] [stdout] 147 | ...ut , __pos ) ; match __ch { 'a' ... 'z' | 'A' ... 'Z' => Matched ( __next , ( ) ) , _ => __state . mark_failure ( __pos , "[a-zA-Z]" )...
[INFO] [stdout]     |                                                  ^^^ help: use `..=` for an inclusive range
[INFO] [stdout]     |
[INFO] [stdout]     = warning: this is accepted in the current edition (Rust 2015) but is a hard error in Rust 2021!
[INFO] [stdout]     = note: for more information, see <https://doc.rust-lang.org/nightly/edition-guide/rust-2021/warnings-promoted-to-error.html>
[INFO] [stdout] 
[INFO] [stdout] 
[INFO] [stdout] warning: `...` range patterns are deprecated
[INFO] [stdout]    --> /opt/rustwide/target/debug/build/exceptional-92ad7211f6726278/out/exceptional-grammar.rs:147:973
[INFO] [stdout]     |
[INFO] [stdout] 147 | ...nge_at ( __input , __pos ) ; match __ch { 'a' ... 'z' | 'A' ... 'Z' | '0' ... '9' | '_' => Matched ( __next , ( ) ) , _ => __state . m...
[INFO] [stdout]     |                                                  ^^^ help: use `..=` for an inclusive range
[INFO] [stdout]     |
[INFO] [stdout]     = warning: this is accepted in the current edition (Rust 2015) but is a hard error in Rust 2021!
[INFO] [stdout]     = note: for more information, see <https://doc.rust-lang.org/nightly/edition-guide/rust-2021/warnings-promoted-to-error.html>
[INFO] [stdout] 
[INFO] [stdout] 
[INFO] [stdout] warning: `...` range patterns are deprecated
[INFO] [stdout]    --> /opt/rustwide/target/debug/build/exceptional-92ad7211f6726278/out/exceptional-grammar.rs:147:987
[INFO] [stdout]     |
[INFO] [stdout] 147 | ...ut , __pos ) ; match __ch { 'a' ... 'z' | 'A' ... 'Z' | '0' ... '9' | '_' => Matched ( __next , ( ) ) , _ => __state . mark_failure ( ...
[INFO] [stdout]     |                                                  ^^^ help: use `..=` for an inclusive range
[INFO] [stdout]     |
[INFO] [stdout]     = warning: this is accepted in the current edition (Rust 2015) but is a hard error in Rust 2021!
[INFO] [stdout]     = note: for more information, see <https://doc.rust-lang.org/nightly/edition-guide/rust-2021/warnings-promoted-to-error.html>
[INFO] [stdout] 
[INFO] [stdout] 
[INFO] [stdout] warning: `...` range patterns are deprecated
[INFO] [stdout]    --> /opt/rustwide/target/debug/build/exceptional-92ad7211f6726278/out/exceptional-grammar.rs:147:1001
[INFO] [stdout]     |
[INFO] [stdout] 147 | ... match __ch { 'a' ... 'z' | 'A' ... 'Z' | '0' ... '9' | '_' => Matched ( __next , ( ) ) , _ => __state . mark_failure ( __pos , "[a-zA...
[INFO] [stdout]     |                                                  ^^^ help: use `..=` for an inclusive range
[INFO] [stdout]     |
[INFO] [stdout]     = warning: this is accepted in the current edition (Rust 2015) but is a hard error in Rust 2021!
[INFO] [stdout]     = note: for more information, see <https://doc.rust-lang.org/nightly/edition-guide/rust-2021/warnings-promoted-to-error.html>
[INFO] [stdout] 
[INFO] [stdout] 
[INFO] [stdout] warning: `...` range patterns are deprecated
[INFO] [stdout]    --> /opt/rustwide/target/debug/build/exceptional-92ad7211f6726278/out/exceptional-grammar.rs:164:454
[INFO] [stdout]     |
[INFO] [stdout] 164 | ...nge_at ( __input , __pos ) ; match __ch { '0' ... '9' => Matched ( __next , ( ) ) , _ => __state . mark_failure ( __pos , "[0-9]" ) , ...
[INFO] [stdout]     |                                                  ^^^ help: use `..=` for an inclusive range
[INFO] [stdout]     |
[INFO] [stdout]     = warning: this is accepted in the current edition (Rust 2015) but is a hard error in Rust 2021!
[INFO] [stdout]     = note: for more information, see <https://doc.rust-lang.org/nightly/edition-guide/rust-2021/warnings-promoted-to-error.html>
[INFO] [stdout] 
[INFO] [stdout] 
[INFO] [stdout] warning: unnecessary parentheses around block return value
[INFO] [stdout]   --> src/native.rs:92:5
[INFO] [stdout]    |
[INFO] [stdout] 92 |     (Value::Map(Rc::new(RefCell::new(map))))
[INFO] [stdout]    |     ^                                      ^
[INFO] [stdout]    |
[INFO] [stdout]    = note: `#[warn(unused_parens)]` on by default
[INFO] [stdout] help: remove these parentheses
[INFO] [stdout]    |
[INFO] [stdout] 92 -     (Value::Map(Rc::new(RefCell::new(map))))
[INFO] [stdout] 92 +     Value::Map(Rc::new(RefCell::new(map)))
[INFO] [stdout]    |
[INFO] [stdout] 
[INFO] [stdout] 
[INFO] [stdout] warning: use of deprecated method `std::error::Error::description`: use the Display impl or to_string()
[INFO] [stdout]    --> src/native.rs:102:32
[INFO] [stdout]     |
[INFO] [stdout] 102 |         Err(m) => return Err(m.description().to_owned()),
[INFO] [stdout]     |                                ^^^^^^^^^^^
[INFO] [stdout] 
[INFO] [stdout] 
[INFO] [stdout] warning: use of deprecated method `std::error::Error::description`: use the Display impl or to_string()
[INFO] [stdout]    --> src/native.rs:132:32
[INFO] [stdout]     |
[INFO] [stdout] 132 |         Err(m) => return Err(m.description().to_owned()),
[INFO] [stdout]     |                                ^^^^^^^^^^^
[INFO] [stdout] 
[INFO] [stdout] 
[INFO] [stdout] warning: use of deprecated method `std::error::Error::description`: use the Display impl or to_string()
[INFO] [stdout]    --> src/native.rs:185:37
[INFO] [stdout]     |
[INFO] [stdout] 185 |                 Value::CharString(e.description().to_owned()),
[INFO] [stdout]     |                                     ^^^^^^^^^^^
[INFO] [stdout] 
[INFO] [stdout] 
[INFO] [stdout] warning: use of deprecated method `std::error::Error::description`: use the Display impl or to_string()
[INFO] [stdout]    --> src/native.rs:217:37
[INFO] [stdout]     |
[INFO] [stdout] 217 |                 Value::CharString(e.description().to_owned()),
[INFO] [stdout]     |                                     ^^^^^^^^^^^
[INFO] [stdout] 
[INFO] [stdout] 
[INFO] [stdout] warning: variant `File` is never constructed
[INFO] [stdout]   --> src/native.rs:23:5
[INFO] [stdout]    |
[INFO] [stdout] 22 | pub enum FileDescriptor {
[INFO] [stdout]    |          -------------- variant in this enum
[INFO] [stdout] 23 |     File(File),
[INFO] [stdout]    |     ^^^^
[INFO] [stdout]    |
[INFO] [stdout]    = note: `FileDescriptor` has a derived impl for the trait `Debug`, but this is intentionally ignored during dead code analysis
[INFO] [stdout]    = note: `#[warn(dead_code)]` on by default
[INFO] [stdout] 
[INFO] [stdout] 
[INFO] [stdout] warning: panic message is not a string literal
[INFO] [stdout]    --> src/vm.rs:119:42
[INFO] [stdout]     |
[INFO] [stdout] 119 |                         Err(m) => panic!(m),
[INFO] [stdout]     |                                          ^
[INFO] [stdout]     |
[INFO] [stdout]     = note: this usage of `panic!()` is deprecated; it will be a hard error in Rust 2021
[INFO] [stdout]     = note: for more information, see <https://doc.rust-lang.org/nightly/edition-guide/rust-2021/panic-macro-consistency.html>
[INFO] [stdout]     = note: `#[warn(non_fmt_panics)]` on by default
[INFO] [stdout] help: add a "{}" format string to `Display` the message
[INFO] [stdout]     |
[INFO] [stdout] 119 |                         Err(m) => panic!("{}", m),
[INFO] [stdout]     |                                          +++++
[INFO] [stdout] 
[INFO] [stdout] 
[INFO] [stdout] warning: 18 warnings emitted
[INFO] [stdout] 
[INFO] [stdout] 
[INFO] [stderr]     Finished test [unoptimized + debuginfo] target(s) in 3.52s
[INFO] [stderr] warning: the following packages contain code that will be rejected by a future version of Rust: rustc-serialize v0.3.24
[INFO] [stderr] note: to see what the problems were, use the option `--future-incompat-report`, or run `cargo report future-incompatibilities --id 4`
[INFO] running `Command { std: "docker" "inspect" "77e8b4c3856fc5bdd2d1c4717153b6cf622fa33d2115cf8fb36a2d39cc58a9a1", kill_on_drop: false }`
[INFO] running `Command { std: "docker" "rm" "-f" "77e8b4c3856fc5bdd2d1c4717153b6cf622fa33d2115cf8fb36a2d39cc58a9a1", kill_on_drop: false }`
[INFO] [stdout] 77e8b4c3856fc5bdd2d1c4717153b6cf622fa33d2115cf8fb36a2d39cc58a9a1
[INFO] running `Command { std: "docker" "create" "-v" "/var/lib/crater-agent-workspace/builds/worker-3-tc1/target:/opt/rustwide/target:rw,Z" "-v" "/var/lib/crater-agent-workspace/builds/worker-3-tc1/source:/opt/rustwide/workdir:ro,Z" "-v" "/var/lib/crater-agent-workspace/cargo-home:/opt/rustwide/cargo-home:ro,Z" "-v" "/var/lib/crater-agent-workspace/rustup-home:/opt/rustwide/rustup-home:ro,Z" "-e" "SOURCE_DIR=/opt/rustwide/workdir" "-e" "CARGO_TARGET_DIR=/opt/rustwide/target" "-e" "CARGO_INCREMENTAL=0" "-e" "RUST_BACKTRACE=full" "-e" "RUSTFLAGS=--cap-lints=warn" "-e" "RUSTDOCFLAGS=--cap-lints=warn" "-e" "CARGO_HOME=/opt/rustwide/cargo-home" "-e" "RUSTUP_HOME=/opt/rustwide/rustup-home" "-w" "/opt/rustwide/workdir" "-m" "1610612736" "--user" "0:0" "--network" "none" "ghcr.io/rust-lang/crates-build-env/linux@sha256:2788e3201cd34a07e3172128adcd8b3090168a8e3bcc40d7c032b9dda1df7d1c" "/opt/rustwide/cargo-home/bin/cargo" "+1.75.0" "test" "--frozen", kill_on_drop: false }`
[INFO] [stdout] 3402802df205a02a168260b49f3bcc890a317c7e8e5b30cfc941b75c64d48fcf
[INFO] running `Command { std: "docker" "start" "-a" "3402802df205a02a168260b49f3bcc890a317c7e8e5b30cfc941b75c64d48fcf", kill_on_drop: false }`
[INFO] [stderr] warning: use of deprecated macro `try`: use the `?` operator instead
[INFO] [stderr]   --> /opt/rustwide/target/debug/build/exceptional-92ad7211f6726278/out/exceptional-grammar.rs:18:9
[INFO] [stderr]    |
[INFO] [stderr] 18 |         try!
[INFO] [stderr]    |         ^^^
[INFO] [stderr]    |
[INFO] [stderr]    = note: `#[warn(deprecated)]` on by default
[INFO] [stderr] 
[INFO] [stderr] warning: use of deprecated macro `try`: use the `?` operator instead
[INFO] [stderr]   --> /opt/rustwide/target/debug/build/exceptional-92ad7211f6726278/out/exceptional-grammar.rs:20:39
[INFO] [stderr]    |
[INFO] [stderr] 20 |         if self.expected.len() == 0 { try! (write! (fmt, "EOF")) ; } else if
[INFO] [stderr]    |                                       ^^^
[INFO] [stderr] 
[INFO] [stderr] warning: use of deprecated macro `try`: use the `?` operator instead
[INFO] [stderr]   --> /opt/rustwide/target/debug/build/exceptional-92ad7211f6726278/out/exceptional-grammar.rs:23:13
[INFO] [stderr]    |
[INFO] [stderr] 23 |             try!
[INFO] [stderr]    |             ^^^
[INFO] [stderr] 
[INFO] [stderr] warning: use of deprecated macro `try`: use the `?` operator instead
[INFO] [stderr]   --> /opt/rustwide/target/debug/build/exceptional-92ad7211f6726278/out/exceptional-grammar.rs:29:51
[INFO] [stderr]    |
[INFO] [stderr] 29 |             let mut iter = self.expected.iter() ; try!
[INFO] [stderr]    |                                                   ^^^
[INFO] [stderr] 
[INFO] [stderr] warning: use of deprecated macro `try`: use the `?` operator instead
[INFO] [stderr]   --> /opt/rustwide/target/debug/build/exceptional-92ad7211f6726278/out/exceptional-grammar.rs:33:15
[INFO] [stderr]    |
[INFO] [stderr] 33 |             { try! (write! (fmt, ", `{}`", escape_default(elem))) ; }
[INFO] [stderr]    |               ^^^
[INFO] [stderr] 
[INFO] [stderr] warning: `...` range patterns are deprecated
[INFO] [stderr]    --> /opt/rustwide/target/debug/build/exceptional-92ad7211f6726278/out/exceptional-grammar.rs:147:574
[INFO] [stderr]     |
[INFO] [stderr] 147 | ...nge_at ( __input , __pos ) ; match __ch { 'a' ... 'z' | 'A' ... 'Z' => Matched ( __next , ( ) ) , _ => __state . mark_failure ( __pos ...
[INFO] [stderr]     |                                                  ^^^ help: use `..=` for an inclusive range
[INFO] [stderr]     |
[INFO] [stderr]     = warning: this is accepted in the current edition (Rust 2015) but is a hard error in Rust 2021!
[INFO] [stderr]     = note: for more information, see <https://doc.rust-lang.org/nightly/edition-guide/rust-2021/warnings-promoted-to-error.html>
[INFO] [stderr]     = note: `#[warn(ellipsis_inclusive_range_patterns)]` on by default
[INFO] [stderr] 
[INFO] [stderr] warning: `...` range patterns are deprecated
[INFO] [stderr]    --> /opt/rustwide/target/debug/build/exceptional-92ad7211f6726278/out/exceptional-grammar.rs:147:588
[INFO] [stderr]     |
[INFO] [stderr] 147 | ...ut , __pos ) ; match __ch { 'a' ... 'z' | 'A' ... 'Z' => Matched ( __next , ( ) ) , _ => __state . mark_failure ( __pos , "[a-zA-Z]" )...
[INFO] [stderr]     |                                                  ^^^ help: use `..=` for an inclusive range
[INFO] [stderr]     |
[INFO] [stderr]     = warning: this is accepted in the current edition (Rust 2015) but is a hard error in Rust 2021!
[INFO] [stderr]     = note: for more information, see <https://doc.rust-lang.org/nightly/edition-guide/rust-2021/warnings-promoted-to-error.html>
[INFO] [stderr] 
[INFO] [stderr] warning: `...` range patterns are deprecated
[INFO] [stderr]    --> /opt/rustwide/target/debug/build/exceptional-92ad7211f6726278/out/exceptional-grammar.rs:147:973
[INFO] [stderr]     |
[INFO] [stderr] 147 | ...nge_at ( __input , __pos ) ; match __ch { 'a' ... 'z' | 'A' ... 'Z' | '0' ... '9' | '_' => Matched ( __next , ( ) ) , _ => __state . m...
[INFO] [stderr]     |                                                  ^^^ help: use `..=` for an inclusive range
[INFO] [stderr]     |
[INFO] [stderr]     = warning: this is accepted in the current edition (Rust 2015) but is a hard error in Rust 2021!
[INFO] [stderr]     = note: for more information, see <https://doc.rust-lang.org/nightly/edition-guide/rust-2021/warnings-promoted-to-error.html>
[INFO] [stderr] 
[INFO] [stderr] warning: `...` range patterns are deprecated
[INFO] [stderr]    --> /opt/rustwide/target/debug/build/exceptional-92ad7211f6726278/out/exceptional-grammar.rs:147:987
[INFO] [stderr]     |
[INFO] [stderr] 147 | ...ut , __pos ) ; match __ch { 'a' ... 'z' | 'A' ... 'Z' | '0' ... '9' | '_' => Matched ( __next , ( ) ) , _ => __state . mark_failure ( ...
[INFO] [stderr]     |                                                  ^^^ help: use `..=` for an inclusive range
[INFO] [stderr]     |
[INFO] [stderr]     = warning: this is accepted in the current edition (Rust 2015) but is a hard error in Rust 2021!
[INFO] [stderr]     = note: for more information, see <https://doc.rust-lang.org/nightly/edition-guide/rust-2021/warnings-promoted-to-error.html>
[INFO] [stderr] 
[INFO] [stderr] warning: `...` range patterns are deprecated
[INFO] [stderr]    --> /opt/rustwide/target/debug/build/exceptional-92ad7211f6726278/out/exceptional-grammar.rs:147:1001
[INFO] [stderr]     |
[INFO] [stderr] 147 | ... match __ch { 'a' ... 'z' | 'A' ... 'Z' | '0' ... '9' | '_' => Matched ( __next , ( ) ) , _ => __state . mark_failure ( __pos , "[a-zA...
[INFO] [stderr]     |                                                  ^^^ help: use `..=` for an inclusive range
[INFO] [stderr]     |
[INFO] [stderr]     = warning: this is accepted in the current edition (Rust 2015) but is a hard error in Rust 2021!
[INFO] [stderr]     = note: for more information, see <https://doc.rust-lang.org/nightly/edition-guide/rust-2021/warnings-promoted-to-error.html>
[INFO] [stderr] 
[INFO] [stderr] warning: `...` range patterns are deprecated
[INFO] [stderr]    --> /opt/rustwide/target/debug/build/exceptional-92ad7211f6726278/out/exceptional-grammar.rs:164:454
[INFO] [stderr]     |
[INFO] [stderr] 164 | ...nge_at ( __input , __pos ) ; match __ch { '0' ... '9' => Matched ( __next , ( ) ) , _ => __state . mark_failure ( __pos , "[0-9]" ) , ...
[INFO] [stderr]     |                                                  ^^^ help: use `..=` for an inclusive range
[INFO] [stderr]     |
[INFO] [stderr]     = warning: this is accepted in the current edition (Rust 2015) but is a hard error in Rust 2021!
[INFO] [stderr]     = note: for more information, see <https://doc.rust-lang.org/nightly/edition-guide/rust-2021/warnings-promoted-to-error.html>
[INFO] [stderr] 
[INFO] [stderr] warning: unnecessary parentheses around block return value
[INFO] [stderr]   --> src/native.rs:92:5
[INFO] [stderr]    |
[INFO] [stderr] 92 |     (Value::Map(Rc::new(RefCell::new(map))))
[INFO] [stderr]    |     ^                                      ^
[INFO] [stderr]    |
[INFO] [stderr]    = note: `#[warn(unused_parens)]` on by default
[INFO] [stderr] help: remove these parentheses
[INFO] [stderr]    |
[INFO] [stderr] 92 -     (Value::Map(Rc::new(RefCell::new(map))))
[INFO] [stderr] 92 +     Value::Map(Rc::new(RefCell::new(map)))
[INFO] [stderr]    |
[INFO] [stderr] 
[INFO] [stderr] warning: use of deprecated method `std::error::Error::description`: use the Display impl or to_string()
[INFO] [stderr]    --> src/native.rs:102:32
[INFO] [stderr]     |
[INFO] [stderr] 102 |         Err(m) => return Err(m.description().to_owned()),
[INFO] [stderr]     |                                ^^^^^^^^^^^
[INFO] [stderr] 
[INFO] [stderr] warning: use of deprecated method `std::error::Error::description`: use the Display impl or to_string()
[INFO] [stderr]    --> src/native.rs:132:32
[INFO] [stderr]     |
[INFO] [stderr] 132 |         Err(m) => return Err(m.description().to_owned()),
[INFO] [stderr]     |                                ^^^^^^^^^^^
[INFO] [stderr] 
[INFO] [stderr] warning: use of deprecated method `std::error::Error::description`: use the Display impl or to_string()
[INFO] [stderr]    --> src/native.rs:185:37
[INFO] [stderr]     |
[INFO] [stderr] 185 |                 Value::CharString(e.description().to_owned()),
[INFO] [stderr]     |                                     ^^^^^^^^^^^
[INFO] [stderr] 
[INFO] [stderr] warning: use of deprecated method `std::error::Error::description`: use the Display impl or to_string()
[INFO] [stderr]    --> src/native.rs:217:37
[INFO] [stderr]     |
[INFO] [stderr] 217 |                 Value::CharString(e.description().to_owned()),
[INFO] [stderr]     |                                     ^^^^^^^^^^^
[INFO] [stderr] 
[INFO] [stderr] warning: variant `File` is never constructed
[INFO] [stderr]   --> src/native.rs:23:5
[INFO] [stderr]    |
[INFO] [stderr] 22 | pub enum FileDescriptor {
[INFO] [stderr]    |          -------------- variant in this enum
[INFO] [stderr] 23 |     File(File),
[INFO] [stderr]    |     ^^^^
[INFO] [stderr]    |
[INFO] [stderr]    = note: `FileDescriptor` has a derived impl for the trait `Debug`, but this is intentionally ignored during dead code analysis
[INFO] [stderr]    = note: `#[warn(dead_code)]` on by default
[INFO] [stderr] 
[INFO] [stderr] warning: panic message is not a string literal
[INFO] [stderr]    --> src/vm.rs:119:42
[INFO] [stderr]     |
[INFO] [stderr] 119 |                         Err(m) => panic!(m),
[INFO] [stderr]     |                                          ^
[INFO] [stderr]     |
[INFO] [stderr]     = note: this usage of `panic!()` is deprecated; it will be a hard error in Rust 2021
[INFO] [stderr]     = note: for more information, see <https://doc.rust-lang.org/nightly/edition-guide/rust-2021/panic-macro-consistency.html>
[INFO] [stderr]     = note: `#[warn(non_fmt_panics)]` on by default
[INFO] [stderr] help: add a "{}" format string to `Display` the message
[INFO] [stderr]     |
[INFO] [stderr] 119 |                         Err(m) => panic!("{}", m),
[INFO] [stderr]     |                                          +++++
[INFO] [stderr] 
[INFO] [stderr] warning: `exceptional` (bin "exceptional" test) generated 18 warnings (run `cargo fix --bin "exceptional" --tests` to apply 8 suggestions)
[INFO] [stderr]     Finished test [unoptimized + debuginfo] target(s) in 0.03s
[INFO] [stderr] warning: the following packages contain code that will be rejected by a future version of Rust: rustc-serialize v0.3.24
[INFO] [stderr] note: to see what the problems were, use the option `--future-incompat-report`, or run `cargo report future-incompatibilities --id 4`
[INFO] [stderr]      Running unittests src/main.rs (/opt/rustwide/target/debug/deps/exceptional-e794cc007650ae5b)
[INFO] [stdout] 
[INFO] [stdout] running 82 tests
[INFO] [stdout] test binding_map::test::has_binding ... ok
[INFO] [stdout] test binding_map::test::delegates_fetch ... ok
[INFO] [stdout] test binding_map::test::fetch ... ok
[INFO] [stdout] test binding_map::test::local_assign ... ok
[INFO] [stdout] test closure::test::enclose_assigns_new_bidings ... ok
[INFO] [stdout] test compiler::test::compiles_arithmetics ... ok
[INFO] [stdout] test ast::test::string_matcher_eq ... ok
[INFO] [stdout] test compiler::test::compiles_identifier_expressions ... ok
[INFO] [stdout] test exception_handler::test::matches_identifier ... ok
[INFO] [stdout] test compiler::test::compiles_comparisons ... ok
[INFO] [stdout] test binding_map::test::delegates_assign ... ok
[INFO] [stdout] test compiler::test::compiles_binop_expressions ... ok
[INFO] [stdout] test binding_map::test::new ... ok
[INFO] [stdout] test compiler::test::compiles_index_access_expressions ... ok
[INFO] [stdout] test exception_handler::test::matches_numbers ... ok
[INFO] [stdout] test exception_handler::test::matches_recursive_maps ... ok
[INFO] [stdout] test exception_handler::test::matches_simple_map ... ok
[INFO] [stdout] test grammar::test_expressions::parses_import ... ok
[INFO] [stdout] test compiler::test::compiles_literal_expressions ... ok
[INFO] [stdout] test exception_handler::test::matches_maps_with_multiple_bindings_of_equal_values ... ok
[INFO] [stdout] test exception_handler::test::matches_string_match ... ok
[INFO] [stdout] test grammar::test_expressions::parses_math ... ok
[INFO] [stdout] test grammar::test_expressions::parses_simple_functions ... ok
[INFO] [stdout] test grammar::test_literals::parses_maps ... ok
[INFO] [stdout] test grammar::test_expressions::parses_simple_literal_expressions ... ok
[INFO] [stdout] test grammar::test_expressions::prases_functions_with_bodies ... ok
[INFO] [stdout] test grammar::test_literals::parses_booleans ... ok
[INFO] [stdout] test exception_handler::test::matches_strings ... ok
[INFO] [stdout] test exception_handler::test::matches_bools ... ok
[INFO] [stdout] test grammar::test_expressions::parses_functions_with_args ... ok
[INFO] [stdout] test grammar::test_literals::parses_number ... ok
[INFO] [stdout] test grammar::test_expressions::parses_identifiers ... ok
[INFO] [stdout] test grammar::test_expressions::parses_access ... ok
[INFO] [stdout] test compiler::test::compiles_import_expressions ... ok
[INFO] [stdout] test grammar::test_expressions::parses_comparison_expressions ... ok
[INFO] [stdout] test grammar::test_literals::parses_strings ... ok
[INFO] [stdout] test grammar::test_statements::parses_assigns ... ok
[INFO] [stdout] test grammar::test_statements::parses_rescue_with_ident_patterns ... ok
[INFO] [stdout] test grammar::test_statements::parses_rescue_with_bool_patterns ... ok
[INFO] [stdout] test grammar::test_statements::parses_calls_with_expressive_args ... ok
[INFO] [stdout] test grammar::test_statements::parses_rescue_with_map_patterns ... ok
[INFO] [stdout] test grammar::test_statements::parses_map_assign ... ok
[INFO] [stdout] test grammar::test_statements::parses_rescue_statements ... ok
[INFO] [stdout] test grammar::test_statements::parses_calls_with_simple_args ... ok
[INFO] [stdout] test grammar::test_statements::parses_calls ... ok
[INFO] [stdout] test grammar::test_statements::parses_raise_statements ... ok
[INFO] [stdout] test grammar::test_statements::parses_rescue_with_number_patterns ... ok
[INFO] [stdout] test grammar::test_statements::parses_rescue_with_string_matching_patterns ... ok
[INFO] [stdout] test instructions::test::compare_native_functions ... ok
[INFO] [stdout] test native::test::find_lib_returns_file ... ok
[INFO] [stdout] test native::test::find_lib_returns_io ... ok
[INFO] [stdout] test native::test::find_lib_returns_none_when_not_found ... ok
[INFO] [stdout] test native::test::find_lib_returns_socket ... ok
[INFO] [stdout] test native::test::native_tcp_listen_opens_a_tcp_listener ... ok
[INFO] [stdout] test native::test::native_tcp_connect_opens_a_tcp_stream ... ok
[INFO] [stdout] test native::test::native_io_write_writes_to_a_file_descriptor_and_raises ... ok
[INFO] [stdout] test native::test::read_file_contents_returns_result ... ok
[INFO] [stdout] test native::test::read_file_pushes_a_value_and_returns_a_raise_instruction ... ok
[INFO] [stdout] test native::test::read_file_uses_the_file_name_argument ... ok
[INFO] [stdout] test value::test::div ... ok
[INFO] [stdout] test value::test::eq ... ok
[INFO] [stdout] test value::test::gt_and_lt ... ok
[INFO] [stdout] test vm::test::basic_rescue ... ok
[INFO] [stdout] test grammar::test_statements::parses_rescue_with_string_patterns ... ok
[INFO] [stdout] test value::test::sub ... ok
[INFO] [stdout] test native::test::native_tcp_accept_calls_a_function_with_the_socket ... ok
[INFO] [stdout] test instructions::test::call_native_function ... ok
[INFO] [stdout] test native::test::write_file_writes_the_content ... ok
[INFO] [stdout] test native::test::native_io_read_all_reads_from_a_file_descriptor_and_returns_a_string ... ok
[INFO] [stdout] test native::test::read_file_contents_returns_error ... ok
[INFO] [stdout] test native::test::read_file_does_not_exist ... ok
[INFO] [stdout] test vm::test::rescue_map ... ok
[INFO] [stdout] test value::test::mul ... ok
[INFO] [stdout] test vm::test::maps ... ok
[INFO] [stdout] test value::test::add ... ok
[INFO] [stdout] test vm::test::function_call ... ok
[INFO] [stdout] test vm::test::function_call_with_args ... ok
[INFO] [stdout] test vm::test::run_simple ... ok
[INFO] [stdout] test vm::test::fibonacci ... ok
[INFO] [stdout] test vm::test::import_file ... FAILED
[INFO] [stdout] test vm::test::function_with_wrong_arg_count - should panic ... ok
[INFO] [stdout] test vm::test::calling_non_function - should panic ... ok
[INFO] [stderr] error: test failed, to rerun pass `--bin exceptional`
[INFO] [stdout] 
[INFO] [stdout] failures:
[INFO] [stdout] 
[INFO] [stdout] ---- vm::test::import_file stdout ----
[INFO] [stdout] thread 'vm::test::import_file' panicked at src/vm.rs:536:56:
[INFO] [stdout] called `Result::unwrap()` on an `Err` value: Os { code: 30, kind: ReadOnlyFilesystem, message: "Read-only file system" }
[INFO] [stdout] stack backtrace:
[INFO] [stdout]    0:     0x558c923668bc - std::backtrace_rs::backtrace::libunwind::trace::ha637c64ce894333a
[INFO] [stdout]                                at /rustc/82e1608dfa6e0b5569232559e3d385fea5a93112/library/std/src/../../backtrace/src/backtrace/libunwind.rs:104:5
[INFO] [stdout]    1:     0x558c923668bc - std::backtrace_rs::backtrace::trace_unsynchronized::h47f62dea28e0c88d
[INFO] [stdout]                                at /rustc/82e1608dfa6e0b5569232559e3d385fea5a93112/library/std/src/../../backtrace/src/backtrace/mod.rs:66:5
[INFO] [stdout]    2:     0x558c923668bc - std::sys_common::backtrace::_print_fmt::h9eef0abe20ede486
[INFO] [stdout]                                at /rustc/82e1608dfa6e0b5569232559e3d385fea5a93112/library/std/src/sys_common/backtrace.rs:67:5
[INFO] [stdout]    3:     0x558c923668bc - <std::sys_common::backtrace::_print::DisplayBacktrace as core::fmt::Display>::fmt::hed7f999df88cc644
[INFO] [stdout]                                at /rustc/82e1608dfa6e0b5569232559e3d385fea5a93112/library/std/src/sys_common/backtrace.rs:44:22
[INFO] [stdout]    4:     0x558c92392280 - core::fmt::rt::Argument::fmt::h1539a9308b8d058d
[INFO] [stdout]                                at /rustc/82e1608dfa6e0b5569232559e3d385fea5a93112/library/core/src/fmt/rt.rs:142:9
[INFO] [stdout]    5:     0x558c92392280 - core::fmt::write::h3a39390d8560d9c9
[INFO] [stdout]                                at /rustc/82e1608dfa6e0b5569232559e3d385fea5a93112/library/core/src/fmt/mod.rs:1120:17
[INFO] [stdout]    6:     0x558c92363aff - std::io::Write::write_fmt::h040b369f3a0f9cbc
[INFO] [stdout]                                at /rustc/82e1608dfa6e0b5569232559e3d385fea5a93112/library/std/src/io/mod.rs:1762:15
[INFO] [stdout]    7:     0x558c923666a4 - std::sys_common::backtrace::_print::h894006fb5c6f3d45
[INFO] [stdout]                                at /rustc/82e1608dfa6e0b5569232559e3d385fea5a93112/library/std/src/sys_common/backtrace.rs:47:5
[INFO] [stdout]    8:     0x558c923666a4 - std::sys_common::backtrace::print::h23a2d212c6fff936
[INFO] [stdout]                                at /rustc/82e1608dfa6e0b5569232559e3d385fea5a93112/library/std/src/sys_common/backtrace.rs:34:9
[INFO] [stdout]    9:     0x558c92368367 - std::panicking::default_hook::{{closure}}::h8a1d2ee00185001a
[INFO] [stdout]   10:     0x558c92368053 - std::panicking::default_hook::h6038f2eba384e475
[INFO] [stdout]                                at /rustc/82e1608dfa6e0b5569232559e3d385fea5a93112/library/std/src/panicking.rs:289:9
[INFO] [stdout]   11:     0x558c92241bd7 - <alloc::boxed::Box<F,A> as core::ops::function::Fn<Args>>::call::h0ad024c9bdc6d768
[INFO] [stdout]                                at /rustc/82e1608dfa6e0b5569232559e3d385fea5a93112/library/alloc/src/boxed.rs:2021:9
[INFO] [stdout]   12:     0x558c92241bd7 - test::test_main::{{closure}}::h7500b54257359db6
[INFO] [stdout]                                at /rustc/82e1608dfa6e0b5569232559e3d385fea5a93112/library/test/src/lib.rs:138:21
[INFO] [stdout]   13:     0x558c92368978 - <alloc::boxed::Box<F,A> as core::ops::function::Fn<Args>>::call::h1f8f335eaa9cfaee
[INFO] [stdout]                                at /rustc/82e1608dfa6e0b5569232559e3d385fea5a93112/library/alloc/src/boxed.rs:2021:9
[INFO] [stdout]   14:     0x558c92368978 - std::panicking::rust_panic_with_hook::h2b5517d590cab22e
[INFO] [stdout]                                at /rustc/82e1608dfa6e0b5569232559e3d385fea5a93112/library/std/src/panicking.rs:783:13
[INFO] [stdout]   15:     0x558c923686ce - std::panicking::begin_panic_handler::{{closure}}::h233112c06e0ef43e
[INFO] [stdout]                                at /rustc/82e1608dfa6e0b5569232559e3d385fea5a93112/library/std/src/panicking.rs:657:13
[INFO] [stdout]   16:     0x558c92366d86 - std::sys_common::backtrace::__rust_end_short_backtrace::h6e893f24d7ebbff8
[INFO] [stdout]                                at /rustc/82e1608dfa6e0b5569232559e3d385fea5a93112/library/std/src/sys_common/backtrace.rs:170:18
[INFO] [stdout]   17:     0x558c92368432 - rust_begin_unwind
[INFO] [stdout]                                at /rustc/82e1608dfa6e0b5569232559e3d385fea5a93112/library/std/src/panicking.rs:645:5
[INFO] [stdout]   18:     0x558c9213f005 - core::panicking::panic_fmt::hbf0e066aabfa482c
[INFO] [stdout]                                at /rustc/82e1608dfa6e0b5569232559e3d385fea5a93112/library/core/src/panicking.rs:72:14
[INFO] [stdout]   19:     0x558c9213f5d3 - core::result::unwrap_failed::hddb4fea594200c52
[INFO] [stdout]                                at /rustc/82e1608dfa6e0b5569232559e3d385fea5a93112/library/core/src/result.rs:1653:5
[INFO] [stdout]   20:     0x558c921d3c9b - core::result::Result<T,E>::unwrap::he2c3e298129876cc
[INFO] [stdout]                                at /rustc/82e1608dfa6e0b5569232559e3d385fea5a93112/library/core/src/result.rs:1077:23
[INFO] [stdout]   21:     0x558c921d1918 - exceptional::vm::test::import_file::hc70e1fd7c16576a9
[INFO] [stdout]                                at /opt/rustwide/workdir/src/vm.rs:536:26
[INFO] [stdout]   22:     0x558c921d18b7 - exceptional::vm::test::import_file::{{closure}}::hd19830ce0f1ec52b
[INFO] [stdout]                                at /opt/rustwide/workdir/src/vm.rs:535:21
[INFO] [stdout]   23:     0x558c921e5406 - core::ops::function::FnOnce::call_once::h2d1e2063f74fc49f
[INFO] [stdout]                                at /rustc/82e1608dfa6e0b5569232559e3d385fea5a93112/library/core/src/ops/function.rs:250:5
[INFO] [stdout]   24:     0x558c9224722f - core::ops::function::FnOnce::call_once::h2b5d431d5046312d
[INFO] [stdout]                                at /rustc/82e1608dfa6e0b5569232559e3d385fea5a93112/library/core/src/ops/function.rs:250:5
[INFO] [stdout]   25:     0x558c9224722f - test::__rust_begin_short_backtrace::h7714669af176e207
[INFO] [stdout]                                at /rustc/82e1608dfa6e0b5569232559e3d385fea5a93112/library/test/src/lib.rs:628:18
[INFO] [stdout]   26:     0x558c92246245 - test::run_test_in_process::{{closure}}::h85218797dcbcec12
[INFO] [stdout]                                at /rustc/82e1608dfa6e0b5569232559e3d385fea5a93112/library/test/src/lib.rs:651:60
[INFO] [stdout]   27:     0x558c92246245 - <core::panic::unwind_safe::AssertUnwindSafe<F> as core::ops::function::FnOnce<()>>::call_once::h76c106ea31c14d7b
[INFO] [stdout]                                at /rustc/82e1608dfa6e0b5569232559e3d385fea5a93112/library/core/src/panic/unwind_safe.rs:272:9
[INFO] [stdout]   28:     0x558c92246245 - std::panicking::try::do_call::h3bd5d0f6620ee946
[INFO] [stdout]                                at /rustc/82e1608dfa6e0b5569232559e3d385fea5a93112/library/std/src/panicking.rs:552:40
[INFO] [stdout]   29:     0x558c92246245 - std::panicking::try::h232e535e4744fe31
[INFO] [stdout]                                at /rustc/82e1608dfa6e0b5569232559e3d385fea5a93112/library/std/src/panicking.rs:516:19
[INFO] [stdout]   30:     0x558c92246245 - std::panic::catch_unwind::h3ce3bd6ca8dbac68
[INFO] [stdout]                                at /rustc/82e1608dfa6e0b5569232559e3d385fea5a93112/library/std/src/panic.rs:142:14
[INFO] [stdout]   31:     0x558c92246245 - test::run_test_in_process::hc97b257c9621286a
[INFO] [stdout]                                at /rustc/82e1608dfa6e0b5569232559e3d385fea5a93112/library/test/src/lib.rs:651:27
[INFO] [stdout]   32:     0x558c92246245 - test::run_test::{{closure}}::h2aa798823a438d38
[INFO] [stdout]                                at /rustc/82e1608dfa6e0b5569232559e3d385fea5a93112/library/test/src/lib.rs:574:43
[INFO] [stdout]   33:     0x558c9220e506 - test::run_test::{{closure}}::h87d231c78fb59832
[INFO] [stdout]                                at /rustc/82e1608dfa6e0b5569232559e3d385fea5a93112/library/test/src/lib.rs:602:41
[INFO] [stdout]   34:     0x558c9220e506 - std::sys_common::backtrace::__rust_begin_short_backtrace::he6df152596625789
[INFO] [stdout]                                at /rustc/82e1608dfa6e0b5569232559e3d385fea5a93112/library/std/src/sys_common/backtrace.rs:154:18
[INFO] [stdout]   35:     0x558c922135b7 - std::thread::Builder::spawn_unchecked_::{{closure}}::{{closure}}::ha94be15d1e0acf36
[INFO] [stdout]                                at /rustc/82e1608dfa6e0b5569232559e3d385fea5a93112/library/std/src/thread/mod.rs:529:17
[INFO] [stdout]   36:     0x558c922135b7 - <core::panic::unwind_safe::AssertUnwindSafe<F> as core::ops::function::FnOnce<()>>::call_once::h9dc6bd6372f16606
[INFO] [stdout]                                at /rustc/82e1608dfa6e0b5569232559e3d385fea5a93112/library/core/src/panic/unwind_safe.rs:272:9
[INFO] [stdout]   37:     0x558c922135b7 - std::panicking::try::do_call::h9057517f80303cd4
[INFO] [stdout]                                at /rustc/82e1608dfa6e0b5569232559e3d385fea5a93112/library/std/src/panicking.rs:552:40
[INFO] [stdout]   38:     0x558c922135b7 - std::panicking::try::he3a30b11ee45340c
[INFO] [stdout]                                at /rustc/82e1608dfa6e0b5569232559e3d385fea5a93112/library/std/src/panicking.rs:516:19
[INFO] [stdout]   39:     0x558c922135b7 - std::panic::catch_unwind::h410458cfd3528b8b
[INFO] [stdout]                                at /rustc/82e1608dfa6e0b5569232559e3d385fea5a93112/library/std/src/panic.rs:142:14
[INFO] [stdout]   40:     0x558c922135b7 - std::thread::Builder::spawn_unchecked_::{{closure}}::h72ac3bdb567b737b
[INFO] [stdout]                                at /rustc/82e1608dfa6e0b5569232559e3d385fea5a93112/library/std/src/thread/mod.rs:528:30
[INFO] [stdout]   41:     0x558c922135b7 - core::ops::function::FnOnce::call_once{{vtable.shim}}::h38f34da3654a8344
[INFO] [stdout]                                at /rustc/82e1608dfa6e0b5569232559e3d385fea5a93112/library/core/src/ops/function.rs:250:5
[INFO] [stdout]   42:     0x558c9236d4b5 - <alloc::boxed::Box<F,A> as core::ops::function::FnOnce<Args>>::call_once::hc7eafaff61e32df9
[INFO] [stdout]                                at /rustc/82e1608dfa6e0b5569232559e3d385fea5a93112/library/alloc/src/boxed.rs:2007:9
[INFO] [stdout]   43:     0x558c9236d4b5 - <alloc::boxed::Box<F,A> as core::ops::function::FnOnce<Args>>::call_once::h6ba4a5de48dd2304
[INFO] [stdout]                                at /rustc/82e1608dfa6e0b5569232559e3d385fea5a93112/library/alloc/src/boxed.rs:2007:9
[INFO] [stdout]   44:     0x558c9236d4b5 - std::sys::unix::thread::Thread::new::thread_start::he469335aef763e45
[INFO] [stdout]                                at /rustc/82e1608dfa6e0b5569232559e3d385fea5a93112/library/std/src/sys/unix/thread.rs:108:17
[INFO] [stdout]   45:     0x7f018cb91ac3 - <unknown>
[INFO] [stdout]   46:     0x7f018cc22bf4 - __clone
[INFO] [stdout]   47:                0x0 - <unknown>
[INFO] [stdout] 
[INFO] [stdout] 
[INFO] [stdout] failures:
[INFO] [stdout]     vm::test::import_file
[INFO] [stdout] 
[INFO] [stdout] test result: FAILED. 81 passed; 1 failed; 0 ignored; 0 measured; 0 filtered out; finished in 0.19s
[INFO] [stdout] 
[INFO] running `Command { std: "docker" "inspect" "3402802df205a02a168260b49f3bcc890a317c7e8e5b30cfc941b75c64d48fcf", kill_on_drop: false }`
[INFO] running `Command { std: "docker" "rm" "-f" "3402802df205a02a168260b49f3bcc890a317c7e8e5b30cfc941b75c64d48fcf", kill_on_drop: false }`
[INFO] [stdout] 3402802df205a02a168260b49f3bcc890a317c7e8e5b30cfc941b75c64d48fcf
[INFO] testing exceptional-lang/exceptional against beta-2024-01-09 for beta-1.76-3
[INFO] running `Command { std: "git" "clone" "/workspace/cache/git-repos/https%3A%2F%2Fgithub.com%2Fexceptional-lang%2Fexceptional" "/workspace/builds/worker-3-tc2/source", kill_on_drop: false }`
[INFO] [stderr] Cloning into '/workspace/builds/worker-3-tc2/source'...
[INFO] [stderr] done.
[INFO] validating manifest of git repo https://github.com/exceptional-lang/exceptional on toolchain beta-2024-01-09
[INFO] running `Command { std: CARGO_HOME="/workspace/cargo-home" RUSTUP_HOME="/workspace/rustup-home" "/workspace/cargo-home/bin/cargo" "+beta-2024-01-09" "metadata" "--manifest-path" "Cargo.toml" "--no-deps", kill_on_drop: false }`
[INFO] started tweaking git repo https://github.com/exceptional-lang/exceptional
[INFO] finished tweaking git repo https://github.com/exceptional-lang/exceptional
[INFO] tweaked toml for git repo https://github.com/exceptional-lang/exceptional written to /workspace/builds/worker-3-tc2/source/Cargo.toml
[INFO] crate git repo https://github.com/exceptional-lang/exceptional already has a lockfile, it will not be regenerated
[INFO] running `Command { std: CARGO_HOME="/workspace/cargo-home" RUSTUP_HOME="/workspace/rustup-home" "/workspace/cargo-home/bin/cargo" "+beta-2024-01-09" "fetch" "--manifest-path" "Cargo.toml", kill_on_drop: false }`
[INFO] running `Command { std: "docker" "create" "-v" "/var/lib/crater-agent-workspace/builds/worker-3-tc2/target:/opt/rustwide/target:rw,Z" "-v" "/var/lib/crater-agent-workspace/builds/worker-3-tc2/source:/opt/rustwide/workdir:ro,Z" "-v" "/var/lib/crater-agent-workspace/cargo-home:/opt/rustwide/cargo-home:ro,Z" "-v" "/var/lib/crater-agent-workspace/rustup-home:/opt/rustwide/rustup-home:ro,Z" "-e" "SOURCE_DIR=/opt/rustwide/workdir" "-e" "CARGO_TARGET_DIR=/opt/rustwide/target" "-e" "CARGO_HOME=/opt/rustwide/cargo-home" "-e" "RUSTUP_HOME=/opt/rustwide/rustup-home" "-w" "/opt/rustwide/workdir" "-m" "1610612736" "--user" "0:0" "--network" "none" "ghcr.io/rust-lang/crates-build-env/linux@sha256:2788e3201cd34a07e3172128adcd8b3090168a8e3bcc40d7c032b9dda1df7d1c" "/opt/rustwide/cargo-home/bin/cargo" "+beta-2024-01-09" "metadata" "--no-deps" "--format-version=1", kill_on_drop: false }`
[INFO] [stdout] 5e2377b9b6f1c363a903106787aef60031419d33f43f651e0305ab6e7cc7d6b7
[INFO] running `Command { std: "docker" "start" "-a" "5e2377b9b6f1c363a903106787aef60031419d33f43f651e0305ab6e7cc7d6b7", kill_on_drop: false }`
[INFO] running `Command { std: "docker" "inspect" "5e2377b9b6f1c363a903106787aef60031419d33f43f651e0305ab6e7cc7d6b7", kill_on_drop: false }`
[INFO] running `Command { std: "docker" "rm" "-f" "5e2377b9b6f1c363a903106787aef60031419d33f43f651e0305ab6e7cc7d6b7", kill_on_drop: false }`
[INFO] [stdout] 5e2377b9b6f1c363a903106787aef60031419d33f43f651e0305ab6e7cc7d6b7
[INFO] running `Command { std: "docker" "create" "-v" "/var/lib/crater-agent-workspace/builds/worker-3-tc2/target:/opt/rustwide/target:rw,Z" "-v" "/var/lib/crater-agent-workspace/builds/worker-3-tc2/source:/opt/rustwide/workdir:ro,Z" "-v" "/var/lib/crater-agent-workspace/cargo-home:/opt/rustwide/cargo-home:ro,Z" "-v" "/var/lib/crater-agent-workspace/rustup-home:/opt/rustwide/rustup-home:ro,Z" "-e" "SOURCE_DIR=/opt/rustwide/workdir" "-e" "CARGO_TARGET_DIR=/opt/rustwide/target" "-e" "CARGO_INCREMENTAL=0" "-e" "RUST_BACKTRACE=full" "-e" "RUSTFLAGS=--cap-lints=warn" "-e" "RUSTDOCFLAGS=--cap-lints=warn" "-e" "CARGO_HOME=/opt/rustwide/cargo-home" "-e" "RUSTUP_HOME=/opt/rustwide/rustup-home" "-w" "/opt/rustwide/workdir" "-m" "1610612736" "--user" "0:0" "--network" "none" "ghcr.io/rust-lang/crates-build-env/linux@sha256:2788e3201cd34a07e3172128adcd8b3090168a8e3bcc40d7c032b9dda1df7d1c" "/opt/rustwide/cargo-home/bin/cargo" "+beta-2024-01-09" "build" "--frozen" "--message-format=json", kill_on_drop: false }`
[INFO] [stdout] 131c64af39d2367a87223d195fc719ff4de905aa164ccea18a82ba464b91996d
[INFO] running `Command { std: "docker" "start" "-a" "131c64af39d2367a87223d195fc719ff4de905aa164ccea18a82ba464b91996d", kill_on_drop: false }`
[INFO] [stderr]    Compiling libc v0.2.24
[INFO] [stderr]    Compiling num-traits v0.1.39
[INFO] [stderr]    Compiling rustc-serialize v0.3.24
[INFO] [stderr]    Compiling quote v0.3.15
[INFO] [stderr]    Compiling log v0.3.8
[INFO] [stderr]    Compiling regex-syntax v0.4.1
[INFO] [stderr]    Compiling fern v0.4.0
[INFO] [stderr]    Compiling peg v0.4.0
[INFO] [stdout] error[E0310]: the parameter type `T` may not live long enough
[INFO] [stdout]     --> /opt/rustwide/cargo-home/registry/src/index.crates.io-6f17d22bba15001f/rustc-serialize-0.3.24/src/serialize.rs:1155:5
[INFO] [stdout]      |
[INFO] [stdout] 1155 |     fn decode<D: Decoder>(d: &mut D) -> Result<Cow<'static, T>, D::Error> {
[INFO] [stdout]      |     ^^^^^^^^^^^^^^^^^^^^^^^^^^^^^^^^^^^^^^^^^^^^^^^^^^^^^^^^^^^^^^^^^^^^^
[INFO] [stdout]      |     |
[INFO] [stdout]      |     the parameter type `T` must be valid for the static lifetime...
[INFO] [stdout]      |     ...so that the type `T` will meet its required lifetime bounds...
[INFO] [stdout]      |
[INFO] [stdout] note: ...that is required by this bound
[INFO] [stdout]     --> /rustc/650745ceb2ae60e04f8cd7bfb671fc37239533e4/library/alloc/src/borrow.rs:180:30
[INFO] [stdout] help: consider adding an explicit lifetime bound
[INFO] [stdout]      |
[INFO] [stdout] 1151 | impl<'a, T: ?Sized + 'static> Decodable for Cow<'a, T>
[INFO] [stdout]      |                    +++++++++
[INFO] [stdout] 
[INFO] [stdout] 
[INFO] [stderr]    Compiling rand v0.3.15
[INFO] [stderr]    Compiling memchr v1.0.1
[INFO] [stderr]    Compiling thread-id v3.1.0
[INFO] [stderr]    Compiling thread_local v0.3.3
[INFO] [stderr]    Compiling aho-corasick v0.6.3
[INFO] [stderr]    Compiling num-integer v0.1.34
[INFO] [stderr]    Compiling num-iter v0.1.33
[INFO] [stderr]    Compiling exceptional v0.1.0 (/opt/rustwide/workdir)
[INFO] [stdout] error: aborting due to 1 previous error
[INFO] [stdout] 
[INFO] [stdout] 
[INFO] [stdout] For more information about this error, try `rustc --explain E0310`.
[INFO] [stdout] 
[INFO] [stderr] error: could not compile `rustc-serialize` (lib) due to 2 previous errors
[INFO] [stderr] warning: build failed, waiting for other jobs to finish...
[INFO] running `Command { std: "docker" "inspect" "131c64af39d2367a87223d195fc719ff4de905aa164ccea18a82ba464b91996d", kill_on_drop: false }`
[INFO] running `Command { std: "docker" "rm" "-f" "131c64af39d2367a87223d195fc719ff4de905aa164ccea18a82ba464b91996d", kill_on_drop: false }`
[INFO] [stdout] 131c64af39d2367a87223d195fc719ff4de905aa164ccea18a82ba464b91996d
