[INFO] cloning repository https://github.com/claudiofsr/data_manipulation
[INFO] running `Command { std: "git" "-c" "credential.helper=" "-c" "credential.helper=/workspace/cargo-home/bin/git-credential-null" "clone" "--bare" "https://github.com/claudiofsr/data_manipulation" "/workspace/cache/git-repos/https%3A%2F%2Fgithub.com%2Fclaudiofsr%2Fdata_manipulation", kill_on_drop: false }`
[INFO] [stderr] Cloning into bare repository '/workspace/cache/git-repos/https%3A%2F%2Fgithub.com%2Fclaudiofsr%2Fdata_manipulation'...
[INFO] running `Command { std: "git" "rev-parse" "HEAD", kill_on_drop: false }`
[INFO] [stdout] c25b7999bca3a26eb7ddbc8509bdd6114a0df3a9
[INFO] testing claudiofsr/data_manipulation against 1.75.0 for beta-1.76-3
[INFO] running `Command { std: "git" "clone" "/workspace/cache/git-repos/https%3A%2F%2Fgithub.com%2Fclaudiofsr%2Fdata_manipulation" "/workspace/builds/worker-5-tc1/source", kill_on_drop: false }`
[INFO] [stderr] Cloning into '/workspace/builds/worker-5-tc1/source'...
[INFO] [stderr] done.
[INFO] validating manifest of git repo https://github.com/claudiofsr/data_manipulation on toolchain 1.75.0
[INFO] running `Command { std: CARGO_HOME="/workspace/cargo-home" RUSTUP_HOME="/workspace/rustup-home" "/workspace/cargo-home/bin/cargo" "+1.75.0" "metadata" "--manifest-path" "Cargo.toml" "--no-deps", kill_on_drop: false }`
[INFO] started tweaking git repo https://github.com/claudiofsr/data_manipulation
[INFO] finished tweaking git repo https://github.com/claudiofsr/data_manipulation
[INFO] tweaked toml for git repo https://github.com/claudiofsr/data_manipulation written to /workspace/builds/worker-5-tc1/source/Cargo.toml
[INFO] crate git repo https://github.com/claudiofsr/data_manipulation already has a lockfile, it will not be regenerated
[INFO] running `Command { std: CARGO_HOME="/workspace/cargo-home" RUSTUP_HOME="/workspace/rustup-home" "/workspace/cargo-home/bin/cargo" "+1.75.0" "fetch" "--manifest-path" "Cargo.toml", kill_on_drop: false }`
[INFO] [stderr]     Updating crates.io index
[INFO] [stderr]  Downloading crates ...
[INFO] [stderr]   Downloaded wasm-bindgen-macro v0.2.84
[INFO] [stderr]   Downloaded wasm-bindgen-shared v0.2.84
[INFO] [stderr]   Downloaded wasm-bindgen-macro-support v0.2.84
[INFO] [stderr]   Downloaded autocfg v1.1.0
[INFO] [stderr]   Downloaded itoa v1.0.6
[INFO] [stderr]   Downloaded unicode-ident v1.0.8
[INFO] [stderr]   Downloaded iana-time-zone v0.1.56
[INFO] [stderr]   Downloaded windows-targets v0.42.2
[INFO] [stderr]   Downloaded quote v1.0.26
[INFO] [stderr]   Downloaded windows_aarch64_msvc v0.42.2
[INFO] [stderr]   Downloaded windows-sys v0.45.0
[INFO] [stderr]   Downloaded windows_aarch64_msvc v0.48.0
[INFO] [stderr]   Downloaded windows_i686_gnu v0.48.0
[INFO] [stderr]   Downloaded windows_i686_gnu v0.42.2
[INFO] [stderr]   Downloaded windows_i686_msvc v0.42.2
[INFO] [stderr]   Downloaded encoding_rs v0.8.32
[INFO] [stderr]   Downloaded windows v0.48.0
[INFO] [stderr]   Downloaded windows_i686_msvc v0.48.0
[INFO] [stderr]   Downloaded windows_x86_64_gnu v0.48.0
[INFO] [stderr]   Downloaded windows_x86_64_gnullvm v0.48.0
[INFO] [stderr]   Downloaded windows_x86_64_msvc v0.48.0
[INFO] [stderr]   Downloaded libc v0.2.142
[INFO] [stderr]   Downloaded wasm-bindgen-backend v0.2.84
[INFO] [stderr]   Downloaded chrono v0.4.24
[INFO] [stderr]   Downloaded bumpalo v3.12.1
[INFO] [stderr]   Downloaded wasm-bindgen v0.2.84
[INFO] [stderr]   Downloaded serde-aux v4.2.0
[INFO] [stderr]   Downloaded indexmap v1.9.3
[INFO] [stderr]   Downloaded ryu v1.0.13
[INFO] [stderr]   Downloaded proc-macro2 v1.0.56
[INFO] [stderr]   Downloaded syn v2.0.15
[INFO] [stderr]   Downloaded serde_derive v1.0.160
[INFO] [stderr]   Downloaded serde_json v1.0.96
[INFO] [stderr]   Downloaded serde v1.0.160
[INFO] [stderr]   Downloaded memchr v2.5.0
[INFO] [stderr]   Downloaded csv-core v0.1.10
[INFO] [stderr]   Downloaded csv v1.2.1
[INFO] [stderr]   Downloaded lock_api v0.4.9
[INFO] [stderr]   Downloaded redox_syscall v0.2.16
[INFO] [stderr]   Downloaded smallvec v1.10.0
[INFO] [stderr]   Downloaded windows_aarch64_gnullvm v0.42.2
[INFO] [stderr]   Downloaded windows_x86_64_gnu v0.42.2
[INFO] [stderr]   Downloaded windows_x86_64_gnullvm v0.42.2
[INFO] [stderr]   Downloaded windows_x86_64_msvc v0.42.2
[INFO] [stderr]   Downloaded pathfinding v4.2.1
[INFO] [stderr]   Downloaded either v1.8.1
[INFO] [stderr]   Downloaded crossbeam-epoch v0.9.14
[INFO] [stderr]   Downloaded num_cpus v1.15.0
[INFO] [stderr]   Downloaded rayon-core v1.11.0
[INFO] [stderr]   Downloaded link-cplusplus v1.0.8
[INFO] [stderr]   Downloaded cxx v1.0.94
[INFO] [stderr]   Downloaded cxx-build v1.0.94
[INFO] [stderr]   Downloaded windows_aarch64_gnullvm v0.48.0
[INFO] [stderr]   Downloaded windows-targets v0.48.0
[INFO] [stderr]   Downloaded pure-rust-locales v0.5.6
[INFO] [stderr]   Downloaded parking_lot_core v0.9.7
[INFO] [stderr]   Downloaded dashmap v5.4.0
[INFO] [stderr]   Downloaded encoding_rs_io v0.1.7
[INFO] [stderr]   Downloaded itertools v0.10.5
[INFO] [stderr]   Downloaded memmap2 v0.5.10
[INFO] [stderr]   Downloaded fixedbitset v0.4.2
[INFO] [stderr]   Downloaded integer-sqrt v0.1.5
[INFO] [stderr]   Downloaded rustc-hash v1.1.0
[INFO] [stderr]   Downloaded thiserror-impl v1.0.40
[INFO] [stderr]   Downloaded thiserror v1.0.40
[INFO] [stderr]   Downloaded crossbeam-channel v0.5.8
[INFO] [stderr]   Downloaded memoffset v0.8.0
[INFO] [stderr]   Downloaded crossbeam-deque v0.8.3
[INFO] [stderr]   Downloaded crossbeam-utils v0.8.15
[INFO] [stderr]   Downloaded hermit-abi v0.2.6
[INFO] [stderr]   Downloaded rayon v1.7.0
[INFO] [stderr]   Downloaded android_system_properties v0.1.5
[INFO] [stderr]   Downloaded core-foundation-sys v0.8.4
[INFO] [stderr]   Downloaded cxxbridge-flags v1.0.94
[INFO] [stderr]   Downloaded cxxbridge-macro v1.0.94
[INFO] [stderr]   Downloaded cc v1.0.79
[INFO] [stderr]   Downloaded termcolor v1.2.0
[INFO] [stderr]   Downloaded unicode-width v0.1.10
[INFO] [stderr]   Downloaded codespan-reporting v0.11.1
[INFO] [stderr]   Downloaded scratch v1.0.5
[INFO] [stderr]   Downloaded iana-time-zone-haiku v0.1.1
[INFO] [stderr]   Downloaded js-sys v0.3.61
[INFO] [stderr]   Downloaded num-integer v0.1.45
[INFO] [stderr]   Downloaded num-traits v0.2.15
[INFO] [stderr]   Downloaded time v0.1.45
[INFO] [stderr]   Downloaded log v0.4.17
[INFO] [stderr]   Downloaded once_cell v1.17.1
[INFO] [stderr]   Downloaded syn v1.0.109
[INFO] [stderr]   Downloaded hashbrown v0.12.3
[INFO] running `Command { std: "docker" "create" "-v" "/var/lib/crater-agent-workspace/builds/worker-5-tc1/target:/opt/rustwide/target:rw,Z" "-v" "/var/lib/crater-agent-workspace/builds/worker-5-tc1/source:/opt/rustwide/workdir:ro,Z" "-v" "/var/lib/crater-agent-workspace/cargo-home:/opt/rustwide/cargo-home:ro,Z" "-v" "/var/lib/crater-agent-workspace/rustup-home:/opt/rustwide/rustup-home:ro,Z" "-e" "SOURCE_DIR=/opt/rustwide/workdir" "-e" "CARGO_TARGET_DIR=/opt/rustwide/target" "-e" "CARGO_HOME=/opt/rustwide/cargo-home" "-e" "RUSTUP_HOME=/opt/rustwide/rustup-home" "-w" "/opt/rustwide/workdir" "-m" "1610612736" "--user" "0:0" "--network" "none" "ghcr.io/rust-lang/crates-build-env/linux@sha256:2788e3201cd34a07e3172128adcd8b3090168a8e3bcc40d7c032b9dda1df7d1c" "/opt/rustwide/cargo-home/bin/cargo" "+1.75.0" "metadata" "--no-deps" "--format-version=1", kill_on_drop: false }`
[INFO] [stdout] 7bfe1e90efd1cd26326e410452f3d7093abfe6007982fbee92d87bd644942d3a
[INFO] running `Command { std: "docker" "start" "-a" "7bfe1e90efd1cd26326e410452f3d7093abfe6007982fbee92d87bd644942d3a", kill_on_drop: false }`
[INFO] running `Command { std: "docker" "inspect" "7bfe1e90efd1cd26326e410452f3d7093abfe6007982fbee92d87bd644942d3a", kill_on_drop: false }`
[INFO] running `Command { std: "docker" "rm" "-f" "7bfe1e90efd1cd26326e410452f3d7093abfe6007982fbee92d87bd644942d3a", kill_on_drop: false }`
[INFO] [stdout] 7bfe1e90efd1cd26326e410452f3d7093abfe6007982fbee92d87bd644942d3a
[INFO] running `Command { std: "docker" "create" "-v" "/var/lib/crater-agent-workspace/builds/worker-5-tc1/target:/opt/rustwide/target:rw,Z" "-v" "/var/lib/crater-agent-workspace/builds/worker-5-tc1/source:/opt/rustwide/workdir:ro,Z" "-v" "/var/lib/crater-agent-workspace/cargo-home:/opt/rustwide/cargo-home:ro,Z" "-v" "/var/lib/crater-agent-workspace/rustup-home:/opt/rustwide/rustup-home:ro,Z" "-e" "SOURCE_DIR=/opt/rustwide/workdir" "-e" "CARGO_TARGET_DIR=/opt/rustwide/target" "-e" "CARGO_INCREMENTAL=0" "-e" "RUST_BACKTRACE=full" "-e" "RUSTFLAGS=--cap-lints=warn" "-e" "RUSTDOCFLAGS=--cap-lints=warn" "-e" "CARGO_HOME=/opt/rustwide/cargo-home" "-e" "RUSTUP_HOME=/opt/rustwide/rustup-home" "-w" "/opt/rustwide/workdir" "-m" "1610612736" "--user" "0:0" "--network" "none" "ghcr.io/rust-lang/crates-build-env/linux@sha256:2788e3201cd34a07e3172128adcd8b3090168a8e3bcc40d7c032b9dda1df7d1c" "/opt/rustwide/cargo-home/bin/cargo" "+1.75.0" "build" "--frozen" "--message-format=json", kill_on_drop: false }`
[INFO] [stdout] 45f4b5d30a172670636a271ae56696118401edf7474422261b2f377a70b08879
[INFO] running `Command { std: "docker" "start" "-a" "45f4b5d30a172670636a271ae56696118401edf7474422261b2f377a70b08879", kill_on_drop: false }`
[INFO] [stderr]    Compiling autocfg v1.1.0
[INFO] [stderr]    Compiling proc-macro2 v1.0.56
[INFO] [stderr]    Compiling quote v1.0.26
[INFO] [stderr]    Compiling unicode-ident v1.0.8
[INFO] [stderr]    Compiling libc v0.2.142
[INFO] [stderr]    Compiling cfg-if v1.0.0
[INFO] [stderr]    Compiling crossbeam-utils v0.8.15
[INFO] [stderr]    Compiling serde_derive v1.0.160
[INFO] [stderr]    Compiling serde v1.0.160
[INFO] [stderr]    Compiling scopeguard v1.1.0
[INFO] [stderr]    Compiling hashbrown v0.12.3
[INFO] [stderr]    Compiling memchr v2.5.0
[INFO] [stderr]    Compiling rayon-core v1.11.0
[INFO] [stderr]    Compiling num-traits v0.2.15
[INFO] [stderr]    Compiling memoffset v0.8.0
[INFO] [stderr]    Compiling crossbeam-epoch v0.9.14
[INFO] [stderr]    Compiling indexmap v1.9.3
[INFO] [stderr]    Compiling num-integer v0.1.45
[INFO] [stderr]    Compiling num_cpus v1.15.0
[INFO] [stderr]    Compiling syn v2.0.15
[INFO] [stderr]    Compiling crossbeam-channel v0.5.8
[INFO] [stderr]    Compiling lock_api v0.4.9
[INFO] [stderr]    Compiling crossbeam-deque v0.8.3
[INFO] [stderr]    Compiling either v1.8.1
[INFO] [stderr]    Compiling ryu v1.0.13
[INFO] [stderr]    Compiling thiserror v1.0.40
[INFO] [stderr]    Compiling parking_lot_core v0.9.7
[INFO] [stderr]    Compiling itoa v1.0.6
[INFO] [stderr]    Compiling serde_json v1.0.96
[INFO] [stderr]    Compiling time v0.1.45
[INFO] [stderr]    Compiling smallvec v1.10.0
[INFO] [stderr]    Compiling iana-time-zone v0.1.56
[INFO] [stderr]    Compiling pure-rust-locales v0.5.6
[INFO] [stderr]    Compiling csv-core v0.1.10
[INFO] [stderr]    Compiling integer-sqrt v0.1.5
[INFO] [stderr]    Compiling encoding_rs v0.8.32
[INFO] [stderr]    Compiling once_cell v1.17.1
[INFO] [stderr]    Compiling rustc-hash v1.1.0
[INFO] [stderr]    Compiling fixedbitset v0.4.2
[INFO] [stderr]    Compiling itertools v0.10.5
[INFO] [stderr]    Compiling memmap2 v0.5.10
[INFO] [stderr]    Compiling rayon v1.7.0
[INFO] [stderr]    Compiling thiserror-impl v1.0.40
[INFO] [stderr]    Compiling encoding_rs_io v0.1.7
[INFO] [stderr]    Compiling dashmap v5.4.0
[INFO] [stderr]    Compiling pathfinding v4.2.1
[INFO] [stderr]    Compiling chrono v0.4.24
[INFO] [stderr]    Compiling csv v1.2.1
[INFO] [stderr]    Compiling serde-aux v4.2.0
[INFO] [stderr]    Compiling data_manipulation v0.1.0 (/opt/rustwide/workdir)
[INFO] [stderr]     Finished dev [unoptimized + debuginfo] target(s) in 36.28s
[INFO] [stderr] warning: the following packages contain code that will be rejected by a future version of Rust: rustc-serialize v0.3.24
[INFO] [stderr] note: to see what the problems were, use the option `--future-incompat-report`, or run `cargo report future-incompatibilities --id 2`
[INFO] running `Command { std: "docker" "inspect" "45f4b5d30a172670636a271ae56696118401edf7474422261b2f377a70b08879", kill_on_drop: false }`
[INFO] running `Command { std: "docker" "rm" "-f" "45f4b5d30a172670636a271ae56696118401edf7474422261b2f377a70b08879", kill_on_drop: false }`
[INFO] [stdout] 45f4b5d30a172670636a271ae56696118401edf7474422261b2f377a70b08879
[INFO] running `Command { std: "docker" "create" "-v" "/var/lib/crater-agent-workspace/builds/worker-5-tc1/target:/opt/rustwide/target:rw,Z" "-v" "/var/lib/crater-agent-workspace/builds/worker-5-tc1/source:/opt/rustwide/workdir:ro,Z" "-v" "/var/lib/crater-agent-workspace/cargo-home:/opt/rustwide/cargo-home:ro,Z" "-v" "/var/lib/crater-agent-workspace/rustup-home:/opt/rustwide/rustup-home:ro,Z" "-e" "SOURCE_DIR=/opt/rustwide/workdir" "-e" "CARGO_TARGET_DIR=/opt/rustwide/target" "-e" "CARGO_INCREMENTAL=0" "-e" "RUST_BACKTRACE=full" "-e" "RUSTFLAGS=--cap-lints=warn" "-e" "RUSTDOCFLAGS=--cap-lints=warn" "-e" "CARGO_HOME=/opt/rustwide/cargo-home" "-e" "RUSTUP_HOME=/opt/rustwide/rustup-home" "-w" "/opt/rustwide/workdir" "-m" "1610612736" "--user" "0:0" "--network" "none" "ghcr.io/rust-lang/crates-build-env/linux@sha256:2788e3201cd34a07e3172128adcd8b3090168a8e3bcc40d7c032b9dda1df7d1c" "/opt/rustwide/cargo-home/bin/cargo" "+1.75.0" "test" "--frozen" "--no-run" "--message-format=json", kill_on_drop: false }`
[INFO] [stdout] 46a511f1b59d381258d1fcc773c3fb84834211126be762b8dd6e161747f0600f
[INFO] running `Command { std: "docker" "start" "-a" "46a511f1b59d381258d1fcc773c3fb84834211126be762b8dd6e161747f0600f", kill_on_drop: false }`
[INFO] [stderr]    Compiling data_manipulation v0.1.0 (/opt/rustwide/workdir)
[INFO] [stderr]     Finished test [unoptimized + debuginfo] target(s) in 2.65s
[INFO] [stderr] warning: the following packages contain code that will be rejected by a future version of Rust: rustc-serialize v0.3.24
[INFO] [stderr] note: to see what the problems were, use the option `--future-incompat-report`, or run `cargo report future-incompatibilities --id 2`
[INFO] running `Command { std: "docker" "inspect" "46a511f1b59d381258d1fcc773c3fb84834211126be762b8dd6e161747f0600f", kill_on_drop: false }`
[INFO] running `Command { std: "docker" "rm" "-f" "46a511f1b59d381258d1fcc773c3fb84834211126be762b8dd6e161747f0600f", kill_on_drop: false }`
[INFO] [stdout] 46a511f1b59d381258d1fcc773c3fb84834211126be762b8dd6e161747f0600f
[INFO] running `Command { std: "docker" "create" "-v" "/var/lib/crater-agent-workspace/builds/worker-5-tc1/target:/opt/rustwide/target:rw,Z" "-v" "/var/lib/crater-agent-workspace/builds/worker-5-tc1/source:/opt/rustwide/workdir:ro,Z" "-v" "/var/lib/crater-agent-workspace/cargo-home:/opt/rustwide/cargo-home:ro,Z" "-v" "/var/lib/crater-agent-workspace/rustup-home:/opt/rustwide/rustup-home:ro,Z" "-e" "SOURCE_DIR=/opt/rustwide/workdir" "-e" "CARGO_TARGET_DIR=/opt/rustwide/target" "-e" "CARGO_INCREMENTAL=0" "-e" "RUST_BACKTRACE=full" "-e" "RUSTFLAGS=--cap-lints=warn" "-e" "RUSTDOCFLAGS=--cap-lints=warn" "-e" "CARGO_HOME=/opt/rustwide/cargo-home" "-e" "RUSTUP_HOME=/opt/rustwide/rustup-home" "-w" "/opt/rustwide/workdir" "-m" "1610612736" "--user" "0:0" "--network" "none" "ghcr.io/rust-lang/crates-build-env/linux@sha256:2788e3201cd34a07e3172128adcd8b3090168a8e3bcc40d7c032b9dda1df7d1c" "/opt/rustwide/cargo-home/bin/cargo" "+1.75.0" "test" "--frozen", kill_on_drop: false }`
[INFO] [stdout] b8681b04071cf9fe3783981f037028d55e1160fcaae054d4ab4ebadd2dff5b11
[INFO] running `Command { std: "docker" "start" "-a" "b8681b04071cf9fe3783981f037028d55e1160fcaae054d4ab4ebadd2dff5b11", kill_on_drop: false }`
[INFO] [stderr]     Finished test [unoptimized + debuginfo] target(s) in 0.08s
[INFO] [stderr] warning: the following packages contain code that will be rejected by a future version of Rust: rustc-serialize v0.3.24
[INFO] [stderr] note: to see what the problems were, use the option `--future-incompat-report`, or run `cargo report future-incompatibilities --id 2`
[INFO] [stderr]      Running unittests src/lib.rs (/opt/rustwide/target/debug/deps/data_manipulation-052ac30247f53fd4)
[INFO] [stdout] 
[INFO] [stdout] running 0 tests
[INFO] [stdout] 
[INFO] [stdout] test result: ok. 0 passed; 0 failed; 0 ignored; 0 measured; 0 filtered out; finished in 0.00s
[INFO] [stdout] 
[INFO] [stderr]      Running unittests src/main.rs (/opt/rustwide/target/debug/deps/data_manipulation-456551071f0aa716)
[INFO] [stdout] 
[INFO] [stdout] running 3 tests
[INFO] [stdout] test colunas_a::tests::show_headers ... ok
[INFO] [stdout] test colunas_a::tests::definir_colunas ... ok
[INFO] [stdout] test colunas_b::tests::show_headers ... FAILED
[INFO] [stdout] 
[INFO] [stdout] failures:
[INFO] [stdout] 
[INFO] [stdout] ---- colunas_b::tests::show_headers stdout ----
[INFO] [stdout] number_of_fields: 56
[INFO] [stdout] ColunasB headers: StringRecord(["CNPJ do Contribuinte : NF Item (Todos)", "Nome do Contribuinte : NF Item (Todos)", "Entrada/Saída : NF (Todos)", "CPF/CNPJ do Participante : NF (Todos)", "Nome do Participante : NF (Todos)", "CRT : NF (Todos)", "Observações : NF (Todos)", "CTe - Remetente das mercadorias transportadas: CNPJ/CPF de Conhecimento : ConhecimentoValoresPrestacaoServico-Componentes", "CTe - Remetente das mercadorias transportadas: CNPJ/CPF de Conhecimento : ConhecimentoInformacaoNFe", "CTe - Remetente das mercadorias transportadas: Nome de Conhecimento : ConhecimentoInformacaoNFe", "CTe - Remetente das mercadorias transportadas: Município de Conhecimento : ConhecimentoInformacaoNFe", "Descrição CTe - Indicador do 'papel' do tomador do serviço de Conhecimento : ConhecimentoValoresPrestacaoServico-Componentes", "Descrição CTe - Indicador do 'papel' do tomador do serviço de Conhecimento : ConhecimentoInformacaoNFe", "CTe - Outro tipo de Tomador: CNPJ/CPF de Conhecimento : ConhecimentoValoresPrestacaoServico-Componentes", "CTe - Outro tipo de Tomador: CNPJ/CPF de Conhecimento : ConhecimentoInformacaoNFe", "CTe - UF do início da prestação de Conhecimento : ConhecimentoValoresPrestacaoServico-Componentes", "CTe - Nome do Município do início da prestação de Conhecimento : ConhecimentoValoresPrestacaoServico-Componentes", "CTe - UF do término da prestação de Conhecimento : ConhecimentoValoresPrestacaoServico-Componentes", "CTe - Nome do Município do término da prestação de Conhecimento : ConhecimentoValoresPrestacaoServico-Componentes", "CTe - Informações do Destinatário do CT-e: CNPJ/CPF de Conhecimento : ConhecimentoValoresPrestacaoServico-Componentes", "CTe - Informações do Destinatário do CT-e: Nome de Conhecimento : ConhecimentoValoresPrestacaoServico-Componentes", "CTe - Local de Entrega constante na Nota Fiscal: Nome de Conhecimento : ConhecimentoValoresPrestacaoServico-Componentes", "Descrição da Natureza da Operação : NF Item (Todos)", "Cancelada : NF (Todos)", "Registro de Origem do Item : NF Item (Todos)", "Natureza da Base de Cálculo do Crédito Descrição : NF Item (Todos)", "Modelo - Descrição : NF Item (Todos)", "Número da Nota : NF Item (Todos)", "Chave da Nota Fiscal Eletrônica : NF Item (Todos)", "Inf. NFe - Chave de acesso da NF-e : ConhecimentoInformacaoNFe", "CTe - Observações Gerais de Conhecimento : ConhecimentoInformacaoNFe", "Dia da Emissão : NF Item (Todos)", "Número da DI : NF Item (Todos)", "Número do Item : NF Item (Todos)", "Código CFOP : NF Item (Todos)", "Descrição CFOP : NF Item (Todos)", "Descrição da Mercadoria/Serviço : NF Item (Todos)", "Código NCM : NF Item (Todos)", "Descrição NCM : NF Item (Todos)", "COFINS: Alíquota ad valorem - Atributo : NF Item (Todos)", "PIS: Alíquota ad valorem - Atributo : NF Item (Todos)", "CST COFINS Descrição : NF Item (Todos)", "CST PIS Descrição : NF Item (Todos)", "Valor Total : NF (Todos) SOMA", "Valor da Nota Proporcional : NF Item (Todos) SOMA", "Valor dos Descontos : NF Item (Todos) SOMA", "Valor Seguro : NF (Todos) SOMA", "COFINS: Valor do Tributo : NF Item (Todos) SOMA", "PIS: Valor do Tributo : NF Item (Todos) SOMA", "IPI: Valor do Tributo : NF Item (Todos) SOMA", "ISS: Base de Cálculo : NF Item (Todos) SOMA", "ISS: Valor do Tributo : NF Item (Todos) SOMA", "ICMS: Alíquota : NF Item (Todos) NOISE OR", "ICMS: Base de Cálculo : NF Item (Todos) SOMA", "ICMS: Valor do Tributo : NF Item (Todos) SOMA", "ICMS por Substituição: Valor do Tributo : NF Item (Todos) SOMA"])
[INFO] [stdout] thread 'colunas_b::tests::show_headers' panicked at src/colunas_b.rs:154:9:
[INFO] [stdout] assertion `left == right` failed
[INFO] [stdout]   left: "CNPJ do Contribuinte : NF Item (Todos)"
[INFO] [stdout]  right: "Linhas"
[INFO] [stdout] stack backtrace:
[INFO] [stdout]    0:     0x55662569451c - std::backtrace_rs::backtrace::libunwind::trace::ha637c64ce894333a
[INFO] [stdout]                                at /rustc/82e1608dfa6e0b5569232559e3d385fea5a93112/library/std/src/../../backtrace/src/backtrace/libunwind.rs:104:5
[INFO] [stdout]    1:     0x55662569451c - std::backtrace_rs::backtrace::trace_unsynchronized::h47f62dea28e0c88d
[INFO] [stdout]                                at /rustc/82e1608dfa6e0b5569232559e3d385fea5a93112/library/std/src/../../backtrace/src/backtrace/mod.rs:66:5
[INFO] [stdout]    2:     0x55662569451c - std::sys_common::backtrace::_print_fmt::h9eef0abe20ede486
[INFO] [stdout]                                at /rustc/82e1608dfa6e0b5569232559e3d385fea5a93112/library/std/src/sys_common/backtrace.rs:67:5
[INFO] [stdout]    3:     0x55662569451c - <std::sys_common::backtrace::_print::DisplayBacktrace as core::fmt::Display>::fmt::hed7f999df88cc644
[INFO] [stdout]                                at /rustc/82e1608dfa6e0b5569232559e3d385fea5a93112/library/std/src/sys_common/backtrace.rs:44:22
[INFO] [stdout]    4:     0x5566256be470 - core::fmt::rt::Argument::fmt::h1539a9308b8d058d
[INFO] [stdout]                                at /rustc/82e1608dfa6e0b5569232559e3d385fea5a93112/library/core/src/fmt/rt.rs:142:9
[INFO] [stdout]    5:     0x5566256be470 - core::fmt::write::h3a39390d8560d9c9
[INFO] [stdout]                                at /rustc/82e1608dfa6e0b5569232559e3d385fea5a93112/library/core/src/fmt/mod.rs:1120:17
[INFO] [stdout]    6:     0x556625691ecf - std::io::Write::write_fmt::h040b369f3a0f9cbc
[INFO] [stdout]                                at /rustc/82e1608dfa6e0b5569232559e3d385fea5a93112/library/std/src/io/mod.rs:1762:15
[INFO] [stdout]    7:     0x556625694304 - std::sys_common::backtrace::_print::h894006fb5c6f3d45
[INFO] [stdout]                                at /rustc/82e1608dfa6e0b5569232559e3d385fea5a93112/library/std/src/sys_common/backtrace.rs:47:5
[INFO] [stdout]    8:     0x556625694304 - std::sys_common::backtrace::print::h23a2d212c6fff936
[INFO] [stdout]                                at /rustc/82e1608dfa6e0b5569232559e3d385fea5a93112/library/std/src/sys_common/backtrace.rs:34:9
[INFO] [stdout]    9:     0x556625695fc7 - std::panicking::default_hook::{{closure}}::h8a1d2ee00185001a
[INFO] [stdout]   10:     0x556625695cb3 - std::panicking::default_hook::h6038f2eba384e475
[INFO] [stdout]                                at /rustc/82e1608dfa6e0b5569232559e3d385fea5a93112/library/std/src/panicking.rs:289:9
[INFO] [stdout]   11:     0x556625651e47 - <alloc::boxed::Box<F,A> as core::ops::function::Fn<Args>>::call::h0ad024c9bdc6d768
[INFO] [stdout]                                at /rustc/82e1608dfa6e0b5569232559e3d385fea5a93112/library/alloc/src/boxed.rs:2021:9
[INFO] [stdout]   12:     0x556625651e47 - test::test_main::{{closure}}::h7500b54257359db6
[INFO] [stdout]                                at /rustc/82e1608dfa6e0b5569232559e3d385fea5a93112/library/test/src/lib.rs:138:21
[INFO] [stdout]   13:     0x5566256965d8 - <alloc::boxed::Box<F,A> as core::ops::function::Fn<Args>>::call::h1f8f335eaa9cfaee
[INFO] [stdout]                                at /rustc/82e1608dfa6e0b5569232559e3d385fea5a93112/library/alloc/src/boxed.rs:2021:9
[INFO] [stdout]   14:     0x5566256965d8 - std::panicking::rust_panic_with_hook::h2b5517d590cab22e
[INFO] [stdout]                                at /rustc/82e1608dfa6e0b5569232559e3d385fea5a93112/library/std/src/panicking.rs:783:13
[INFO] [stdout]   15:     0x55662569632e - std::panicking::begin_panic_handler::{{closure}}::h233112c06e0ef43e
[INFO] [stdout]                                at /rustc/82e1608dfa6e0b5569232559e3d385fea5a93112/library/std/src/panicking.rs:657:13
[INFO] [stdout]   16:     0x5566256949e6 - std::sys_common::backtrace::__rust_end_short_backtrace::h6e893f24d7ebbff8
[INFO] [stdout]                                at /rustc/82e1608dfa6e0b5569232559e3d385fea5a93112/library/std/src/sys_common/backtrace.rs:170:18
[INFO] [stdout]   17:     0x556625696092 - rust_begin_unwind
[INFO] [stdout]                                at /rustc/82e1608dfa6e0b5569232559e3d385fea5a93112/library/std/src/panicking.rs:645:5
[INFO] [stdout]   18:     0x556625613cf5 - core::panicking::panic_fmt::hbf0e066aabfa482c
[INFO] [stdout]                                at /rustc/82e1608dfa6e0b5569232559e3d385fea5a93112/library/core/src/panicking.rs:72:14
[INFO] [stdout]   19:     0x55662561414b - core::panicking::assert_failed_inner::h0bba8b7c26ee4492
[INFO] [stdout]   20:     0x556625617cfe - core::panicking::assert_failed::h98523fa8573ad128
[INFO] [stdout]                                at /rustc/82e1608dfa6e0b5569232559e3d385fea5a93112/library/core/src/panicking.rs:279:5
[INFO] [stdout]   21:     0x55662561e366 - data_manipulation::colunas_b::tests::show_headers::h4dec555a812ec061
[INFO] [stdout]                                at /opt/rustwide/workdir/src/colunas_b.rs:154:9
[INFO] [stdout]   22:     0x55662561e097 - data_manipulation::colunas_b::tests::show_headers::{{closure}}::h7d9abdeb3bde7aa1
[INFO] [stdout]                                at /opt/rustwide/workdir/src/colunas_b.rs:150:22
[INFO] [stdout]   23:     0x556625615fe6 - core::ops::function::FnOnce::call_once::hbe2c839c3f2d97f1
[INFO] [stdout]                                at /rustc/82e1608dfa6e0b5569232559e3d385fea5a93112/library/core/src/ops/function.rs:250:5
[INFO] [stdout]   24:     0x55662565749f - core::ops::function::FnOnce::call_once::h2b5d431d5046312d
[INFO] [stdout]                                at /rustc/82e1608dfa6e0b5569232559e3d385fea5a93112/library/core/src/ops/function.rs:250:5
[INFO] [stdout]   25:     0x55662565749f - test::__rust_begin_short_backtrace::h7714669af176e207
[INFO] [stdout]                                at /rustc/82e1608dfa6e0b5569232559e3d385fea5a93112/library/test/src/lib.rs:628:18
[INFO] [stdout]   26:     0x5566256564b5 - test::run_test_in_process::{{closure}}::h85218797dcbcec12
[INFO] [stdout]                                at /rustc/82e1608dfa6e0b5569232559e3d385fea5a93112/library/test/src/lib.rs:651:60
[INFO] [stdout]   27:     0x5566256564b5 - <core::panic::unwind_safe::AssertUnwindSafe<F> as core::ops::function::FnOnce<()>>::call_once::h76c106ea31c14d7b
[INFO] [stdout]                                at /rustc/82e1608dfa6e0b5569232559e3d385fea5a93112/library/core/src/panic/unwind_safe.rs:272:9
[INFO] [stdout]   28:     0x5566256564b5 - std::panicking::try::do_call::h3bd5d0f6620ee946
[INFO] [stdout]                                at /rustc/82e1608dfa6e0b5569232559e3d385fea5a93112/library/std/src/panicking.rs:552:40
[INFO] [stdout]   29:     0x5566256564b5 - std::panicking::try::h232e535e4744fe31
[INFO] [stdout]                                at /rustc/82e1608dfa6e0b5569232559e3d385fea5a93112/library/std/src/panicking.rs:516:19
[INFO] [stdout]   30:     0x5566256564b5 - std::panic::catch_unwind::h3ce3bd6ca8dbac68
[INFO] [stdout]                                at /rustc/82e1608dfa6e0b5569232559e3d385fea5a93112/library/std/src/panic.rs:142:14
[INFO] [stdout]   31:     0x5566256564b5 - test::run_test_in_process::hc97b257c9621286a
[INFO] [stdout]                                at /rustc/82e1608dfa6e0b5569232559e3d385fea5a93112/library/test/src/lib.rs:651:27
[INFO] [stdout]   32:     0x5566256564b5 - test::run_test::{{closure}}::h2aa798823a438d38
[INFO] [stdout]                                at /rustc/82e1608dfa6e0b5569232559e3d385fea5a93112/library/test/src/lib.rs:574:43
[INFO] [stdout]   33:     0x55662561e776 - test::run_test::{{closure}}::h87d231c78fb59832
[INFO] [stdout]                                at /rustc/82e1608dfa6e0b5569232559e3d385fea5a93112/library/test/src/lib.rs:602:41
[INFO] [stdout]   34:     0x55662561e776 - std::sys_common::backtrace::__rust_begin_short_backtrace::he6df152596625789
[INFO] [stdout]                                at /rustc/82e1608dfa6e0b5569232559e3d385fea5a93112/library/std/src/sys_common/backtrace.rs:154:18
[INFO] [stdout]   35:     0x556625623827 - std::thread::Builder::spawn_unchecked_::{{closure}}::{{closure}}::ha94be15d1e0acf36
[INFO] [stdout]                                at /rustc/82e1608dfa6e0b5569232559e3d385fea5a93112/library/std/src/thread/mod.rs:529:17
[INFO] [stdout]   36:     0x556625623827 - <core::panic::unwind_safe::AssertUnwindSafe<F> as core::ops::function::FnOnce<()>>::call_once::h9dc6bd6372f16606
[INFO] [stdout]                                at /rustc/82e1608dfa6e0b5569232559e3d385fea5a93112/library/core/src/panic/unwind_safe.rs:272:9
[INFO] [stdout]   37:     0x556625623827 - std::panicking::try::do_call::h9057517f80303cd4
[INFO] [stdout]                                at /rustc/82e1608dfa6e0b5569232559e3d385fea5a93112/library/std/src/panicking.rs:552:40
[INFO] [stdout]   38:     0x556625623827 - std::panicking::try::he3a30b11ee45340c
[INFO] [stdout]                                at /rustc/82e1608dfa6e0b5569232559e3d385fea5a93112/library/std/src/panicking.rs:516:19
[INFO] [stdout]   39:     0x556625623827 - std::panic::catch_unwind::h410458cfd3528b8b
[INFO] [stdout]                                at /rustc/82e1608dfa6e0b5569232559e3d385fea5a93112/library/std/src/panic.rs:142:14
[INFO] [stdout]   40:     0x556625623827 - std::thread::Builder::spawn_unchecked_::{{closure}}::h72ac3bdb567b737b
[INFO] [stdout]                                at /rustc/82e1608dfa6e0b5569232559e3d385fea5a93112/library/std/src/thread/mod.rs:528:30
[INFO] [stdout]   41:     0x556625623827 - core::ops::function::FnOnce::call_once{{vtable.shim}}::h38f34da3654a8344
[INFO] [stdout]                                at /rustc/82e1608dfa6e0b5569232559e3d385fea5a93112/library/core/src/ops/function.rs:250:5
[INFO] [stdout]   42:     0x55662569b065 - <alloc::boxed::Box<F,A> as core::ops::function::FnOnce<Args>>::call_once::hc7eafaff61e32df9
[INFO] [stdout]                                at /rustc/82e1608dfa6e0b5569232559e3d385fea5a93112/library/alloc/src/boxed.rs:2007:9
[INFO] [stdout]   43:     0x55662569b065 - <alloc::boxed::Box<F,A> as core::ops::function::FnOnce<Args>>::call_once::h6ba4a5de48dd2304
[INFO] [stdout]                                at /rustc/82e1608dfa6e0b5569232559e3d385fea5a93112/library/alloc/src/boxed.rs:2007:9
[INFO] [stdout]   44:     0x55662569b065 - std::sys::unix::thread::Thread::new::thread_start::he469335aef763e45
[INFO] [stdout]                                at /rustc/82e1608dfa6e0b5569232559e3d385fea5a93112/library/std/src/sys/unix/thread.rs:108:17
[INFO] [stdout]   45:     0x7fbfc29ceac3 - <unknown>
[INFO] [stdout]   46:     0x7fbfc2a5fbf4 - __clone
[INFO] [stdout]   47:                0x0 - <unknown>
[INFO] [stdout] 
[INFO] [stdout] 
[INFO] [stdout] failures:
[INFO] [stdout]     colunas_b::tests::show_headers
[INFO] [stdout] 
[INFO] [stdout] test result: FAILED. 2 passed; 1 failed; 0 ignored; 0 measured; 0 filtered out; finished in 0.05s
[INFO] [stdout] 
[INFO] [stderr] error: test failed, to rerun pass `--bin data_manipulation`
[INFO] running `Command { std: "docker" "inspect" "b8681b04071cf9fe3783981f037028d55e1160fcaae054d4ab4ebadd2dff5b11", kill_on_drop: false }`
[INFO] running `Command { std: "docker" "rm" "-f" "b8681b04071cf9fe3783981f037028d55e1160fcaae054d4ab4ebadd2dff5b11", kill_on_drop: false }`
[INFO] [stdout] b8681b04071cf9fe3783981f037028d55e1160fcaae054d4ab4ebadd2dff5b11
[INFO] testing claudiofsr/data_manipulation against beta-2024-01-09 for beta-1.76-3
[INFO] running `Command { std: "git" "clone" "/workspace/cache/git-repos/https%3A%2F%2Fgithub.com%2Fclaudiofsr%2Fdata_manipulation" "/workspace/builds/worker-5-tc2/source", kill_on_drop: false }`
[INFO] [stderr] Cloning into '/workspace/builds/worker-5-tc2/source'...
[INFO] [stderr] done.
[INFO] validating manifest of git repo https://github.com/claudiofsr/data_manipulation on toolchain beta-2024-01-09
[INFO] running `Command { std: CARGO_HOME="/workspace/cargo-home" RUSTUP_HOME="/workspace/rustup-home" "/workspace/cargo-home/bin/cargo" "+beta-2024-01-09" "metadata" "--manifest-path" "Cargo.toml" "--no-deps", kill_on_drop: false }`
[INFO] started tweaking git repo https://github.com/claudiofsr/data_manipulation
[INFO] finished tweaking git repo https://github.com/claudiofsr/data_manipulation
[INFO] tweaked toml for git repo https://github.com/claudiofsr/data_manipulation written to /workspace/builds/worker-5-tc2/source/Cargo.toml
[INFO] crate git repo https://github.com/claudiofsr/data_manipulation already has a lockfile, it will not be regenerated
[INFO] running `Command { std: CARGO_HOME="/workspace/cargo-home" RUSTUP_HOME="/workspace/rustup-home" "/workspace/cargo-home/bin/cargo" "+beta-2024-01-09" "fetch" "--manifest-path" "Cargo.toml", kill_on_drop: false }`
[INFO] running `Command { std: "docker" "create" "-v" "/var/lib/crater-agent-workspace/builds/worker-5-tc2/target:/opt/rustwide/target:rw,Z" "-v" "/var/lib/crater-agent-workspace/builds/worker-5-tc2/source:/opt/rustwide/workdir:ro,Z" "-v" "/var/lib/crater-agent-workspace/cargo-home:/opt/rustwide/cargo-home:ro,Z" "-v" "/var/lib/crater-agent-workspace/rustup-home:/opt/rustwide/rustup-home:ro,Z" "-e" "SOURCE_DIR=/opt/rustwide/workdir" "-e" "CARGO_TARGET_DIR=/opt/rustwide/target" "-e" "CARGO_HOME=/opt/rustwide/cargo-home" "-e" "RUSTUP_HOME=/opt/rustwide/rustup-home" "-w" "/opt/rustwide/workdir" "-m" "1610612736" "--user" "0:0" "--network" "none" "ghcr.io/rust-lang/crates-build-env/linux@sha256:2788e3201cd34a07e3172128adcd8b3090168a8e3bcc40d7c032b9dda1df7d1c" "/opt/rustwide/cargo-home/bin/cargo" "+beta-2024-01-09" "metadata" "--no-deps" "--format-version=1", kill_on_drop: false }`
[INFO] [stdout] fb0ce2fd5932747f64e46a698f61927966b39e0f062ff768821ee4792925e96d
[INFO] running `Command { std: "docker" "start" "-a" "fb0ce2fd5932747f64e46a698f61927966b39e0f062ff768821ee4792925e96d", kill_on_drop: false }`
[INFO] running `Command { std: "docker" "inspect" "fb0ce2fd5932747f64e46a698f61927966b39e0f062ff768821ee4792925e96d", kill_on_drop: false }`
[INFO] running `Command { std: "docker" "rm" "-f" "fb0ce2fd5932747f64e46a698f61927966b39e0f062ff768821ee4792925e96d", kill_on_drop: false }`
[INFO] [stdout] fb0ce2fd5932747f64e46a698f61927966b39e0f062ff768821ee4792925e96d
[INFO] running `Command { std: "docker" "create" "-v" "/var/lib/crater-agent-workspace/builds/worker-5-tc2/target:/opt/rustwide/target:rw,Z" "-v" "/var/lib/crater-agent-workspace/builds/worker-5-tc2/source:/opt/rustwide/workdir:ro,Z" "-v" "/var/lib/crater-agent-workspace/cargo-home:/opt/rustwide/cargo-home:ro,Z" "-v" "/var/lib/crater-agent-workspace/rustup-home:/opt/rustwide/rustup-home:ro,Z" "-e" "SOURCE_DIR=/opt/rustwide/workdir" "-e" "CARGO_TARGET_DIR=/opt/rustwide/target" "-e" "CARGO_INCREMENTAL=0" "-e" "RUST_BACKTRACE=full" "-e" "RUSTFLAGS=--cap-lints=warn" "-e" "RUSTDOCFLAGS=--cap-lints=warn" "-e" "CARGO_HOME=/opt/rustwide/cargo-home" "-e" "RUSTUP_HOME=/opt/rustwide/rustup-home" "-w" "/opt/rustwide/workdir" "-m" "1610612736" "--user" "0:0" "--network" "none" "ghcr.io/rust-lang/crates-build-env/linux@sha256:2788e3201cd34a07e3172128adcd8b3090168a8e3bcc40d7c032b9dda1df7d1c" "/opt/rustwide/cargo-home/bin/cargo" "+beta-2024-01-09" "build" "--frozen" "--message-format=json", kill_on_drop: false }`
[INFO] [stdout] 868f3770e93eedafe3aaa9c8e32844156b40e0cd8037285897f14de35816b940
[INFO] running `Command { std: "docker" "start" "-a" "868f3770e93eedafe3aaa9c8e32844156b40e0cd8037285897f14de35816b940", kill_on_drop: false }`
[INFO] [stderr]    Compiling autocfg v1.1.0
[INFO] [stderr]    Compiling proc-macro2 v1.0.56
[INFO] [stderr]    Compiling quote v1.0.26
[INFO] [stderr]    Compiling unicode-ident v1.0.8
[INFO] [stderr]    Compiling libc v0.2.142
[INFO] [stderr]    Compiling cfg-if v1.0.0
[INFO] [stderr]    Compiling crossbeam-utils v0.8.15
[INFO] [stderr]    Compiling serde_derive v1.0.160
[INFO] [stderr]    Compiling serde v1.0.160
[INFO] [stderr]    Compiling scopeguard v1.1.0
[INFO] [stderr]    Compiling hashbrown v0.12.3
[INFO] [stderr]    Compiling rayon-core v1.11.0
[INFO] [stderr]    Compiling num-traits v0.2.15
[INFO] [stderr]    Compiling memoffset v0.8.0
[INFO] [stderr]    Compiling crossbeam-epoch v0.9.14
[INFO] [stderr]    Compiling indexmap v1.9.3
[INFO] [stderr]    Compiling num-integer v0.1.45
[INFO] [stderr]    Compiling memchr v2.5.0
[INFO] [stderr]    Compiling crossbeam-deque v0.8.3
[INFO] [stderr]    Compiling syn v2.0.15
[INFO] [stderr]    Compiling crossbeam-channel v0.5.8
[INFO] [stderr]    Compiling lock_api v0.4.9
[INFO] [stderr]    Compiling itoa v1.0.6
[INFO] [stderr]    Compiling either v1.8.1
[INFO] [stderr]    Compiling thiserror v1.0.40
[INFO] [stderr]    Compiling num_cpus v1.15.0
[INFO] [stderr]    Compiling serde_json v1.0.96
[INFO] [stderr]    Compiling parking_lot_core v0.9.7
[INFO] [stderr]    Compiling ryu v1.0.13
[INFO] [stderr]    Compiling time v0.1.45
[INFO] [stderr]    Compiling rustc-serialize v0.3.24
[INFO] [stderr]    Compiling iana-time-zone v0.1.56
[INFO] [stdout] error[E0310]: the parameter type `T` may not live long enough
[INFO] [stdout]     --> /opt/rustwide/cargo-home/registry/src/index.crates.io-6f17d22bba15001f/rustc-serialize-0.3.24/src/serialize.rs:1155:5
[INFO] [stdout]      |
[INFO] [stdout] 1155 |     fn decode<D: Decoder>(d: &mut D) -> Result<Cow<'static, T>, D::Error> {
[INFO] [stdout]      |     ^^^^^^^^^^^^^^^^^^^^^^^^^^^^^^^^^^^^^^^^^^^^^^^^^^^^^^^^^^^^^^^^^^^^^
[INFO] [stdout]      |     |
[INFO] [stdout]      |     the parameter type `T` must be valid for the static lifetime...
[INFO] [stdout]      |     ...so that the type `T` will meet its required lifetime bounds...
[INFO] [stdout]      |
[INFO] [stdout] note: ...that is required by this bound
[INFO] [stdout]     --> /rustc/650745ceb2ae60e04f8cd7bfb671fc37239533e4/library/alloc/src/borrow.rs:180:30
[INFO] [stdout] help: consider adding an explicit lifetime bound
[INFO] [stdout]      |
[INFO] [stdout] 1151 | impl<'a, T: ?Sized + 'static> Decodable for Cow<'a, T>
[INFO] [stdout]      |                    +++++++++
[INFO] [stdout] 
[INFO] [stdout] 
[INFO] [stderr]    Compiling smallvec v1.10.0
[INFO] [stderr]    Compiling pure-rust-locales v0.5.6
[INFO] [stderr]    Compiling csv-core v0.1.10
[INFO] [stderr]    Compiling integer-sqrt v0.1.5
[INFO] [stdout] error: aborting due to 1 previous error
[INFO] [stdout] 
[INFO] [stdout] 
[INFO] [stdout] For more information about this error, try `rustc --explain E0310`.
[INFO] [stdout] 
[INFO] [stderr] error: could not compile `rustc-serialize` (lib) due to 2 previous errors
[INFO] [stderr] warning: build failed, waiting for other jobs to finish...
[INFO] running `Command { std: "docker" "inspect" "868f3770e93eedafe3aaa9c8e32844156b40e0cd8037285897f14de35816b940", kill_on_drop: false }`
[INFO] running `Command { std: "docker" "rm" "-f" "868f3770e93eedafe3aaa9c8e32844156b40e0cd8037285897f14de35816b940", kill_on_drop: false }`
[INFO] [stdout] 868f3770e93eedafe3aaa9c8e32844156b40e0cd8037285897f14de35816b940
