[INFO] cloning repository https://github.com/alexanderqmv/rs-keygen
[INFO] running `Command { std: "git" "-c" "credential.helper=" "-c" "credential.helper=/workspace/cargo-home/bin/git-credential-null" "clone" "--bare" "https://github.com/alexanderqmv/rs-keygen" "/workspace/cache/git-repos/https%3A%2F%2Fgithub.com%2Falexanderqmv%2Frs-keygen", kill_on_drop: false }`
[INFO] [stderr] Cloning into bare repository '/workspace/cache/git-repos/https%3A%2F%2Fgithub.com%2Falexanderqmv%2Frs-keygen'...
[INFO] running `Command { std: "git" "rev-parse" "HEAD", kill_on_drop: false }`
[INFO] [stdout] 077699e5f5342317a36b9d7517bb8a4336493d7e
[INFO] testing alexanderqmv/rs-keygen against 1.75.0 for beta-1.76-3
[INFO] running `Command { std: "git" "clone" "/workspace/cache/git-repos/https%3A%2F%2Fgithub.com%2Falexanderqmv%2Frs-keygen" "/workspace/builds/worker-3-tc1/source", kill_on_drop: false }`
[INFO] [stderr] Cloning into '/workspace/builds/worker-3-tc1/source'...
[INFO] [stderr] done.
[INFO] validating manifest of git repo https://github.com/alexanderqmv/rs-keygen on toolchain 1.75.0
[INFO] running `Command { std: CARGO_HOME="/workspace/cargo-home" RUSTUP_HOME="/workspace/rustup-home" "/workspace/cargo-home/bin/cargo" "+1.75.0" "metadata" "--manifest-path" "Cargo.toml" "--no-deps", kill_on_drop: false }`
[INFO] started tweaking git repo https://github.com/alexanderqmv/rs-keygen
[INFO] finished tweaking git repo https://github.com/alexanderqmv/rs-keygen
[INFO] tweaked toml for git repo https://github.com/alexanderqmv/rs-keygen written to /workspace/builds/worker-3-tc1/source/Cargo.toml
[INFO] crate git repo https://github.com/alexanderqmv/rs-keygen already has a lockfile, it will not be regenerated
[INFO] running `Command { std: CARGO_HOME="/workspace/cargo-home" RUSTUP_HOME="/workspace/rustup-home" "/workspace/cargo-home/bin/cargo" "+1.75.0" "fetch" "--manifest-path" "Cargo.toml", kill_on_drop: false }`
[INFO] [stderr]     Blocking waiting for file lock on package cache
[INFO] [stderr]     Updating crates.io index
[INFO] [stderr]     Blocking waiting for file lock on package cache
[INFO] [stderr]  Downloading crates ...
[INFO] [stderr]   Downloaded time v0.1.45
[INFO] [stderr]   Downloaded getrandom v0.2.9
[INFO] [stderr]   Downloaded wasi v0.10.0+wasi-snapshot-preview1
[INFO] [stderr]   Downloaded gcc v0.3.55
[INFO] [stderr]   Downloaded libc v0.2.144
[INFO] [stderr]   Downloaded rust-crypto v0.2.36
[INFO] running `Command { std: "docker" "create" "-v" "/var/lib/crater-agent-workspace/builds/worker-3-tc1/target:/opt/rustwide/target:rw,Z" "-v" "/var/lib/crater-agent-workspace/builds/worker-3-tc1/source:/opt/rustwide/workdir:ro,Z" "-v" "/var/lib/crater-agent-workspace/cargo-home:/opt/rustwide/cargo-home:ro,Z" "-v" "/var/lib/crater-agent-workspace/rustup-home:/opt/rustwide/rustup-home:ro,Z" "-e" "SOURCE_DIR=/opt/rustwide/workdir" "-e" "CARGO_TARGET_DIR=/opt/rustwide/target" "-e" "CARGO_HOME=/opt/rustwide/cargo-home" "-e" "RUSTUP_HOME=/opt/rustwide/rustup-home" "-w" "/opt/rustwide/workdir" "-m" "1610612736" "--user" "0:0" "--network" "none" "ghcr.io/rust-lang/crates-build-env/linux@sha256:2788e3201cd34a07e3172128adcd8b3090168a8e3bcc40d7c032b9dda1df7d1c" "/opt/rustwide/cargo-home/bin/cargo" "+1.75.0" "metadata" "--no-deps" "--format-version=1", kill_on_drop: false }`
[INFO] [stdout] 8f8bf3c2add3a9857fbbbe499623037fee9c86b5456a06c670f9b5532be2b1a9
[INFO] running `Command { std: "docker" "start" "-a" "8f8bf3c2add3a9857fbbbe499623037fee9c86b5456a06c670f9b5532be2b1a9", kill_on_drop: false }`
[INFO] running `Command { std: "docker" "inspect" "8f8bf3c2add3a9857fbbbe499623037fee9c86b5456a06c670f9b5532be2b1a9", kill_on_drop: false }`
[INFO] running `Command { std: "docker" "rm" "-f" "8f8bf3c2add3a9857fbbbe499623037fee9c86b5456a06c670f9b5532be2b1a9", kill_on_drop: false }`
[INFO] [stdout] 8f8bf3c2add3a9857fbbbe499623037fee9c86b5456a06c670f9b5532be2b1a9
[INFO] running `Command { std: "docker" "create" "-v" "/var/lib/crater-agent-workspace/builds/worker-3-tc1/target:/opt/rustwide/target:rw,Z" "-v" "/var/lib/crater-agent-workspace/builds/worker-3-tc1/source:/opt/rustwide/workdir:ro,Z" "-v" "/var/lib/crater-agent-workspace/cargo-home:/opt/rustwide/cargo-home:ro,Z" "-v" "/var/lib/crater-agent-workspace/rustup-home:/opt/rustwide/rustup-home:ro,Z" "-e" "SOURCE_DIR=/opt/rustwide/workdir" "-e" "CARGO_TARGET_DIR=/opt/rustwide/target" "-e" "CARGO_INCREMENTAL=0" "-e" "RUST_BACKTRACE=full" "-e" "RUSTFLAGS=--cap-lints=warn" "-e" "RUSTDOCFLAGS=--cap-lints=warn" "-e" "CARGO_HOME=/opt/rustwide/cargo-home" "-e" "RUSTUP_HOME=/opt/rustwide/rustup-home" "-w" "/opt/rustwide/workdir" "-m" "1610612736" "--user" "0:0" "--network" "none" "ghcr.io/rust-lang/crates-build-env/linux@sha256:2788e3201cd34a07e3172128adcd8b3090168a8e3bcc40d7c032b9dda1df7d1c" "/opt/rustwide/cargo-home/bin/cargo" "+1.75.0" "build" "--frozen" "--message-format=json", kill_on_drop: false }`
[INFO] [stdout] 12fb62f660e08e9386a131fd065770754b34c9d13fc2e2a3cfd93d2db20a2af5
[INFO] running `Command { std: "docker" "start" "-a" "12fb62f660e08e9386a131fd065770754b34c9d13fc2e2a3cfd93d2db20a2af5", kill_on_drop: false }`
[INFO] [stderr]    Compiling libc v0.2.144
[INFO] [stderr]    Compiling cfg-if v1.0.0
[INFO] [stderr]    Compiling gcc v0.3.55
[INFO] [stderr]    Compiling ppv-lite86 v0.2.17
[INFO] [stderr]    Compiling rustc-serialize v0.3.24
[INFO] [stderr]    Compiling rust-crypto v0.2.36
[INFO] [stderr]    Compiling getrandom v0.2.9
[INFO] [stderr]    Compiling rand v0.4.6
[INFO] [stderr]    Compiling time v0.1.45
[INFO] [stderr]    Compiling rand_core v0.6.4
[INFO] [stderr]    Compiling rand_chacha v0.3.1
[INFO] [stderr]    Compiling rand v0.8.5
[INFO] [stderr]    Compiling rand v0.3.23
[INFO] [stderr]    Compiling keygenx v0.1.72 (/opt/rustwide/workdir)
[INFO] [stdout] warning: unused doc comment
[INFO] [stdout]   --> src/generator/mod.rs:25:13
[INFO] [stdout]    |
[INFO] [stdout] 25 |             /// `Default` length of `key` = 8
[INFO] [stdout]    |             ^^^^^^^^^^^^^^^^^^^^^^^^^^^^^^^^^
[INFO] [stdout] 26 |             length: 0,
[INFO] [stdout]    |             --------- rustdoc does not generate documentation for expression fields
[INFO] [stdout]    |
[INFO] [stdout]    = help: use `//` for a plain comment
[INFO] [stdout]    = note: `#[warn(unused_doc_comments)]` on by default
[INFO] [stdout] 
[INFO] [stdout] 
[INFO] [stdout] warning: unused doc comment
[INFO] [stdout]   --> src/generator/mod.rs:27:13
[INFO] [stdout]    |
[INFO] [stdout] 27 |             /// `Default` `symbols` state = false
[INFO] [stdout]    |             ^^^^^^^^^^^^^^^^^^^^^^^^^^^^^^^^^^^^^
[INFO] [stdout] 28 |             symbols: false,
[INFO] [stdout]    |             -------------- rustdoc does not generate documentation for expression fields
[INFO] [stdout]    |
[INFO] [stdout]    = help: use `//` for a plain comment
[INFO] [stdout] 
[INFO] [stdout] 
[INFO] [stdout] warning: unused doc comment
[INFO] [stdout]   --> src/generator/mod.rs:29:13
[INFO] [stdout]    |
[INFO] [stdout] 29 |             /// `Default` `numbers` state = false
[INFO] [stdout]    |             ^^^^^^^^^^^^^^^^^^^^^^^^^^^^^^^^^^^^^
[INFO] [stdout] 30 |             numbers: false,
[INFO] [stdout]    |             -------------- rustdoc does not generate documentation for expression fields
[INFO] [stdout]    |
[INFO] [stdout]    = help: use `//` for a plain comment
[INFO] [stdout] 
[INFO] [stdout] 
[INFO] [stdout] warning: unused doc comment
[INFO] [stdout]   --> src/generator/mod.rs:31:13
[INFO] [stdout]    |
[INFO] [stdout] 31 |             /// `Default` `uppercase` state = false
[INFO] [stdout]    |             ^^^^^^^^^^^^^^^^^^^^^^^^^^^^^^^^^^^^^^^
[INFO] [stdout] 32 |             uppercase: false,
[INFO] [stdout]    |             ---------------- rustdoc does not generate documentation for expression fields
[INFO] [stdout]    |
[INFO] [stdout]    = help: use `//` for a plain comment
[INFO] [stdout] 
[INFO] [stdout] 
[INFO] [stdout] warning: unused doc comment
[INFO] [stdout]   --> src/generator/mod.rs:33:13
[INFO] [stdout]    |
[INFO] [stdout] 33 |             /// `Default` `lowercase` state = false
[INFO] [stdout]    |             ^^^^^^^^^^^^^^^^^^^^^^^^^^^^^^^^^^^^^^^
[INFO] [stdout] 34 |             lowercase: false,
[INFO] [stdout]    |             ---------------- rustdoc does not generate documentation for expression fields
[INFO] [stdout]    |
[INFO] [stdout]    = help: use `//` for a plain comment
[INFO] [stdout] 
[INFO] [stdout] 
[INFO] [stdout] warning: unused doc comment
[INFO] [stdout]   --> src/generator/mod.rs:35:13
[INFO] [stdout]    |
[INFO] [stdout] 35 |             /// `Default` `space` state = false
[INFO] [stdout]    |             ^^^^^^^^^^^^^^^^^^^^^^^^^^^^^^^^^^^
[INFO] [stdout] 36 |             space: false,
[INFO] [stdout]    |             ------------ rustdoc does not generate documentation for expression fields
[INFO] [stdout]    |
[INFO] [stdout]    = help: use `//` for a plain comment
[INFO] [stdout] 
[INFO] [stdout] 
[INFO] [stdout] warning: 6 warnings emitted
[INFO] [stdout] 
[INFO] [stdout] 
[INFO] [stderr]     Finished dev [unoptimized + debuginfo] target(s) in 8.04s
[INFO] [stderr] warning: the following packages contain code that will be rejected by a future version of Rust: rustc-serialize v0.3.24
[INFO] [stderr] note: to see what the problems were, use the option `--future-incompat-report`, or run `cargo report future-incompatibilities --id 1`
[INFO] running `Command { std: "docker" "inspect" "12fb62f660e08e9386a131fd065770754b34c9d13fc2e2a3cfd93d2db20a2af5", kill_on_drop: false }`
[INFO] running `Command { std: "docker" "rm" "-f" "12fb62f660e08e9386a131fd065770754b34c9d13fc2e2a3cfd93d2db20a2af5", kill_on_drop: false }`
[INFO] [stdout] 12fb62f660e08e9386a131fd065770754b34c9d13fc2e2a3cfd93d2db20a2af5
[INFO] running `Command { std: "docker" "create" "-v" "/var/lib/crater-agent-workspace/builds/worker-3-tc1/target:/opt/rustwide/target:rw,Z" "-v" "/var/lib/crater-agent-workspace/builds/worker-3-tc1/source:/opt/rustwide/workdir:ro,Z" "-v" "/var/lib/crater-agent-workspace/cargo-home:/opt/rustwide/cargo-home:ro,Z" "-v" "/var/lib/crater-agent-workspace/rustup-home:/opt/rustwide/rustup-home:ro,Z" "-e" "SOURCE_DIR=/opt/rustwide/workdir" "-e" "CARGO_TARGET_DIR=/opt/rustwide/target" "-e" "CARGO_INCREMENTAL=0" "-e" "RUST_BACKTRACE=full" "-e" "RUSTFLAGS=--cap-lints=warn" "-e" "RUSTDOCFLAGS=--cap-lints=warn" "-e" "CARGO_HOME=/opt/rustwide/cargo-home" "-e" "RUSTUP_HOME=/opt/rustwide/rustup-home" "-w" "/opt/rustwide/workdir" "-m" "1610612736" "--user" "0:0" "--network" "none" "ghcr.io/rust-lang/crates-build-env/linux@sha256:2788e3201cd34a07e3172128adcd8b3090168a8e3bcc40d7c032b9dda1df7d1c" "/opt/rustwide/cargo-home/bin/cargo" "+1.75.0" "test" "--frozen" "--no-run" "--message-format=json", kill_on_drop: false }`
[INFO] [stdout] ce7bab40f068b3eaabdb6ea1d79ec3fe9b94e443864c6a69fe8e83d1d3f65082
[INFO] running `Command { std: "docker" "start" "-a" "ce7bab40f068b3eaabdb6ea1d79ec3fe9b94e443864c6a69fe8e83d1d3f65082", kill_on_drop: false }`
[INFO] [stdout] warning: unused doc comment
[INFO] [stdout]   --> src/generator/mod.rs:25:13
[INFO] [stdout]    |
[INFO] [stdout] 25 |             /// `Default` length of `key` = 8
[INFO] [stdout]    |             ^^^^^^^^^^^^^^^^^^^^^^^^^^^^^^^^^
[INFO] [stdout] 26 |             length: 0,
[INFO] [stdout]    |             --------- rustdoc does not generate documentation for expression fields
[INFO] [stdout]    |
[INFO] [stdout]    = help: use `//` for a plain comment
[INFO] [stdout]    = note: `#[warn(unused_doc_comments)]` on by default
[INFO] [stdout] 
[INFO] [stdout] 
[INFO] [stdout] warning: unused doc comment
[INFO] [stdout]   --> src/generator/mod.rs:27:13
[INFO] [stdout]    |
[INFO] [stdout] 27 |             /// `Default` `symbols` state = false
[INFO] [stdout]    |             ^^^^^^^^^^^^^^^^^^^^^^^^^^^^^^^^^^^^^
[INFO] [stdout] 28 |             symbols: false,
[INFO] [stdout]    |             -------------- rustdoc does not generate documentation for expression fields
[INFO] [stdout]    |
[INFO] [stdout]    = help: use `//` for a plain comment
[INFO] [stdout] 
[INFO] [stdout] 
[INFO] [stdout] warning: unused doc comment
[INFO] [stdout]   --> src/generator/mod.rs:29:13
[INFO] [stdout]    |
[INFO] [stdout] 29 |             /// `Default` `numbers` state = false
[INFO] [stdout]    |             ^^^^^^^^^^^^^^^^^^^^^^^^^^^^^^^^^^^^^
[INFO] [stdout] 30 |             numbers: false,
[INFO] [stdout]    |             -------------- rustdoc does not generate documentation for expression fields
[INFO] [stdout]    |
[INFO] [stdout]    = help: use `//` for a plain comment
[INFO] [stdout] 
[INFO] [stdout] 
[INFO] [stdout] warning: unused doc comment
[INFO] [stdout]   --> src/generator/mod.rs:31:13
[INFO] [stdout]    |
[INFO] [stdout] 31 |             /// `Default` `uppercase` state = false
[INFO] [stdout]    |             ^^^^^^^^^^^^^^^^^^^^^^^^^^^^^^^^^^^^^^^
[INFO] [stdout] 32 |             uppercase: false,
[INFO] [stdout]    |             ---------------- rustdoc does not generate documentation for expression fields
[INFO] [stdout]    |
[INFO] [stdout]    = help: use `//` for a plain comment
[INFO] [stdout] 
[INFO] [stdout] 
[INFO] [stdout] warning: unused doc comment
[INFO] [stdout]   --> src/generator/mod.rs:33:13
[INFO] [stdout]    |
[INFO] [stdout] 33 |             /// `Default` `lowercase` state = false
[INFO] [stdout]    |             ^^^^^^^^^^^^^^^^^^^^^^^^^^^^^^^^^^^^^^^
[INFO] [stdout] 34 |             lowercase: false,
[INFO] [stdout]    |             ---------------- rustdoc does not generate documentation for expression fields
[INFO] [stdout]    |
[INFO] [stdout]    = help: use `//` for a plain comment
[INFO] [stdout] 
[INFO] [stdout] 
[INFO] [stdout] warning: unused doc comment
[INFO] [stdout]   --> src/generator/mod.rs:35:13
[INFO] [stdout]    |
[INFO] [stdout] 35 |             /// `Default` `space` state = false
[INFO] [stdout]    |             ^^^^^^^^^^^^^^^^^^^^^^^^^^^^^^^^^^^
[INFO] [stdout] 36 |             space: false,
[INFO] [stdout]    |             ------------ rustdoc does not generate documentation for expression fields
[INFO] [stdout]    |
[INFO] [stdout]    = help: use `//` for a plain comment
[INFO] [stdout] 
[INFO] [stdout] 
[INFO] [stdout] warning: 6 warnings emitted
[INFO] [stdout] 
[INFO] [stdout] 
[INFO] [stderr]    Compiling keygenx v0.1.72 (/opt/rustwide/workdir)
[INFO] [stdout] warning: unused doc comment
[INFO] [stdout]   --> src/generator/mod.rs:25:13
[INFO] [stdout]    |
[INFO] [stdout] 25 |             /// `Default` length of `key` = 8
[INFO] [stdout]    |             ^^^^^^^^^^^^^^^^^^^^^^^^^^^^^^^^^
[INFO] [stdout] 26 |             length: 0,
[INFO] [stdout]    |             --------- rustdoc does not generate documentation for expression fields
[INFO] [stdout]    |
[INFO] [stdout]    = help: use `//` for a plain comment
[INFO] [stdout]    = note: `#[warn(unused_doc_comments)]` on by default
[INFO] [stdout] 
[INFO] [stdout] 
[INFO] [stdout] warning: unused doc comment
[INFO] [stdout]   --> src/generator/mod.rs:27:13
[INFO] [stdout]    |
[INFO] [stdout] 27 |             /// `Default` `symbols` state = false
[INFO] [stdout]    |             ^^^^^^^^^^^^^^^^^^^^^^^^^^^^^^^^^^^^^
[INFO] [stdout] 28 |             symbols: false,
[INFO] [stdout]    |             -------------- rustdoc does not generate documentation for expression fields
[INFO] [stdout]    |
[INFO] [stdout]    = help: use `//` for a plain comment
[INFO] [stdout] 
[INFO] [stdout] 
[INFO] [stdout] warning: unused doc comment
[INFO] [stdout]   --> src/generator/mod.rs:29:13
[INFO] [stdout]    |
[INFO] [stdout] 29 |             /// `Default` `numbers` state = false
[INFO] [stdout]    |             ^^^^^^^^^^^^^^^^^^^^^^^^^^^^^^^^^^^^^
[INFO] [stdout] 30 |             numbers: false,
[INFO] [stdout]    |             -------------- rustdoc does not generate documentation for expression fields
[INFO] [stdout]    |
[INFO] [stdout]    = help: use `//` for a plain comment
[INFO] [stdout] 
[INFO] [stdout] 
[INFO] [stdout] warning: unused doc comment
[INFO] [stdout]   --> src/generator/mod.rs:31:13
[INFO] [stdout]    |
[INFO] [stdout] 31 |             /// `Default` `uppercase` state = false
[INFO] [stdout]    |             ^^^^^^^^^^^^^^^^^^^^^^^^^^^^^^^^^^^^^^^
[INFO] [stdout] 32 |             uppercase: false,
[INFO] [stdout]    |             ---------------- rustdoc does not generate documentation for expression fields
[INFO] [stdout]    |
[INFO] [stdout]    = help: use `//` for a plain comment
[INFO] [stdout] 
[INFO] [stdout] 
[INFO] [stdout] warning: unused doc comment
[INFO] [stdout]   --> src/generator/mod.rs:33:13
[INFO] [stdout]    |
[INFO] [stdout] 33 |             /// `Default` `lowercase` state = false
[INFO] [stdout]    |             ^^^^^^^^^^^^^^^^^^^^^^^^^^^^^^^^^^^^^^^
[INFO] [stdout] 34 |             lowercase: false,
[INFO] [stdout]    |             ---------------- rustdoc does not generate documentation for expression fields
[INFO] [stdout]    |
[INFO] [stdout]    = help: use `//` for a plain comment
[INFO] [stdout] 
[INFO] [stdout] 
[INFO] [stdout] warning: unused doc comment
[INFO] [stdout]   --> src/generator/mod.rs:35:13
[INFO] [stdout]    |
[INFO] [stdout] 35 |             /// `Default` `space` state = false
[INFO] [stdout]    |             ^^^^^^^^^^^^^^^^^^^^^^^^^^^^^^^^^^^
[INFO] [stdout] 36 |             space: false,
[INFO] [stdout]    |             ------------ rustdoc does not generate documentation for expression fields
[INFO] [stdout]    |
[INFO] [stdout]    = help: use `//` for a plain comment
[INFO] [stdout] 
[INFO] [stdout] 
[INFO] [stdout] warning: 6 warnings emitted
[INFO] [stdout] 
[INFO] [stdout] 
[INFO] [stderr]     Finished test [unoptimized + debuginfo] target(s) in 0.42s
[INFO] [stderr] warning: the following packages contain code that will be rejected by a future version of Rust: rustc-serialize v0.3.24
[INFO] [stderr] note: to see what the problems were, use the option `--future-incompat-report`, or run `cargo report future-incompatibilities --id 1`
[INFO] running `Command { std: "docker" "inspect" "ce7bab40f068b3eaabdb6ea1d79ec3fe9b94e443864c6a69fe8e83d1d3f65082", kill_on_drop: false }`
[INFO] running `Command { std: "docker" "rm" "-f" "ce7bab40f068b3eaabdb6ea1d79ec3fe9b94e443864c6a69fe8e83d1d3f65082", kill_on_drop: false }`
[INFO] [stdout] ce7bab40f068b3eaabdb6ea1d79ec3fe9b94e443864c6a69fe8e83d1d3f65082
[INFO] running `Command { std: "docker" "create" "-v" "/var/lib/crater-agent-workspace/builds/worker-3-tc1/target:/opt/rustwide/target:rw,Z" "-v" "/var/lib/crater-agent-workspace/builds/worker-3-tc1/source:/opt/rustwide/workdir:ro,Z" "-v" "/var/lib/crater-agent-workspace/cargo-home:/opt/rustwide/cargo-home:ro,Z" "-v" "/var/lib/crater-agent-workspace/rustup-home:/opt/rustwide/rustup-home:ro,Z" "-e" "SOURCE_DIR=/opt/rustwide/workdir" "-e" "CARGO_TARGET_DIR=/opt/rustwide/target" "-e" "CARGO_INCREMENTAL=0" "-e" "RUST_BACKTRACE=full" "-e" "RUSTFLAGS=--cap-lints=warn" "-e" "RUSTDOCFLAGS=--cap-lints=warn" "-e" "CARGO_HOME=/opt/rustwide/cargo-home" "-e" "RUSTUP_HOME=/opt/rustwide/rustup-home" "-w" "/opt/rustwide/workdir" "-m" "1610612736" "--user" "0:0" "--network" "none" "ghcr.io/rust-lang/crates-build-env/linux@sha256:2788e3201cd34a07e3172128adcd8b3090168a8e3bcc40d7c032b9dda1df7d1c" "/opt/rustwide/cargo-home/bin/cargo" "+1.75.0" "test" "--frozen", kill_on_drop: false }`
[INFO] [stdout] ee5dbb0a99ee09c4c46ea4c279ae243c13caf1c0cf983b52acaecbe04b6afa2d
[INFO] running `Command { std: "docker" "start" "-a" "ee5dbb0a99ee09c4c46ea4c279ae243c13caf1c0cf983b52acaecbe04b6afa2d", kill_on_drop: false }`
[INFO] [stderr] warning: unused doc comment
[INFO] [stdout] 
[INFO] [stderr]   --> src/generator/mod.rs:25:13
[INFO] [stdout] running 0 tests
[INFO] [stderr]    |
[INFO] [stdout] 
[INFO] [stderr] 25 |             /// `Default` length of `key` = 8
[INFO] [stdout] test result: ok. 0 passed; 0 failed; 0 ignored; 0 measured; 0 filtered out; finished in 0.00s
[INFO] [stderr]    |             ^^^^^^^^^^^^^^^^^^^^^^^^^^^^^^^^^
[INFO] [stdout] 
[INFO] [stderr] 26 |             length: 0,
[INFO] [stderr]    |             --------- rustdoc does not generate documentation for expression fields
[INFO] [stderr]    |
[INFO] [stderr]    = help: use `//` for a plain comment
[INFO] [stderr]    = note: `#[warn(unused_doc_comments)]` on by default
[INFO] [stderr] 
[INFO] [stderr] warning: unused doc comment
[INFO] [stderr]   --> src/generator/mod.rs:27:13
[INFO] [stderr]    |
[INFO] [stderr] 27 |             /// `Default` `symbols` state = false
[INFO] [stderr]    |             ^^^^^^^^^^^^^^^^^^^^^^^^^^^^^^^^^^^^^
[INFO] [stderr] 28 |             symbols: false,
[INFO] [stderr]    |             -------------- rustdoc does not generate documentation for expression fields
[INFO] [stderr]    |
[INFO] [stderr]    = help: use `//` for a plain comment
[INFO] [stderr] 
[INFO] [stderr] warning: unused doc comment
[INFO] [stderr]   --> src/generator/mod.rs:29:13
[INFO] [stderr]    |
[INFO] [stderr] 29 |             /// `Default` `numbers` state = false
[INFO] [stderr]    |             ^^^^^^^^^^^^^^^^^^^^^^^^^^^^^^^^^^^^^
[INFO] [stderr] 30 |             numbers: false,
[INFO] [stderr]    |             -------------- rustdoc does not generate documentation for expression fields
[INFO] [stderr]    |
[INFO] [stderr]    = help: use `//` for a plain comment
[INFO] [stderr] 
[INFO] [stderr] warning: unused doc comment
[INFO] [stderr]   --> src/generator/mod.rs:31:13
[INFO] [stderr]    |
[INFO] [stderr] 31 |             /// `Default` `uppercase` state = false
[INFO] [stderr]    |             ^^^^^^^^^^^^^^^^^^^^^^^^^^^^^^^^^^^^^^^
[INFO] [stderr] 32 |             uppercase: false,
[INFO] [stderr]    |             ---------------- rustdoc does not generate documentation for expression fields
[INFO] [stderr]    |
[INFO] [stderr]    = help: use `//` for a plain comment
[INFO] [stderr] 
[INFO] [stderr] warning: unused doc comment
[INFO] [stderr]   --> src/generator/mod.rs:33:13
[INFO] [stderr]    |
[INFO] [stderr] 33 |             /// `Default` `lowercase` state = false
[INFO] [stderr]    |             ^^^^^^^^^^^^^^^^^^^^^^^^^^^^^^^^^^^^^^^
[INFO] [stderr] 34 |             lowercase: false,
[INFO] [stderr]    |             ---------------- rustdoc does not generate documentation for expression fields
[INFO] [stderr]    |
[INFO] [stderr]    = help: use `//` for a plain comment
[INFO] [stderr] 
[INFO] [stderr] warning: unused doc comment
[INFO] [stderr]   --> src/generator/mod.rs:35:13
[INFO] [stderr]    |
[INFO] [stderr] 35 |             /// `Default` `space` state = false
[INFO] [stderr]    |             ^^^^^^^^^^^^^^^^^^^^^^^^^^^^^^^^^^^
[INFO] [stderr] 36 |             space: false,
[INFO] [stderr]    |             ------------ rustdoc does not generate documentation for expression fields
[INFO] [stderr]    |
[INFO] [stderr]    = help: use `//` for a plain comment
[INFO] [stderr] 
[INFO] [stderr] warning: `keygenx` (lib) generated 6 warnings
[INFO] [stderr] warning: `keygenx` (lib test) generated 6 warnings (6 duplicates)
[INFO] [stderr]     Finished test [unoptimized + debuginfo] target(s) in 0.09s
[INFO] [stderr] warning: the following packages contain code that will be rejected by a future version of Rust: rustc-serialize v0.3.24
[INFO] [stderr] note: to see what the problems were, use the option `--future-incompat-report`, or run `cargo report future-incompatibilities --id 1`
[INFO] [stderr]      Running unittests src/lib.rs (/opt/rustwide/target/debug/deps/keygenx-27cc01d5a1d10478)
[INFO] [stderr]    Doc-tests keygenx
[INFO] [stdout] 
[INFO] [stdout] running 2 tests
[INFO] [stdout] test src/lib.rs - (line 37) ... FAILED
[INFO] [stdout] test src/lib.rs - (line 13) ... FAILED
[INFO] [stdout] 
[INFO] [stdout] failures:
[INFO] [stdout] 
[INFO] [stdout] ---- src/lib.rs - (line 37) stdout ----
[INFO] [stdout] error[E0433]: failed to resolve: could not find `hash` in `crypto`
[INFO] [stdout]  --> src/lib.rs:40:29
[INFO] [stdout]   |
[INFO] [stdout] 4 |    let mut hasher = crypto::hash::Hasher::new();
[INFO] [stdout]   |                             ^^^^ could not find `hash` in `crypto`
[INFO] [stdout]   |
[INFO] [stdout] help: consider importing one of these items
[INFO] [stdout]   |
[INFO] [stdout] 2 + use core::hash::Hasher;
[INFO] [stdout]   |
[INFO] [stdout] 2 + use std::hash::Hasher;
[INFO] [stdout]   |
[INFO] [stdout] help: if you import `Hasher`, refer to it directly
[INFO] [stdout]   |
[INFO] [stdout] 4 -    let mut hasher = crypto::hash::Hasher::new();
[INFO] [stdout] 4 +    let mut hasher = Hasher::new();
[INFO] [stdout]   |
[INFO] [stdout] 
[INFO] [stdout] error[E0425]: cannot find value `key_str` in this scope
[INFO] [stdout]  --> src/lib.rs:41:37
[INFO] [stdout]   |
[INFO] [stdout] 5 |    let res = hasher.hash_by_sha256(&key_str).unwrap();
[INFO] [stdout]   |                                     ^^^^^^^ not found in this scope
[INFO] [stdout] 
[INFO] [stdout] error: aborting due to 2 previous errors
[INFO] [stdout] 
[INFO] [stdout] Some errors have detailed explanations: E0425, E0433.
[INFO] [stdout] For more information about an error, try `rustc --explain E0425`.
[INFO] [stdout] Couldn't compile the test.
[INFO] [stdout] ---- src/lib.rs - (line 13) stdout ----
[INFO] [stdout] error[E0433]: failed to resolve: use of undeclared type `KeyGen`
[INFO] [stdout]  --> src/lib.rs:15:25
[INFO] [stdout]   |
[INFO] [stdout] 3 |     let mut gen_range = KeyGen::new()
[INFO] [stdout]   |                         ^^^^^^ use of undeclared type `KeyGen`
[INFO] [stdout]   |
[INFO] [stdout] help: consider importing this struct
[INFO] [stdout]   |
[INFO] [stdout] 2 + use keygenx::generator::KeyGen;
[INFO] [stdout]   |
[INFO] [stdout] 
[INFO] [stdout] error: aborting due to previous error
[INFO] [stdout] 
[INFO] [stdout] For more information about this error, try `rustc --explain E0433`.
[INFO] [stdout] Couldn't compile the test.
[INFO] [stdout] 
[INFO] [stdout] failures:
[INFO] [stdout]     src/lib.rs - (line 13)
[INFO] [stdout]     src/lib.rs - (line 37)
[INFO] [stdout] 
[INFO] [stdout] test result: FAILED. 0 passed; 2 failed; 0 ignored; 0 measured; 0 filtered out; finished in 0.12s
[INFO] [stdout] 
[INFO] [stderr] error: doctest failed, to rerun pass `--doc`
[INFO] running `Command { std: "docker" "inspect" "ee5dbb0a99ee09c4c46ea4c279ae243c13caf1c0cf983b52acaecbe04b6afa2d", kill_on_drop: false }`
[INFO] running `Command { std: "docker" "rm" "-f" "ee5dbb0a99ee09c4c46ea4c279ae243c13caf1c0cf983b52acaecbe04b6afa2d", kill_on_drop: false }`
[INFO] [stdout] ee5dbb0a99ee09c4c46ea4c279ae243c13caf1c0cf983b52acaecbe04b6afa2d
[INFO] testing alexanderqmv/rs-keygen against beta-2024-01-09 for beta-1.76-3
[INFO] running `Command { std: "git" "clone" "/workspace/cache/git-repos/https%3A%2F%2Fgithub.com%2Falexanderqmv%2Frs-keygen" "/workspace/builds/worker-3-tc2/source", kill_on_drop: false }`
[INFO] [stderr] Cloning into '/workspace/builds/worker-3-tc2/source'...
[INFO] [stderr] done.
[INFO] validating manifest of git repo https://github.com/alexanderqmv/rs-keygen on toolchain beta-2024-01-09
[INFO] running `Command { std: CARGO_HOME="/workspace/cargo-home" RUSTUP_HOME="/workspace/rustup-home" "/workspace/cargo-home/bin/cargo" "+beta-2024-01-09" "metadata" "--manifest-path" "Cargo.toml" "--no-deps", kill_on_drop: false }`
[INFO] started tweaking git repo https://github.com/alexanderqmv/rs-keygen
[INFO] finished tweaking git repo https://github.com/alexanderqmv/rs-keygen
[INFO] tweaked toml for git repo https://github.com/alexanderqmv/rs-keygen written to /workspace/builds/worker-3-tc2/source/Cargo.toml
[INFO] crate git repo https://github.com/alexanderqmv/rs-keygen already has a lockfile, it will not be regenerated
[INFO] running `Command { std: CARGO_HOME="/workspace/cargo-home" RUSTUP_HOME="/workspace/rustup-home" "/workspace/cargo-home/bin/cargo" "+beta-2024-01-09" "fetch" "--manifest-path" "Cargo.toml", kill_on_drop: false }`
[INFO] running `Command { std: "docker" "create" "-v" "/var/lib/crater-agent-workspace/builds/worker-3-tc2/target:/opt/rustwide/target:rw,Z" "-v" "/var/lib/crater-agent-workspace/builds/worker-3-tc2/source:/opt/rustwide/workdir:ro,Z" "-v" "/var/lib/crater-agent-workspace/cargo-home:/opt/rustwide/cargo-home:ro,Z" "-v" "/var/lib/crater-agent-workspace/rustup-home:/opt/rustwide/rustup-home:ro,Z" "-e" "SOURCE_DIR=/opt/rustwide/workdir" "-e" "CARGO_TARGET_DIR=/opt/rustwide/target" "-e" "CARGO_HOME=/opt/rustwide/cargo-home" "-e" "RUSTUP_HOME=/opt/rustwide/rustup-home" "-w" "/opt/rustwide/workdir" "-m" "1610612736" "--user" "0:0" "--network" "none" "ghcr.io/rust-lang/crates-build-env/linux@sha256:2788e3201cd34a07e3172128adcd8b3090168a8e3bcc40d7c032b9dda1df7d1c" "/opt/rustwide/cargo-home/bin/cargo" "+beta-2024-01-09" "metadata" "--no-deps" "--format-version=1", kill_on_drop: false }`
[INFO] [stdout] 9db262c7ff36f58961ef2f16f17280cb2f8f7cc00548193d3fa1029b768935a3
[INFO] running `Command { std: "docker" "start" "-a" "9db262c7ff36f58961ef2f16f17280cb2f8f7cc00548193d3fa1029b768935a3", kill_on_drop: false }`
[INFO] running `Command { std: "docker" "inspect" "9db262c7ff36f58961ef2f16f17280cb2f8f7cc00548193d3fa1029b768935a3", kill_on_drop: false }`
[INFO] running `Command { std: "docker" "rm" "-f" "9db262c7ff36f58961ef2f16f17280cb2f8f7cc00548193d3fa1029b768935a3", kill_on_drop: false }`
[INFO] [stdout] 9db262c7ff36f58961ef2f16f17280cb2f8f7cc00548193d3fa1029b768935a3
[INFO] running `Command { std: "docker" "create" "-v" "/var/lib/crater-agent-workspace/builds/worker-3-tc2/target:/opt/rustwide/target:rw,Z" "-v" "/var/lib/crater-agent-workspace/builds/worker-3-tc2/source:/opt/rustwide/workdir:ro,Z" "-v" "/var/lib/crater-agent-workspace/cargo-home:/opt/rustwide/cargo-home:ro,Z" "-v" "/var/lib/crater-agent-workspace/rustup-home:/opt/rustwide/rustup-home:ro,Z" "-e" "SOURCE_DIR=/opt/rustwide/workdir" "-e" "CARGO_TARGET_DIR=/opt/rustwide/target" "-e" "CARGO_INCREMENTAL=0" "-e" "RUST_BACKTRACE=full" "-e" "RUSTFLAGS=--cap-lints=warn" "-e" "RUSTDOCFLAGS=--cap-lints=warn" "-e" "CARGO_HOME=/opt/rustwide/cargo-home" "-e" "RUSTUP_HOME=/opt/rustwide/rustup-home" "-w" "/opt/rustwide/workdir" "-m" "1610612736" "--user" "0:0" "--network" "none" "ghcr.io/rust-lang/crates-build-env/linux@sha256:2788e3201cd34a07e3172128adcd8b3090168a8e3bcc40d7c032b9dda1df7d1c" "/opt/rustwide/cargo-home/bin/cargo" "+beta-2024-01-09" "build" "--frozen" "--message-format=json", kill_on_drop: false }`
[INFO] [stdout] 846f935ffac9535eeba9207b16ea3bdbe7f8367bdf9c006eb7558b6b9f290226
[INFO] running `Command { std: "docker" "start" "-a" "846f935ffac9535eeba9207b16ea3bdbe7f8367bdf9c006eb7558b6b9f290226", kill_on_drop: false }`
[INFO] [stderr]    Compiling libc v0.2.144
[INFO] [stderr]    Compiling cfg-if v1.0.0
[INFO] [stderr]    Compiling gcc v0.3.55
[INFO] [stderr]    Compiling ppv-lite86 v0.2.17
[INFO] [stderr]    Compiling rustc-serialize v0.3.24
[INFO] [stdout] error[E0310]: the parameter type `T` may not live long enough
[INFO] [stdout]     --> /opt/rustwide/cargo-home/registry/src/index.crates.io-6f17d22bba15001f/rustc-serialize-0.3.24/src/serialize.rs:1155:5
[INFO] [stdout]      |
[INFO] [stdout] 1155 |     fn decode<D: Decoder>(d: &mut D) -> Result<Cow<'static, T>, D::Error> {
[INFO] [stdout]      |     ^^^^^^^^^^^^^^^^^^^^^^^^^^^^^^^^^^^^^^^^^^^^^^^^^^^^^^^^^^^^^^^^^^^^^
[INFO] [stdout]      |     |
[INFO] [stdout]      |     the parameter type `T` must be valid for the static lifetime...
[INFO] [stdout]      |     ...so that the type `T` will meet its required lifetime bounds...
[INFO] [stdout]      |
[INFO] [stdout] note: ...that is required by this bound
[INFO] [stdout]     --> /rustc/650745ceb2ae60e04f8cd7bfb671fc37239533e4/library/alloc/src/borrow.rs:180:30
[INFO] [stdout] help: consider adding an explicit lifetime bound
[INFO] [stdout]      |
[INFO] [stdout] 1151 | impl<'a, T: ?Sized + 'static> Decodable for Cow<'a, T>
[INFO] [stdout]      |                    +++++++++
[INFO] [stdout] 
[INFO] [stdout] 
[INFO] [stderr]    Compiling rust-crypto v0.2.36
[INFO] [stdout] error: aborting due to 1 previous error
[INFO] [stdout] 
[INFO] [stdout] 
[INFO] [stdout] For more information about this error, try `rustc --explain E0310`.
[INFO] [stdout] 
[INFO] [stderr] error: could not compile `rustc-serialize` (lib) due to 2 previous errors
[INFO] [stderr] warning: build failed, waiting for other jobs to finish...
[INFO] running `Command { std: "docker" "inspect" "846f935ffac9535eeba9207b16ea3bdbe7f8367bdf9c006eb7558b6b9f290226", kill_on_drop: false }`
[INFO] running `Command { std: "docker" "rm" "-f" "846f935ffac9535eeba9207b16ea3bdbe7f8367bdf9c006eb7558b6b9f290226", kill_on_drop: false }`
[INFO] [stdout] 846f935ffac9535eeba9207b16ea3bdbe7f8367bdf9c006eb7558b6b9f290226
