[INFO] cloning repository https://github.com/Lynxens/advent_of_code_2023
[INFO] running `Command { std: "git" "-c" "credential.helper=" "-c" "credential.helper=/workspace/cargo-home/bin/git-credential-null" "clone" "--bare" "https://github.com/Lynxens/advent_of_code_2023" "/workspace/cache/git-repos/https%3A%2F%2Fgithub.com%2FLynxens%2Fadvent_of_code_2023", kill_on_drop: false }`
[INFO] [stderr] Cloning into bare repository '/workspace/cache/git-repos/https%3A%2F%2Fgithub.com%2FLynxens%2Fadvent_of_code_2023'...
[INFO] running `Command { std: "git" "rev-parse" "HEAD", kill_on_drop: false }`
[INFO] [stdout] f07c8e1110d2c849407ae549f5b9766024690e1f
[INFO] testing Lynxens/advent_of_code_2023 against 1.75.0 for beta-1.76-3
[INFO] running `Command { std: "git" "clone" "/workspace/cache/git-repos/https%3A%2F%2Fgithub.com%2FLynxens%2Fadvent_of_code_2023" "/workspace/builds/worker-0-tc1/source", kill_on_drop: false }`
[INFO] [stderr] Cloning into '/workspace/builds/worker-0-tc1/source'...
[INFO] [stderr] done.
[INFO] validating manifest of git repo https://github.com/Lynxens/advent_of_code_2023 on toolchain 1.75.0
[INFO] running `Command { std: CARGO_HOME="/workspace/cargo-home" RUSTUP_HOME="/workspace/rustup-home" "/workspace/cargo-home/bin/cargo" "+1.75.0" "metadata" "--manifest-path" "Cargo.toml" "--no-deps", kill_on_drop: false }`
[INFO] started tweaking git repo https://github.com/Lynxens/advent_of_code_2023
[INFO] finished tweaking git repo https://github.com/Lynxens/advent_of_code_2023
[INFO] tweaked toml for git repo https://github.com/Lynxens/advent_of_code_2023 written to /workspace/builds/worker-0-tc1/source/Cargo.toml
[INFO] crate git repo https://github.com/Lynxens/advent_of_code_2023 already has a lockfile, it will not be regenerated
[INFO] running `Command { std: CARGO_HOME="/workspace/cargo-home" RUSTUP_HOME="/workspace/rustup-home" "/workspace/cargo-home/bin/cargo" "+1.75.0" "fetch" "--manifest-path" "Cargo.toml", kill_on_drop: false }`
[INFO] [stderr]     Updating crates.io index
[INFO] [stderr]  Downloading crates ...
[INFO] [stderr]   Downloaded z3 v0.12.1
[INFO] [stderr]   Downloaded z3-sys v0.8.1
[INFO] running `Command { std: "docker" "create" "-v" "/var/lib/crater-agent-workspace/builds/worker-0-tc1/target:/opt/rustwide/target:rw,Z" "-v" "/var/lib/crater-agent-workspace/builds/worker-0-tc1/source:/opt/rustwide/workdir:ro,Z" "-v" "/var/lib/crater-agent-workspace/cargo-home:/opt/rustwide/cargo-home:ro,Z" "-v" "/var/lib/crater-agent-workspace/rustup-home:/opt/rustwide/rustup-home:ro,Z" "-e" "SOURCE_DIR=/opt/rustwide/workdir" "-e" "CARGO_TARGET_DIR=/opt/rustwide/target" "-e" "CARGO_HOME=/opt/rustwide/cargo-home" "-e" "RUSTUP_HOME=/opt/rustwide/rustup-home" "-w" "/opt/rustwide/workdir" "-m" "1610612736" "--user" "0:0" "--network" "none" "ghcr.io/rust-lang/crates-build-env/linux@sha256:2788e3201cd34a07e3172128adcd8b3090168a8e3bcc40d7c032b9dda1df7d1c" "/opt/rustwide/cargo-home/bin/cargo" "+1.75.0" "metadata" "--no-deps" "--format-version=1", kill_on_drop: false }`
[INFO] [stdout] 82ca03eec96c6ce1d52acb865e91e048c951e236b1ccd4f002861a351e97f055
[INFO] running `Command { std: "docker" "start" "-a" "82ca03eec96c6ce1d52acb865e91e048c951e236b1ccd4f002861a351e97f055", kill_on_drop: false }`
[INFO] running `Command { std: "docker" "inspect" "82ca03eec96c6ce1d52acb865e91e048c951e236b1ccd4f002861a351e97f055", kill_on_drop: false }`
[INFO] running `Command { std: "docker" "rm" "-f" "82ca03eec96c6ce1d52acb865e91e048c951e236b1ccd4f002861a351e97f055", kill_on_drop: false }`
[INFO] [stdout] 82ca03eec96c6ce1d52acb865e91e048c951e236b1ccd4f002861a351e97f055
[INFO] running `Command { std: "docker" "create" "-v" "/var/lib/crater-agent-workspace/builds/worker-0-tc1/target:/opt/rustwide/target:rw,Z" "-v" "/var/lib/crater-agent-workspace/builds/worker-0-tc1/source:/opt/rustwide/workdir:ro,Z" "-v" "/var/lib/crater-agent-workspace/cargo-home:/opt/rustwide/cargo-home:ro,Z" "-v" "/var/lib/crater-agent-workspace/rustup-home:/opt/rustwide/rustup-home:ro,Z" "-e" "SOURCE_DIR=/opt/rustwide/workdir" "-e" "CARGO_TARGET_DIR=/opt/rustwide/target" "-e" "CARGO_INCREMENTAL=0" "-e" "RUST_BACKTRACE=full" "-e" "RUSTFLAGS=--cap-lints=warn" "-e" "RUSTDOCFLAGS=--cap-lints=warn" "-e" "CARGO_HOME=/opt/rustwide/cargo-home" "-e" "RUSTUP_HOME=/opt/rustwide/rustup-home" "-w" "/opt/rustwide/workdir" "-m" "1610612736" "--user" "0:0" "--network" "none" "ghcr.io/rust-lang/crates-build-env/linux@sha256:2788e3201cd34a07e3172128adcd8b3090168a8e3bcc40d7c032b9dda1df7d1c" "/opt/rustwide/cargo-home/bin/cargo" "+1.75.0" "build" "--frozen" "--message-format=json", kill_on_drop: false }`
[INFO] [stdout] 9d96e0594047c40a4ba42a675da3e53da550cb87d2b7482dccc31b491d7f0427
[INFO] running `Command { std: "docker" "start" "-a" "9d96e0594047c40a4ba42a675da3e53da550cb87d2b7482dccc31b491d7f0427", kill_on_drop: false }`
[INFO] [stderr]    Compiling proc-macro2 v1.0.71
[INFO] [stderr]    Compiling unicode-ident v1.0.12
[INFO] [stderr]    Compiling glob v0.3.1
[INFO] [stderr]    Compiling num-traits v0.2.17
[INFO] [stderr]    Compiling minimal-lexical v0.2.1
[INFO] [stderr]    Compiling libc v0.2.151
[INFO] [stderr]    Compiling cfg-if v1.0.0
[INFO] [stderr]    Compiling memchr v2.6.4
[INFO] [stderr]    Compiling regex-syntax v0.8.2
[INFO] [stderr]    Compiling bindgen v0.66.1
[INFO] [stderr]    Compiling bitflags v2.4.1
[INFO] [stderr]    Compiling rustc-hash v1.1.0
[INFO] [stderr]    Compiling lazy_static v1.4.0
[INFO] [stderr]    Compiling peeking_take_while v0.1.2
[INFO] [stderr]    Compiling shlex v1.2.0
[INFO] [stderr]    Compiling lazycell v1.3.0
[INFO] [stderr]    Compiling libloading v0.7.4
[INFO] [stderr]    Compiling num-integer v0.1.45
[INFO] [stderr]    Compiling bytemuck v1.14.0
[INFO] [stderr]    Compiling syn v1.0.109
[INFO] [stderr]    Compiling paste v1.0.14
[INFO] [stderr]    Compiling num-rational v0.4.1
[INFO] [stderr]    Compiling matrixmultiply v0.3.8
[INFO] [stderr]    Compiling safe_arch v0.7.1
[INFO] [stderr]    Compiling typenum v1.17.0
[INFO] [stderr]    Compiling log v0.4.20
[INFO] [stderr]    Compiling either v1.9.0
[INFO] [stderr]    Compiling float_next_after v1.0.0
[INFO] [stderr]    Compiling clang-sys v1.6.1
[INFO] [stderr]    Compiling itertools v0.12.0
[INFO] [stderr]    Compiling wide v0.7.13
[INFO] [stderr]    Compiling quote v1.0.33
[INFO] [stderr]    Compiling nom v7.1.3
[INFO] [stderr]    Compiling syn v2.0.42
[INFO] [stderr]    Compiling aho-corasick v1.1.2
[INFO] [stderr]    Compiling regex-automata v0.4.3
[INFO] [stderr]    Compiling num-complex v0.4.4
[INFO] [stderr]    Compiling approx v0.5.1
[INFO] [stderr]    Compiling simba v0.8.1
[INFO] [stderr]    Compiling regex v1.10.2
[INFO] [stderr]    Compiling cexpr v0.6.0
[INFO] [stderr]    Compiling nalgebra-macros v0.2.1
[INFO] [stderr]    Compiling nalgebra v0.32.3
[INFO] [stderr]    Compiling z3-sys v0.8.1
[INFO] [stderr]    Compiling z3 v0.12.1
[INFO] [stderr]    Compiling advent_of_code_2023 v0.1.0 (/opt/rustwide/workdir)
[INFO] [stdout] warning: unused import: `get_boundary_coordinates`
[INFO] [stdout]  --> src/bin/day16.rs:3:50
[INFO] [stdout]   |
[INFO] [stdout] 3 | use advent_of_code_2023::{Coordinate, Direction, get_boundary_coordinates};
[INFO] [stdout]   |                                                  ^^^^^^^^^^^^^^^^^^^^^^^^
[INFO] [stdout]   |
[INFO] [stdout]   = note: `#[warn(unused_imports)]` on by default
[INFO] [stdout] 
[INFO] [stdout] 
[INFO] [stdout] warning: unused variable: `c`
[INFO] [stdout]   --> src/bin/day21.rs:76:20
[INFO] [stdout]    |
[INFO] [stdout] 76 |         .filter(|&(c, &steps)| steps % 2 == 0 && steps > offset_in_corners)
[INFO] [stdout]    |                    ^ help: if this is intentional, prefix it with an underscore: `_c`
[INFO] [stdout]    |
[INFO] [stdout]    = note: `#[warn(unused_variables)]` on by default
[INFO] [stdout] 
[INFO] [stdout] 
[INFO] [stdout] warning: unused variable: `c`
[INFO] [stdout]   --> src/bin/day21.rs:81:20
[INFO] [stdout]    |
[INFO] [stdout] 81 |         .filter(|&(c, &steps)| steps % 2 == 1 && steps > offset_in_corners)
[INFO] [stdout]    |                    ^ help: if this is intentional, prefix it with an underscore: `_c`
[INFO] [stdout] 
[INFO] [stdout] 
[INFO] [stdout] warning: method `get_cost` is never used
[INFO] [stdout]    --> src/bin/day23.rs:188:8
[INFO] [stdout]     |
[INFO] [stdout] 181 | impl DistanceMap {
[INFO] [stdout]     | ---------------- method in this implementation
[INFO] [stdout] ...
[INFO] [stdout] 188 |     fn get_cost(&self, path: &Path) -> usize {
[INFO] [stdout]     |        ^^^^^^^^
[INFO] [stdout]     |
[INFO] [stdout]     = note: `#[warn(dead_code)]` on by default
[INFO] [stdout] 
[INFO] [stdout] 
[INFO] [stdout] warning: 1 warning emitted
[INFO] [stdout] 
[INFO] [stdout] 
[INFO] [stdout] warning: 2 warnings emitted
[INFO] [stdout] 
[INFO] [stdout] 
[INFO] [stdout] warning: 1 warning emitted
[INFO] [stdout] 
[INFO] [stdout] 
[INFO] [stderr]     Finished dev [unoptimized + debuginfo] target(s) in 1m 00s
[INFO] running `Command { std: "docker" "inspect" "9d96e0594047c40a4ba42a675da3e53da550cb87d2b7482dccc31b491d7f0427", kill_on_drop: false }`
[INFO] running `Command { std: "docker" "rm" "-f" "9d96e0594047c40a4ba42a675da3e53da550cb87d2b7482dccc31b491d7f0427", kill_on_drop: false }`
[INFO] [stdout] 9d96e0594047c40a4ba42a675da3e53da550cb87d2b7482dccc31b491d7f0427
[INFO] running `Command { std: "docker" "create" "-v" "/var/lib/crater-agent-workspace/builds/worker-0-tc1/target:/opt/rustwide/target:rw,Z" "-v" "/var/lib/crater-agent-workspace/builds/worker-0-tc1/source:/opt/rustwide/workdir:ro,Z" "-v" "/var/lib/crater-agent-workspace/cargo-home:/opt/rustwide/cargo-home:ro,Z" "-v" "/var/lib/crater-agent-workspace/rustup-home:/opt/rustwide/rustup-home:ro,Z" "-e" "SOURCE_DIR=/opt/rustwide/workdir" "-e" "CARGO_TARGET_DIR=/opt/rustwide/target" "-e" "CARGO_INCREMENTAL=0" "-e" "RUST_BACKTRACE=full" "-e" "RUSTFLAGS=--cap-lints=warn" "-e" "RUSTDOCFLAGS=--cap-lints=warn" "-e" "CARGO_HOME=/opt/rustwide/cargo-home" "-e" "RUSTUP_HOME=/opt/rustwide/rustup-home" "-w" "/opt/rustwide/workdir" "-m" "1610612736" "--user" "0:0" "--network" "none" "ghcr.io/rust-lang/crates-build-env/linux@sha256:2788e3201cd34a07e3172128adcd8b3090168a8e3bcc40d7c032b9dda1df7d1c" "/opt/rustwide/cargo-home/bin/cargo" "+1.75.0" "test" "--frozen" "--no-run" "--message-format=json", kill_on_drop: false }`
[INFO] [stdout] 133c16c2e3374b422edd3f55670998c8f8492f820e512898f0c3c4ee047069c5
[INFO] running `Command { std: "docker" "start" "-a" "133c16c2e3374b422edd3f55670998c8f8492f820e512898f0c3c4ee047069c5", kill_on_drop: false }`
[INFO] [stderr]    Compiling advent_of_code_2023 v0.1.0 (/opt/rustwide/workdir)
[INFO] [stdout] warning: unused import: `get_boundary_coordinates`
[INFO] [stdout]  --> src/bin/day16.rs:3:50
[INFO] [stdout]   |
[INFO] [stdout] 3 | use advent_of_code_2023::{Coordinate, Direction, get_boundary_coordinates};
[INFO] [stdout]   |                                                  ^^^^^^^^^^^^^^^^^^^^^^^^
[INFO] [stdout]   |
[INFO] [stdout]   = note: `#[warn(unused_imports)]` on by default
[INFO] [stdout] 
[INFO] [stdout] 
[INFO] [stdout] warning: unused variable: `c`
[INFO] [stdout]   --> src/bin/day21.rs:76:20
[INFO] [stdout]    |
[INFO] [stdout] 76 |         .filter(|&(c, &steps)| steps % 2 == 0 && steps > offset_in_corners)
[INFO] [stdout]    |                    ^ help: if this is intentional, prefix it with an underscore: `_c`
[INFO] [stdout]    |
[INFO] [stdout]    = note: `#[warn(unused_variables)]` on by default
[INFO] [stdout] 
[INFO] [stdout] 
[INFO] [stdout] warning: unused variable: `c`
[INFO] [stdout]   --> src/bin/day21.rs:81:20
[INFO] [stdout]    |
[INFO] [stdout] 81 |         .filter(|&(c, &steps)| steps % 2 == 1 && steps > offset_in_corners)
[INFO] [stdout]    |                    ^ help: if this is intentional, prefix it with an underscore: `_c`
[INFO] [stdout] 
[INFO] [stdout] 
[INFO] [stdout] warning: method `get_cost` is never used
[INFO] [stdout]    --> src/bin/day23.rs:188:8
[INFO] [stdout]     |
[INFO] [stdout] 181 | impl DistanceMap {
[INFO] [stdout]     | ---------------- method in this implementation
[INFO] [stdout] ...
[INFO] [stdout] 188 |     fn get_cost(&self, path: &Path) -> usize {
[INFO] [stdout]     |        ^^^^^^^^
[INFO] [stdout]     |
[INFO] [stdout]     = note: `#[warn(dead_code)]` on by default
[INFO] [stdout] 
[INFO] [stdout] 
[INFO] [stdout] warning: 2 warnings emitted
[INFO] [stdout] 
[INFO] [stdout] 
[INFO] [stdout] warning: 1 warning emitted
[INFO] [stdout] 
[INFO] [stdout] 
[INFO] [stdout] warning: 1 warning emitted
[INFO] [stdout] 
[INFO] [stdout] 
[INFO] [stderr]     Finished test [unoptimized + debuginfo] target(s) in 6.50s
[INFO] running `Command { std: "docker" "inspect" "133c16c2e3374b422edd3f55670998c8f8492f820e512898f0c3c4ee047069c5", kill_on_drop: false }`
[INFO] running `Command { std: "docker" "rm" "-f" "133c16c2e3374b422edd3f55670998c8f8492f820e512898f0c3c4ee047069c5", kill_on_drop: false }`
[INFO] [stdout] 133c16c2e3374b422edd3f55670998c8f8492f820e512898f0c3c4ee047069c5
[INFO] running `Command { std: "docker" "create" "-v" "/var/lib/crater-agent-workspace/builds/worker-0-tc1/target:/opt/rustwide/target:rw,Z" "-v" "/var/lib/crater-agent-workspace/builds/worker-0-tc1/source:/opt/rustwide/workdir:ro,Z" "-v" "/var/lib/crater-agent-workspace/cargo-home:/opt/rustwide/cargo-home:ro,Z" "-v" "/var/lib/crater-agent-workspace/rustup-home:/opt/rustwide/rustup-home:ro,Z" "-e" "SOURCE_DIR=/opt/rustwide/workdir" "-e" "CARGO_TARGET_DIR=/opt/rustwide/target" "-e" "CARGO_INCREMENTAL=0" "-e" "RUST_BACKTRACE=full" "-e" "RUSTFLAGS=--cap-lints=warn" "-e" "RUSTDOCFLAGS=--cap-lints=warn" "-e" "CARGO_HOME=/opt/rustwide/cargo-home" "-e" "RUSTUP_HOME=/opt/rustwide/rustup-home" "-w" "/opt/rustwide/workdir" "-m" "1610612736" "--user" "0:0" "--network" "none" "ghcr.io/rust-lang/crates-build-env/linux@sha256:2788e3201cd34a07e3172128adcd8b3090168a8e3bcc40d7c032b9dda1df7d1c" "/opt/rustwide/cargo-home/bin/cargo" "+1.75.0" "test" "--frozen", kill_on_drop: false }`
[INFO] [stdout] 149a351f93d5ca1ac8064c835c202f501c2070745e5ca4b56227d792770c8c53
[INFO] running `Command { std: "docker" "start" "-a" "149a351f93d5ca1ac8064c835c202f501c2070745e5ca4b56227d792770c8c53", kill_on_drop: false }`
[INFO] [stderr] warning: unused import: `get_boundary_coordinates`
[INFO] [stderr]  --> src/bin/day16.rs:3:50
[INFO] [stderr]   |
[INFO] [stderr] 3 | use advent_of_code_2023::{Coordinate, Direction, get_boundary_coordinates};
[INFO] [stderr]   |                                                  ^^^^^^^^^^^^^^^^^^^^^^^^
[INFO] [stderr]   |
[INFO] [stderr]   = note: `#[warn(unused_imports)]` on by default
[INFO] [stderr] 
[INFO] [stderr] warning: `advent_of_code_2023` (bin "day16" test) generated 1 warning (run `cargo fix --bin "day16" --tests` to apply 1 suggestion)
[INFO] [stderr] warning: unused variable: `c`
[INFO] [stderr]   --> src/bin/day21.rs:76:20
[INFO] [stderr]    |
[INFO] [stderr] 76 |         .filter(|&(c, &steps)| steps % 2 == 0 && steps > offset_in_corners)
[INFO] [stderr]    |                    ^ help: if this is intentional, prefix it with an underscore: `_c`
[INFO] [stderr]    |
[INFO] [stderr]    = note: `#[warn(unused_variables)]` on by default
[INFO] [stderr] 
[INFO] [stderr] warning: unused variable: `c`
[INFO] [stderr]   --> src/bin/day21.rs:81:20
[INFO] [stderr]    |
[INFO] [stderr] 81 |         .filter(|&(c, &steps)| steps % 2 == 1 && steps > offset_in_corners)
[INFO] [stderr]    |                    ^ help: if this is intentional, prefix it with an underscore: `_c`
[INFO] [stderr] 
[INFO] [stderr] warning: method `get_cost` is never used
[INFO] [stderr]    --> src/bin/day23.rs:188:8
[INFO] [stderr]     |
[INFO] [stderr] 181 | impl DistanceMap {
[INFO] [stderr]     | ---------------- method in this implementation
[INFO] [stderr] ...
[INFO] [stderr] 188 |     fn get_cost(&self, path: &Path) -> usize {
[INFO] [stderr]     |        ^^^^^^^^
[INFO] [stderr]     |
[INFO] [stderr]     = note: `#[warn(dead_code)]` on by default
[INFO] [stderr] 
[INFO] [stderr] warning: `advent_of_code_2023` (bin "day21" test) generated 2 warnings (run `cargo fix --bin "day21" --tests` to apply 2 suggestions)
[INFO] [stderr] warning: `advent_of_code_2023` (bin "day23" test) generated 1 warning
[INFO] [stderr]     Finished test [unoptimized + debuginfo] target(s) in 0.05s
[INFO] [stderr]      Running unittests src/lib.rs (/opt/rustwide/target/debug/deps/advent_of_code_2023-720346ab3d81fe1d)
[INFO] [stdout] 
[INFO] [stdout] running 0 tests
[INFO] [stdout] 
[INFO] [stdout] test result: ok. 0 passed; 0 failed; 0 ignored; 0 measured; 0 filtered out; finished in 0.00s
[INFO] [stdout] 
[INFO] [stderr]      Running unittests src/bin/day0.rs (/opt/rustwide/target/debug/deps/day0-869a9f049250270b)
[INFO] [stdout] 
[INFO] [stdout] running 4 tests
[INFO] [stdout] test tests::test_puzzle_1 ... ok
[INFO] [stdout] test tests::test_puzzle_2_example ... ok
[INFO] [stdout] test tests::test_puzzle_1_example ... ok
[INFO] [stdout] test tests::test_puzzle_2 ... ok
[INFO] [stdout] 
[INFO] [stdout] test result: ok. 4 passed; 0 failed; 0 ignored; 0 measured; 0 filtered out; finished in 0.00s
[INFO] [stdout] 
[INFO] [stderr]      Running unittests src/bin/day1.rs (/opt/rustwide/target/debug/deps/day1-ad578fbc1c9c875f)
[INFO] [stdout] 
[INFO] [stdout] running 4 tests
[INFO] [stdout] test tests::test_puzzle_1_example ... ok
[INFO] [stdout] test tests::test_puzzle_2_example ... ok
[INFO] [stdout] test tests::test_puzzle_1 ... ok
[INFO] [stdout] test tests::test_puzzle_2 ... ok
[INFO] [stdout] 
[INFO] [stdout] test result: ok. 4 passed; 0 failed; 0 ignored; 0 measured; 0 filtered out; finished in 0.03s
[INFO] [stdout] 
[INFO] [stderr]      Running unittests src/bin/day10.rs (/opt/rustwide/target/debug/deps/day10-4a3f5e5dbf1edb69)
[INFO] [stdout] 
[INFO] [stdout] running 4 tests
[INFO] [stdout] test tests::test_puzzle_1_example ... ok
[INFO] [stdout] test tests::test_puzzle_2_example ... ok
[INFO] [stdout] test tests::test_puzzle_1 ... ok
[INFO] [stdout] test tests::test_puzzle_2 ... ok
[INFO] [stderr]      Running unittests src/bin/day11.rs (/opt/rustwide/target/debug/deps/day11-f288511eb637e417)
[INFO] [stdout] 
[INFO] [stdout] test result: ok. 4 passed; 0 failed; 0 ignored; 0 measured; 0 filtered out; finished in 0.09s
[INFO] [stdout] 
[INFO] [stdout] 
[INFO] [stdout] running 4 tests
[INFO] [stdout] test tests::test_puzzle_1_example ... ok
[INFO] [stdout] test tests::test_puzzle_2_example ... ok
[INFO] [stdout] test tests::test_puzzle_2 ... ok
[INFO] [stdout] test tests::test_puzzle_1 ... ok
[INFO] [stdout] 
[INFO] [stdout] test result: ok. 4 passed; 0 failed; 0 ignored; 0 measured; 0 filtered out; finished in 0.16s
[INFO] [stdout] 
[INFO] [stderr]      Running unittests src/bin/day12.rs (/opt/rustwide/target/debug/deps/day12-519fdefa45ff1b16)
[INFO] [stdout] 
[INFO] [stdout] running 4 tests
[INFO] [stdout] test tests::test_puzzle_1_example ... ok
[INFO] [stdout] test tests::test_puzzle_2_example ... ok
[INFO] [stdout] test tests::test_puzzle_1 ... ok
[INFO] [stdout] test tests::test_puzzle_2 ... ok
[INFO] [stderr]      Running unittests src/bin/day13.rs (/opt/rustwide/target/debug/deps/day13-50a13670dadcad26)
[INFO] [stdout] 
[INFO] [stdout] test result: ok. 4 passed; 0 failed; 0 ignored; 0 measured; 0 filtered out; finished in 0.42s
[INFO] [stdout] 
[INFO] [stdout] 
[INFO] [stdout] running 4 tests
[INFO] [stdout] test tests::test_puzzle_2_example ... ok
[INFO] [stdout] test tests::test_puzzle_1_example ... ok
[INFO] [stderr]      Running unittests src/bin/day14.rs (/opt/rustwide/target/debug/deps/day14-46f569984b0fa6b8)
[INFO] [stdout] test tests::test_puzzle_2 ... ok
[INFO] [stdout] test tests::test_puzzle_1 ... ok
[INFO] [stdout] 
[INFO] [stdout] test result: ok. 4 passed; 0 failed; 0 ignored; 0 measured; 0 filtered out; finished in 0.01s
[INFO] [stdout] 
[INFO] [stdout] 
[INFO] [stdout] running 4 tests
[INFO] [stdout] test tests::test_puzzle_1_example ... ok
[INFO] [stdout] test tests::test_puzzle_2_example ... ok
[INFO] [stdout] test tests::test_puzzle_1 ... ok
[INFO] [stdout] test tests::test_puzzle_2 ... ok
[INFO] [stdout] 
[INFO] [stdout] test result: ok. 4 passed; 0 failed; 0 ignored; 0 measured; 0 filtered out; finished in 10.21s
[INFO] [stdout] 
[INFO] [stderr]      Running unittests src/bin/day15.rs (/opt/rustwide/target/debug/deps/day15-5060ea5edd40b9eb)
[INFO] [stdout] 
[INFO] [stdout] running 4 tests
[INFO] [stdout] test tests::test_puzzle_1_example ... ok
[INFO] [stdout] test tests::test_puzzle_2_example ... ok
[INFO] [stdout] test tests::test_puzzle_1 ... ok
[INFO] [stdout] test tests::test_puzzle_2 ... ok
[INFO] [stdout] 
[INFO] [stdout] test result: ok. 4 passed; 0 failed; 0 ignored; 0 measured; 0 filtered out; finished in 0.00s
[INFO] [stdout] 
[INFO] [stderr]      Running unittests src/bin/day16.rs (/opt/rustwide/target/debug/deps/day16-d38ee072cb39d9de)
[INFO] [stdout] 
[INFO] [stdout] running 4 tests
[INFO] [stdout] test tests::test_puzzle_1_example ... ok
[INFO] [stdout] test tests::test_puzzle_2_example ... ok
[INFO] [stdout] test tests::test_puzzle_1 ... ok
[INFO] [stdout] test tests::test_puzzle_2 ... ok
[INFO] [stdout] 
[INFO] [stdout] test result: ok. 4 passed; 0 failed; 0 ignored; 0 measured; 0 filtered out; finished in 3.72s
[INFO] [stdout] 
[INFO] [stderr]      Running unittests src/bin/day17.rs (/opt/rustwide/target/debug/deps/day17-c1df71eca09cf85b)
[INFO] [stdout] 
[INFO] [stdout] running 4 tests
[INFO] [stdout] test tests::test_puzzle_2_example ... ok
[INFO] [stdout] test tests::test_puzzle_1_example ... ok
[INFO] [stdout] test tests::test_puzzle_1 ... ok
[INFO] [stdout] test tests::test_puzzle_2 ... ok
[INFO] [stdout] 
[INFO] [stdout] test result: ok. 4 passed; 0 failed; 0 ignored; 0 measured; 0 filtered out; finished in 0.17s
[INFO] [stdout] 
[INFO] [stderr]      Running unittests src/bin/day18.rs (/opt/rustwide/target/debug/deps/day18-2780e56842934bf8)
[INFO] [stdout] 
[INFO] [stdout] running 4 tests
[INFO] [stdout] test tests::test_puzzle_2_example ... ok
[INFO] [stdout] test tests::test_puzzle_1_example ... ok
[INFO] [stdout] test tests::test_puzzle_1 ... ok
[INFO] [stdout] test tests::test_puzzle_2 ... ok
[INFO] [stdout] 
[INFO] [stdout] test result: ok. 4 passed; 0 failed; 0 ignored; 0 measured; 0 filtered out; finished in 0.00s
[INFO] [stdout] 
[INFO] [stderr]      Running unittests src/bin/day19.rs (/opt/rustwide/target/debug/deps/day19-f3464ec43d8fbf71)
[INFO] [stdout] 
[INFO] [stdout] running 4 tests
[INFO] [stdout] test tests::test_puzzle_1_example ... ok
[INFO] [stdout] test tests::test_puzzle_2_example ... ok
[INFO] [stdout] test tests::test_puzzle_2 ... ok
[INFO] [stdout] test tests::test_puzzle_1 ... ok
[INFO] [stdout] 
[INFO] [stdout] test result: ok. 4 passed; 0 failed; 0 ignored; 0 measured; 0 filtered out; finished in 0.06s
[INFO] [stdout] 
[INFO] [stderr]      Running unittests src/bin/day2.rs (/opt/rustwide/target/debug/deps/day2-2ddad4823e0f1ea9)
[INFO] [stdout] 
[INFO] [stdout] running 4 tests
[INFO] [stdout] test tests::test_puzzle_1_example ... ok
[INFO] [stdout] test tests::test_puzzle_2_example ... ok
[INFO] [stdout] test tests::test_puzzle_1 ... ok
[INFO] [stdout] test tests::test_puzzle_2 ... ok
[INFO] [stdout] 
[INFO] [stdout] test result: ok. 4 passed; 0 failed; 0 ignored; 0 measured; 0 filtered out; finished in 0.00s
[INFO] [stdout] 
[INFO] [stderr]      Running unittests src/bin/day20.rs (/opt/rustwide/target/debug/deps/day20-24d1b6d85a803f17)
[INFO] [stdout] 
[INFO] [stdout] running 3 tests
[INFO] [stdout] test tests::test_puzzle_1_example ... ok
[INFO] [stdout] test tests::test_puzzle_1 ... ok
[INFO] [stdout] test tests::test_puzzle_2 ... ok
[INFO] [stdout] 
[INFO] [stdout] test result: ok. 3 passed; 0 failed; 0 ignored; 0 measured; 0 filtered out; finished in 0.99s
[INFO] [stdout] 
[INFO] [stderr]      Running unittests src/bin/day21.rs (/opt/rustwide/target/debug/deps/day21-f5472db1dcd43b70)
[INFO] [stdout] 
[INFO] [stdout] running 3 tests
[INFO] [stdout] test tests::test_puzzle_1_example ... ok
[INFO] [stdout] test tests::test_puzzle_1 ... ok
[INFO] [stdout] test tests::test_puzzle_2 ... ok
[INFO] [stdout] 
[INFO] [stdout] test result: ok. 3 passed; 0 failed; 0 ignored; 0 measured; 0 filtered out; finished in 0.11s
[INFO] [stdout] 
[INFO] [stderr]      Running unittests src/bin/day22.rs (/opt/rustwide/target/debug/deps/day22-aab2303baae8a294)
[INFO] [stdout] 
[INFO] [stdout] running 4 tests
[INFO] [stdout] test tests::test_puzzle_2_example ... ok
[INFO] [stdout] test tests::test_puzzle_1_example ... ok
[INFO] [stdout] test tests::test_puzzle_1 ... ok
[INFO] [stdout] test tests::test_puzzle_2 has been running for over 60 seconds
[INFO] [stdout] test tests::test_puzzle_2 ... ok
[INFO] [stdout] 
[INFO] [stdout] test result: ok. 4 passed; 0 failed; 0 ignored; 0 measured; 0 filtered out; finished in 175.79s
[INFO] [stdout] 
[INFO] [stderr]      Running unittests src/bin/day23.rs (/opt/rustwide/target/debug/deps/day23-3a0dc4f00bd61c2d)
[INFO] [stdout] 
[INFO] [stdout] running 4 tests
[INFO] [stdout] test tests::test_puzzle_1_example ... ok
[INFO] [stdout] test tests::test_puzzle_2_example ... ok
[INFO] [stdout] test tests::test_puzzle_1 ... ok
[INFO] [stdout] test tests::test_puzzle_2 has been running for over 60 seconds
[INFO] [stdout] test tests::test_puzzle_2 ... ok
[INFO] [stdout] 
[INFO] [stdout] test result: ok. 4 passed; 0 failed; 0 ignored; 0 measured; 0 filtered out; finished in 106.19s
[INFO] [stdout] 
[INFO] [stderr]      Running unittests src/bin/day24.rs (/opt/rustwide/target/debug/deps/day24-ce09a9039c726900)
[INFO] [stdout] 
[INFO] [stdout] running 4 tests
[INFO] [stdout] test tests::test_puzzle_1_example ... ok
[INFO] [stdout] test tests::test_puzzle_1 ... ok
[INFO] [stdout] test tests::test_puzzle_2_example ... ok
[INFO] [stdout] test tests::test_puzzle_2 ... ok
[INFO] [stdout] 
[INFO] [stdout] test result: ok. 4 passed; 0 failed; 0 ignored; 0 measured; 0 filtered out; finished in 0.20s
[INFO] [stdout] 
[INFO] [stderr]      Running unittests src/bin/day25.rs (/opt/rustwide/target/debug/deps/day25-3600b9dbceea58fc)
[INFO] [stdout] 
[INFO] [stdout] running 2 tests
[INFO] [stdout] test tests::test_puzzle_1_example ... ok
[INFO] [stdout] test tests::test_puzzle_1 ... ok
[INFO] [stdout] 
[INFO] [stdout] test result: ok. 2 passed; 0 failed; 0 ignored; 0 measured; 0 filtered out; finished in 21.81s
[INFO] [stdout] 
[INFO] [stderr]      Running unittests src/bin/day3.rs (/opt/rustwide/target/debug/deps/day3-81864d79b689c77c)
[INFO] [stdout] 
[INFO] [stdout] running 4 tests
[INFO] [stdout] test tests::test_puzzle_2_example ... ok
[INFO] [stdout] test tests::test_puzzle_1_example ... ok
[INFO] [stdout] test tests::test_puzzle_2 ... ok
[INFO] [stdout] test tests::test_puzzle_1 ... ok
[INFO] [stdout] 
[INFO] [stdout] test result: ok. 4 passed; 0 failed; 0 ignored; 0 measured; 0 filtered out; finished in 0.01s
[INFO] [stdout] 
[INFO] [stderr]      Running unittests src/bin/day4.rs (/opt/rustwide/target/debug/deps/day4-bdbb3b3d50400c1a)
[INFO] [stdout] 
[INFO] [stdout] running 4 tests
[INFO] [stdout] test tests::test_puzzle_1_example ... ok
[INFO] [stdout] test tests::test_puzzle_2_example ... ok
[INFO] [stdout] test tests::test_puzzle_1 ... ok
[INFO] [stdout] test tests::test_puzzle_2 ... ok
[INFO] [stdout] 
[INFO] [stdout] test result: ok. 4 passed; 0 failed; 0 ignored; 0 measured; 0 filtered out; finished in 0.02s
[INFO] [stdout] 
[INFO] [stderr]      Running unittests src/bin/day5.rs (/opt/rustwide/target/debug/deps/day5-363e3d2a88fc688c)
[INFO] [stdout] 
[INFO] [stdout] running 4 tests
[INFO] [stdout] test tests::test_puzzle_1_example ... ok
[INFO] [stdout] test tests::test_puzzle_2_example ... ok
[INFO] [stdout] test tests::test_puzzle_1 ... ok
[INFO] [stdout] test tests::test_puzzle_2 ... ok
[INFO] [stdout] 
[INFO] [stdout] test result: ok. 4 passed; 0 failed; 0 ignored; 0 measured; 0 filtered out; finished in 0.00s
[INFO] [stdout] 
[INFO] [stderr]      Running unittests src/bin/day6.rs (/opt/rustwide/target/debug/deps/day6-0941a32a9b73570a)
[INFO] [stdout] 
[INFO] [stdout] running 4 tests
[INFO] [stdout] test tests::test_puzzle_2 ... ok
[INFO] [stdout] test tests::test_puzzle_1 ... ok
[INFO] [stdout] test tests::test_puzzle_1_example ... ok
[INFO] [stdout] test tests::test_puzzle_2_example ... ok
[INFO] [stdout] 
[INFO] [stdout] test result: ok. 4 passed; 0 failed; 0 ignored; 0 measured; 0 filtered out; finished in 0.00s
[INFO] [stdout] 
[INFO] [stderr]      Running unittests src/bin/day7.rs (/opt/rustwide/target/debug/deps/day7-5ca37d0528f03800)
[INFO] [stdout] 
[INFO] [stdout] running 4 tests
[INFO] [stdout] test tests::test_puzzle_1_example ... ok
[INFO] [stdout] test tests::test_puzzle_2_example ... ok
[INFO] [stdout] test tests::test_puzzle_1 ... ok
[INFO] [stdout] test tests::test_puzzle_2 ... ok
[INFO] [stdout] 
[INFO] [stdout] test result: ok. 4 passed; 0 failed; 0 ignored; 0 measured; 0 filtered out; finished in 0.02s
[INFO] [stdout] 
[INFO] [stderr]      Running unittests src/bin/day8.rs (/opt/rustwide/target/debug/deps/day8-6513ad3d5a6c1107)
[INFO] [stdout] 
[INFO] [stdout] running 4 tests
[INFO] [stdout] test tests::test_puzzle_1_example ... ok
[INFO] [stdout] test tests::test_puzzle_2_example ... ok
[INFO] [stdout] test tests::test_puzzle_1 ... ok
[INFO] [stdout] test tests::test_puzzle_2 ... ok
[INFO] [stdout] 
[INFO] [stdout] test result: ok. 4 passed; 0 failed; 0 ignored; 0 measured; 0 filtered out; finished in 0.07s
[INFO] [stdout] 
[INFO] [stderr]      Running unittests src/bin/day9.rs (/opt/rustwide/target/debug/deps/day9-f55a95b8d2c0a252)
[INFO] [stdout] 
[INFO] [stdout] running 4 tests
[INFO] [stdout] test tests::test_puzzle_1_example ... ok
[INFO] [stdout] test tests::test_puzzle_2_example ... ok
[INFO] [stdout] test tests::test_puzzle_1 ... ok
[INFO] [stdout] test tests::test_puzzle_2 ... ok
[INFO] [stdout] 
[INFO] [stdout] test result: ok. 4 passed; 0 failed; 0 ignored; 0 measured; 0 filtered out; finished in 0.00s
[INFO] [stdout] 
[INFO] [stderr]    Doc-tests advent_of_code_2023
[INFO] [stdout] 
[INFO] [stdout] running 0 tests
[INFO] [stdout] 
[INFO] [stdout] test result: ok. 0 passed; 0 failed; 0 ignored; 0 measured; 0 filtered out; finished in 0.00s
[INFO] [stdout] 
[INFO] running `Command { std: "docker" "inspect" "149a351f93d5ca1ac8064c835c202f501c2070745e5ca4b56227d792770c8c53", kill_on_drop: false }`
[INFO] running `Command { std: "docker" "rm" "-f" "149a351f93d5ca1ac8064c835c202f501c2070745e5ca4b56227d792770c8c53", kill_on_drop: false }`
[INFO] [stdout] 149a351f93d5ca1ac8064c835c202f501c2070745e5ca4b56227d792770c8c53
[INFO] testing Lynxens/advent_of_code_2023 against beta-2024-01-09 for beta-1.76-3
[INFO] running `Command { std: "git" "clone" "/workspace/cache/git-repos/https%3A%2F%2Fgithub.com%2FLynxens%2Fadvent_of_code_2023" "/workspace/builds/worker-0-tc2/source", kill_on_drop: false }`
[INFO] [stderr] Cloning into '/workspace/builds/worker-0-tc2/source'...
[INFO] [stderr] done.
[INFO] validating manifest of git repo https://github.com/Lynxens/advent_of_code_2023 on toolchain beta-2024-01-09
[INFO] running `Command { std: CARGO_HOME="/workspace/cargo-home" RUSTUP_HOME="/workspace/rustup-home" "/workspace/cargo-home/bin/cargo" "+beta-2024-01-09" "metadata" "--manifest-path" "Cargo.toml" "--no-deps", kill_on_drop: false }`
[INFO] started tweaking git repo https://github.com/Lynxens/advent_of_code_2023
[INFO] finished tweaking git repo https://github.com/Lynxens/advent_of_code_2023
[INFO] tweaked toml for git repo https://github.com/Lynxens/advent_of_code_2023 written to /workspace/builds/worker-0-tc2/source/Cargo.toml
[INFO] crate git repo https://github.com/Lynxens/advent_of_code_2023 already has a lockfile, it will not be regenerated
[INFO] running `Command { std: CARGO_HOME="/workspace/cargo-home" RUSTUP_HOME="/workspace/rustup-home" "/workspace/cargo-home/bin/cargo" "+beta-2024-01-09" "fetch" "--manifest-path" "Cargo.toml", kill_on_drop: false }`
[INFO] running `Command { std: "docker" "create" "-v" "/var/lib/crater-agent-workspace/builds/worker-0-tc2/target:/opt/rustwide/target:rw,Z" "-v" "/var/lib/crater-agent-workspace/builds/worker-0-tc2/source:/opt/rustwide/workdir:ro,Z" "-v" "/var/lib/crater-agent-workspace/cargo-home:/opt/rustwide/cargo-home:ro,Z" "-v" "/var/lib/crater-agent-workspace/rustup-home:/opt/rustwide/rustup-home:ro,Z" "-e" "SOURCE_DIR=/opt/rustwide/workdir" "-e" "CARGO_TARGET_DIR=/opt/rustwide/target" "-e" "CARGO_HOME=/opt/rustwide/cargo-home" "-e" "RUSTUP_HOME=/opt/rustwide/rustup-home" "-w" "/opt/rustwide/workdir" "-m" "1610612736" "--user" "0:0" "--network" "none" "ghcr.io/rust-lang/crates-build-env/linux@sha256:2788e3201cd34a07e3172128adcd8b3090168a8e3bcc40d7c032b9dda1df7d1c" "/opt/rustwide/cargo-home/bin/cargo" "+beta-2024-01-09" "metadata" "--no-deps" "--format-version=1", kill_on_drop: false }`
[INFO] [stdout] 920dcd7921b9e46ec5e373e28c0923ad099c9367afd83b1c196201d5ab1ec5a9
[INFO] running `Command { std: "docker" "start" "-a" "920dcd7921b9e46ec5e373e28c0923ad099c9367afd83b1c196201d5ab1ec5a9", kill_on_drop: false }`
[INFO] running `Command { std: "docker" "inspect" "920dcd7921b9e46ec5e373e28c0923ad099c9367afd83b1c196201d5ab1ec5a9", kill_on_drop: false }`
[INFO] running `Command { std: "docker" "rm" "-f" "920dcd7921b9e46ec5e373e28c0923ad099c9367afd83b1c196201d5ab1ec5a9", kill_on_drop: false }`
[INFO] [stdout] 920dcd7921b9e46ec5e373e28c0923ad099c9367afd83b1c196201d5ab1ec5a9
[INFO] running `Command { std: "docker" "create" "-v" "/var/lib/crater-agent-workspace/builds/worker-0-tc2/target:/opt/rustwide/target:rw,Z" "-v" "/var/lib/crater-agent-workspace/builds/worker-0-tc2/source:/opt/rustwide/workdir:ro,Z" "-v" "/var/lib/crater-agent-workspace/cargo-home:/opt/rustwide/cargo-home:ro,Z" "-v" "/var/lib/crater-agent-workspace/rustup-home:/opt/rustwide/rustup-home:ro,Z" "-e" "SOURCE_DIR=/opt/rustwide/workdir" "-e" "CARGO_TARGET_DIR=/opt/rustwide/target" "-e" "CARGO_INCREMENTAL=0" "-e" "RUST_BACKTRACE=full" "-e" "RUSTFLAGS=--cap-lints=warn" "-e" "RUSTDOCFLAGS=--cap-lints=warn" "-e" "CARGO_HOME=/opt/rustwide/cargo-home" "-e" "RUSTUP_HOME=/opt/rustwide/rustup-home" "-w" "/opt/rustwide/workdir" "-m" "1610612736" "--user" "0:0" "--network" "none" "ghcr.io/rust-lang/crates-build-env/linux@sha256:2788e3201cd34a07e3172128adcd8b3090168a8e3bcc40d7c032b9dda1df7d1c" "/opt/rustwide/cargo-home/bin/cargo" "+beta-2024-01-09" "build" "--frozen" "--message-format=json", kill_on_drop: false }`
[INFO] [stdout] 5b1c7079574130ebd39ec370905ba753e4a5aaa0d43fa5a40c8314cefd35328e
[INFO] running `Command { std: "docker" "start" "-a" "5b1c7079574130ebd39ec370905ba753e4a5aaa0d43fa5a40c8314cefd35328e", kill_on_drop: false }`
[INFO] [stderr]    Compiling proc-macro2 v1.0.71
[INFO] [stderr]    Compiling unicode-ident v1.0.12
[INFO] [stderr]    Compiling glob v0.3.1
[INFO] [stderr]    Compiling num-traits v0.2.17
[INFO] [stderr]    Compiling minimal-lexical v0.2.1
[INFO] [stderr]    Compiling libc v0.2.151
[INFO] [stderr]    Compiling cfg-if v1.0.0
[INFO] [stderr]    Compiling memchr v2.6.4
[INFO] [stderr]    Compiling regex-syntax v0.8.2
[INFO] [stderr]    Compiling bindgen v0.66.1
[INFO] [stderr]    Compiling bitflags v2.4.1
[INFO] [stderr]    Compiling shlex v1.2.0
[INFO] [stderr]    Compiling lazy_static v1.4.0
[INFO] [stderr]    Compiling peeking_take_while v0.1.2
[INFO] [stderr]    Compiling rustc-hash v1.1.0
[INFO] [stderr]    Compiling lazycell v1.3.0
[INFO] [stderr]    Compiling libloading v0.7.4
[INFO] [stderr]    Compiling num-integer v0.1.45
[INFO] [stderr]    Compiling bytemuck v1.14.0
[INFO] [stderr]    Compiling syn v1.0.109
[INFO] [stderr]    Compiling paste v1.0.14
[INFO] [stderr]    Compiling num-rational v0.4.1
[INFO] [stderr]    Compiling matrixmultiply v0.3.8
[INFO] [stderr]    Compiling typenum v1.17.0
[INFO] [stderr]    Compiling safe_arch v0.7.1
[INFO] [stderr]    Compiling either v1.9.0
[INFO] [stderr]    Compiling log v0.4.20
[INFO] [stderr]    Compiling clang-sys v1.6.1
[INFO] [stderr]    Compiling itertools v0.12.0
[INFO] [stderr]    Compiling float_next_after v1.0.0
[INFO] [stderr]    Compiling nom v7.1.3
[INFO] [stderr]    Compiling wide v0.7.13
[INFO] [stderr]    Compiling aho-corasick v1.1.2
[INFO] [stderr]    Compiling quote v1.0.33
[INFO] [stderr]    Compiling syn v2.0.42
[INFO] [stderr]    Compiling num-complex v0.4.4
[INFO] [stderr]    Compiling approx v0.5.1
[INFO] [stderr]    Compiling regex-automata v0.4.3
[INFO] [stderr]    Compiling cexpr v0.6.0
[INFO] [stderr]    Compiling simba v0.8.1
[INFO] [stderr]    Compiling regex v1.10.2
[INFO] [stderr]    Compiling nalgebra-macros v0.2.1
[INFO] [stderr]    Compiling nalgebra v0.32.3
[INFO] [stderr]    Compiling z3-sys v0.8.1
[INFO] [stderr]    Compiling z3 v0.12.1
[INFO] [stderr]    Compiling advent_of_code_2023 v0.1.0 (/opt/rustwide/workdir)
[INFO] [stdout] warning: unused import: `get_boundary_coordinates`
[INFO] [stdout]  --> src/bin/day16.rs:3:50
[INFO] [stdout]   |
[INFO] [stdout] 3 | use advent_of_code_2023::{Coordinate, Direction, get_boundary_coordinates};
[INFO] [stdout]   |                                                  ^^^^^^^^^^^^^^^^^^^^^^^^
[INFO] [stdout]   |
[INFO] [stdout]   = note: `#[warn(unused_imports)]` on by default
[INFO] [stdout] 
[INFO] [stdout] 
[INFO] [stdout] warning: method `get_cost` is never used
[INFO] [stdout]    --> src/bin/day23.rs:188:8
[INFO] [stdout]     |
[INFO] [stdout] 181 | impl DistanceMap {
[INFO] [stdout]     | ---------------- method in this implementation
[INFO] [stdout] ...
[INFO] [stdout] 188 |     fn get_cost(&self, path: &Path) -> usize {
[INFO] [stdout]     |        ^^^^^^^^
[INFO] [stdout]     |
[INFO] [stdout]     = note: `#[warn(dead_code)]` on by default
[INFO] [stdout] 
[INFO] [stdout] 
[INFO] [stdout] warning: 1 warning emitted
[INFO] [stdout] 
[INFO] [stdout] 
[INFO] [stdout] warning: unused variable: `c`
[INFO] [stdout]   --> src/bin/day21.rs:76:20
[INFO] [stdout]    |
[INFO] [stdout] 76 |         .filter(|&(c, &steps)| steps % 2 == 0 && steps > offset_in_corners)
[INFO] [stdout]    |                    ^ help: if this is intentional, prefix it with an underscore: `_c`
[INFO] [stdout]    |
[INFO] [stdout]    = note: `#[warn(unused_variables)]` on by default
[INFO] [stdout] 
[INFO] [stdout] 
[INFO] [stdout] warning: unused variable: `c`
[INFO] [stdout]   --> src/bin/day21.rs:81:20
[INFO] [stdout]    |
[INFO] [stdout] 81 |         .filter(|&(c, &steps)| steps % 2 == 1 && steps > offset_in_corners)
[INFO] [stdout]    |                    ^ help: if this is intentional, prefix it with an underscore: `_c`
[INFO] [stdout] 
[INFO] [stdout] 
[INFO] [stdout] warning: 1 warning emitted
[INFO] [stdout] 
[INFO] [stdout] 
[INFO] [stdout] warning: 2 warnings emitted
[INFO] [stdout] 
[INFO] [stdout] 
[INFO] [stderr]     Finished dev [unoptimized + debuginfo] target(s) in 18.67s
[INFO] running `Command { std: "docker" "inspect" "5b1c7079574130ebd39ec370905ba753e4a5aaa0d43fa5a40c8314cefd35328e", kill_on_drop: false }`
[INFO] running `Command { std: "docker" "rm" "-f" "5b1c7079574130ebd39ec370905ba753e4a5aaa0d43fa5a40c8314cefd35328e", kill_on_drop: false }`
[INFO] [stdout] 5b1c7079574130ebd39ec370905ba753e4a5aaa0d43fa5a40c8314cefd35328e
[INFO] running `Command { std: "docker" "create" "-v" "/var/lib/crater-agent-workspace/builds/worker-0-tc2/target:/opt/rustwide/target:rw,Z" "-v" "/var/lib/crater-agent-workspace/builds/worker-0-tc2/source:/opt/rustwide/workdir:ro,Z" "-v" "/var/lib/crater-agent-workspace/cargo-home:/opt/rustwide/cargo-home:ro,Z" "-v" "/var/lib/crater-agent-workspace/rustup-home:/opt/rustwide/rustup-home:ro,Z" "-e" "SOURCE_DIR=/opt/rustwide/workdir" "-e" "CARGO_TARGET_DIR=/opt/rustwide/target" "-e" "CARGO_INCREMENTAL=0" "-e" "RUST_BACKTRACE=full" "-e" "RUSTFLAGS=--cap-lints=warn" "-e" "RUSTDOCFLAGS=--cap-lints=warn" "-e" "CARGO_HOME=/opt/rustwide/cargo-home" "-e" "RUSTUP_HOME=/opt/rustwide/rustup-home" "-w" "/opt/rustwide/workdir" "-m" "1610612736" "--user" "0:0" "--network" "none" "ghcr.io/rust-lang/crates-build-env/linux@sha256:2788e3201cd34a07e3172128adcd8b3090168a8e3bcc40d7c032b9dda1df7d1c" "/opt/rustwide/cargo-home/bin/cargo" "+beta-2024-01-09" "test" "--frozen" "--no-run" "--message-format=json", kill_on_drop: false }`
[INFO] [stdout] 6fc320515f743293968af66d9d951648a7b0e660a9e9ef8739706487c018ee6c
[INFO] running `Command { std: "docker" "start" "-a" "6fc320515f743293968af66d9d951648a7b0e660a9e9ef8739706487c018ee6c", kill_on_drop: false }`
[INFO] [stderr]    Compiling advent_of_code_2023 v0.1.0 (/opt/rustwide/workdir)
[INFO] [stdout] warning: unused import: `get_boundary_coordinates`
[INFO] [stdout]  --> src/bin/day16.rs:3:50
[INFO] [stdout]   |
[INFO] [stdout] 3 | use advent_of_code_2023::{Coordinate, Direction, get_boundary_coordinates};
[INFO] [stdout]   |                                                  ^^^^^^^^^^^^^^^^^^^^^^^^
[INFO] [stdout]   |
[INFO] [stdout]   = note: `#[warn(unused_imports)]` on by default
[INFO] [stdout] 
[INFO] [stdout] 
[INFO] [stdout] warning: unused variable: `c`
[INFO] [stdout]   --> src/bin/day21.rs:76:20
[INFO] [stdout]    |
[INFO] [stdout] 76 |         .filter(|&(c, &steps)| steps % 2 == 0 && steps > offset_in_corners)
[INFO] [stdout]    |                    ^ help: if this is intentional, prefix it with an underscore: `_c`
[INFO] [stdout]    |
[INFO] [stdout]    = note: `#[warn(unused_variables)]` on by default
[INFO] [stdout] 
[INFO] [stdout] 
[INFO] [stdout] warning: unused variable: `c`
[INFO] [stdout]   --> src/bin/day21.rs:81:20
[INFO] [stdout]    |
[INFO] [stdout] 81 |         .filter(|&(c, &steps)| steps % 2 == 1 && steps > offset_in_corners)
[INFO] [stdout]    |                    ^ help: if this is intentional, prefix it with an underscore: `_c`
[INFO] [stdout] 
[INFO] [stdout] 
[INFO] [stdout] warning: method `get_cost` is never used
[INFO] [stdout]    --> src/bin/day23.rs:188:8
[INFO] [stdout]     |
[INFO] [stdout] 181 | impl DistanceMap {
[INFO] [stdout]     | ---------------- method in this implementation
[INFO] [stdout] ...
[INFO] [stdout] 188 |     fn get_cost(&self, path: &Path) -> usize {
[INFO] [stdout]     |        ^^^^^^^^
[INFO] [stdout]     |
[INFO] [stdout]     = note: `#[warn(dead_code)]` on by default
[INFO] [stdout] 
[INFO] [stdout] 
[INFO] [stdout] warning: 2 warnings emitted
[INFO] [stdout] 
[INFO] [stdout] 
[INFO] [stdout] warning: 1 warning emitted
[INFO] [stdout] 
[INFO] [stdout] 
[INFO] [stdout] warning: 1 warning emitted
[INFO] [stdout] 
[INFO] [stdout] 
[INFO] [stderr]     Finished test [unoptimized + debuginfo] target(s) in 1.68s
[INFO] running `Command { std: "docker" "inspect" "6fc320515f743293968af66d9d951648a7b0e660a9e9ef8739706487c018ee6c", kill_on_drop: false }`
[INFO] running `Command { std: "docker" "rm" "-f" "6fc320515f743293968af66d9d951648a7b0e660a9e9ef8739706487c018ee6c", kill_on_drop: false }`
[INFO] [stdout] 6fc320515f743293968af66d9d951648a7b0e660a9e9ef8739706487c018ee6c
[INFO] running `Command { std: "docker" "create" "-v" "/var/lib/crater-agent-workspace/builds/worker-0-tc2/target:/opt/rustwide/target:rw,Z" "-v" "/var/lib/crater-agent-workspace/builds/worker-0-tc2/source:/opt/rustwide/workdir:ro,Z" "-v" "/var/lib/crater-agent-workspace/cargo-home:/opt/rustwide/cargo-home:ro,Z" "-v" "/var/lib/crater-agent-workspace/rustup-home:/opt/rustwide/rustup-home:ro,Z" "-e" "SOURCE_DIR=/opt/rustwide/workdir" "-e" "CARGO_TARGET_DIR=/opt/rustwide/target" "-e" "CARGO_INCREMENTAL=0" "-e" "RUST_BACKTRACE=full" "-e" "RUSTFLAGS=--cap-lints=warn" "-e" "RUSTDOCFLAGS=--cap-lints=warn" "-e" "CARGO_HOME=/opt/rustwide/cargo-home" "-e" "RUSTUP_HOME=/opt/rustwide/rustup-home" "-w" "/opt/rustwide/workdir" "-m" "1610612736" "--user" "0:0" "--network" "none" "ghcr.io/rust-lang/crates-build-env/linux@sha256:2788e3201cd34a07e3172128adcd8b3090168a8e3bcc40d7c032b9dda1df7d1c" "/opt/rustwide/cargo-home/bin/cargo" "+beta-2024-01-09" "test" "--frozen", kill_on_drop: false }`
[INFO] [stdout] e5b594e6932a54ce53efca58c8ed0fde79311b528801b6b94448f49b3e2ac99f
[INFO] running `Command { std: "docker" "start" "-a" "e5b594e6932a54ce53efca58c8ed0fde79311b528801b6b94448f49b3e2ac99f", kill_on_drop: false }`
[INFO] [stderr] warning: unused variable: `c`
[INFO] [stderr]   --> src/bin/day21.rs:76:20
[INFO] [stderr]    |
[INFO] [stderr] 76 |         .filter(|&(c, &steps)| steps % 2 == 0 && steps > offset_in_corners)
[INFO] [stderr]    |                    ^ help: if this is intentional, prefix it with an underscore: `_c`
[INFO] [stderr]    |
[INFO] [stderr]    = note: `#[warn(unused_variables)]` on by default
[INFO] [stderr] 
[INFO] [stderr] warning: unused variable: `c`
[INFO] [stderr]   --> src/bin/day21.rs:81:20
[INFO] [stderr]    |
[INFO] [stderr] 81 |         .filter(|&(c, &steps)| steps % 2 == 1 && steps > offset_in_corners)
[INFO] [stderr]    |                    ^ help: if this is intentional, prefix it with an underscore: `_c`
[INFO] [stderr] 
[INFO] [stderr] warning: method `get_cost` is never used
[INFO] [stderr]    --> src/bin/day23.rs:188:8
[INFO] [stderr]     |
[INFO] [stderr] 181 | impl DistanceMap {
[INFO] [stderr]     | ---------------- method in this implementation
[INFO] [stderr] ...
[INFO] [stderr] 188 |     fn get_cost(&self, path: &Path) -> usize {
[INFO] [stderr]     |        ^^^^^^^^
[INFO] [stderr]     |
[INFO] [stderr]     = note: `#[warn(dead_code)]` on by default
[INFO] [stderr] 
[INFO] [stderr] warning: `advent_of_code_2023` (bin "day21" test) generated 2 warnings (run `cargo fix --bin "day21" --tests` to apply 2 suggestions)
[INFO] [stderr] warning: `advent_of_code_2023` (bin "day23" test) generated 1 warning
[INFO] [stderr] warning: unused import: `get_boundary_coordinates`
[INFO] [stderr]  --> src/bin/day16.rs:3:50
[INFO] [stderr]   |
[INFO] [stderr] 3 | use advent_of_code_2023::{Coordinate, Direction, get_boundary_coordinates};
[INFO] [stderr]   |                                                  ^^^^^^^^^^^^^^^^^^^^^^^^
[INFO] [stderr]   |
[INFO] [stderr]   = note: `#[warn(unused_imports)]` on by default
[INFO] [stderr] 
[INFO] [stderr] warning: `advent_of_code_2023` (bin "day16" test) generated 1 warning (run `cargo fix --bin "day16" --tests` to apply 1 suggestion)
[INFO] [stderr]     Finished test [unoptimized + debuginfo] target(s) in 0.03s
[INFO] [stderr]      Running unittests src/lib.rs (/opt/rustwide/target/debug/deps/advent_of_code_2023-c7c90bdc1cf208ba)
[INFO] [stdout] 
[INFO] [stdout] running 0 tests
[INFO] [stdout] 
[INFO] [stdout] test result: ok. 0 passed; 0 failed; 0 ignored; 0 measured; 0 filtered out; finished in 0.00s
[INFO] [stdout] 
[INFO] [stderr]      Running unittests src/bin/day0.rs (/opt/rustwide/target/debug/deps/day0-2eb66f05d14f6d0e)
[INFO] [stdout] 
[INFO] [stdout] running 4 tests
[INFO] [stdout] test tests::test_puzzle_1 ... ok
[INFO] [stdout] test tests::test_puzzle_2 ... ok
[INFO] [stdout] test tests::test_puzzle_1_example ... ok
[INFO] [stdout] test tests::test_puzzle_2_example ... ok
[INFO] [stdout] 
[INFO] [stdout] test result: ok. 4 passed; 0 failed; 0 ignored; 0 measured; 0 filtered out; finished in 0.00s
[INFO] [stdout] 
[INFO] [stderr]      Running unittests src/bin/day1.rs (/opt/rustwide/target/debug/deps/day1-970167bb4de5184f)
[INFO] [stdout] 
[INFO] [stdout] running 4 tests
[INFO] [stdout] test tests::test_puzzle_1_example ... ok
[INFO] [stdout] test tests::test_puzzle_2_example ... ok
[INFO] [stdout] test tests::test_puzzle_1 ... ok
[INFO] [stdout] test tests::test_puzzle_2 ... ok
[INFO] [stdout] 
[INFO] [stdout] test result: ok. 4 passed; 0 failed; 0 ignored; 0 measured; 0 filtered out; finished in 0.02s
[INFO] [stdout] 
[INFO] [stderr]      Running unittests src/bin/day10.rs (/opt/rustwide/target/debug/deps/day10-acb8756d0d0a75a3)
[INFO] [stdout] 
[INFO] [stdout] running 4 tests
[INFO] [stdout] test tests::test_puzzle_1_example ... ok
[INFO] [stdout] test tests::test_puzzle_2_example ... ok
[INFO] [stdout] test tests::test_puzzle_1 ... ok
[INFO] [stdout] test tests::test_puzzle_2 ... ok
[INFO] [stdout] 
[INFO] [stdout] test result: ok. 4 passed; 0 failed; 0 ignored; 0 measured; 0 filtered out; finished in 0.05s
[INFO] [stdout] 
[INFO] [stderr]      Running unittests src/bin/day11.rs (/opt/rustwide/target/debug/deps/day11-cfcceaa935191dc8)
[INFO] [stdout] 
[INFO] [stdout] running 4 tests
[INFO] [stdout] test tests::test_puzzle_1_example ... ok
[INFO] [stdout] test tests::test_puzzle_2_example ... ok
[INFO] [stdout] test tests::test_puzzle_2 ... ok
[INFO] [stdout] test tests::test_puzzle_1 ... ok
[INFO] [stdout] 
[INFO] [stdout] test result: ok. 4 passed; 0 failed; 0 ignored; 0 measured; 0 filtered out; finished in 0.12s
[INFO] [stdout] 
[INFO] [stderr]      Running unittests src/bin/day12.rs (/opt/rustwide/target/debug/deps/day12-e174caca75573bd6)
[INFO] [stdout] 
[INFO] [stdout] running 4 tests
[INFO] [stdout] test tests::test_puzzle_1_example ... ok
[INFO] [stdout] test tests::test_puzzle_2_example ... ok
[INFO] [stdout] test tests::test_puzzle_1 ... ok
[INFO] [stdout] test tests::test_puzzle_2 ... ok
[INFO] [stdout] 
[INFO] [stdout] test result: ok. 4 passed; 0 failed; 0 ignored; 0 measured; 0 filtered out; finished in 0.31s
[INFO] [stdout] 
[INFO] [stderr]      Running unittests src/bin/day13.rs (/opt/rustwide/target/debug/deps/day13-45ff8b17004aca62)
[INFO] [stdout] 
[INFO] [stdout] running 4 tests
[INFO] [stdout] test tests::test_puzzle_1_example ... ok
[INFO] [stdout] test tests::test_puzzle_2_example ... ok
[INFO] [stdout] test tests::test_puzzle_1 ... ok
[INFO] [stdout] test tests::test_puzzle_2 ... ok
[INFO] [stdout] 
[INFO] [stdout] test result: ok. 4 passed; 0 failed; 0 ignored; 0 measured; 0 filtered out; finished in 0.00s
[INFO] [stdout] 
[INFO] [stderr]      Running unittests src/bin/day14.rs (/opt/rustwide/target/debug/deps/day14-62ddabff469e0506)
[INFO] [stdout] 
[INFO] [stdout] running 4 tests
[INFO] [stdout] test tests::test_puzzle_1_example ... ok
[INFO] [stdout] test tests::test_puzzle_2_example ... ok
[INFO] [stdout] test tests::test_puzzle_1 ... ok
[INFO] [stdout] test tests::test_puzzle_2 ... ok
[INFO] [stdout] 
[INFO] [stdout] test result: ok. 4 passed; 0 failed; 0 ignored; 0 measured; 0 filtered out; finished in 8.14s
[INFO] [stdout] 
[INFO] [stderr]      Running unittests src/bin/day15.rs (/opt/rustwide/target/debug/deps/day15-14cd1d46517daa60)
[INFO] [stdout] 
[INFO] [stdout] running 4 tests
[INFO] [stdout] test tests::test_puzzle_1_example ... ok
[INFO] [stdout] test tests::test_puzzle_2_example ... ok
[INFO] [stdout] test tests::test_puzzle_1 ... ok
[INFO] [stdout] test tests::test_puzzle_2 ... ok
[INFO] [stdout] 
[INFO] [stdout] test result: ok. 4 passed; 0 failed; 0 ignored; 0 measured; 0 filtered out; finished in 0.00s
[INFO] [stdout] 
[INFO] [stderr]      Running unittests src/bin/day16.rs (/opt/rustwide/target/debug/deps/day16-54076871aae415ed)
[INFO] [stdout] 
[INFO] [stdout] running 4 tests
[INFO] [stdout] test tests::test_puzzle_1_example ... ok
[INFO] [stdout] test tests::test_puzzle_2_example ... ok
[INFO] [stdout] test tests::test_puzzle_1 ... ok
[INFO] [stdout] test tests::test_puzzle_2 ... ok
[INFO] [stdout] 
[INFO] [stdout] test result: ok. 4 passed; 0 failed; 0 ignored; 0 measured; 0 filtered out; finished in 3.28s
[INFO] [stdout] 
[INFO] [stderr]      Running unittests src/bin/day17.rs (/opt/rustwide/target/debug/deps/day17-8b9a52dbb7411f94)
[INFO] [stdout] 
[INFO] [stdout] running 4 tests
[INFO] [stdout] test tests::test_puzzle_2_example ... ok
[INFO] [stdout] test tests::test_puzzle_1_example ... ok
[INFO] [stdout] test tests::test_puzzle_1 ... ok
[INFO] [stdout] test tests::test_puzzle_2 ... ok
[INFO] [stdout] 
[INFO] [stdout] test result: ok. 4 passed; 0 failed; 0 ignored; 0 measured; 0 filtered out; finished in 0.17s
[INFO] [stdout] 
[INFO] [stderr]      Running unittests src/bin/day18.rs (/opt/rustwide/target/debug/deps/day18-848b4b6c571e3d4a)
[INFO] [stdout] 
[INFO] [stdout] running 4 tests
[INFO] [stdout] test tests::test_puzzle_1_example ... ok
[INFO] [stdout] test tests::test_puzzle_2_example ... ok
[INFO] [stdout] test tests::test_puzzle_1 ... ok
[INFO] [stdout] test tests::test_puzzle_2 ... ok
[INFO] [stdout] 
[INFO] [stdout] test result: ok. 4 passed; 0 failed; 0 ignored; 0 measured; 0 filtered out; finished in 0.00s
[INFO] [stdout] 
[INFO] [stderr]      Running unittests src/bin/day19.rs (/opt/rustwide/target/debug/deps/day19-163ab81f73245752)
[INFO] [stdout] 
[INFO] [stdout] running 4 tests
[INFO] [stdout] test tests::test_puzzle_1_example ... ok
[INFO] [stdout] test tests::test_puzzle_2_example ... ok
[INFO] [stdout] test tests::test_puzzle_2 ... ok
[INFO] [stdout] test tests::test_puzzle_1 ... ok
[INFO] [stdout] 
[INFO] [stdout] test result: ok. 4 passed; 0 failed; 0 ignored; 0 measured; 0 filtered out; finished in 0.04s
[INFO] [stdout] 
[INFO] [stderr]      Running unittests src/bin/day2.rs (/opt/rustwide/target/debug/deps/day2-45554285e446388a)
[INFO] [stdout] 
[INFO] [stdout] running 4 tests
[INFO] [stdout] test tests::test_puzzle_1_example ... ok
[INFO] [stdout] test tests::test_puzzle_2_example ... ok
[INFO] [stdout] test tests::test_puzzle_1 ... ok
[INFO] [stdout] test tests::test_puzzle_2 ... ok
[INFO] [stdout] 
[INFO] [stdout] test result: ok. 4 passed; 0 failed; 0 ignored; 0 measured; 0 filtered out; finished in 0.00s
[INFO] [stdout] 
[INFO] [stderr]      Running unittests src/bin/day20.rs (/opt/rustwide/target/debug/deps/day20-7bb5b60d2df25486)
[INFO] [stdout] 
[INFO] [stdout] running 3 tests
[INFO] [stdout] test tests::test_puzzle_1_example ... ok
[INFO] [stdout] test tests::test_puzzle_1 ... ok
[INFO] [stdout] test tests::test_puzzle_2 ... ok
[INFO] [stdout] 
[INFO] [stdout] test result: ok. 3 passed; 0 failed; 0 ignored; 0 measured; 0 filtered out; finished in 0.92s
[INFO] [stdout] 
[INFO] [stderr]      Running unittests src/bin/day21.rs (/opt/rustwide/target/debug/deps/day21-68840ec8536e73cd)
[INFO] [stdout] 
[INFO] [stdout] running 3 tests
[INFO] [stdout] test tests::test_puzzle_1_example ... ok
[INFO] [stdout] test tests::test_puzzle_1 ... ok
[INFO] [stdout] test tests::test_puzzle_2 ... ok
[INFO] [stdout] 
[INFO] [stdout] test result: ok. 3 passed; 0 failed; 0 ignored; 0 measured; 0 filtered out; finished in 0.05s
[INFO] [stdout] 
[INFO] [stderr]      Running unittests src/bin/day22.rs (/opt/rustwide/target/debug/deps/day22-b59fdb4e19cbe08f)
[INFO] [stdout] 
[INFO] [stdout] running 4 tests
[INFO] [stdout] test tests::test_puzzle_1_example ... ok
[INFO] [stdout] test tests::test_puzzle_2_example ... ok
[INFO] [stdout] test tests::test_puzzle_1 ... ok
[INFO] [stdout] test tests::test_puzzle_2 has been running for over 60 seconds
[INFO] [stdout] test tests::test_puzzle_2 ... ok
[INFO] [stdout] 
[INFO] [stdout] test result: ok. 4 passed; 0 failed; 0 ignored; 0 measured; 0 filtered out; finished in 118.97s
[INFO] [stdout] 
[INFO] [stderr]      Running unittests src/bin/day23.rs (/opt/rustwide/target/debug/deps/day23-4aa2866bd6397b11)
[INFO] [stdout] 
[INFO] [stdout] running 4 tests
[INFO] [stdout] test tests::test_puzzle_1_example ... ok
[INFO] [stdout] test tests::test_puzzle_2_example ... ok
[INFO] [stdout] test tests::test_puzzle_1 ... ok
[INFO] [stdout] test tests::test_puzzle_2 has been running for over 60 seconds
[INFO] [stdout] test tests::test_puzzle_2 ... ok
[INFO] [stdout] 
[INFO] [stdout] test result: ok. 4 passed; 0 failed; 0 ignored; 0 measured; 0 filtered out; finished in 100.89s
[INFO] [stdout] 
[INFO] [stderr]      Running unittests src/bin/day24.rs (/opt/rustwide/target/debug/deps/day24-34ea745092bf5932)
[INFO] [stdout] 
[INFO] [stdout] running 4 tests
[INFO] [stdout] test tests::test_puzzle_1_example ... ok
[INFO] [stdout] test tests::test_puzzle_1 ... ok
[INFO] [stdout] test tests::test_puzzle_2_example ... ok
[INFO] [stdout] test tests::test_puzzle_2 ... ok
[INFO] [stdout] 
[INFO] [stdout] test result: ok. 4 passed; 0 failed; 0 ignored; 0 measured; 0 filtered out; finished in 0.15s
[INFO] [stdout] 
[INFO] [stderr]      Running unittests src/bin/day25.rs (/opt/rustwide/target/debug/deps/day25-9c9160f5a6d4ef0b)
[INFO] [stdout] 
[INFO] [stdout] running 2 tests
[INFO] [stdout] test tests::test_puzzle_1_example ... ok
[INFO] [stdout] test tests::test_puzzle_1 ... FAILED
[INFO] [stdout] 
[INFO] [stdout] failures:
[INFO] [stdout] 
[INFO] [stdout] ---- tests::test_puzzle_1 stdout ----
[INFO] [stdout] thread 'tests::test_puzzle_1' panicked at src/bin/day25.rs:208:9:
[INFO] [stdout] assertion `left == right` failed
[INFO] [stdout]   left: 0
[INFO] [stdout]  right: 552682
[INFO] [stdout] stack backtrace:
[INFO] [stdout]    0:     0x55971c230c06 - std::backtrace_rs::backtrace::libunwind::trace::h03effc2488ffeadf
[INFO] [stdout]                                at /rustc/650745ceb2ae60e04f8cd7bfb671fc37239533e4/library/std/src/../../backtrace/src/backtrace/libunwind.rs:104:5
[INFO] [stdout]    1:     0x55971c230c06 - std::backtrace_rs::backtrace::trace_unsynchronized::h006ca25a07988d2f
[INFO] [stdout]                                at /rustc/650745ceb2ae60e04f8cd7bfb671fc37239533e4/library/std/src/../../backtrace/src/backtrace/mod.rs:66:5
[INFO] [stdout]    2:     0x55971c230c06 - std::sys_common::backtrace::_print_fmt::h4e3552f7b93352b1
[INFO] [stdout]                                at /rustc/650745ceb2ae60e04f8cd7bfb671fc37239533e4/library/std/src/sys_common/backtrace.rs:68:5
[INFO] [stdout]    3:     0x55971c230c06 - <std::sys_common::backtrace::_print::DisplayBacktrace as core::fmt::Display>::fmt::h9fe510a7d5cbe2d5
[INFO] [stdout]                                at /rustc/650745ceb2ae60e04f8cd7bfb671fc37239533e4/library/std/src/sys_common/backtrace.rs:44:22
[INFO] [stdout]    4:     0x55971c259a50 - core::fmt::rt::Argument::fmt::h74b18c7a7e637710
[INFO] [stdout]                                at /rustc/650745ceb2ae60e04f8cd7bfb671fc37239533e4/library/core/src/fmt/rt.rs:142:9
[INFO] [stdout]    5:     0x55971c259a50 - core::fmt::write::h8f8030c94ead45fd
[INFO] [stdout]                                at /rustc/650745ceb2ae60e04f8cd7bfb671fc37239533e4/library/core/src/fmt/mod.rs:1120:17
[INFO] [stdout]    6:     0x55971c22e6ff - std::io::Write::write_fmt::hd5dc84d51b55db4d
[INFO] [stdout]                                at /rustc/650745ceb2ae60e04f8cd7bfb671fc37239533e4/library/std/src/io/mod.rs:1810:15
[INFO] [stdout]    7:     0x55971c2309e4 - std::sys_common::backtrace::_print::h9804e7b18da25ce0
[INFO] [stdout]                                at /rustc/650745ceb2ae60e04f8cd7bfb671fc37239533e4/library/std/src/sys_common/backtrace.rs:47:5
[INFO] [stdout]    8:     0x55971c2309e4 - std::sys_common::backtrace::print::h88277d710d09094a
[INFO] [stdout]                                at /rustc/650745ceb2ae60e04f8cd7bfb671fc37239533e4/library/std/src/sys_common/backtrace.rs:34:9
[INFO] [stdout]    9:     0x55971c232757 - std::panicking::default_hook::{{closure}}::hdbdcf066fe677727
[INFO] [stdout]   10:     0x55971c23243d - std::panicking::default_hook::h23a1b51cb553f858
[INFO] [stdout]                                at /rustc/650745ceb2ae60e04f8cd7bfb671fc37239533e4/library/std/src/panicking.rs:289:9
[INFO] [stdout]   11:     0x55971c2021d7 - <alloc::boxed::Box<F,A> as core::ops::function::Fn<Args>>::call::hb97b3d5e50e8f668
[INFO] [stdout]                                at /rustc/650745ceb2ae60e04f8cd7bfb671fc37239533e4/library/alloc/src/boxed.rs:2029:9
[INFO] [stdout]   12:     0x55971c2021d7 - test::test_main::{{closure}}::h08dcb42f9689ad1d
[INFO] [stdout]                                at /rustc/650745ceb2ae60e04f8cd7bfb671fc37239533e4/library/test/src/lib.rs:138:21
[INFO] [stdout]   13:     0x55971c232d76 - <alloc::boxed::Box<F,A> as core::ops::function::Fn<Args>>::call::he29ab032578fbb20
[INFO] [stdout]                                at /rustc/650745ceb2ae60e04f8cd7bfb671fc37239533e4/library/alloc/src/boxed.rs:2029:9
[INFO] [stdout]   14:     0x55971c232d76 - std::panicking::rust_panic_with_hook::hee41672977842e8f
[INFO] [stdout]                                at /rustc/650745ceb2ae60e04f8cd7bfb671fc37239533e4/library/std/src/panicking.rs:783:13
[INFO] [stdout]   15:     0x55971c232ac2 - std::panicking::begin_panic_handler::{{closure}}::h6e390f49bfce6eb3
[INFO] [stdout]                                at /rustc/650745ceb2ae60e04f8cd7bfb671fc37239533e4/library/std/src/panicking.rs:657:13
[INFO] [stdout]   16:     0x55971c231106 - std::sys_common::backtrace::__rust_end_short_backtrace::h72ee75b447321fc6
[INFO] [stdout]                                at /rustc/650745ceb2ae60e04f8cd7bfb671fc37239533e4/library/std/src/sys_common/backtrace.rs:171:18
[INFO] [stdout]   17:     0x55971c232820 - rust_begin_unwind
[INFO] [stdout]                                at /rustc/650745ceb2ae60e04f8cd7bfb671fc37239533e4/library/std/src/panicking.rs:645:5
[INFO] [stdout]   18:     0x55971c1a1cd5 - core::panicking::panic_fmt::hf7ebce36d1a084ab
[INFO] [stdout]                                at /rustc/650745ceb2ae60e04f8cd7bfb671fc37239533e4/library/core/src/panicking.rs:72:14
[INFO] [stdout]   19:     0x55971c1a201b - core::panicking::assert_failed_inner::h47ecd117b37e9a1c
[INFO] [stdout]                                at /rustc/650745ceb2ae60e04f8cd7bfb671fc37239533e4/library/core/src/panicking.rs:342:17
[INFO] [stdout]   20:     0x55971c20c57e - core::panicking::assert_failed::habc3e38019e8ad44
[INFO] [stdout]                                at /rustc/650745ceb2ae60e04f8cd7bfb671fc37239533e4/library/core/src/panicking.rs:297:5
[INFO] [stdout]   21:     0x55971c1c1834 - day25::tests::test_puzzle_1::h96fc53ddca0e8db1
[INFO] [stdout]                                at /opt/rustwide/workdir/src/bin/day25.rs:208:9
[INFO] [stdout]   22:     0x55971c1c1747 - day25::tests::test_puzzle_1::{{closure}}::ha79284388539e95e
[INFO] [stdout]                                at /opt/rustwide/workdir/src/bin/day25.rs:205:23
[INFO] [stdout]   23:     0x55971c1b36f6 - core::ops::function::FnOnce::call_once::h21e7f0548dbb9f89
[INFO] [stdout]                                at /rustc/650745ceb2ae60e04f8cd7bfb671fc37239533e4/library/core/src/ops/function.rs:250:5
[INFO] [stdout]   24:     0x55971c207a0f - core::ops::function::FnOnce::call_once::h06047d416fab4738
[INFO] [stdout]                                at /rustc/650745ceb2ae60e04f8cd7bfb671fc37239533e4/library/core/src/ops/function.rs:250:5
[INFO] [stdout]   25:     0x55971c207a0f - test::__rust_begin_short_backtrace::hcb5713adfb060771
[INFO] [stdout]                                at /rustc/650745ceb2ae60e04f8cd7bfb671fc37239533e4/library/test/src/lib.rs:627:18
[INFO] [stdout]   26:     0x55971c206831 - test::run_test_in_process::{{closure}}::h6861e3633d7c9c27
[INFO] [stdout]                                at /rustc/650745ceb2ae60e04f8cd7bfb671fc37239533e4/library/test/src/lib.rs:650:60
[INFO] [stdout]   27:     0x55971c206831 - <core::panic::unwind_safe::AssertUnwindSafe<F> as core::ops::function::FnOnce<()>>::call_once::hb64fe2246fb8da62
[INFO] [stdout]                                at /rustc/650745ceb2ae60e04f8cd7bfb671fc37239533e4/library/core/src/panic/unwind_safe.rs:272:9
[INFO] [stdout]   28:     0x55971c206831 - std::panicking::try::do_call::h298b24dc8da96ba0
[INFO] [stdout]                                at /rustc/650745ceb2ae60e04f8cd7bfb671fc37239533e4/library/std/src/panicking.rs:552:40
[INFO] [stdout]   29:     0x55971c206831 - std::panicking::try::h69c2bfb52fabb772
[INFO] [stdout]                                at /rustc/650745ceb2ae60e04f8cd7bfb671fc37239533e4/library/std/src/panicking.rs:516:19
[INFO] [stdout]   30:     0x55971c206831 - std::panic::catch_unwind::hc0f23ff16cc28725
[INFO] [stdout]                                at /rustc/650745ceb2ae60e04f8cd7bfb671fc37239533e4/library/std/src/panic.rs:142:14
[INFO] [stdout]   31:     0x55971c206831 - test::run_test_in_process::hddee0506ec75925f
[INFO] [stdout]                                at /rustc/650745ceb2ae60e04f8cd7bfb671fc37239533e4/library/test/src/lib.rs:650:27
[INFO] [stdout]   32:     0x55971c206831 - test::run_test::{{closure}}::h5cfb204228607716
[INFO] [stdout]                                at /rustc/650745ceb2ae60e04f8cd7bfb671fc37239533e4/library/test/src/lib.rs:573:43
[INFO] [stdout]   33:     0x55971c1cdb66 - test::run_test::{{closure}}::hd4d5602ef13205a5
[INFO] [stdout]                                at /rustc/650745ceb2ae60e04f8cd7bfb671fc37239533e4/library/test/src/lib.rs:601:41
[INFO] [stdout]   34:     0x55971c1cdb66 - std::sys_common::backtrace::__rust_begin_short_backtrace::h5ccc5cff5923f06c
[INFO] [stdout]                                at /rustc/650745ceb2ae60e04f8cd7bfb671fc37239533e4/library/std/src/sys_common/backtrace.rs:155:18
[INFO] [stdout]   35:     0x55971c1d2c67 - std::thread::Builder::spawn_unchecked_::{{closure}}::{{closure}}::hafc0d76dcef09eee
[INFO] [stdout]                                at /rustc/650745ceb2ae60e04f8cd7bfb671fc37239533e4/library/std/src/thread/mod.rs:529:17
[INFO] [stdout]   36:     0x55971c1d2c67 - <core::panic::unwind_safe::AssertUnwindSafe<F> as core::ops::function::FnOnce<()>>::call_once::hb8ad16fe24e3ea09
[INFO] [stdout]                                at /rustc/650745ceb2ae60e04f8cd7bfb671fc37239533e4/library/core/src/panic/unwind_safe.rs:272:9
[INFO] [stdout]   37:     0x55971c1d2c67 - std::panicking::try::do_call::h42f15bc08f3d28df
[INFO] [stdout]                                at /rustc/650745ceb2ae60e04f8cd7bfb671fc37239533e4/library/std/src/panicking.rs:552:40
[INFO] [stdout]   38:     0x55971c1d2c67 - std::panicking::try::h81546958e5901712
[INFO] [stdout]                                at /rustc/650745ceb2ae60e04f8cd7bfb671fc37239533e4/library/std/src/panicking.rs:516:19
[INFO] [stdout]   39:     0x55971c1d2c67 - std::panic::catch_unwind::hc4c7cd89a2f03e29
[INFO] [stdout]                                at /rustc/650745ceb2ae60e04f8cd7bfb671fc37239533e4/library/std/src/panic.rs:142:14
[INFO] [stdout]   40:     0x55971c1d2c67 - std::thread::Builder::spawn_unchecked_::{{closure}}::h45ad00093b802d53
[INFO] [stdout]                                at /rustc/650745ceb2ae60e04f8cd7bfb671fc37239533e4/library/std/src/thread/mod.rs:528:30
[INFO] [stdout]   41:     0x55971c1d2c67 - core::ops::function::FnOnce::call_once{{vtable.shim}}::heec906b8862c0a30
[INFO] [stdout]                                at /rustc/650745ceb2ae60e04f8cd7bfb671fc37239533e4/library/core/src/ops/function.rs:250:5
[INFO] [stdout]   42:     0x55971c237825 - <alloc::boxed::Box<F,A> as core::ops::function::FnOnce<Args>>::call_once::he271a8e9b4ffec7b
[INFO] [stdout]                                at /rustc/650745ceb2ae60e04f8cd7bfb671fc37239533e4/library/alloc/src/boxed.rs:2015:9
[INFO] [stdout]   43:     0x55971c237825 - <alloc::boxed::Box<F,A> as core::ops::function::FnOnce<Args>>::call_once::heeb272d5c498a02f
[INFO] [stdout]                                at /rustc/650745ceb2ae60e04f8cd7bfb671fc37239533e4/library/alloc/src/boxed.rs:2015:9
[INFO] [stdout]   44:     0x55971c237825 - std::sys::unix::thread::Thread::new::thread_start::h1fcefdf404730fa7
[INFO] [stdout]                                at /rustc/650745ceb2ae60e04f8cd7bfb671fc37239533e4/library/std/src/sys/unix/thread.rs:108:17
[INFO] [stdout]   45:     0x7fede60f0ac3 - <unknown>
[INFO] [stdout]   46:     0x7fede6181bf4 - __clone
[INFO] [stdout]   47:                0x0 - <unknown>
[INFO] [stdout] 
[INFO] [stdout] 
[INFO] [stdout] failures:
[INFO] [stdout]     tests::test_puzzle_1
[INFO] [stdout] 
[INFO] [stdout] test result: FAILED. 1 passed; 1 failed; 0 ignored; 0 measured; 0 filtered out; finished in 20.55s
[INFO] [stdout] 
[INFO] [stderr] error: test failed, to rerun pass `--bin day25`
[INFO] running `Command { std: "docker" "inspect" "e5b594e6932a54ce53efca58c8ed0fde79311b528801b6b94448f49b3e2ac99f", kill_on_drop: false }`
[INFO] running `Command { std: "docker" "rm" "-f" "e5b594e6932a54ce53efca58c8ed0fde79311b528801b6b94448f49b3e2ac99f", kill_on_drop: false }`
[INFO] [stdout] e5b594e6932a54ce53efca58c8ed0fde79311b528801b6b94448f49b3e2ac99f
