[INFO] cloning repository https://github.com/BenSchZA/pier
[INFO] running `Command { std: "git" "-c" "credential.helper=" "-c" "credential.helper=/workspace/cargo-home/bin/git-credential-null" "clone" "--bare" "https://github.com/BenSchZA/pier" "/workspace/cache/git-repos/https%3A%2F%2Fgithub.com%2FBenSchZA%2Fpier", kill_on_drop: false }`
[INFO] [stderr] Cloning into bare repository '/workspace/cache/git-repos/https%3A%2F%2Fgithub.com%2FBenSchZA%2Fpier'...
[INFO] running `Command { std: "git" "rev-parse" "HEAD", kill_on_drop: false }`
[INFO] [stdout] 5c87426c0190e524b908904aef61cd402df7dd84
[INFO] testing BenSchZA/pier against 1.75.0 for beta-1.76-3
[INFO] running `Command { std: "git" "clone" "/workspace/cache/git-repos/https%3A%2F%2Fgithub.com%2FBenSchZA%2Fpier" "/workspace/builds/worker-6-tc1/source", kill_on_drop: false }`
[INFO] [stderr] Cloning into '/workspace/builds/worker-6-tc1/source'...
[INFO] [stderr] done.
[INFO] validating manifest of git repo https://github.com/BenSchZA/pier on toolchain 1.75.0
[INFO] running `Command { std: CARGO_HOME="/workspace/cargo-home" RUSTUP_HOME="/workspace/rustup-home" "/workspace/cargo-home/bin/cargo" "+1.75.0" "metadata" "--manifest-path" "Cargo.toml" "--no-deps", kill_on_drop: false }`
[INFO] removed /workspace/builds/worker-6-tc1/source/rust-toolchain
[INFO] started tweaking git repo https://github.com/BenSchZA/pier
[INFO] removed 0 missing tests
[INFO] finished tweaking git repo https://github.com/BenSchZA/pier
[INFO] tweaked toml for git repo https://github.com/BenSchZA/pier written to /workspace/builds/worker-6-tc1/source/Cargo.toml
[INFO] crate git repo https://github.com/BenSchZA/pier already has a lockfile, it will not be regenerated
[INFO] running `Command { std: CARGO_HOME="/workspace/cargo-home" RUSTUP_HOME="/workspace/rustup-home" "/workspace/cargo-home/bin/cargo" "+1.75.0" "fetch" "--manifest-path" "Cargo.toml", kill_on_drop: false }`
[INFO] [stderr]     Updating crates.io index
[INFO] [stderr]  Downloading crates ...
[INFO] [stderr]   Downloaded cfg-if v0.1.7
[INFO] [stderr]   Downloaded quote v0.6.11
[INFO] [stderr]   Downloaded proc-macro2 v1.0.6
[INFO] [stderr]   Downloaded unicode-width v0.1.5
[INFO] [stderr]   Downloaded nodrop v0.1.13
[INFO] [stderr]   Downloaded enum-kinds v0.4.1
[INFO] [stderr]   Downloaded rand_core v0.4.0
[INFO] [stderr]   Downloaded difference v2.0.0
[INFO] [stderr]   Downloaded float-cmp v0.4.0
[INFO] [stderr]   Downloaded globset v0.4.4
[INFO] [stderr]   Downloaded synstructure v0.10.2
[INFO] [stderr]   Downloaded failure v0.1.5
[INFO] [stderr]   Downloaded redox_termios v0.1.1
[INFO] [stderr]   Downloaded toml v0.4.10
[INFO] [stderr]   Downloaded ppv-lite86 v0.2.6
[INFO] [stderr]   Downloaded unicode-segmentation v1.6.0
[INFO] [stderr]   Downloaded winapi v0.3.6
[INFO] [stderr]   Downloaded csv v1.0.7
[INFO] [stderr]   Downloaded backtrace-sys v0.1.28
[INFO] [stderr]   Downloaded argon2rs v0.2.5
[INFO] [stderr]   Downloaded libc v0.2.65
[INFO] [stderr]   Downloaded normalize-line-endings v0.2.2
[INFO] [stderr]   Downloaded bstr v0.2.8
[INFO] [stderr]   Downloaded regex v1.1.9
[INFO] [stderr]   Downloaded bitflags v1.0.4
[INFO] [stderr]   Downloaded unicode-xid v0.1.0
[INFO] [stderr]   Downloaded ryu v0.2.8
[INFO] [stderr]   Downloaded cc v1.0.37
[INFO] [stderr]   Downloaded serde_derive v1.0.89
[INFO] [stderr]   Downloaded snafu v0.5.0
[INFO] [stderr]   Downloaded clap v2.33.0
[INFO] [stderr]   Downloaded assert_cmd v0.11.1
[INFO] [stderr]   Downloaded crossbeam-utils v0.6.6
[INFO] [stderr]   Downloaded encode_unicode v0.3.5
[INFO] [stderr]   Downloaded term v0.5.2
[INFO] [stderr]   Downloaded backtrace v0.3.16
[INFO] [stderr]   Downloaded syn v0.15.29
[INFO] [stderr]   Downloaded syn v1.0.11
[INFO] [stderr]   Downloaded crossbeam-channel v0.3.9
[INFO] [stderr]   Downloaded syn v0.12.15
[INFO] [stderr]   Downloaded aho-corasick v0.7.6
[INFO] [stderr]   Downloaded regex-syntax v0.6.12
[INFO] [stderr]   Downloaded serde_json v1.0.41
[INFO] [stderr]   Downloaded dirs-sys v0.3.4
[INFO] [stderr]   Downloaded proc-macro2 v0.4.27
[INFO] [stderr]   Downloaded structopt-derive v0.3.5
[INFO] [stderr]   Downloaded serde v1.0.89
[INFO] [stderr]   Downloaded vec_map v0.8.1
[INFO] [stderr]   Downloaded heck v0.3.1
[INFO] [stderr]   Downloaded dirs v2.0.2
[INFO] [stderr]   Downloaded snafu-derive v0.5.0
[INFO] [stderr]   Downloaded termion v1.5.1
[INFO] [stderr]   Downloaded rustc-demangle v0.1.14
[INFO] [stderr]   Downloaded c2-chacha v0.2.3
[INFO] [stderr]   Downloaded dirs v1.0.5
[INFO] [stderr]   Downloaded ryu v1.0.2
[INFO] [stderr]   Downloaded same-file v1.0.5
[INFO] [stderr]   Downloaded walkdir v2.2.9
[INFO] [stderr]   Downloaded globwalk v0.5.0
[INFO] [stderr]   Downloaded num-traits v0.2.8
[INFO] [stderr]   Downloaded memchr v2.2.0
[INFO] [stderr]   Downloaded predicates v1.0.1
[INFO] [stderr]   Downloaded proc-macro-error v0.2.6
[INFO] [stderr]   Downloaded escargot v0.4.0
[INFO] [stderr]   Downloaded prettytable-rs v0.8.0
[INFO] [stderr]   Downloaded atty v0.2.11
[INFO] [stderr]   Downloaded structopt v0.3.5
[INFO] [stderr]   Downloaded getrandom v0.1.13
[INFO] [stderr]   Downloaded redox_syscall v0.1.51
[INFO] [stderr]   Downloaded winapi-util v0.1.2
[INFO] [stderr]   Downloaded predicates-tree v1.0.0
[INFO] [stderr]   Downloaded proc-macro2 v0.2.3
[INFO] [stderr]   Downloaded quote v0.4.2
[INFO] [stderr]   Downloaded predicates-core v1.0.0
[INFO] [stderr]   Downloaded utf8-ranges v1.0.4
[INFO] [stderr]   Downloaded scoped_threadpool v0.1.9
[INFO] [stderr]   Downloaded redox_users v0.3.0
[INFO] [stderr]   Downloaded treeline v0.1.0
[INFO] [stderr]   Downloaded doc-comment v0.3.1
[INFO] [stderr]   Downloaded byteorder v1.3.1
[INFO] [stderr]   Downloaded scrawl v1.1.0
[INFO] [stderr]   Downloaded assert_fs v0.11.3
[INFO] [stderr]   Downloaded thread_local v0.3.6
[INFO] [stderr]   Downloaded constant_time_eq v0.1.3
[INFO] [stderr]   Downloaded blake2-rfc v0.2.18
[INFO] [stderr]   Downloaded failure_derive v0.1.5
[INFO] [stderr]   Downloaded csv-core v0.1.5
[INFO] [stderr]   Downloaded itoa v0.4.4
[INFO] [stderr]   Downloaded arrayvec v0.4.10
[INFO] [stderr]   Downloaded fnv v1.0.6
[INFO] [stderr]   Downloaded ignore v0.4.10
[INFO] running `Command { std: "docker" "create" "-v" "/var/lib/crater-agent-workspace/builds/worker-6-tc1/target:/opt/rustwide/target:rw,Z" "-v" "/var/lib/crater-agent-workspace/builds/worker-6-tc1/source:/opt/rustwide/workdir:ro,Z" "-v" "/var/lib/crater-agent-workspace/cargo-home:/opt/rustwide/cargo-home:ro,Z" "-v" "/var/lib/crater-agent-workspace/rustup-home:/opt/rustwide/rustup-home:ro,Z" "-e" "SOURCE_DIR=/opt/rustwide/workdir" "-e" "CARGO_TARGET_DIR=/opt/rustwide/target" "-e" "CARGO_HOME=/opt/rustwide/cargo-home" "-e" "RUSTUP_HOME=/opt/rustwide/rustup-home" "-w" "/opt/rustwide/workdir" "-m" "1610612736" "--user" "0:0" "--network" "none" "ghcr.io/rust-lang/crates-build-env/linux@sha256:2788e3201cd34a07e3172128adcd8b3090168a8e3bcc40d7c032b9dda1df7d1c" "/opt/rustwide/cargo-home/bin/cargo" "+1.75.0" "metadata" "--no-deps" "--format-version=1", kill_on_drop: false }`
[INFO] [stdout] b29727c9658c583065ec067d4fd8df8c913147b308f18b66ea0483c295260ba5
[INFO] running `Command { std: "docker" "start" "-a" "b29727c9658c583065ec067d4fd8df8c913147b308f18b66ea0483c295260ba5", kill_on_drop: false }`
[INFO] running `Command { std: "docker" "inspect" "b29727c9658c583065ec067d4fd8df8c913147b308f18b66ea0483c295260ba5", kill_on_drop: false }`
[INFO] running `Command { std: "docker" "rm" "-f" "b29727c9658c583065ec067d4fd8df8c913147b308f18b66ea0483c295260ba5", kill_on_drop: false }`
[INFO] [stdout] b29727c9658c583065ec067d4fd8df8c913147b308f18b66ea0483c295260ba5
[INFO] running `Command { std: "docker" "create" "-v" "/var/lib/crater-agent-workspace/builds/worker-6-tc1/target:/opt/rustwide/target:rw,Z" "-v" "/var/lib/crater-agent-workspace/builds/worker-6-tc1/source:/opt/rustwide/workdir:ro,Z" "-v" "/var/lib/crater-agent-workspace/cargo-home:/opt/rustwide/cargo-home:ro,Z" "-v" "/var/lib/crater-agent-workspace/rustup-home:/opt/rustwide/rustup-home:ro,Z" "-e" "SOURCE_DIR=/opt/rustwide/workdir" "-e" "CARGO_TARGET_DIR=/opt/rustwide/target" "-e" "CARGO_INCREMENTAL=0" "-e" "RUST_BACKTRACE=full" "-e" "RUSTFLAGS=--cap-lints=warn" "-e" "RUSTDOCFLAGS=--cap-lints=warn" "-e" "CARGO_HOME=/opt/rustwide/cargo-home" "-e" "RUSTUP_HOME=/opt/rustwide/rustup-home" "-w" "/opt/rustwide/workdir" "-m" "1610612736" "--user" "0:0" "--network" "none" "ghcr.io/rust-lang/crates-build-env/linux@sha256:2788e3201cd34a07e3172128adcd8b3090168a8e3bcc40d7c032b9dda1df7d1c" "/opt/rustwide/cargo-home/bin/cargo" "+1.75.0" "build" "--frozen" "--message-format=json", kill_on_drop: false }`
[INFO] [stdout] faaff19d42952aaa41af7d9a2a1887013aa59bcd684150bdca622d87ff862372
[INFO] running `Command { std: "docker" "start" "-a" "faaff19d42952aaa41af7d9a2a1887013aa59bcd684150bdca622d87ff862372", kill_on_drop: false }`
[INFO] [stderr]    Compiling libc v0.2.65
[INFO] [stderr]    Compiling unicode-xid v0.1.0
[INFO] [stderr]    Compiling proc-macro2 v0.4.27
[INFO] [stderr]    Compiling cfg-if v0.1.7
[INFO] [stderr]    Compiling syn v0.15.29
[INFO] [stderr]    Compiling proc-macro2 v1.0.6
[INFO] [stderr]    Compiling getrandom v0.1.13
[INFO] [stderr]    Compiling unicode-xid v0.2.0
[INFO] [stderr]    Compiling memchr v2.2.0
[INFO] [stderr]    Compiling cc v1.0.37
[INFO] [stderr]    Compiling serde v1.0.89
[INFO] [stderr]    Compiling syn v1.0.11
[INFO] [stderr]    Compiling ppv-lite86 v0.2.6
[INFO] [stderr]    Compiling unicode-width v0.1.5
[INFO] [stderr]    Compiling autocfg v0.1.7
[INFO] [stderr]    Compiling ryu v0.2.8
[INFO] [stderr]    Compiling byteorder v1.3.1
[INFO] [stderr]    Compiling proc-macro2 v0.2.3
[INFO] [stderr]    Compiling doc-comment v0.3.1
[INFO] [stderr]    Compiling unicode-segmentation v1.6.0
[INFO] [stderr]    Compiling c2-chacha v0.2.3
[INFO] [stderr]    Compiling textwrap v0.11.0
[INFO] [stderr]    Compiling strsim v0.8.0
[INFO] [stderr]    Compiling rustc-demangle v0.1.14
[INFO] [stderr]    Compiling ansi_term v0.11.0
[INFO] [stderr]    Compiling backtrace v0.3.16
[INFO] [stderr]    Compiling heck v0.3.1
[INFO] [stderr]    Compiling quote v0.4.2
[INFO] [stderr]    Compiling vec_map v0.8.1
[INFO] [stderr]    Compiling itoa v0.4.4
[INFO] [stderr]    Compiling atty v0.2.11
[INFO] [stderr]    Compiling dirs v1.0.5
[INFO] [stderr]    Compiling bitflags v1.0.4
[INFO] [stderr]    Compiling syn v0.12.15
[INFO] [stderr]    Compiling dirs-sys v0.3.4
[INFO] [stderr]    Compiling rand_core v0.5.1
[INFO] [stderr]    Compiling lazy_static v1.4.0
[INFO] [stderr]    Compiling remove_dir_all v0.5.2
[INFO] [stderr]    Compiling encode_unicode v0.3.5
[INFO] [stderr]    Compiling scrawl v1.1.0
[INFO] [stderr]    Compiling quote v1.0.2
[INFO] [stderr]    Compiling clap v2.33.0
[INFO] [stderr]    Compiling term v0.5.2
[INFO] [stderr]    Compiling rand_chacha v0.2.1
[INFO] [stderr]    Compiling quote v0.6.11
[INFO] [stderr]    Compiling backtrace-sys v0.1.28
[INFO] [stderr]    Compiling csv-core v0.1.5
[INFO] [stderr]    Compiling rand v0.7.2
[INFO] [stderr]    Compiling dirs v2.0.2
[INFO] [stderr]    Compiling tempfile v3.1.0
[INFO] [stderr]    Compiling enum-kinds v0.4.1
[INFO] [stderr]    Compiling proc-macro-error v0.2.6
[INFO] [stderr]    Compiling structopt-derive v0.3.5
[INFO] [stderr]    Compiling serde_derive v1.0.89
[INFO] [stderr]    Compiling snafu-derive v0.5.0
[INFO] [stderr]    Compiling structopt v0.3.5
[INFO] [stderr]    Compiling snafu v0.5.0
[INFO] [stderr]    Compiling csv v1.0.7
[INFO] [stderr]    Compiling toml v0.4.10
[INFO] [stderr]    Compiling prettytable-rs v0.8.0
[INFO] [stderr]    Compiling pier v0.2.0 (/opt/rustwide/workdir)
[INFO] [stdout] warning: trailing semicolon in macro used in expression position
[INFO] [stdout]   --> src/macros.rs:5:27
[INFO] [stdout]    |
[INFO] [stdout] 5  |         return Err($type)?;
[INFO] [stdout]    |                           ^
[INFO] [stdout]    |
[INFO] [stdout]   ::: src/defaults.rs:34:5
[INFO] [stdout]    |
[INFO] [stdout] 34 |     pier_err!(PierError::NoConfigFile)
[INFO] [stdout]    |     ---------------------------------- in this macro invocation
[INFO] [stdout]    |
[INFO] [stdout]    = warning: this was previously accepted by the compiler but is being phased out; it will become a hard error in a future release!
[INFO] [stdout]    = note: for more information, see issue #79813 <https://github.com/rust-lang/rust/issues/79813>
[INFO] [stdout]    = note: macro invocations at the end of a block are treated as expressions
[INFO] [stdout]    = note: to ignore the value produced by the macro, add a semicolon after the invocation of `pier_err`
[INFO] [stdout]    = note: `#[warn(semicolon_in_expressions_from_macros)]` on by default
[INFO] [stdout]    = note: this warning originates in the macro `pier_err` (in Nightly builds, run with -Z macro-backtrace for more info)
[INFO] [stdout] 
[INFO] [stdout] 
[INFO] [stdout] warning: variable does not need to be mutable
[INFO] [stdout]    --> src/lib.rs:128:13
[INFO] [stdout]     |
[INFO] [stdout] 128 |         let mut script =
[INFO] [stdout]     |             ----^^^^^^
[INFO] [stdout]     |             |
[INFO] [stdout]     |             help: remove this `mut`
[INFO] [stdout]     |
[INFO] [stdout]     = note: `#[warn(unused_mut)]` on by default
[INFO] [stdout] 
[INFO] [stdout] 
[INFO] [stdout] warning: unused borrow that must be used
[INFO] [stdout]   --> src/lib.rs:71:9
[INFO] [stdout]    |
[INFO] [stdout] 71 | /         &self.add_script(Script {
[INFO] [stdout] 72 | |             alias: String::from("hello-pier"),
[INFO] [stdout] 73 | |             command: String::from("echo Hello, Pier!"),
[INFO] [stdout] 74 | |             description: Some(String::from("This is an example command.")),
[INFO] [stdout] 75 | |             reference: None,
[INFO] [stdout] 76 | |             tags: None,
[INFO] [stdout] 77 | |         }, false);
[INFO] [stdout]    | |_________________^ the borrow produces a value
[INFO] [stdout]    |
[INFO] [stdout]    = note: `#[warn(unused_must_use)]` on by default
[INFO] [stdout] help: use `let _ = ...` to ignore the resulting value
[INFO] [stdout]    |
[INFO] [stdout] 71 |         let _ = &self.add_script(Script {
[INFO] [stdout]    |         +++++++
[INFO] [stdout] 
[INFO] [stdout] 
[INFO] [stdout] warning: 3 warnings emitted
[INFO] [stdout] 
[INFO] [stdout] 
[INFO] [stderr]     Finished dev [unoptimized + debuginfo] target(s) in 31.30s
[INFO] [stderr] warning: the following packages contain code that will be rejected by a future version of Rust: pier v0.2.0 (/opt/rustwide/workdir), syn v0.12.15
[INFO] [stderr] note: to see what the problems were, use the option `--future-incompat-report`, or run `cargo report future-incompatibilities --id 2`
[INFO] running `Command { std: "docker" "inspect" "faaff19d42952aaa41af7d9a2a1887013aa59bcd684150bdca622d87ff862372", kill_on_drop: false }`
[INFO] running `Command { std: "docker" "rm" "-f" "faaff19d42952aaa41af7d9a2a1887013aa59bcd684150bdca622d87ff862372", kill_on_drop: false }`
[INFO] [stdout] faaff19d42952aaa41af7d9a2a1887013aa59bcd684150bdca622d87ff862372
[INFO] running `Command { std: "docker" "create" "-v" "/var/lib/crater-agent-workspace/builds/worker-6-tc1/target:/opt/rustwide/target:rw,Z" "-v" "/var/lib/crater-agent-workspace/builds/worker-6-tc1/source:/opt/rustwide/workdir:ro,Z" "-v" "/var/lib/crater-agent-workspace/cargo-home:/opt/rustwide/cargo-home:ro,Z" "-v" "/var/lib/crater-agent-workspace/rustup-home:/opt/rustwide/rustup-home:ro,Z" "-e" "SOURCE_DIR=/opt/rustwide/workdir" "-e" "CARGO_TARGET_DIR=/opt/rustwide/target" "-e" "CARGO_INCREMENTAL=0" "-e" "RUST_BACKTRACE=full" "-e" "RUSTFLAGS=--cap-lints=warn" "-e" "RUSTDOCFLAGS=--cap-lints=warn" "-e" "CARGO_HOME=/opt/rustwide/cargo-home" "-e" "RUSTUP_HOME=/opt/rustwide/rustup-home" "-w" "/opt/rustwide/workdir" "-m" "1610612736" "--user" "0:0" "--network" "none" "ghcr.io/rust-lang/crates-build-env/linux@sha256:2788e3201cd34a07e3172128adcd8b3090168a8e3bcc40d7c032b9dda1df7d1c" "/opt/rustwide/cargo-home/bin/cargo" "+1.75.0" "test" "--frozen" "--no-run" "--message-format=json", kill_on_drop: false }`
[INFO] [stdout] ae35ec93c8fe11f52bd7ce67de6aafb0af97f017e187adeb6b2640fc2df38ee8
[INFO] running `Command { std: "docker" "start" "-a" "ae35ec93c8fe11f52bd7ce67de6aafb0af97f017e187adeb6b2640fc2df38ee8", kill_on_drop: false }`
[INFO] [stderr]    Compiling log v0.4.8
[INFO] [stderr]    Compiling regex v1.1.9
[INFO] [stderr]    Compiling thread_local v0.3.6
[INFO] [stderr]    Compiling utf8-ranges v1.0.4
[INFO] [stderr]    Compiling regex-syntax v0.6.12
[INFO] [stderr]    Compiling num-traits v0.2.8
[INFO] [stderr]    Compiling aho-corasick v0.7.6
[INFO] [stderr]    Compiling ryu v1.0.2
[INFO] [stderr]    Compiling bstr v0.2.8
[INFO] [stderr]    Compiling crossbeam-utils v0.6.6
[INFO] [stderr]    Compiling fnv v1.0.6
[INFO] [stderr]    Compiling predicates-core v1.0.0
[INFO] [stderr]    Compiling same-file v1.0.5
[INFO] [stderr]    Compiling normalize-line-endings v0.2.2
[INFO] [stderr]    Compiling difference v2.0.0
[INFO] [stderr]    Compiling escargot v0.4.0
[INFO] [stderr]    Compiling treeline v0.1.0
[INFO] [stdout] warning: trailing semicolon in macro used in expression position
[INFO] [stdout]   --> src/macros.rs:5:27
[INFO] [stdout]    |
[INFO] [stdout] 5  |         return Err($type)?;
[INFO] [stdout]    |                           ^
[INFO] [stdout]    |
[INFO] [stdout]   ::: src/defaults.rs:34:5
[INFO] [stdout]    |
[INFO] [stdout] 34 |     pier_err!(PierError::NoConfigFile)
[INFO] [stdout]    |     ---------------------------------- in this macro invocation
[INFO] [stdout]    |
[INFO] [stdout]    = warning: this was previously accepted by the compiler but is being phased out; it will become a hard error in a future release!
[INFO] [stdout]    = note: for more information, see issue #79813 <https://github.com/rust-lang/rust/issues/79813>
[INFO] [stdout]    = note: macro invocations at the end of a block are treated as expressions
[INFO] [stdout]    = note: to ignore the value produced by the macro, add a semicolon after the invocation of `pier_err`
[INFO] [stdout]    = note: `#[warn(semicolon_in_expressions_from_macros)]` on by default
[INFO] [stdout]    = note: this warning originates in the macro `pier_err` (in Nightly builds, run with -Z macro-backtrace for more info)
[INFO] [stdout] 
[INFO] [stdout] 
[INFO] [stdout] warning: variable does not need to be mutable
[INFO] [stdout]    --> src/lib.rs:128:13
[INFO] [stdout]     |
[INFO] [stdout] 128 |         let mut script =
[INFO] [stdout]     |             ----^^^^^^
[INFO] [stdout]     |             |
[INFO] [stdout]     |             help: remove this `mut`
[INFO] [stdout]     |
[INFO] [stdout]     = note: `#[warn(unused_mut)]` on by default
[INFO] [stdout] 
[INFO] [stdout] 
[INFO] [stdout] warning: unused borrow that must be used
[INFO] [stdout]   --> src/lib.rs:71:9
[INFO] [stdout]    |
[INFO] [stdout] 71 | /         &self.add_script(Script {
[INFO] [stdout] 72 | |             alias: String::from("hello-pier"),
[INFO] [stdout] 73 | |             command: String::from("echo Hello, Pier!"),
[INFO] [stdout] 74 | |             description: Some(String::from("This is an example command.")),
[INFO] [stdout] 75 | |             reference: None,
[INFO] [stdout] 76 | |             tags: None,
[INFO] [stdout] 77 | |         }, false);
[INFO] [stdout]    | |_________________^ the borrow produces a value
[INFO] [stdout]    |
[INFO] [stdout]    = note: `#[warn(unused_must_use)]` on by default
[INFO] [stdout] help: use `let _ = ...` to ignore the resulting value
[INFO] [stdout]    |
[INFO] [stdout] 71 |         let _ = &self.add_script(Script {
[INFO] [stdout]    |         +++++++
[INFO] [stdout] 
[INFO] [stdout] 
[INFO] [stdout] warning: 3 warnings emitted
[INFO] [stdout] 
[INFO] [stdout] 
[INFO] [stderr]    Compiling walkdir v2.2.9
[INFO] [stderr]    Compiling predicates-tree v1.0.0
[INFO] [stderr]    Compiling crossbeam-channel v0.3.9
[INFO] [stderr]    Compiling serde_json v1.0.41
[INFO] [stderr]    Compiling float-cmp v0.4.0
[INFO] [stderr]    Compiling globset v0.4.4
[INFO] [stderr]    Compiling predicates v1.0.1
[INFO] [stderr]    Compiling ignore v0.4.10
[INFO] [stderr]    Compiling assert_cmd v0.11.1
[INFO] [stderr]    Compiling globwalk v0.5.0
[INFO] [stderr]    Compiling assert_fs v0.11.3
[INFO] [stderr]    Compiling pier v0.2.0 (/opt/rustwide/workdir)
[INFO] [stdout] warning: trailing semicolon in macro used in expression position
[INFO] [stdout]   --> src/macros.rs:5:27
[INFO] [stdout]    |
[INFO] [stdout] 5  |         return Err($type)?;
[INFO] [stdout]    |                           ^
[INFO] [stdout]    |
[INFO] [stdout]   ::: src/defaults.rs:34:5
[INFO] [stdout]    |
[INFO] [stdout] 34 |     pier_err!(PierError::NoConfigFile)
[INFO] [stdout]    |     ---------------------------------- in this macro invocation
[INFO] [stdout]    |
[INFO] [stdout]    = warning: this was previously accepted by the compiler but is being phased out; it will become a hard error in a future release!
[INFO] [stdout]    = note: for more information, see issue #79813 <https://github.com/rust-lang/rust/issues/79813>
[INFO] [stdout]    = note: macro invocations at the end of a block are treated as expressions
[INFO] [stdout]    = note: to ignore the value produced by the macro, add a semicolon after the invocation of `pier_err`
[INFO] [stdout]    = note: `#[warn(semicolon_in_expressions_from_macros)]` on by default
[INFO] [stdout]    = note: this warning originates in the macro `pier_err` (in Nightly builds, run with -Z macro-backtrace for more info)
[INFO] [stdout] 
[INFO] [stdout] 
[INFO] [stdout] warning: variable does not need to be mutable
[INFO] [stdout]    --> src/lib.rs:128:13
[INFO] [stdout]     |
[INFO] [stdout] 128 |         let mut script =
[INFO] [stdout]     |             ----^^^^^^
[INFO] [stdout]     |             |
[INFO] [stdout]     |             help: remove this `mut`
[INFO] [stdout]     |
[INFO] [stdout]     = note: `#[warn(unused_mut)]` on by default
[INFO] [stdout] 
[INFO] [stdout] 
[INFO] [stdout] warning: unused borrow that must be used
[INFO] [stdout]   --> src/lib.rs:71:9
[INFO] [stdout]    |
[INFO] [stdout] 71 | /         &self.add_script(Script {
[INFO] [stdout] 72 | |             alias: String::from("hello-pier"),
[INFO] [stdout] 73 | |             command: String::from("echo Hello, Pier!"),
[INFO] [stdout] 74 | |             description: Some(String::from("This is an example command.")),
[INFO] [stdout] 75 | |             reference: None,
[INFO] [stdout] 76 | |             tags: None,
[INFO] [stdout] 77 | |         }, false);
[INFO] [stdout]    | |_________________^ the borrow produces a value
[INFO] [stdout]    |
[INFO] [stdout]    = note: `#[warn(unused_must_use)]` on by default
[INFO] [stdout] help: use `let _ = ...` to ignore the resulting value
[INFO] [stdout]    |
[INFO] [stdout] 71 |         let _ = &self.add_script(Script {
[INFO] [stdout]    |         +++++++
[INFO] [stdout] 
[INFO] [stdout] 
[INFO] [stdout] warning: 3 warnings emitted
[INFO] [stdout] 
[INFO] [stdout] 
[INFO] [stderr]     Finished test [unoptimized + debuginfo] target(s) in 13.76s
[INFO] [stderr] warning: the following packages contain code that will be rejected by a future version of Rust: pier v0.2.0 (/opt/rustwide/workdir), syn v0.12.15
[INFO] [stderr] note: to see what the problems were, use the option `--future-incompat-report`, or run `cargo report future-incompatibilities --id 3`
[INFO] running `Command { std: "docker" "inspect" "ae35ec93c8fe11f52bd7ce67de6aafb0af97f017e187adeb6b2640fc2df38ee8", kill_on_drop: false }`
[INFO] running `Command { std: "docker" "rm" "-f" "ae35ec93c8fe11f52bd7ce67de6aafb0af97f017e187adeb6b2640fc2df38ee8", kill_on_drop: false }`
[INFO] [stdout] ae35ec93c8fe11f52bd7ce67de6aafb0af97f017e187adeb6b2640fc2df38ee8
[INFO] running `Command { std: "docker" "create" "-v" "/var/lib/crater-agent-workspace/builds/worker-6-tc1/target:/opt/rustwide/target:rw,Z" "-v" "/var/lib/crater-agent-workspace/builds/worker-6-tc1/source:/opt/rustwide/workdir:ro,Z" "-v" "/var/lib/crater-agent-workspace/cargo-home:/opt/rustwide/cargo-home:ro,Z" "-v" "/var/lib/crater-agent-workspace/rustup-home:/opt/rustwide/rustup-home:ro,Z" "-e" "SOURCE_DIR=/opt/rustwide/workdir" "-e" "CARGO_TARGET_DIR=/opt/rustwide/target" "-e" "CARGO_INCREMENTAL=0" "-e" "RUST_BACKTRACE=full" "-e" "RUSTFLAGS=--cap-lints=warn" "-e" "RUSTDOCFLAGS=--cap-lints=warn" "-e" "CARGO_HOME=/opt/rustwide/cargo-home" "-e" "RUSTUP_HOME=/opt/rustwide/rustup-home" "-w" "/opt/rustwide/workdir" "-m" "1610612736" "--user" "0:0" "--network" "none" "ghcr.io/rust-lang/crates-build-env/linux@sha256:2788e3201cd34a07e3172128adcd8b3090168a8e3bcc40d7c032b9dda1df7d1c" "/opt/rustwide/cargo-home/bin/cargo" "+1.75.0" "test" "--frozen", kill_on_drop: false }`
[INFO] [stdout] 6f683f00c474260845735bbade5fd2bd1a05f1610542947528bd3da4736804af
[INFO] running `Command { std: "docker" "start" "-a" "6f683f00c474260845735bbade5fd2bd1a05f1610542947528bd3da4736804af", kill_on_drop: false }`
[INFO] [stderr] warning: trailing semicolon in macro used in expression position
[INFO] [stderr]   --> src/macros.rs:5:27
[INFO] [stderr]    |
[INFO] [stderr] 5  |         return Err($type)?;
[INFO] [stderr]    |                           ^
[INFO] [stderr]    |
[INFO] [stderr]   ::: src/defaults.rs:34:5
[INFO] [stderr]    |
[INFO] [stderr] 34 |     pier_err!(PierError::NoConfigFile)
[INFO] [stderr]    |     ---------------------------------- in this macro invocation
[INFO] [stderr]    |
[INFO] [stderr]    = warning: this was previously accepted by the compiler but is being phased out; it will become a hard error in a future release!
[INFO] [stderr]    = note: for more information, see issue #79813 <https://github.com/rust-lang/rust/issues/79813>
[INFO] [stderr]    = note: macro invocations at the end of a block are treated as expressions
[INFO] [stderr]    = note: to ignore the value produced by the macro, add a semicolon after the invocation of `pier_err`
[INFO] [stderr]    = note: `#[warn(semicolon_in_expressions_from_macros)]` on by default
[INFO] [stderr]    = note: this warning originates in the macro `pier_err` (in Nightly builds, run with -Z macro-backtrace for more info)
[INFO] [stderr] 
[INFO] [stderr] warning: variable does not need to be mutable
[INFO] [stderr]    --> src/lib.rs:128:13
[INFO] [stderr]     |
[INFO] [stderr] 128 |         let mut script =
[INFO] [stderr]     |             ----^^^^^^
[INFO] [stderr]     |             |
[INFO] [stderr]     |             help: remove this `mut`
[INFO] [stderr]     |
[INFO] [stderr]     = note: `#[warn(unused_mut)]` on by default
[INFO] [stderr] 
[INFO] [stderr] warning: unused borrow that must be used
[INFO] [stderr]   --> src/lib.rs:71:9
[INFO] [stderr]    |
[INFO] [stderr] 71 | /         &self.add_script(Script {
[INFO] [stderr] 72 | |             alias: String::from("hello-pier"),
[INFO] [stderr] 73 | |             command: String::from("echo Hello, Pier!"),
[INFO] [stderr] 74 | |             description: Some(String::from("This is an example command.")),
[INFO] [stderr] 75 | |             reference: None,
[INFO] [stderr] 76 | |             tags: None,
[INFO] [stderr] 77 | |         }, false);
[INFO] [stderr]    | |_________________^ the borrow produces a value
[INFO] [stderr]    |
[INFO] [stderr]    = note: `#[warn(unused_must_use)]` on by default
[INFO] [stderr] help: use `let _ = ...` to ignore the resulting value
[INFO] [stderr]    |
[INFO] [stderr] 71 |         let _ = &self.add_script(Script {
[INFO] [stderr]    |         +++++++
[INFO] [stderr] 
[INFO] [stderr] warning: `pier` (lib) generated 3 warnings (run `cargo fix --lib -p pier` to apply 1 suggestion)
[INFO] [stderr] warning: `pier` (lib test) generated 3 warnings (3 duplicates)
[INFO] [stderr]     Finished test [unoptimized + debuginfo] target(s) in 0.08s
[INFO] [stderr] warning: the following packages contain code that will be rejected by a future version of Rust: pier v0.2.0 (/opt/rustwide/workdir), syn v0.12.15
[INFO] [stderr] note: to see what the problems were, use the option `--future-incompat-report`, or run `cargo report future-incompatibilities --id 3`
[INFO] [stderr]      Running unittests src/lib.rs (/opt/rustwide/target/debug/deps/pier-a4568b0b36e850d6)
[INFO] [stdout] 
[INFO] [stdout] running 0 tests
[INFO] [stdout] 
[INFO] [stdout] test result: ok. 0 passed; 0 failed; 0 ignored; 0 measured; 0 filtered out; finished in 0.00s
[INFO] [stderr]      Running unittests src/main.rs (/opt/rustwide/target/debug/deps/pier-e6f16959e91c1a00)
[INFO] [stdout] 
[INFO] [stdout] 
[INFO] [stdout] running 0 tests
[INFO] [stdout] 
[INFO] [stdout] test result: ok. 0 passed; 0 failed; 0 ignored; 0 measured; 0 filtered out; finished in 0.00s
[INFO] [stdout] 
[INFO] [stderr]      Running tests/tests.rs (/opt/rustwide/target/debug/deps/integration-3bb8573b6051e5dc)
[INFO] [stdout] 
[INFO] [stdout] running 33 tests
[INFO] [stdout] test cli::test_config_initialization ... ok
[INFO] [stdout] test cli::test_copy_script ... ok
[INFO] [stdout] test cli::test_list_scripts ... ok
[INFO] [stdout] test cli::test_list_alias_with_matching_tag ... ok
[INFO] [stdout] test cli::test_add_script ... ok
[INFO] [stdout] test cli::test_list_without_tag_match ... ok
[INFO] [stdout] test cli::test_move_with_force_script ... ok
[INFO] [stdout] test cli::test_run_failing ... ok
[INFO] [stdout] test cli::test_run_custom_exit_code ... ok
[INFO] [stdout] test cli::test_add_script_force_script ... ok
[INFO] [stdout] test cli::test_list_aliases ... ok
[INFO] [stdout] test cli::test_remove_script ... ok
[INFO] [stdout] test cli::test_list_alias_scripts ... ok
[INFO] [stdout] test cli::test_run_script ... ok
[INFO] [stdout] test cli::test_run_inline_with_args ... ok
[INFO] [stdout] test error_handling::test_config_read_error ... ok
[INFO] [stdout] test cli::test_list_scripts_with_command_width ... ok
[INFO] [stdout] test cli::test_run_shebang_with_args ... ok
[INFO] [stdout] test error_handling::test_config_write_error ... ok
[INFO] [stdout] test error_handling::test_error_no_scripts_exists ... ok
[INFO] [stdout] test cli::test_run_script_non_blocking ... ok
[INFO] [stdout] test error_handling::test_error_alias_already_exists_on_move ... ok
[INFO] [stdout] test cli::test_run_script_and ... ok
[INFO] [stdout] test cli::test_move_script ... ok
[INFO] [stdout] test error_handling::test_error_alias_not_found ... ok
[INFO] [stdout] test error_handling::test_error_alias_already_exists ... ok
[INFO] [stdout] test error_handling::test_toml_parse_error ... ok
[INFO] [stdout] test cli::test_show_script ... ok
[INFO] [stdout] test cli::test_run_successful ... ok
[INFO] [stdout] test cli::test_stderr_output ... ok
[INFO] [stdout] test cli::test_run_script_pipe ... ok
[INFO] [stdout] test cli::test_run_with_shebang ... ok
[INFO] [stdout] test cli::test_run_with_interpreter ... ok
[INFO] [stdout] 
[INFO] [stdout] test result: ok. 33 passed; 0 failed; 0 ignored; 0 measured; 0 filtered out; finished in 0.07s
[INFO] [stdout] 
[INFO] [stderr]    Doc-tests pier
[INFO] [stdout] 
[INFO] [stdout] running 0 tests
[INFO] [stdout] 
[INFO] [stdout] test result: ok. 0 passed; 0 failed; 0 ignored; 0 measured; 0 filtered out; finished in 0.00s
[INFO] [stdout] 
[INFO] running `Command { std: "docker" "inspect" "6f683f00c474260845735bbade5fd2bd1a05f1610542947528bd3da4736804af", kill_on_drop: false }`
[INFO] running `Command { std: "docker" "rm" "-f" "6f683f00c474260845735bbade5fd2bd1a05f1610542947528bd3da4736804af", kill_on_drop: false }`
[INFO] [stdout] 6f683f00c474260845735bbade5fd2bd1a05f1610542947528bd3da4736804af
[INFO] testing BenSchZA/pier against beta-2024-01-09 for beta-1.76-3
[INFO] running `Command { std: "git" "clone" "/workspace/cache/git-repos/https%3A%2F%2Fgithub.com%2FBenSchZA%2Fpier" "/workspace/builds/worker-6-tc2/source", kill_on_drop: false }`
[INFO] [stderr] Cloning into '/workspace/builds/worker-6-tc2/source'...
[INFO] [stderr] done.
[INFO] validating manifest of git repo https://github.com/BenSchZA/pier on toolchain beta-2024-01-09
[INFO] running `Command { std: CARGO_HOME="/workspace/cargo-home" RUSTUP_HOME="/workspace/rustup-home" "/workspace/cargo-home/bin/cargo" "+beta-2024-01-09" "metadata" "--manifest-path" "Cargo.toml" "--no-deps", kill_on_drop: false }`
[INFO] removed /workspace/builds/worker-6-tc2/source/rust-toolchain
[INFO] started tweaking git repo https://github.com/BenSchZA/pier
[INFO] removed 0 missing tests
[INFO] finished tweaking git repo https://github.com/BenSchZA/pier
[INFO] tweaked toml for git repo https://github.com/BenSchZA/pier written to /workspace/builds/worker-6-tc2/source/Cargo.toml
[INFO] crate git repo https://github.com/BenSchZA/pier already has a lockfile, it will not be regenerated
[INFO] running `Command { std: CARGO_HOME="/workspace/cargo-home" RUSTUP_HOME="/workspace/rustup-home" "/workspace/cargo-home/bin/cargo" "+beta-2024-01-09" "fetch" "--manifest-path" "Cargo.toml", kill_on_drop: false }`
[INFO] [stderr]     Blocking waiting for file lock on package cache
[INFO] [stderr]     Blocking waiting for file lock on package cache
[INFO] running `Command { std: "docker" "create" "-v" "/var/lib/crater-agent-workspace/builds/worker-6-tc2/target:/opt/rustwide/target:rw,Z" "-v" "/var/lib/crater-agent-workspace/builds/worker-6-tc2/source:/opt/rustwide/workdir:ro,Z" "-v" "/var/lib/crater-agent-workspace/cargo-home:/opt/rustwide/cargo-home:ro,Z" "-v" "/var/lib/crater-agent-workspace/rustup-home:/opt/rustwide/rustup-home:ro,Z" "-e" "SOURCE_DIR=/opt/rustwide/workdir" "-e" "CARGO_TARGET_DIR=/opt/rustwide/target" "-e" "CARGO_HOME=/opt/rustwide/cargo-home" "-e" "RUSTUP_HOME=/opt/rustwide/rustup-home" "-w" "/opt/rustwide/workdir" "-m" "1610612736" "--user" "0:0" "--network" "none" "ghcr.io/rust-lang/crates-build-env/linux@sha256:2788e3201cd34a07e3172128adcd8b3090168a8e3bcc40d7c032b9dda1df7d1c" "/opt/rustwide/cargo-home/bin/cargo" "+beta-2024-01-09" "metadata" "--no-deps" "--format-version=1", kill_on_drop: false }`
[INFO] [stdout] 9e1c397b727827defe12cf97e963b52eaf5ef1683b13a6710edf5c92138fa353
[INFO] running `Command { std: "docker" "start" "-a" "9e1c397b727827defe12cf97e963b52eaf5ef1683b13a6710edf5c92138fa353", kill_on_drop: false }`
[INFO] running `Command { std: "docker" "inspect" "9e1c397b727827defe12cf97e963b52eaf5ef1683b13a6710edf5c92138fa353", kill_on_drop: false }`
[INFO] running `Command { std: "docker" "rm" "-f" "9e1c397b727827defe12cf97e963b52eaf5ef1683b13a6710edf5c92138fa353", kill_on_drop: false }`
[INFO] [stdout] 9e1c397b727827defe12cf97e963b52eaf5ef1683b13a6710edf5c92138fa353
[INFO] running `Command { std: "docker" "create" "-v" "/var/lib/crater-agent-workspace/builds/worker-6-tc2/target:/opt/rustwide/target:rw,Z" "-v" "/var/lib/crater-agent-workspace/builds/worker-6-tc2/source:/opt/rustwide/workdir:ro,Z" "-v" "/var/lib/crater-agent-workspace/cargo-home:/opt/rustwide/cargo-home:ro,Z" "-v" "/var/lib/crater-agent-workspace/rustup-home:/opt/rustwide/rustup-home:ro,Z" "-e" "SOURCE_DIR=/opt/rustwide/workdir" "-e" "CARGO_TARGET_DIR=/opt/rustwide/target" "-e" "CARGO_INCREMENTAL=0" "-e" "RUST_BACKTRACE=full" "-e" "RUSTFLAGS=--cap-lints=warn" "-e" "RUSTDOCFLAGS=--cap-lints=warn" "-e" "CARGO_HOME=/opt/rustwide/cargo-home" "-e" "RUSTUP_HOME=/opt/rustwide/rustup-home" "-w" "/opt/rustwide/workdir" "-m" "1610612736" "--user" "0:0" "--network" "none" "ghcr.io/rust-lang/crates-build-env/linux@sha256:2788e3201cd34a07e3172128adcd8b3090168a8e3bcc40d7c032b9dda1df7d1c" "/opt/rustwide/cargo-home/bin/cargo" "+beta-2024-01-09" "build" "--frozen" "--message-format=json", kill_on_drop: false }`
[INFO] [stdout] ac8d4e9486eeb4827c53b0fada05d7a2930bd3060d3e5c35207a97e91a125eb0
[INFO] running `Command { std: "docker" "start" "-a" "ac8d4e9486eeb4827c53b0fada05d7a2930bd3060d3e5c35207a97e91a125eb0", kill_on_drop: false }`
[INFO] [stderr]    Compiling libc v0.2.65
[INFO] [stderr]    Compiling unicode-xid v0.1.0
[INFO] [stderr]    Compiling proc-macro2 v0.4.27
[INFO] [stderr]    Compiling syn v0.15.29
[INFO] [stderr]    Compiling cfg-if v0.1.7
[INFO] [stderr]    Compiling proc-macro2 v1.0.6
[INFO] [stderr]    Compiling getrandom v0.1.13
[INFO] [stderr]    Compiling unicode-xid v0.2.0
[INFO] [stderr]    Compiling memchr v2.2.0
[INFO] [stderr]    Compiling cc v1.0.37
[INFO] [stderr]    Compiling syn v1.0.11
[INFO] [stderr]    Compiling serde v1.0.89
[INFO] [stderr]    Compiling byteorder v1.3.1
[INFO] [stderr]    Compiling autocfg v0.1.7
[INFO] [stderr]    Compiling unicode-width v0.1.5
[INFO] [stderr]    Compiling ppv-lite86 v0.2.6
[INFO] [stderr]    Compiling ryu v0.2.8
[INFO] [stderr]    Compiling proc-macro2 v0.2.3
[INFO] [stderr]    Compiling unicode-segmentation v1.6.0
[INFO] [stderr]    Compiling doc-comment v0.3.1
[INFO] [stderr]    Compiling c2-chacha v0.2.3
[INFO] [stderr]    Compiling textwrap v0.11.0
[INFO] [stderr]    Compiling rustc-demangle v0.1.14
[INFO] [stderr]    Compiling vec_map v0.8.1
[INFO] [stderr]    Compiling backtrace v0.3.16
[INFO] [stderr]    Compiling heck v0.3.1
[INFO] [stderr]    Compiling bitflags v1.0.4
[INFO] [stderr]    Compiling itoa v0.4.4
[INFO] [stderr]    Compiling quote v0.4.2
[INFO] [stderr]    Compiling ansi_term v0.11.0
[INFO] [stderr]    Compiling strsim v0.8.0
[INFO] [stderr]    Compiling lazy_static v1.4.0
[INFO] [stderr]    Compiling encode_unicode v0.3.5
[INFO] [stderr]    Compiling remove_dir_all v0.5.2
[INFO] [stderr]    Compiling syn v0.12.15
[INFO] [stderr]    Compiling quote v0.6.11
[INFO] [stderr]    Compiling scrawl v1.1.0
[INFO] [stderr]    Compiling backtrace-sys v0.1.28
[INFO] [stderr]    Compiling atty v0.2.11
[INFO] [stderr]    Compiling dirs v1.0.5
[INFO] [stderr]    Compiling dirs-sys v0.3.4
[INFO] [stderr]    Compiling term v0.5.2
[INFO] [stderr]    Compiling clap v2.33.0
[INFO] [stderr]    Compiling rand_core v0.5.1
[INFO] [stderr]    Compiling dirs v2.0.2
[INFO] [stderr]    Compiling rand_chacha v0.2.1
[INFO] [stderr]    Compiling quote v1.0.2
[INFO] [stderr]    Compiling csv-core v0.1.5
[INFO] [stderr]    Compiling rand v0.7.2
[INFO] [stderr]    Compiling enum-kinds v0.4.1
[INFO] [stderr]    Compiling tempfile v3.1.0
[INFO] [stderr]    Compiling proc-macro-error v0.2.6
[INFO] [stderr]    Compiling structopt-derive v0.3.5
[INFO] [stderr]    Compiling structopt v0.3.5
[INFO] [stderr]    Compiling serde_derive v1.0.89
[INFO] [stderr]    Compiling snafu-derive v0.5.0
[INFO] [stderr]    Compiling snafu v0.5.0
[INFO] [stderr]    Compiling csv v1.0.7
[INFO] [stderr]    Compiling toml v0.4.10
[INFO] [stderr]    Compiling prettytable-rs v0.8.0
[INFO] [stderr]    Compiling pier v0.2.0 (/opt/rustwide/workdir)
[INFO] [stdout] warning: trailing semicolon in macro used in expression position
[INFO] [stdout]   --> src/macros.rs:5:27
[INFO] [stdout]    |
[INFO] [stdout] 5  |         return Err($type)?;
[INFO] [stdout]    |                           ^
[INFO] [stdout]    |
[INFO] [stdout]   ::: src/defaults.rs:34:5
[INFO] [stdout]    |
[INFO] [stdout] 34 |     pier_err!(PierError::NoConfigFile)
[INFO] [stdout]    |     ---------------------------------- in this macro invocation
[INFO] [stdout]    |
[INFO] [stdout]    = warning: this was previously accepted by the compiler but is being phased out; it will become a hard error in a future release!
[INFO] [stdout]    = note: for more information, see issue #79813 <https://github.com/rust-lang/rust/issues/79813>
[INFO] [stdout]    = note: macro invocations at the end of a block are treated as expressions
[INFO] [stdout]    = note: to ignore the value produced by the macro, add a semicolon after the invocation of `pier_err`
[INFO] [stdout]    = note: `#[warn(semicolon_in_expressions_from_macros)]` on by default
[INFO] [stdout]    = note: this warning originates in the macro `pier_err` (in Nightly builds, run with -Z macro-backtrace for more info)
[INFO] [stdout] 
[INFO] [stdout] 
[INFO] [stdout] warning: variable does not need to be mutable
[INFO] [stdout]    --> src/lib.rs:128:13
[INFO] [stdout]     |
[INFO] [stdout] 128 |         let mut script =
[INFO] [stdout]     |             ----^^^^^^
[INFO] [stdout]     |             |
[INFO] [stdout]     |             help: remove this `mut`
[INFO] [stdout]     |
[INFO] [stdout]     = note: `#[warn(unused_mut)]` on by default
[INFO] [stdout] 
[INFO] [stdout] 
[INFO] [stdout] warning: unused borrow that must be used
[INFO] [stdout]   --> src/lib.rs:71:9
[INFO] [stdout]    |
[INFO] [stdout] 71 | /         &self.add_script(Script {
[INFO] [stdout] 72 | |             alias: String::from("hello-pier"),
[INFO] [stdout] 73 | |             command: String::from("echo Hello, Pier!"),
[INFO] [stdout] 74 | |             description: Some(String::from("This is an example command.")),
[INFO] [stdout] 75 | |             reference: None,
[INFO] [stdout] 76 | |             tags: None,
[INFO] [stdout] 77 | |         }, false);
[INFO] [stdout]    | |_________________^ the borrow produces a value
[INFO] [stdout]    |
[INFO] [stdout]    = note: `#[warn(unused_must_use)]` on by default
[INFO] [stdout] help: use `let _ = ...` to ignore the resulting value
[INFO] [stdout]    |
[INFO] [stdout] 71 |         let _ = &self.add_script(Script {
[INFO] [stdout]    |         +++++++
[INFO] [stdout] 
[INFO] [stdout] 
[INFO] [stdout] warning: 3 warnings emitted
[INFO] [stdout] 
[INFO] [stdout] 
[INFO] [stderr]     Finished dev [unoptimized + debuginfo] target(s) in 32.03s
[INFO] [stderr] warning: the following packages contain code that will be rejected by a future version of Rust: pier v0.2.0 (/opt/rustwide/workdir), syn v0.12.15
[INFO] [stderr] note: to see what the problems were, use the option `--future-incompat-report`, or run `cargo report future-incompatibilities --id 1`
[INFO] running `Command { std: "docker" "inspect" "ac8d4e9486eeb4827c53b0fada05d7a2930bd3060d3e5c35207a97e91a125eb0", kill_on_drop: false }`
[INFO] running `Command { std: "docker" "rm" "-f" "ac8d4e9486eeb4827c53b0fada05d7a2930bd3060d3e5c35207a97e91a125eb0", kill_on_drop: false }`
[INFO] [stdout] ac8d4e9486eeb4827c53b0fada05d7a2930bd3060d3e5c35207a97e91a125eb0
[INFO] running `Command { std: "docker" "create" "-v" "/var/lib/crater-agent-workspace/builds/worker-6-tc2/target:/opt/rustwide/target:rw,Z" "-v" "/var/lib/crater-agent-workspace/builds/worker-6-tc2/source:/opt/rustwide/workdir:ro,Z" "-v" "/var/lib/crater-agent-workspace/cargo-home:/opt/rustwide/cargo-home:ro,Z" "-v" "/var/lib/crater-agent-workspace/rustup-home:/opt/rustwide/rustup-home:ro,Z" "-e" "SOURCE_DIR=/opt/rustwide/workdir" "-e" "CARGO_TARGET_DIR=/opt/rustwide/target" "-e" "CARGO_INCREMENTAL=0" "-e" "RUST_BACKTRACE=full" "-e" "RUSTFLAGS=--cap-lints=warn" "-e" "RUSTDOCFLAGS=--cap-lints=warn" "-e" "CARGO_HOME=/opt/rustwide/cargo-home" "-e" "RUSTUP_HOME=/opt/rustwide/rustup-home" "-w" "/opt/rustwide/workdir" "-m" "1610612736" "--user" "0:0" "--network" "none" "ghcr.io/rust-lang/crates-build-env/linux@sha256:2788e3201cd34a07e3172128adcd8b3090168a8e3bcc40d7c032b9dda1df7d1c" "/opt/rustwide/cargo-home/bin/cargo" "+beta-2024-01-09" "test" "--frozen" "--no-run" "--message-format=json", kill_on_drop: false }`
[INFO] [stdout] 8e6991a7457dc85642570f470a93a66d60ddbe002e3cc03bdb8d57dba5613703
[INFO] running `Command { std: "docker" "start" "-a" "8e6991a7457dc85642570f470a93a66d60ddbe002e3cc03bdb8d57dba5613703", kill_on_drop: false }`
[INFO] [stderr]    Compiling regex v1.1.9
[INFO] [stderr]    Compiling log v0.4.8
[INFO] [stderr]    Compiling thread_local v0.3.6
[INFO] [stderr]    Compiling regex-syntax v0.6.12
[INFO] [stderr]    Compiling utf8-ranges v1.0.4
[INFO] [stderr]    Compiling num-traits v0.2.8
[INFO] [stderr]    Compiling aho-corasick v0.7.6
[INFO] [stderr]    Compiling ryu v1.0.2
[INFO] [stderr]    Compiling bstr v0.2.8
[INFO] [stderr]    Compiling crossbeam-utils v0.6.6
[INFO] [stderr]    Compiling predicates-core v1.0.0
[INFO] [stderr]    Compiling same-file v1.0.5
[INFO] [stderr]    Compiling fnv v1.0.6
[INFO] [stderr]    Compiling normalize-line-endings v0.2.2
[INFO] [stderr]    Compiling difference v2.0.0
[INFO] [stderr]    Compiling escargot v0.4.0
[INFO] [stderr]    Compiling treeline v0.1.0
[INFO] [stdout] warning: trailing semicolon in macro used in expression position
[INFO] [stdout]   --> src/macros.rs:5:27
[INFO] [stdout]    |
[INFO] [stdout] 5  |         return Err($type)?;
[INFO] [stdout]    |                           ^
[INFO] [stdout]    |
[INFO] [stdout]   ::: src/defaults.rs:34:5
[INFO] [stdout]    |
[INFO] [stdout] 34 |     pier_err!(PierError::NoConfigFile)
[INFO] [stdout]    |     ---------------------------------- in this macro invocation
[INFO] [stdout]    |
[INFO] [stdout]    = warning: this was previously accepted by the compiler but is being phased out; it will become a hard error in a future release!
[INFO] [stdout]    = note: for more information, see issue #79813 <https://github.com/rust-lang/rust/issues/79813>
[INFO] [stdout]    = note: macro invocations at the end of a block are treated as expressions
[INFO] [stdout]    = note: to ignore the value produced by the macro, add a semicolon after the invocation of `pier_err`
[INFO] [stdout]    = note: `#[warn(semicolon_in_expressions_from_macros)]` on by default
[INFO] [stdout]    = note: this warning originates in the macro `pier_err` (in Nightly builds, run with -Z macro-backtrace for more info)
[INFO] [stdout] 
[INFO] [stdout] 
[INFO] [stdout] warning: variable does not need to be mutable
[INFO] [stdout]    --> src/lib.rs:128:13
[INFO] [stdout]     |
[INFO] [stdout] 128 |         let mut script =
[INFO] [stdout]     |             ----^^^^^^
[INFO] [stdout]     |             |
[INFO] [stdout]     |             help: remove this `mut`
[INFO] [stdout]     |
[INFO] [stdout]     = note: `#[warn(unused_mut)]` on by default
[INFO] [stdout] 
[INFO] [stdout] 
[INFO] [stdout] warning: unused borrow that must be used
[INFO] [stdout]   --> src/lib.rs:71:9
[INFO] [stdout]    |
[INFO] [stdout] 71 | /         &self.add_script(Script {
[INFO] [stdout] 72 | |             alias: String::from("hello-pier"),
[INFO] [stdout] 73 | |             command: String::from("echo Hello, Pier!"),
[INFO] [stdout] 74 | |             description: Some(String::from("This is an example command.")),
[INFO] [stdout] 75 | |             reference: None,
[INFO] [stdout] 76 | |             tags: None,
[INFO] [stdout] 77 | |         }, false);
[INFO] [stdout]    | |_________________^ the borrow produces a value
[INFO] [stdout]    |
[INFO] [stdout]    = note: `#[warn(unused_must_use)]` on by default
[INFO] [stdout] help: use `let _ = ...` to ignore the resulting value
[INFO] [stdout]    |
[INFO] [stdout] 71 |         let _ = &self.add_script(Script {
[INFO] [stdout]    |         +++++++
[INFO] [stdout] 
[INFO] [stdout] 
[INFO] [stdout] warning: 3 warnings emitted
[INFO] [stdout] 
[INFO] [stdout] 
[INFO] [stderr]    Compiling predicates-tree v1.0.0
[INFO] [stderr]    Compiling walkdir v2.2.9
[INFO] [stderr]    Compiling crossbeam-channel v0.3.9
[INFO] [stderr]    Compiling serde_json v1.0.41
[INFO] [stderr]    Compiling float-cmp v0.4.0
[INFO] [stderr]    Compiling globset v0.4.4
[INFO] [stderr]    Compiling predicates v1.0.1
[INFO] [stderr]    Compiling ignore v0.4.10
[INFO] [stderr]    Compiling assert_cmd v0.11.1
[INFO] [stderr]    Compiling globwalk v0.5.0
[INFO] [stderr]    Compiling assert_fs v0.11.3
[INFO] [stderr]    Compiling pier v0.2.0 (/opt/rustwide/workdir)
[INFO] [stdout] warning: trailing semicolon in macro used in expression position
[INFO] [stdout]   --> src/macros.rs:5:27
[INFO] [stdout]    |
[INFO] [stdout] 5  |         return Err($type)?;
[INFO] [stdout]    |                           ^
[INFO] [stdout]    |
[INFO] [stdout]   ::: src/defaults.rs:34:5
[INFO] [stdout]    |
[INFO] [stdout] 34 |     pier_err!(PierError::NoConfigFile)
[INFO] [stdout]    |     ---------------------------------- in this macro invocation
[INFO] [stdout]    |
[INFO] [stdout]    = warning: this was previously accepted by the compiler but is being phased out; it will become a hard error in a future release!
[INFO] [stdout]    = note: for more information, see issue #79813 <https://github.com/rust-lang/rust/issues/79813>
[INFO] [stdout]    = note: macro invocations at the end of a block are treated as expressions
[INFO] [stdout]    = note: to ignore the value produced by the macro, add a semicolon after the invocation of `pier_err`
[INFO] [stdout]    = note: `#[warn(semicolon_in_expressions_from_macros)]` on by default
[INFO] [stdout]    = note: this warning originates in the macro `pier_err` (in Nightly builds, run with -Z macro-backtrace for more info)
[INFO] [stdout] 
[INFO] [stdout] 
[INFO] [stdout] warning: variable does not need to be mutable
[INFO] [stdout]    --> src/lib.rs:128:13
[INFO] [stdout]     |
[INFO] [stdout] 128 |         let mut script =
[INFO] [stdout]     |             ----^^^^^^
[INFO] [stdout]     |             |
[INFO] [stdout]     |             help: remove this `mut`
[INFO] [stdout]     |
[INFO] [stdout]     = note: `#[warn(unused_mut)]` on by default
[INFO] [stdout] 
[INFO] [stdout] 
[INFO] [stdout] warning: unused borrow that must be used
[INFO] [stdout]   --> src/lib.rs:71:9
[INFO] [stdout]    |
[INFO] [stdout] 71 | /         &self.add_script(Script {
[INFO] [stdout] 72 | |             alias: String::from("hello-pier"),
[INFO] [stdout] 73 | |             command: String::from("echo Hello, Pier!"),
[INFO] [stdout] 74 | |             description: Some(String::from("This is an example command.")),
[INFO] [stdout] 75 | |             reference: None,
[INFO] [stdout] 76 | |             tags: None,
[INFO] [stdout] 77 | |         }, false);
[INFO] [stdout]    | |_________________^ the borrow produces a value
[INFO] [stdout]    |
[INFO] [stdout]    = note: `#[warn(unused_must_use)]` on by default
[INFO] [stdout] help: use `let _ = ...` to ignore the resulting value
[INFO] [stdout]    |
[INFO] [stdout] 71 |         let _ = &self.add_script(Script {
[INFO] [stdout]    |         +++++++
[INFO] [stdout] 
[INFO] [stdout] 
[INFO] [stdout] warning: 3 warnings emitted
[INFO] [stdout] 
[INFO] [stdout] 
[INFO] [stderr]     Finished test [unoptimized + debuginfo] target(s) in 12.52s
[INFO] [stderr] warning: the following packages contain code that will be rejected by a future version of Rust: pier v0.2.0 (/opt/rustwide/workdir), syn v0.12.15
[INFO] [stderr] note: to see what the problems were, use the option `--future-incompat-report`, or run `cargo report future-incompatibilities --id 2`
[INFO] running `Command { std: "docker" "inspect" "8e6991a7457dc85642570f470a93a66d60ddbe002e3cc03bdb8d57dba5613703", kill_on_drop: false }`
[INFO] running `Command { std: "docker" "rm" "-f" "8e6991a7457dc85642570f470a93a66d60ddbe002e3cc03bdb8d57dba5613703", kill_on_drop: false }`
[INFO] [stdout] 8e6991a7457dc85642570f470a93a66d60ddbe002e3cc03bdb8d57dba5613703
[INFO] running `Command { std: "docker" "create" "-v" "/var/lib/crater-agent-workspace/builds/worker-6-tc2/target:/opt/rustwide/target:rw,Z" "-v" "/var/lib/crater-agent-workspace/builds/worker-6-tc2/source:/opt/rustwide/workdir:ro,Z" "-v" "/var/lib/crater-agent-workspace/cargo-home:/opt/rustwide/cargo-home:ro,Z" "-v" "/var/lib/crater-agent-workspace/rustup-home:/opt/rustwide/rustup-home:ro,Z" "-e" "SOURCE_DIR=/opt/rustwide/workdir" "-e" "CARGO_TARGET_DIR=/opt/rustwide/target" "-e" "CARGO_INCREMENTAL=0" "-e" "RUST_BACKTRACE=full" "-e" "RUSTFLAGS=--cap-lints=warn" "-e" "RUSTDOCFLAGS=--cap-lints=warn" "-e" "CARGO_HOME=/opt/rustwide/cargo-home" "-e" "RUSTUP_HOME=/opt/rustwide/rustup-home" "-w" "/opt/rustwide/workdir" "-m" "1610612736" "--user" "0:0" "--network" "none" "ghcr.io/rust-lang/crates-build-env/linux@sha256:2788e3201cd34a07e3172128adcd8b3090168a8e3bcc40d7c032b9dda1df7d1c" "/opt/rustwide/cargo-home/bin/cargo" "+beta-2024-01-09" "test" "--frozen", kill_on_drop: false }`
[INFO] [stdout] 5e5396b102424691caf28b7c52f0b80410d56f7efb44e517dcf4ac07a9e2c8d3
[INFO] running `Command { std: "docker" "start" "-a" "5e5396b102424691caf28b7c52f0b80410d56f7efb44e517dcf4ac07a9e2c8d3", kill_on_drop: false }`
[INFO] [stderr] warning: trailing semicolon in macro used in expression position
[INFO] [stderr]   --> src/macros.rs:5:27
[INFO] [stderr]    |
[INFO] [stderr] 5  |         return Err($type)?;
[INFO] [stderr]    |                           ^
[INFO] [stderr]    |
[INFO] [stderr]   ::: src/defaults.rs:34:5
[INFO] [stderr]    |
[INFO] [stderr] 34 |     pier_err!(PierError::NoConfigFile)
[INFO] [stderr]    |     ---------------------------------- in this macro invocation
[INFO] [stderr]    |
[INFO] [stderr]    = warning: this was previously accepted by the compiler but is being phased out; it will become a hard error in a future release!
[INFO] [stderr]    = note: for more information, see issue #79813 <https://github.com/rust-lang/rust/issues/79813>
[INFO] [stderr]    = note: macro invocations at the end of a block are treated as expressions
[INFO] [stderr]    = note: to ignore the value produced by the macro, add a semicolon after the invocation of `pier_err`
[INFO] [stderr]    = note: `#[warn(semicolon_in_expressions_from_macros)]` on by default
[INFO] [stderr]    = note: this warning originates in the macro `pier_err` (in Nightly builds, run with -Z macro-backtrace for more info)
[INFO] [stderr] 
[INFO] [stderr] warning: variable does not need to be mutable
[INFO] [stderr]    --> src/lib.rs:128:13
[INFO] [stderr]     |
[INFO] [stderr] 128 |         let mut script =
[INFO] [stderr]     |             ----^^^^^^
[INFO] [stderr]     |             |
[INFO] [stderr]     |             help: remove this `mut`
[INFO] [stderr]     |
[INFO] [stderr]     = note: `#[warn(unused_mut)]` on by default
[INFO] [stderr] 
[INFO] [stderr] warning: unused borrow that must be used
[INFO] [stderr]   --> src/lib.rs:71:9
[INFO] [stderr]    |
[INFO] [stderr] 71 | /         &self.add_script(Script {
[INFO] [stderr] 72 | |             alias: String::from("hello-pier"),
[INFO] [stderr] 73 | |             command: String::from("echo Hello, Pier!"),
[INFO] [stderr] 74 | |             description: Some(String::from("This is an example command.")),
[INFO] [stderr] 75 | |             reference: None,
[INFO] [stderr] 76 | |             tags: None,
[INFO] [stderr] 77 | |         }, false);
[INFO] [stderr]    | |_________________^ the borrow produces a value
[INFO] [stderr]    |
[INFO] [stderr]    = note: `#[warn(unused_must_use)]` on by default
[INFO] [stderr] help: use `let _ = ...` to ignore the resulting value
[INFO] [stderr]    |
[INFO] [stderr] 71 |         let _ = &self.add_script(Script {
[INFO] [stderr]    |         +++++++
[INFO] [stderr] 
[INFO] [stderr] warning: `pier` (lib) generated 3 warnings (run `cargo fix --lib -p pier` to apply 1 suggestion)
[INFO] [stderr] warning: `pier` (lib test) generated 3 warnings (3 duplicates)
[INFO] [stderr]     Finished test [unoptimized + debuginfo] target(s) in 0.09s
[INFO] [stderr] warning: the following packages contain code that will be rejected by a future version of Rust: pier v0.2.0 (/opt/rustwide/workdir), syn v0.12.15
[INFO] [stdout] 
[INFO] [stderr] note: to see what the problems were, use the option `--future-incompat-report`, or run `cargo report future-incompatibilities --id 2`
[INFO] [stdout] running 0 tests
[INFO] [stderr]      Running unittests src/lib.rs (/opt/rustwide/target/debug/deps/pier-fc2d52f726566e86)
[INFO] [stdout] 
[INFO] [stdout] test result: ok. 0 passed; 0 failed; 0 ignored; 0 measured; 0 filtered out; finished in 0.00s
[INFO] [stdout] 
[INFO] [stderr]      Running unittests src/main.rs (/opt/rustwide/target/debug/deps/pier-c88dcf3ef4c65f07)
[INFO] [stdout] 
[INFO] [stderr]      Running tests/tests.rs (/opt/rustwide/target/debug/deps/integration-723ad61075732c16)
[INFO] [stdout] running 0 tests
[INFO] [stdout] 
[INFO] [stdout] test result: ok. 0 passed; 0 failed; 0 ignored; 0 measured; 0 filtered out; finished in 0.00s
[INFO] [stdout] 
[INFO] [stdout] 
[INFO] [stdout] running 33 tests
[INFO] [stdout] test cli::test_copy_script ... ok
[INFO] [stdout] test cli::test_move_script ... ok
[INFO] [stdout] test cli::test_add_script ... ok
[INFO] [stdout] test cli::test_add_script_force_script ... ok
[INFO] [stdout] test cli::test_run_inline_with_args ... ok
[INFO] [stdout] test cli::test_list_aliases ... ok
[INFO] [stdout] test cli::test_list_alias_with_matching_tag ... ok
[INFO] [stdout] test cli::test_list_without_tag_match ... ok
[INFO] [stdout] test cli::test_run_failing ... ok
[INFO] [stdout] test cli::test_run_shebang_with_args ... ok
[INFO] [stdout] test cli::test_run_custom_exit_code ... ok
[INFO] [stdout] test cli::test_run_script ... ok
[INFO] [stdout] test cli::test_stderr_output ... ok
[INFO] [stdout] test cli::test_move_with_force_script ... ok
[INFO] [stdout] test cli::test_run_script_non_blocking ... ok
[INFO] [stdout] test cli::test_show_script ... ok
[INFO] [stdout] test cli::test_remove_script ... ok
[INFO] [stdout] test error_handling::test_config_read_error ... ok
[INFO] [stdout] test cli::test_run_script_and ... ok
[INFO] [stdout] test cli::test_run_script_pipe ... ok
[INFO] [stdout] test error_handling::test_config_write_error ... ok
[INFO] [stdout] test cli::test_config_initialization ... ok
[INFO] [stdout] test error_handling::test_error_alias_already_exists_on_move ... ok
[INFO] [stdout] test error_handling::test_error_alias_not_found ... ok
[INFO] [stdout] test error_handling::test_error_alias_already_exists ... ok
[INFO] [stdout] test cli::test_run_successful ... ok
[INFO] [stdout] test error_handling::test_toml_parse_error ... ok
[INFO] [stdout] test error_handling::test_error_no_scripts_exists ... ok
[INFO] [stdout] test cli::test_run_with_shebang ... ok
[INFO] [stdout] test cli::test_run_with_interpreter ... ok
[INFO] [stdout] test cli::test_list_scripts ... FAILED
[INFO] [stdout] test cli::test_list_alias_scripts ... FAILED
[INFO] [stderr] error: test failed, to rerun pass `--test integration`
[INFO] [stdout] test cli::test_list_scripts_with_command_width ... FAILED
[INFO] [stdout] 
[INFO] [stdout] failures:
[INFO] [stdout] 
[INFO] [stdout] ---- cli::test_list_scripts stdout ----
[INFO] [stdout] thread 'cli::test_list_scripts' panicked at /opt/rustwide/cargo-home/registry/src/index.crates.io-6f17d22bba15001f/assert_cmd-0.11.1/src/assert.rs:148:17:
[INFO] [stdout] Unexpected failure.
[INFO] [stdout] code=<interrupted>
[INFO] [stdout] stderr=``````
[INFO] [stdout] command=`cd "/tmp/.tmp3LEtnF" && "/opt/rustwide/target/debug/pier" "-c" "/tmp/.tmp3LEtnF/pier_config" "list"`
[INFO] [stdout] code=<interrupted>
[INFO] [stdout] stdout=``````
[INFO] [stdout] stderr=``````
[INFO] [stdout] 
[INFO] [stdout] stack backtrace:
[INFO] [stdout]    0:     0x56255bd91f36 - std::backtrace_rs::backtrace::libunwind::trace::h03effc2488ffeadf
[INFO] [stdout]                                at /rustc/650745ceb2ae60e04f8cd7bfb671fc37239533e4/library/std/src/../../backtrace/src/backtrace/libunwind.rs:104:5
[INFO] [stdout]    1:     0x56255bd91f36 - std::backtrace_rs::backtrace::trace_unsynchronized::h006ca25a07988d2f
[INFO] [stdout]                                at /rustc/650745ceb2ae60e04f8cd7bfb671fc37239533e4/library/std/src/../../backtrace/src/backtrace/mod.rs:66:5
[INFO] [stdout]    2:     0x56255bd91f36 - std::sys_common::backtrace::_print_fmt::h4e3552f7b93352b1
[INFO] [stdout]                                at /rustc/650745ceb2ae60e04f8cd7bfb671fc37239533e4/library/std/src/sys_common/backtrace.rs:68:5
[INFO] [stdout]    3:     0x56255bd91f36 - <std::sys_common::backtrace::_print::DisplayBacktrace as core::fmt::Display>::fmt::h9fe510a7d5cbe2d5
[INFO] [stdout]                                at /rustc/650745ceb2ae60e04f8cd7bfb671fc37239533e4/library/std/src/sys_common/backtrace.rs:44:22
[INFO] [stdout]    4:     0x56255bdbd7a0 - core::fmt::rt::Argument::fmt::h74b18c7a7e637710
[INFO] [stdout]                                at /rustc/650745ceb2ae60e04f8cd7bfb671fc37239533e4/library/core/src/fmt/rt.rs:142:9
[INFO] [stdout]    5:     0x56255bdbd7a0 - core::fmt::write::h8f8030c94ead45fd
[INFO] [stdout]                                at /rustc/650745ceb2ae60e04f8cd7bfb671fc37239533e4/library/core/src/fmt/mod.rs:1120:17
[INFO] [stdout]    6:     0x56255bd8f54f - std::io::Write::write_fmt::hd5dc84d51b55db4d
[INFO] [stdout]                                at /rustc/650745ceb2ae60e04f8cd7bfb671fc37239533e4/library/std/src/io/mod.rs:1810:15
[INFO] [stdout]    7:     0x56255bd91d14 - std::sys_common::backtrace::_print::h9804e7b18da25ce0
[INFO] [stdout]                                at /rustc/650745ceb2ae60e04f8cd7bfb671fc37239533e4/library/std/src/sys_common/backtrace.rs:47:5
[INFO] [stdout]    8:     0x56255bd91d14 - std::sys_common::backtrace::print::h88277d710d09094a
[INFO] [stdout]                                at /rustc/650745ceb2ae60e04f8cd7bfb671fc37239533e4/library/std/src/sys_common/backtrace.rs:34:9
[INFO] [stdout]    9:     0x56255bd93b07 - std::panicking::default_hook::{{closure}}::hdbdcf066fe677727
[INFO] [stdout]   10:     0x56255bd937ed - std::panicking::default_hook::h23a1b51cb553f858
[INFO] [stdout]                                at /rustc/650745ceb2ae60e04f8cd7bfb671fc37239533e4/library/std/src/panicking.rs:289:9
[INFO] [stdout]   11:     0x56255bc2e7f7 - <alloc::boxed::Box<F,A> as core::ops::function::Fn<Args>>::call::hb97b3d5e50e8f668
[INFO] [stdout]                                at /rustc/650745ceb2ae60e04f8cd7bfb671fc37239533e4/library/alloc/src/boxed.rs:2029:9
[INFO] [stdout]   12:     0x56255bc2e7f7 - test::test_main::{{closure}}::h08dcb42f9689ad1d
[INFO] [stdout]                                at /rustc/650745ceb2ae60e04f8cd7bfb671fc37239533e4/library/test/src/lib.rs:138:21
[INFO] [stdout]   13:     0x56255bd94126 - <alloc::boxed::Box<F,A> as core::ops::function::Fn<Args>>::call::he29ab032578fbb20
[INFO] [stdout]                                at /rustc/650745ceb2ae60e04f8cd7bfb671fc37239533e4/library/alloc/src/boxed.rs:2029:9
[INFO] [stdout]   14:     0x56255bd94126 - std::panicking::rust_panic_with_hook::hee41672977842e8f
[INFO] [stdout]                                at /rustc/650745ceb2ae60e04f8cd7bfb671fc37239533e4/library/std/src/panicking.rs:783:13
[INFO] [stdout]   15:     0x56255bd93e72 - std::panicking::begin_panic_handler::{{closure}}::h6e390f49bfce6eb3
[INFO] [stdout]                                at /rustc/650745ceb2ae60e04f8cd7bfb671fc37239533e4/library/std/src/panicking.rs:657:13
[INFO] [stdout]   16:     0x56255bd92436 - std::sys_common::backtrace::__rust_end_short_backtrace::h72ee75b447321fc6
[INFO] [stdout]                                at /rustc/650745ceb2ae60e04f8cd7bfb671fc37239533e4/library/std/src/sys_common/backtrace.rs:171:18
[INFO] [stdout]   17:     0x56255bd93bd0 - rust_begin_unwind
[INFO] [stdout]                                at /rustc/650745ceb2ae60e04f8cd7bfb671fc37239533e4/library/std/src/panicking.rs:645:5
[INFO] [stdout]   18:     0x56255bbd2535 - core::panicking::panic_fmt::hf7ebce36d1a084ab
[INFO] [stdout]                                at /rustc/650745ceb2ae60e04f8cd7bfb671fc37239533e4/library/core/src/panicking.rs:72:14
[INFO] [stdout]   19:     0x56255bd4e0e7 - assert_cmd::assert::Assert::success::{{closure}}::haa647c6097991249
[INFO] [stdout]                                at /opt/rustwide/cargo-home/registry/src/index.crates.io-6f17d22bba15001f/assert_cmd-0.11.1/src/assert.rs:148:17
[INFO] [stdout]   20:     0x56255bd4caf2 - core::option::Option<T>::unwrap_or_else::h9dde51300fc23080
[INFO] [stdout]                                at /rustc/650745ceb2ae60e04f8cd7bfb671fc37239533e4/library/core/src/option.rs:976:21
[INFO] [stdout]   21:     0x56255bd4dd5c - assert_cmd::assert::Assert::success::h6e79409f29d1fce5
[INFO] [stdout]                                at /opt/rustwide/cargo-home/registry/src/index.crates.io-6f17d22bba15001f/assert_cmd-0.11.1/src/assert.rs:147:31
[INFO] [stdout]   22:     0x56255bbf087b - integration::cli::test_list_scripts::{{closure}}::h0633161e7894275d
[INFO] [stdout]                                at /opt/rustwide/workdir/tests/cli.rs:57:5
[INFO] [stdout]   23:     0x56255bbf0760 - integration::cli::test_list_scripts::h5867a4fb303258ff
[INFO] [stdout]                                at /opt/rustwide/workdir/tests/macros.rs:58:13
[INFO] [stdout]   24:     0x56255bbf0467 - integration::cli::test_list_scripts::{{closure}}::h27cf0bf33afa3910
[INFO] [stdout]                                at /opt/rustwide/workdir/tests/macros.rs:56:19
[INFO] [stdout]   25:     0x56255bbeb816 - core::ops::function::FnOnce::call_once::h09695ae463ec6023
[INFO] [stdout]                                at /rustc/650745ceb2ae60e04f8cd7bfb671fc37239533e4/library/core/src/ops/function.rs:250:5
[INFO] [stdout]   26:     0x56255bc3402f - core::ops::function::FnOnce::call_once::h06047d416fab4738
[INFO] [stdout]                                at /rustc/650745ceb2ae60e04f8cd7bfb671fc37239533e4/library/core/src/ops/function.rs:250:5
[INFO] [stdout]   27:     0x56255bc3402f - test::__rust_begin_short_backtrace::hcb5713adfb060771
[INFO] [stdout]                                at /rustc/650745ceb2ae60e04f8cd7bfb671fc37239533e4/library/test/src/lib.rs:627:18
[INFO] [stdout]   28:     0x56255bc32e51 - test::run_test_in_process::{{closure}}::h6861e3633d7c9c27
[INFO] [stdout]                                at /rustc/650745ceb2ae60e04f8cd7bfb671fc37239533e4/library/test/src/lib.rs:650:60
[INFO] [stdout]   29:     0x56255bc32e51 - <core::panic::unwind_safe::AssertUnwindSafe<F> as core::ops::function::FnOnce<()>>::call_once::hb64fe2246fb8da62
[INFO] [stdout]                                at /rustc/650745ceb2ae60e04f8cd7bfb671fc37239533e4/library/core/src/panic/unwind_safe.rs:272:9
[INFO] [stdout]   30:     0x56255bc32e51 - std::panicking::try::do_call::h298b24dc8da96ba0
[INFO] [stdout]                                at /rustc/650745ceb2ae60e04f8cd7bfb671fc37239533e4/library/std/src/panicking.rs:552:40
[INFO] [stdout]   31:     0x56255bc32e51 - std::panicking::try::h69c2bfb52fabb772
[INFO] [stdout]                                at /rustc/650745ceb2ae60e04f8cd7bfb671fc37239533e4/library/std/src/panicking.rs:516:19
[INFO] [stdout]   32:     0x56255bc32e51 - std::panic::catch_unwind::hc0f23ff16cc28725
[INFO] [stdout]                                at /rustc/650745ceb2ae60e04f8cd7bfb671fc37239533e4/library/std/src/panic.rs:142:14
[INFO] [stdout]   33:     0x56255bc32e51 - test::run_test_in_process::hddee0506ec75925f
[INFO] [stdout]                                at /rustc/650745ceb2ae60e04f8cd7bfb671fc37239533e4/library/test/src/lib.rs:650:27
[INFO] [stdout]   34:     0x56255bc32e51 - test::run_test::{{closure}}::h5cfb204228607716
[INFO] [stdout]                                at /rustc/650745ceb2ae60e04f8cd7bfb671fc37239533e4/library/test/src/lib.rs:573:43
[INFO] [stdout]   35:     0x56255bbfa186 - test::run_test::{{closure}}::hd4d5602ef13205a5
[INFO] [stdout]                                at /rustc/650745ceb2ae60e04f8cd7bfb671fc37239533e4/library/test/src/lib.rs:601:41
[INFO] [stdout]   36:     0x56255bbfa186 - std::sys_common::backtrace::__rust_begin_short_backtrace::h5ccc5cff5923f06c
[INFO] [stdout]                                at /rustc/650745ceb2ae60e04f8cd7bfb671fc37239533e4/library/std/src/sys_common/backtrace.rs:155:18
[INFO] [stdout]   37:     0x56255bbff287 - std::thread::Builder::spawn_unchecked_::{{closure}}::{{closure}}::hafc0d76dcef09eee
[INFO] [stdout]                                at /rustc/650745ceb2ae60e04f8cd7bfb671fc37239533e4/library/std/src/thread/mod.rs:529:17
[INFO] [stdout]   38:     0x56255bbff287 - <core::panic::unwind_safe::AssertUnwindSafe<F> as core::ops::function::FnOnce<()>>::call_once::hb8ad16fe24e3ea09
[INFO] [stdout]                                at /rustc/650745ceb2ae60e04f8cd7bfb671fc37239533e4/library/core/src/panic/unwind_safe.rs:272:9
[INFO] [stdout]   39:     0x56255bbff287 - std::panicking::try::do_call::h42f15bc08f3d28df
[INFO] [stdout]                                at /rustc/650745ceb2ae60e04f8cd7bfb671fc37239533e4/library/std/src/panicking.rs:552:40
[INFO] [stdout]   40:     0x56255bbff287 - std::panicking::try::h81546958e5901712
[INFO] [stdout]                                at /rustc/650745ceb2ae60e04f8cd7bfb671fc37239533e4/library/std/src/panicking.rs:516:19
[INFO] [stdout]   41:     0x56255bbff287 - std::panic::catch_unwind::hc4c7cd89a2f03e29
[INFO] [stdout]                                at /rustc/650745ceb2ae60e04f8cd7bfb671fc37239533e4/library/std/src/panic.rs:142:14
[INFO] [stdout]   42:     0x56255bbff287 - std::thread::Builder::spawn_unchecked_::{{closure}}::h45ad00093b802d53
[INFO] [stdout]                                at /rustc/650745ceb2ae60e04f8cd7bfb671fc37239533e4/library/std/src/thread/mod.rs:528:30
[INFO] [stdout]   43:     0x56255bbff287 - core::ops::function::FnOnce::call_once{{vtable.shim}}::heec906b8862c0a30
[INFO] [stdout]                                at /rustc/650745ceb2ae60e04f8cd7bfb671fc37239533e4/library/core/src/ops/function.rs:250:5
[INFO] [stdout]   44:     0x56255bd99fb5 - <alloc::boxed::Box<F,A> as core::ops::function::FnOnce<Args>>::call_once::he271a8e9b4ffec7b
[INFO] [stdout]                                at /rustc/650745ceb2ae60e04f8cd7bfb671fc37239533e4/library/alloc/src/boxed.rs:2015:9
[INFO] [stdout]   45:     0x56255bd99fb5 - <alloc::boxed::Box<F,A> as core::ops::function::FnOnce<Args>>::call_once::heeb272d5c498a02f
[INFO] [stdout]                                at /rustc/650745ceb2ae60e04f8cd7bfb671fc37239533e4/library/alloc/src/boxed.rs:2015:9
[INFO] [stdout]   46:     0x56255bd99fb5 - std::sys::unix::thread::Thread::new::thread_start::h1fcefdf404730fa7
[INFO] [stdout]                                at /rustc/650745ceb2ae60e04f8cd7bfb671fc37239533e4/library/std/src/sys/unix/thread.rs:108:17
[INFO] [stdout]   47:     0x7f9002f0bac3 - <unknown>
[INFO] [stdout]   48:     0x7f9002f9cbf4 - __clone
[INFO] [stdout]   49:                0x0 - <unknown>
[INFO] [stdout] 
[INFO] [stdout] ---- cli::test_list_alias_scripts stdout ----
[INFO] [stdout] thread 'cli::test_list_alias_scripts' panicked at /opt/rustwide/cargo-home/registry/src/index.crates.io-6f17d22bba15001f/assert_cmd-0.11.1/src/assert.rs:148:17:
[INFO] [stdout] Unexpected failure.
[INFO] [stdout] code=<interrupted>
[INFO] [stdout] stderr=``````
[INFO] [stdout] command=`cd "/tmp/.tmpnnKd8G" && "/opt/rustwide/target/debug/pier" "-c" "/tmp/.tmpnnKd8G/pier_config" "ls"`
[INFO] [stdout] code=<interrupted>
[INFO] [stdout] stdout=``````
[INFO] [stdout] stderr=``````
[INFO] [stdout] 
[INFO] [stdout] stack backtrace:
[INFO] [stdout]    0:     0x56255bd91f36 - std::backtrace_rs::backtrace::libunwind::trace::h03effc2488ffeadf
[INFO] [stdout]                                at /rustc/650745ceb2ae60e04f8cd7bfb671fc37239533e4/library/std/src/../../backtrace/src/backtrace/libunwind.rs:104:5
[INFO] [stdout]    1:     0x56255bd91f36 - std::backtrace_rs::backtrace::trace_unsynchronized::h006ca25a07988d2f
[INFO] [stdout]                                at /rustc/650745ceb2ae60e04f8cd7bfb671fc37239533e4/library/std/src/../../backtrace/src/backtrace/mod.rs:66:5
[INFO] [stdout]    2:     0x56255bd91f36 - std::sys_common::backtrace::_print_fmt::h4e3552f7b93352b1
[INFO] [stdout]                                at /rustc/650745ceb2ae60e04f8cd7bfb671fc37239533e4/library/std/src/sys_common/backtrace.rs:68:5
[INFO] [stdout]    3:     0x56255bd91f36 - <std::sys_common::backtrace::_print::DisplayBacktrace as core::fmt::Display>::fmt::h9fe510a7d5cbe2d5
[INFO] [stdout]                                at /rustc/650745ceb2ae60e04f8cd7bfb671fc37239533e4/library/std/src/sys_common/backtrace.rs:44:22
[INFO] [stdout]    4:     0x56255bdbd7a0 - core::fmt::rt::Argument::fmt::h74b18c7a7e637710
[INFO] [stdout]                                at /rustc/650745ceb2ae60e04f8cd7bfb671fc37239533e4/library/core/src/fmt/rt.rs:142:9
[INFO] [stdout]    5:     0x56255bdbd7a0 - core::fmt::write::h8f8030c94ead45fd
[INFO] [stdout]                                at /rustc/650745ceb2ae60e04f8cd7bfb671fc37239533e4/library/core/src/fmt/mod.rs:1120:17
[INFO] [stdout]    6:     0x56255bd8f54f - std::io::Write::write_fmt::hd5dc84d51b55db4d
[INFO] [stdout]                                at /rustc/650745ceb2ae60e04f8cd7bfb671fc37239533e4/library/std/src/io/mod.rs:1810:15
[INFO] [stdout]    7:     0x56255bd91d14 - std::sys_common::backtrace::_print::h9804e7b18da25ce0
[INFO] [stdout]                                at /rustc/650745ceb2ae60e04f8cd7bfb671fc37239533e4/library/std/src/sys_common/backtrace.rs:47:5
[INFO] [stdout]    8:     0x56255bd91d14 - std::sys_common::backtrace::print::h88277d710d09094a
[INFO] [stdout]                                at /rustc/650745ceb2ae60e04f8cd7bfb671fc37239533e4/library/std/src/sys_common/backtrace.rs:34:9
[INFO] [stdout]    9:     0x56255bd93b07 - std::panicking::default_hook::{{closure}}::hdbdcf066fe677727
[INFO] [stdout]   10:     0x56255bd937ed - std::panicking::default_hook::h23a1b51cb553f858
[INFO] [stdout]                                at /rustc/650745ceb2ae60e04f8cd7bfb671fc37239533e4/library/std/src/panicking.rs:289:9
[INFO] [stdout]   11:     0x56255bc2e7f7 - <alloc::boxed::Box<F,A> as core::ops::function::Fn<Args>>::call::hb97b3d5e50e8f668
[INFO] [stdout]                                at /rustc/650745ceb2ae60e04f8cd7bfb671fc37239533e4/library/alloc/src/boxed.rs:2029:9
[INFO] [stdout]   12:     0x56255bc2e7f7 - test::test_main::{{closure}}::h08dcb42f9689ad1d
[INFO] [stdout]                                at /rustc/650745ceb2ae60e04f8cd7bfb671fc37239533e4/library/test/src/lib.rs:138:21
[INFO] [stdout]   13:     0x56255bd94126 - <alloc::boxed::Box<F,A> as core::ops::function::Fn<Args>>::call::he29ab032578fbb20
[INFO] [stdout]                                at /rustc/650745ceb2ae60e04f8cd7bfb671fc37239533e4/library/alloc/src/boxed.rs:2029:9
[INFO] [stdout]   14:     0x56255bd94126 - std::panicking::rust_panic_with_hook::hee41672977842e8f
[INFO] [stdout]                                at /rustc/650745ceb2ae60e04f8cd7bfb671fc37239533e4/library/std/src/panicking.rs:783:13
[INFO] [stdout]   15:     0x56255bd93e72 - std::panicking::begin_panic_handler::{{closure}}::h6e390f49bfce6eb3
[INFO] [stdout]                                at /rustc/650745ceb2ae60e04f8cd7bfb671fc37239533e4/library/std/src/panicking.rs:657:13
[INFO] [stdout]   16:     0x56255bd92436 - std::sys_common::backtrace::__rust_end_short_backtrace::h72ee75b447321fc6
[INFO] [stdout]                                at /rustc/650745ceb2ae60e04f8cd7bfb671fc37239533e4/library/std/src/sys_common/backtrace.rs:171:18
[INFO] [stdout]   17:     0x56255bd93bd0 - rust_begin_unwind
[INFO] [stdout]                                at /rustc/650745ceb2ae60e04f8cd7bfb671fc37239533e4/library/std/src/panicking.rs:645:5
[INFO] [stdout]   18:     0x56255bbd2535 - core::panicking::panic_fmt::hf7ebce36d1a084ab
[INFO] [stdout]                                at /rustc/650745ceb2ae60e04f8cd7bfb671fc37239533e4/library/core/src/panicking.rs:72:14
[INFO] [stdout]   19:     0x56255bd4e0e7 - assert_cmd::assert::Assert::success::{{closure}}::haa647c6097991249
[INFO] [stdout]                                at /opt/rustwide/cargo-home/registry/src/index.crates.io-6f17d22bba15001f/assert_cmd-0.11.1/src/assert.rs:148:17
[INFO] [stdout]   20:     0x56255bd4caf2 - core::option::Option<T>::unwrap_or_else::h9dde51300fc23080
[INFO] [stdout]                                at /rustc/650745ceb2ae60e04f8cd7bfb671fc37239533e4/library/core/src/option.rs:976:21
[INFO] [stdout]   21:     0x56255bd4dd5c - assert_cmd::assert::Assert::success::h6e79409f29d1fce5
[INFO] [stdout]                                at /opt/rustwide/cargo-home/registry/src/index.crates.io-6f17d22bba15001f/assert_cmd-0.11.1/src/assert.rs:147:31
[INFO] [stdout]   22:     0x56255bbf194b - integration::cli::test_list_alias_scripts::{{closure}}::h401a171d78fd9064
[INFO] [stdout]                                at /opt/rustwide/workdir/tests/cli.rs:92:5
[INFO] [stdout]   23:     0x56255bbf1830 - integration::cli::test_list_alias_scripts::hb956abcfcfafd086
[INFO] [stdout]                                at /opt/rustwide/workdir/tests/macros.rs:58:13
[INFO] [stdout]   24:     0x56255bbf1537 - integration::cli::test_list_alias_scripts::{{closure}}::h8e111061bf539b5f
[INFO] [stdout]                                at /opt/rustwide/workdir/tests/macros.rs:56:19
[INFO] [stdout]   25:     0x56255bbebf26 - core::ops::function::FnOnce::call_once::he5a872277dd9379d
[INFO] [stdout]                                at /rustc/650745ceb2ae60e04f8cd7bfb671fc37239533e4/library/core/src/ops/function.rs:250:5
[INFO] [stdout]   26:     0x56255bc3402f - core::ops::function::FnOnce::call_once::h06047d416fab4738
[INFO] [stdout]                                at /rustc/650745ceb2ae60e04f8cd7bfb671fc37239533e4/library/core/src/ops/function.rs:250:5
[INFO] [stdout]   27:     0x56255bc3402f - test::__rust_begin_short_backtrace::hcb5713adfb060771
[INFO] [stdout]                                at /rustc/650745ceb2ae60e04f8cd7bfb671fc37239533e4/library/test/src/lib.rs:627:18
[INFO] [stdout]   28:     0x56255bc32e51 - test::run_test_in_process::{{closure}}::h6861e3633d7c9c27
[INFO] [stdout]                                at /rustc/650745ceb2ae60e04f8cd7bfb671fc37239533e4/library/test/src/lib.rs:650:60
[INFO] [stdout]   29:     0x56255bc32e51 - <core::panic::unwind_safe::AssertUnwindSafe<F> as core::ops::function::FnOnce<()>>::call_once::hb64fe2246fb8da62
[INFO] [stdout]                                at /rustc/650745ceb2ae60e04f8cd7bfb671fc37239533e4/library/core/src/panic/unwind_safe.rs:272:9
[INFO] [stdout]   30:     0x56255bc32e51 - std::panicking::try::do_call::h298b24dc8da96ba0
[INFO] [stdout]                                at /rustc/650745ceb2ae60e04f8cd7bfb671fc37239533e4/library/std/src/panicking.rs:552:40
[INFO] [stdout]   31:     0x56255bc32e51 - std::panicking::try::h69c2bfb52fabb772
[INFO] [stdout]                                at /rustc/650745ceb2ae60e04f8cd7bfb671fc37239533e4/library/std/src/panicking.rs:516:19
[INFO] [stdout]   32:     0x56255bc32e51 - std::panic::catch_unwind::hc0f23ff16cc28725
[INFO] [stdout]                                at /rustc/650745ceb2ae60e04f8cd7bfb671fc37239533e4/library/std/src/panic.rs:142:14
[INFO] [stdout]   33:     0x56255bc32e51 - test::run_test_in_process::hddee0506ec75925f
[INFO] [stdout]                                at /rustc/650745ceb2ae60e04f8cd7bfb671fc37239533e4/library/test/src/lib.rs:650:27
[INFO] [stdout]   34:     0x56255bc32e51 - test::run_test::{{closure}}::h5cfb204228607716
[INFO] [stdout]                                at /rustc/650745ceb2ae60e04f8cd7bfb671fc37239533e4/library/test/src/lib.rs:573:43
[INFO] [stdout]   35:     0x56255bbfa186 - test::run_test::{{closure}}::hd4d5602ef13205a5
[INFO] [stdout]                                at /rustc/650745ceb2ae60e04f8cd7bfb671fc37239533e4/library/test/src/lib.rs:601:41
[INFO] [stdout]   36:     0x56255bbfa186 - std::sys_common::backtrace::__rust_begin_short_backtrace::h5ccc5cff5923f06c
[INFO] [stdout]                                at /rustc/650745ceb2ae60e04f8cd7bfb671fc37239533e4/library/std/src/sys_common/backtrace.rs:155:18
[INFO] [stdout]   37:     0x56255bbff287 - std::thread::Builder::spawn_unchecked_::{{closure}}::{{closure}}::hafc0d76dcef09eee
[INFO] [stdout]                                at /rustc/650745ceb2ae60e04f8cd7bfb671fc37239533e4/library/std/src/thread/mod.rs:529:17
[INFO] [stdout]   38:     0x56255bbff287 - <core::panic::unwind_safe::AssertUnwindSafe<F> as core::ops::function::FnOnce<()>>::call_once::hb8ad16fe24e3ea09
[INFO] [stdout]                                at /rustc/650745ceb2ae60e04f8cd7bfb671fc37239533e4/library/core/src/panic/unwind_safe.rs:272:9
[INFO] [stdout]   39:     0x56255bbff287 - std::panicking::try::do_call::h42f15bc08f3d28df
[INFO] [stdout]                                at /rustc/650745ceb2ae60e04f8cd7bfb671fc37239533e4/library/std/src/panicking.rs:552:40
[INFO] [stdout]   40:     0x56255bbff287 - std::panicking::try::h81546958e5901712
[INFO] [stdout]                                at /rustc/650745ceb2ae60e04f8cd7bfb671fc37239533e4/library/std/src/panicking.rs:516:19
[INFO] [stdout]   41:     0x56255bbff287 - std::panic::catch_unwind::hc4c7cd89a2f03e29
[INFO] [stdout]                                at /rustc/650745ceb2ae60e04f8cd7bfb671fc37239533e4/library/std/src/panic.rs:142:14
[INFO] [stdout]   42:     0x56255bbff287 - std::thread::Builder::spawn_unchecked_::{{closure}}::h45ad00093b802d53
[INFO] [stdout]                                at /rustc/650745ceb2ae60e04f8cd7bfb671fc37239533e4/library/std/src/thread/mod.rs:528:30
[INFO] [stdout]   43:     0x56255bbff287 - core::ops::function::FnOnce::call_once{{vtable.shim}}::heec906b8862c0a30
[INFO] [stdout]                                at /rustc/650745ceb2ae60e04f8cd7bfb671fc37239533e4/library/core/src/ops/function.rs:250:5
[INFO] [stdout]   44:     0x56255bd99fb5 - <alloc::boxed::Box<F,A> as core::ops::function::FnOnce<Args>>::call_once::he271a8e9b4ffec7b
[INFO] [stdout]                                at /rustc/650745ceb2ae60e04f8cd7bfb671fc37239533e4/library/alloc/src/boxed.rs:2015:9
[INFO] [stdout]   45:     0x56255bd99fb5 - <alloc::boxed::Box<F,A> as core::ops::function::FnOnce<Args>>::call_once::heeb272d5c498a02f
[INFO] [stdout]                                at /rustc/650745ceb2ae60e04f8cd7bfb671fc37239533e4/library/alloc/src/boxed.rs:2015:9
[INFO] [stdout]   46:     0x56255bd99fb5 - std::sys::unix::thread::Thread::new::thread_start::h1fcefdf404730fa7
[INFO] [stdout]                                at /rustc/650745ceb2ae60e04f8cd7bfb671fc37239533e4/library/std/src/sys/unix/thread.rs:108:17
[INFO] [stdout]   47:     0x7f9002f0bac3 - <unknown>
[INFO] [stdout]   48:     0x7f9002f9cbf4 - __clone
[INFO] [stdout]   49:                0x0 - <unknown>
[INFO] [stdout] 
[INFO] [stdout] ---- cli::test_list_scripts_with_command_width stdout ----
[INFO] [stdout] thread 'cli::test_list_scripts_with_command_width' panicked at /opt/rustwide/cargo-home/registry/src/index.crates.io-6f17d22bba15001f/assert_cmd-0.11.1/src/assert.rs:148:17:
[INFO] [stdout] Unexpected failure.
[INFO] [stdout] code=<interrupted>
[INFO] [stdout] stderr=``````
[INFO] [stdout] command=`cd "/tmp/.tmpG3LP1T" && "/opt/rustwide/target/debug/pier" "-c" "/tmp/.tmpG3LP1T/pier_config" "list" "-c" "20"`
[INFO] [stdout] code=<interrupted>
[INFO] [stdout] stdout=``````
[INFO] [stdout] stderr=``````
[INFO] [stdout] 
[INFO] [stdout] stack backtrace:
[INFO] [stdout]    0:     0x56255bd91f36 - std::backtrace_rs::backtrace::libunwind::trace::h03effc2488ffeadf
[INFO] [stdout]                                at /rustc/650745ceb2ae60e04f8cd7bfb671fc37239533e4/library/std/src/../../backtrace/src/backtrace/libunwind.rs:104:5
[INFO] [stdout]    1:     0x56255bd91f36 - std::backtrace_rs::backtrace::trace_unsynchronized::h006ca25a07988d2f
[INFO] [stdout]                                at /rustc/650745ceb2ae60e04f8cd7bfb671fc37239533e4/library/std/src/../../backtrace/src/backtrace/mod.rs:66:5
[INFO] [stdout]    2:     0x56255bd91f36 - std::sys_common::backtrace::_print_fmt::h4e3552f7b93352b1
[INFO] [stdout]                                at /rustc/650745ceb2ae60e04f8cd7bfb671fc37239533e4/library/std/src/sys_common/backtrace.rs:68:5
[INFO] [stdout]    3:     0x56255bd91f36 - <std::sys_common::backtrace::_print::DisplayBacktrace as core::fmt::Display>::fmt::h9fe510a7d5cbe2d5
[INFO] [stdout]                                at /rustc/650745ceb2ae60e04f8cd7bfb671fc37239533e4/library/std/src/sys_common/backtrace.rs:44:22
[INFO] [stdout]    4:     0x56255bdbd7a0 - core::fmt::rt::Argument::fmt::h74b18c7a7e637710
[INFO] [stdout]                                at /rustc/650745ceb2ae60e04f8cd7bfb671fc37239533e4/library/core/src/fmt/rt.rs:142:9
[INFO] [stdout]    5:     0x56255bdbd7a0 - core::fmt::write::h8f8030c94ead45fd
[INFO] [stdout]                                at /rustc/650745ceb2ae60e04f8cd7bfb671fc37239533e4/library/core/src/fmt/mod.rs:1120:17
[INFO] [stdout]    6:     0x56255bd8f54f - std::io::Write::write_fmt::hd5dc84d51b55db4d
[INFO] [stdout]                                at /rustc/650745ceb2ae60e04f8cd7bfb671fc37239533e4/library/std/src/io/mod.rs:1810:15
[INFO] [stdout]    7:     0x56255bd91d14 - std::sys_common::backtrace::_print::h9804e7b18da25ce0
[INFO] [stdout]                                at /rustc/650745ceb2ae60e04f8cd7bfb671fc37239533e4/library/std/src/sys_common/backtrace.rs:47:5
[INFO] [stdout]    8:     0x56255bd91d14 - std::sys_common::backtrace::print::h88277d710d09094a
[INFO] [stdout]                                at /rustc/650745ceb2ae60e04f8cd7bfb671fc37239533e4/library/std/src/sys_common/backtrace.rs:34:9
[INFO] [stdout]    9:     0x56255bd93b07 - std::panicking::default_hook::{{closure}}::hdbdcf066fe677727
[INFO] [stdout]   10:     0x56255bd937ed - std::panicking::default_hook::h23a1b51cb553f858
[INFO] [stdout]                                at /rustc/650745ceb2ae60e04f8cd7bfb671fc37239533e4/library/std/src/panicking.rs:289:9
[INFO] [stdout]   11:     0x56255bc2e7f7 - <alloc::boxed::Box<F,A> as core::ops::function::Fn<Args>>::call::hb97b3d5e50e8f668
[INFO] [stdout]                                at /rustc/650745ceb2ae60e04f8cd7bfb671fc37239533e4/library/alloc/src/boxed.rs:2029:9
[INFO] [stdout]   12:     0x56255bc2e7f7 - test::test_main::{{closure}}::h08dcb42f9689ad1d
[INFO] [stdout]                                at /rustc/650745ceb2ae60e04f8cd7bfb671fc37239533e4/library/test/src/lib.rs:138:21
[INFO] [stdout]   13:     0x56255bd94126 - <alloc::boxed::Box<F,A> as core::ops::function::Fn<Args>>::call::he29ab032578fbb20
[INFO] [stdout]                                at /rustc/650745ceb2ae60e04f8cd7bfb671fc37239533e4/library/alloc/src/boxed.rs:2029:9
[INFO] [stdout]   14:     0x56255bd94126 - std::panicking::rust_panic_with_hook::hee41672977842e8f
[INFO] [stdout]                                at /rustc/650745ceb2ae60e04f8cd7bfb671fc37239533e4/library/std/src/panicking.rs:783:13
[INFO] [stdout]   15:     0x56255bd93e72 - std::panicking::begin_panic_handler::{{closure}}::h6e390f49bfce6eb3
[INFO] [stdout]                                at /rustc/650745ceb2ae60e04f8cd7bfb671fc37239533e4/library/std/src/panicking.rs:657:13
[INFO] [stdout]   16:     0x56255bd92436 - std::sys_common::backtrace::__rust_end_short_backtrace::h72ee75b447321fc6
[INFO] [stdout]                                at /rustc/650745ceb2ae60e04f8cd7bfb671fc37239533e4/library/std/src/sys_common/backtrace.rs:171:18
[INFO] [stdout]   17:     0x56255bd93bd0 - rust_begin_unwind
[INFO] [stdout]                                at /rustc/650745ceb2ae60e04f8cd7bfb671fc37239533e4/library/std/src/panicking.rs:645:5
[INFO] [stdout]   18:     0x56255bbd2535 - core::panicking::panic_fmt::hf7ebce36d1a084ab
[INFO] [stdout]                                at /rustc/650745ceb2ae60e04f8cd7bfb671fc37239533e4/library/core/src/panicking.rs:72:14
[INFO] [stdout]   19:     0x56255bd4e0e7 - assert_cmd::assert::Assert::success::{{closure}}::haa647c6097991249
[INFO] [stdout]                                at /opt/rustwide/cargo-home/registry/src/index.crates.io-6f17d22bba15001f/assert_cmd-0.11.1/src/assert.rs:148:17
[INFO] [stdout]   20:     0x56255bd4caf2 - core::option::Option<T>::unwrap_or_else::h9dde51300fc23080
[INFO] [stdout]                                at /rustc/650745ceb2ae60e04f8cd7bfb671fc37239533e4/library/core/src/option.rs:976:21
[INFO] [stdout]   21:     0x56255bd4dd5c - assert_cmd::assert::Assert::success::h6e79409f29d1fce5
[INFO] [stdout]                                at /opt/rustwide/cargo-home/registry/src/index.crates.io-6f17d22bba15001f/assert_cmd-0.11.1/src/assert.rs:147:31
[INFO] [stdout]   22:     0x56255bbf2cb2 - integration::cli::test_list_scripts_with_command_width::{{closure}}::h683522b9d61eb01d
[INFO] [stdout]                                at /opt/rustwide/workdir/tests/cli.rs:126:5
[INFO] [stdout]   23:     0x56255bbf2ba0 - integration::cli::test_list_scripts_with_command_width::h6c7e68576c21d742
[INFO] [stdout]                                at /opt/rustwide/workdir/tests/macros.rs:58:13
[INFO] [stdout]   24:     0x56255bbf28a7 - integration::cli::test_list_scripts_with_command_width::{{closure}}::hafd9fd27d7770247
[INFO] [stdout]                                at /opt/rustwide/workdir/tests/macros.rs:56:19
[INFO] [stdout]   25:     0x56255bbebc56 - core::ops::function::FnOnce::call_once::h927c0b0b59de8421
[INFO] [stdout]                                at /rustc/650745ceb2ae60e04f8cd7bfb671fc37239533e4/library/core/src/ops/function.rs:250:5
[INFO] [stdout]   26:     0x56255bc3402f - core::ops::function::FnOnce::call_once::h06047d416fab4738
[INFO] [stdout]                                at /rustc/650745ceb2ae60e04f8cd7bfb671fc37239533e4/library/core/src/ops/function.rs:250:5
[INFO] [stdout]   27:     0x56255bc3402f - test::__rust_begin_short_backtrace::hcb5713adfb060771
[INFO] [stdout]                                at /rustc/650745ceb2ae60e04f8cd7bfb671fc37239533e4/library/test/src/lib.rs:627:18
[INFO] [stdout]   28:     0x56255bc32e51 - test::run_test_in_process::{{closure}}::h6861e3633d7c9c27
[INFO] [stdout]                                at /rustc/650745ceb2ae60e04f8cd7bfb671fc37239533e4/library/test/src/lib.rs:650:60
[INFO] [stdout]   29:     0x56255bc32e51 - <core::panic::unwind_safe::AssertUnwindSafe<F> as core::ops::function::FnOnce<()>>::call_once::hb64fe2246fb8da62
[INFO] [stdout]                                at /rustc/650745ceb2ae60e04f8cd7bfb671fc37239533e4/library/core/src/panic/unwind_safe.rs:272:9
[INFO] [stdout]   30:     0x56255bc32e51 - std::panicking::try::do_call::h298b24dc8da96ba0
[INFO] [stdout]                                at /rustc/650745ceb2ae60e04f8cd7bfb671fc37239533e4/library/std/src/panicking.rs:552:40
[INFO] [stdout]   31:     0x56255bc32e51 - std::panicking::try::h69c2bfb52fabb772
[INFO] [stdout]                                at /rustc/650745ceb2ae60e04f8cd7bfb671fc37239533e4/library/std/src/panicking.rs:516:19
[INFO] [stdout]   32:     0x56255bc32e51 - std::panic::catch_unwind::hc0f23ff16cc28725
[INFO] [stdout]                                at /rustc/650745ceb2ae60e04f8cd7bfb671fc37239533e4/library/std/src/panic.rs:142:14
[INFO] [stdout]   33:     0x56255bc32e51 - test::run_test_in_process::hddee0506ec75925f
[INFO] [stdout]                                at /rustc/650745ceb2ae60e04f8cd7bfb671fc37239533e4/library/test/src/lib.rs:650:27
[INFO] [stdout]   34:     0x56255bc32e51 - test::run_test::{{closure}}::h5cfb204228607716
[INFO] [stdout]                                at /rustc/650745ceb2ae60e04f8cd7bfb671fc37239533e4/library/test/src/lib.rs:573:43
[INFO] [stdout]   35:     0x56255bbfa186 - test::run_test::{{closure}}::hd4d5602ef13205a5
[INFO] [stdout]                                at /rustc/650745ceb2ae60e04f8cd7bfb671fc37239533e4/library/test/src/lib.rs:601:41
[INFO] [stdout]   36:     0x56255bbfa186 - std::sys_common::backtrace::__rust_begin_short_backtrace::h5ccc5cff5923f06c
[INFO] [stdout]                                at /rustc/650745ceb2ae60e04f8cd7bfb671fc37239533e4/library/std/src/sys_common/backtrace.rs:155:18
[INFO] [stdout]   37:     0x56255bbff287 - std::thread::Builder::spawn_unchecked_::{{closure}}::{{closure}}::hafc0d76dcef09eee
[INFO] [stdout]                                at /rustc/650745ceb2ae60e04f8cd7bfb671fc37239533e4/library/std/src/thread/mod.rs:529:17
[INFO] [stdout]   38:     0x56255bbff287 - <core::panic::unwind_safe::AssertUnwindSafe<F> as core::ops::function::FnOnce<()>>::call_once::hb8ad16fe24e3ea09
[INFO] [stdout]                                at /rustc/650745ceb2ae60e04f8cd7bfb671fc37239533e4/library/core/src/panic/unwind_safe.rs:272:9
[INFO] [stdout]   39:     0x56255bbff287 - std::panicking::try::do_call::h42f15bc08f3d28df
[INFO] [stdout]                                at /rustc/650745ceb2ae60e04f8cd7bfb671fc37239533e4/library/std/src/panicking.rs:552:40
[INFO] [stdout]   40:     0x56255bbff287 - std::panicking::try::h81546958e5901712
[INFO] [stdout]                                at /rustc/650745ceb2ae60e04f8cd7bfb671fc37239533e4/library/std/src/panicking.rs:516:19
[INFO] [stdout]   41:     0x56255bbff287 - std::panic::catch_unwind::hc4c7cd89a2f03e29
[INFO] [stdout]                                at /rustc/650745ceb2ae60e04f8cd7bfb671fc37239533e4/library/std/src/panic.rs:142:14
[INFO] [stdout]   42:     0x56255bbff287 - std::thread::Builder::spawn_unchecked_::{{closure}}::h45ad00093b802d53
[INFO] [stdout]                                at /rustc/650745ceb2ae60e04f8cd7bfb671fc37239533e4/library/std/src/thread/mod.rs:528:30
[INFO] [stdout]   43:     0x56255bbff287 - core::ops::function::FnOnce::call_once{{vtable.shim}}::heec906b8862c0a30
[INFO] [stdout]                                at /rustc/650745ceb2ae60e04f8cd7bfb671fc37239533e4/library/core/src/ops/function.rs:250:5
[INFO] [stdout]   44:     0x56255bd99fb5 - <alloc::boxed::Box<F,A> as core::ops::function::FnOnce<Args>>::call_once::he271a8e9b4ffec7b
[INFO] [stdout]                                at /rustc/650745ceb2ae60e04f8cd7bfb671fc37239533e4/library/alloc/src/boxed.rs:2015:9
[INFO] [stdout]   45:     0x56255bd99fb5 - <alloc::boxed::Box<F,A> as core::ops::function::FnOnce<Args>>::call_once::heeb272d5c498a02f
[INFO] [stdout]                                at /rustc/650745ceb2ae60e04f8cd7bfb671fc37239533e4/library/alloc/src/boxed.rs:2015:9
[INFO] [stdout]   46:     0x56255bd99fb5 - std::sys::unix::thread::Thread::new::thread_start::h1fcefdf404730fa7
[INFO] [stdout]                                at /rustc/650745ceb2ae60e04f8cd7bfb671fc37239533e4/library/std/src/sys/unix/thread.rs:108:17
[INFO] [stdout]   47:     0x7f9002f0bac3 - <unknown>
[INFO] [stdout]   48:     0x7f9002f9cbf4 - __clone
[INFO] [stdout]   49:                0x0 - <unknown>
[INFO] [stdout] 
[INFO] [stdout] 
[INFO] [stdout] failures:
[INFO] [stdout]     cli::test_list_alias_scripts
[INFO] [stdout]     cli::test_list_scripts
[INFO] [stdout]     cli::test_list_scripts_with_command_width
[INFO] [stdout] 
[INFO] [stdout] test result: FAILED. 30 passed; 3 failed; 0 ignored; 0 measured; 0 filtered out; finished in 0.35s
[INFO] [stdout] 
[INFO] running `Command { std: "docker" "inspect" "5e5396b102424691caf28b7c52f0b80410d56f7efb44e517dcf4ac07a9e2c8d3", kill_on_drop: false }`
[INFO] running `Command { std: "docker" "rm" "-f" "5e5396b102424691caf28b7c52f0b80410d56f7efb44e517dcf4ac07a9e2c8d3", kill_on_drop: false }`
[INFO] [stdout] 5e5396b102424691caf28b7c52f0b80410d56f7efb44e517dcf4ac07a9e2c8d3
