[INFO] fetching crate rustyline 12.0.0...
[INFO] testing rustyline-12.0.0 against 1.75.0 for beta-1.76-3
[INFO] extracting crate rustyline 12.0.0 into /workspace/builds/worker-2-tc1/source
[INFO] validating manifest of crates.io crate rustyline 12.0.0 on toolchain 1.75.0
[INFO] running `Command { std: CARGO_HOME="/workspace/cargo-home" RUSTUP_HOME="/workspace/rustup-home" "/workspace/cargo-home/bin/cargo" "+1.75.0" "metadata" "--manifest-path" "Cargo.toml" "--no-deps", kill_on_drop: false }`
[INFO] started tweaking crates.io crate rustyline 12.0.0
[INFO] removed 0 missing examples
[INFO] finished tweaking crates.io crate rustyline 12.0.0
[INFO] tweaked toml for crates.io crate rustyline 12.0.0 written to /workspace/builds/worker-2-tc1/source/Cargo.toml
[INFO] crate crates.io crate rustyline 12.0.0 already has a lockfile, it will not be regenerated
[INFO] running `Command { std: CARGO_HOME="/workspace/cargo-home" RUSTUP_HOME="/workspace/rustup-home" "/workspace/cargo-home/bin/cargo" "+1.75.0" "fetch" "--manifest-path" "Cargo.toml", kill_on_drop: false }`
[INFO] [stderr]     Updating crates.io index
[INFO] [stderr]  Downloading crates ...
[INFO] [stderr]   Downloaded redox_syscall v0.3.5
[INFO] [stderr]   Downloaded unicode-ident v1.0.9
[INFO] [stderr]   Downloaded redox_syscall v0.2.16
[INFO] [stderr]   Downloaded thiserror v1.0.40
[INFO] [stderr]   Downloaded quote v1.0.28
[INFO] [stderr]   Downloaded windows_x86_64_gnullvm v0.48.0
[INFO] [stderr]   Downloaded error-code v2.3.1
[INFO] [stderr]   Downloaded rand v0.8.5
[INFO] [stderr]   Downloaded iana-time-zone v0.1.57
[INFO] [stderr]   Downloaded ppv-lite86 v0.2.17
[INFO] [stderr]   Downloaded android-tzdata v0.1.1
[INFO] [stderr]   Downloaded signal-hook v0.3.15
[INFO] [stderr]   Downloaded bitflags v2.3.2
[INFO] [stderr]   Downloaded smallvec v1.10.0
[INFO] [stderr]   Downloaded fd-lock v3.0.12
[INFO] [stderr]   Downloaded nix v0.26.2
[INFO] [stderr]   Downloaded windows-sys v0.48.0
[INFO] [stderr]   Downloaded libsqlite3-sys v0.26.0
[INFO] [stderr]   Downloaded timer v0.2.0
[INFO] [stderr]   Downloaded libc v0.2.146
[INFO] [stderr]   Downloaded windows_i686_gnu v0.48.0
[INFO] [stderr]   Downloaded windows_i686_msvc v0.48.0
[INFO] [stderr]   Downloaded windows v0.48.0
[INFO] [stderr]   Downloaded windows_aarch64_msvc v0.48.0
[INFO] [stderr]   Downloaded windows_x86_64_msvc v0.48.0
[INFO] [stderr]   Downloaded linux-raw-sys v0.3.8
[INFO] [stderr]   Downloaded windows_x86_64_gnu v0.48.0
[INFO] [stderr]   Downloaded tuikit v0.5.0
[INFO] [stderr]   Downloaded clipboard-win v4.5.0
[INFO] [stderr]   Downloaded static_assertions v1.1.0
[INFO] [stderr]   Downloaded endian-type v0.1.2
[INFO] [stderr]   Downloaded bumpalo v3.13.0
[INFO] [stderr]   Downloaded syn v2.0.20
[INFO] [stderr]   Downloaded rustix v0.37.20
[INFO] [stderr]   Downloaded windows_aarch64_gnullvm v0.48.0
[INFO] [stderr]   Downloaded nix v0.25.1
[INFO] [stderr]   Downloaded regex-syntax v0.7.2
[INFO] [stderr]   Downloaded fallible-iterator v0.2.0
[INFO] [stderr]   Downloaded ahash v0.8.3
[INFO] [stderr]   Downloaded crossbeam-queue v0.3.8
[INFO] [stderr]   Downloaded defer-drop v1.3.0
[INFO] [stderr]   Downloaded num_cpus v1.15.0
[INFO] [stderr]   Downloaded time v0.3.22
[INFO] [stderr]   Downloaded str-buf v1.0.6
[INFO] [stderr]   Downloaded env_logger v0.10.0
[INFO] [stderr]   Downloaded home v0.5.5
[INFO] [stderr]   Downloaded nibble_vec v0.1.0
[INFO] [stderr]   Downloaded radix_trie v0.2.1
[INFO] [stderr]   Downloaded signal-hook-registry v1.4.1
[INFO] [stderr]   Downloaded num-traits v0.2.15
[INFO] [stderr]   Downloaded wasm-bindgen-backend v0.2.87
[INFO] [stderr]   Downloaded wasm-bindgen-macro-support v0.2.87
[INFO] [stderr]   Downloaded getrandom v0.2.10
[INFO] [stderr]   Downloaded proc-macro2 v1.0.61
[INFO] [stderr]   Downloaded errno-dragonfly v0.1.2
[INFO] [stderr]   Downloaded android_system_properties v0.1.5
[INFO] [stderr]   Downloaded core-foundation-sys v0.8.4
[INFO] [stderr]   Downloaded wasm-bindgen-shared v0.2.87
[INFO] [stderr]   Downloaded log v0.4.19
[INFO] [stderr]   Downloaded wasi v0.11.0+wasi-snapshot-preview1
[INFO] [stderr]   Downloaded vte_generate_state_changes v0.1.1
[INFO] [stderr]   Downloaded hermit-abi v0.3.1
[INFO] [stderr]   Downloaded thiserror-impl v1.0.40
[INFO] [stderr]   Downloaded redox_users v0.4.3
[INFO] [stderr]   Downloaded windows-targets v0.48.0
[INFO] [stderr]   Downloaded rustversion v1.0.12
[INFO] [stderr]   Downloaded darling v0.14.4
[INFO] [stderr]   Downloaded thread_local v1.1.7
[INFO] [stderr]   Downloaded memoffset v0.6.5
[INFO] [stderr]   Downloaded allocator-api2 v0.2.15
[INFO] [stderr]   Downloaded rusqlite v0.29.0
[INFO] [stderr]   Downloaded rustyline-derive v0.9.0
[INFO] [stderr]   Downloaded beef v0.5.2
[INFO] [stderr]   Downloaded ident_case v1.0.1
[INFO] [stderr]   Downloaded darling_macro v0.14.4
[INFO] [stderr]   Downloaded memoffset v0.9.0
[INFO] [stderr]   Downloaded crossbeam-epoch v0.9.15
[INFO] [stderr]   Downloaded crossbeam-deque v0.8.3
[INFO] [stderr]   Downloaded regex v1.8.4
[INFO] [stderr]   Downloaded time v0.1.45
[INFO] [stderr]   Downloaded once_cell v1.18.0
[INFO] [stderr]   Downloaded skim v0.10.4
[INFO] [stderr]   Downloaded io-lifetimes v1.0.11
[INFO] [stderr]   Downloaded hashbrown v0.14.0
[INFO] [stderr]   Downloaded fuzzy-matcher v0.3.7
[INFO] [stderr]   Downloaded darling_core v0.14.4
[INFO] [stderr]   Downloaded fastrand v1.9.0
[INFO] [stderr]   Downloaded arrayvec v0.7.4
[INFO] [stderr]   Downloaded term v0.7.0
[INFO] [stderr]   Downloaded unicode-width v0.1.10
[INFO] [stderr]   Downloaded tempfile v3.6.0
[INFO] [stderr]   Downloaded chrono v0.4.26
[INFO] [stderr]   Downloaded cc v1.0.79
[INFO] [stderr]   Downloaded errno v0.3.1
[INFO] [stderr]   Downloaded utf8parse v0.2.1
[INFO] [stderr]   Downloaded vte v0.11.1
[INFO] [stderr]   Downloaded unicode-segmentation v1.10.1
[INFO] [stderr]   Downloaded either v1.8.1
[INFO] [stderr]   Downloaded scopeguard v1.1.0
[INFO] [stderr]   Downloaded rayon-core v1.11.0
[INFO] [stderr]   Downloaded aho-corasick v1.0.2
[INFO] [stderr]   Downloaded memchr v2.5.0
[INFO] [stderr]   Downloaded js-sys v0.3.64
[INFO] [stderr]   Downloaded rand_core v0.6.4
[INFO] [stderr]   Downloaded fallible-streaming-iterator v0.1.9
[INFO] [stderr]   Downloaded hashlink v0.8.3
[INFO] [stderr]   Downloaded pkg-config v0.3.27
[INFO] [stderr]   Downloaded crossbeam v0.8.2
[INFO] [stderr]   Downloaded derive_builder_core v0.11.2
[INFO] [stderr]   Downloaded derive_builder_macro v0.11.2
[INFO] [stderr]   Downloaded derive_builder v0.11.2
[INFO] [stderr]   Downloaded crossbeam-channel v0.5.8
[INFO] [stderr]   Downloaded crossbeam-utils v0.8.16
[INFO] [stderr]   Downloaded hermit-abi v0.2.6
[INFO] [stderr]   Downloaded rayon v1.7.0
[INFO] [stderr]   Downloaded assert_matches v1.5.0
[INFO] [stderr]   Downloaded serde v1.0.164
[INFO] [stderr]   Downloaded time-core v0.1.1
[INFO] [stderr]   Downloaded iana-time-zone-haiku v0.1.2
[INFO] [stderr]   Downloaded wasm-bindgen-macro v0.2.87
[INFO] [stderr]   Downloaded wasm-bindgen v0.2.87
[INFO] [stderr]   Downloaded nix v0.24.3
[INFO] running `Command { std: "docker" "create" "-v" "/var/lib/crater-agent-workspace/builds/worker-2-tc1/target:/opt/rustwide/target:rw,Z" "-v" "/var/lib/crater-agent-workspace/builds/worker-2-tc1/source:/opt/rustwide/workdir:ro,Z" "-v" "/var/lib/crater-agent-workspace/cargo-home:/opt/rustwide/cargo-home:ro,Z" "-v" "/var/lib/crater-agent-workspace/rustup-home:/opt/rustwide/rustup-home:ro,Z" "-e" "SOURCE_DIR=/opt/rustwide/workdir" "-e" "CARGO_TARGET_DIR=/opt/rustwide/target" "-e" "CARGO_HOME=/opt/rustwide/cargo-home" "-e" "RUSTUP_HOME=/opt/rustwide/rustup-home" "-w" "/opt/rustwide/workdir" "-m" "1610612736" "--user" "0:0" "--network" "none" "ghcr.io/rust-lang/crates-build-env/linux@sha256:2788e3201cd34a07e3172128adcd8b3090168a8e3bcc40d7c032b9dda1df7d1c" "/opt/rustwide/cargo-home/bin/cargo" "+1.75.0" "metadata" "--no-deps" "--format-version=1", kill_on_drop: false }`
[INFO] [stdout] 0eebb8b0d4f4799ad8d297d7a5477e72e6e76e7f3e90cd97f04885abac411b59
[INFO] running `Command { std: "docker" "start" "-a" "0eebb8b0d4f4799ad8d297d7a5477e72e6e76e7f3e90cd97f04885abac411b59", kill_on_drop: false }`
[INFO] running `Command { std: "docker" "inspect" "0eebb8b0d4f4799ad8d297d7a5477e72e6e76e7f3e90cd97f04885abac411b59", kill_on_drop: false }`
[INFO] running `Command { std: "docker" "rm" "-f" "0eebb8b0d4f4799ad8d297d7a5477e72e6e76e7f3e90cd97f04885abac411b59", kill_on_drop: false }`
[INFO] [stdout] 0eebb8b0d4f4799ad8d297d7a5477e72e6e76e7f3e90cd97f04885abac411b59
[INFO] running `Command { std: "docker" "create" "-v" "/var/lib/crater-agent-workspace/builds/worker-2-tc1/target:/opt/rustwide/target:rw,Z" "-v" "/var/lib/crater-agent-workspace/builds/worker-2-tc1/source:/opt/rustwide/workdir:ro,Z" "-v" "/var/lib/crater-agent-workspace/cargo-home:/opt/rustwide/cargo-home:ro,Z" "-v" "/var/lib/crater-agent-workspace/rustup-home:/opt/rustwide/rustup-home:ro,Z" "-e" "SOURCE_DIR=/opt/rustwide/workdir" "-e" "CARGO_TARGET_DIR=/opt/rustwide/target" "-e" "CARGO_INCREMENTAL=0" "-e" "RUST_BACKTRACE=full" "-e" "RUSTFLAGS=--cap-lints=warn" "-e" "RUSTDOCFLAGS=--cap-lints=warn" "-e" "CARGO_HOME=/opt/rustwide/cargo-home" "-e" "RUSTUP_HOME=/opt/rustwide/rustup-home" "-w" "/opt/rustwide/workdir" "-m" "1610612736" "--user" "0:0" "--network" "none" "ghcr.io/rust-lang/crates-build-env/linux@sha256:2788e3201cd34a07e3172128adcd8b3090168a8e3bcc40d7c032b9dda1df7d1c" "/opt/rustwide/cargo-home/bin/cargo" "+1.75.0" "build" "--frozen" "--message-format=json", kill_on_drop: false }`
[INFO] [stdout] bf6fc451edd17c623d33b6c9967bf1be70815c316c924ac68d0e0e9e7357f144
[INFO] running `Command { std: "docker" "start" "-a" "bf6fc451edd17c623d33b6c9967bf1be70815c316c924ac68d0e0e9e7357f144", kill_on_drop: false }`
[INFO] [stderr]    Compiling libc v0.2.146
[INFO] [stderr]    Compiling io-lifetimes v1.0.11
[INFO] [stderr]    Compiling rustix v0.37.20
[INFO] [stderr]    Compiling bitflags v1.3.2
[INFO] [stderr]    Compiling linux-raw-sys v0.3.8
[INFO] [stderr]    Compiling cfg-if v1.0.0
[INFO] [stderr]    Compiling smallvec v1.10.0
[INFO] [stderr]    Compiling memchr v2.5.0
[INFO] [stderr]    Compiling static_assertions v1.1.0
[INFO] [stderr]    Compiling endian-type v0.1.2
[INFO] [stderr]    Compiling unicode-width v0.1.10
[INFO] [stderr]    Compiling unicode-segmentation v1.10.1
[INFO] [stderr]    Compiling log v0.4.19
[INFO] [stderr]    Compiling home v0.5.5
[INFO] [stderr]    Compiling bitflags v2.3.2
[INFO] [stderr]    Compiling utf8parse v0.2.1
[INFO] [stderr]    Compiling nibble_vec v0.1.0
[INFO] [stderr]    Compiling radix_trie v0.2.1
[INFO] [stderr]    Compiling nix v0.26.2
[INFO] [stderr]    Compiling fd-lock v3.0.12
[INFO] [stderr]    Compiling rustyline v12.0.0 (/opt/rustwide/workdir)
[INFO] [stderr]     Finished dev [unoptimized + debuginfo] target(s) in 9.25s
[INFO] running `Command { std: "docker" "inspect" "bf6fc451edd17c623d33b6c9967bf1be70815c316c924ac68d0e0e9e7357f144", kill_on_drop: false }`
[INFO] running `Command { std: "docker" "rm" "-f" "bf6fc451edd17c623d33b6c9967bf1be70815c316c924ac68d0e0e9e7357f144", kill_on_drop: false }`
[INFO] [stdout] bf6fc451edd17c623d33b6c9967bf1be70815c316c924ac68d0e0e9e7357f144
[INFO] running `Command { std: "docker" "create" "-v" "/var/lib/crater-agent-workspace/builds/worker-2-tc1/target:/opt/rustwide/target:rw,Z" "-v" "/var/lib/crater-agent-workspace/builds/worker-2-tc1/source:/opt/rustwide/workdir:ro,Z" "-v" "/var/lib/crater-agent-workspace/cargo-home:/opt/rustwide/cargo-home:ro,Z" "-v" "/var/lib/crater-agent-workspace/rustup-home:/opt/rustwide/rustup-home:ro,Z" "-e" "SOURCE_DIR=/opt/rustwide/workdir" "-e" "CARGO_TARGET_DIR=/opt/rustwide/target" "-e" "CARGO_INCREMENTAL=0" "-e" "RUST_BACKTRACE=full" "-e" "RUSTFLAGS=--cap-lints=warn" "-e" "RUSTDOCFLAGS=--cap-lints=warn" "-e" "CARGO_HOME=/opt/rustwide/cargo-home" "-e" "RUSTUP_HOME=/opt/rustwide/rustup-home" "-w" "/opt/rustwide/workdir" "-m" "1610612736" "--user" "0:0" "--network" "none" "ghcr.io/rust-lang/crates-build-env/linux@sha256:2788e3201cd34a07e3172128adcd8b3090168a8e3bcc40d7c032b9dda1df7d1c" "/opt/rustwide/cargo-home/bin/cargo" "+1.75.0" "test" "--frozen" "--no-run" "--message-format=json", kill_on_drop: false }`
[INFO] [stdout] 8ee692cc60981d9b116f266a302c66c04d127fd9afa75ec9a39c26d7b9816109
[INFO] running `Command { std: "docker" "start" "-a" "8ee692cc60981d9b116f266a302c66c04d127fd9afa75ec9a39c26d7b9816109", kill_on_drop: false }`
[INFO] [stderr]    Compiling autocfg v1.1.0
[INFO] [stderr]    Compiling ppv-lite86 v0.2.17
[INFO] [stderr]    Compiling doc-comment v0.3.3
[INFO] [stderr]    Compiling log v0.4.19
[INFO] [stderr]    Compiling fastrand v1.9.0
[INFO] [stderr]    Compiling getrandom v0.2.10
[INFO] [stderr]    Compiling assert_matches v1.5.0
[INFO] [stderr]    Compiling rand_core v0.6.4
[INFO] [stderr]    Compiling env_logger v0.10.0
[INFO] [stderr]    Compiling rustyline v12.0.0 (/opt/rustwide/workdir)
[INFO] [stderr]    Compiling tempfile v3.6.0
[INFO] [stderr]    Compiling rand_chacha v0.3.1
[INFO] [stderr]    Compiling rand v0.8.5
[INFO] [stdout] warning: unused import: `self::unix::*`
[INFO] [stdout]    --> src/tty/mod.rs:263:9
[INFO] [stdout]     |
[INFO] [stdout] 263 | pub use self::unix::*;
[INFO] [stdout]     |         ^^^^^^^^^^^^^
[INFO] [stdout]     |
[INFO] [stdout]     = note: `#[warn(unused_imports)]` on by default
[INFO] [stdout] 
[INFO] [stdout] 
[INFO] [stdout] warning: 1 warning emitted
[INFO] [stdout] 
[INFO] [stdout] 
[INFO] [stderr]     Finished test [unoptimized + debuginfo] target(s) in 9.02s
[INFO] running `Command { std: "docker" "inspect" "8ee692cc60981d9b116f266a302c66c04d127fd9afa75ec9a39c26d7b9816109", kill_on_drop: false }`
[INFO] running `Command { std: "docker" "rm" "-f" "8ee692cc60981d9b116f266a302c66c04d127fd9afa75ec9a39c26d7b9816109", kill_on_drop: false }`
[INFO] [stdout] 8ee692cc60981d9b116f266a302c66c04d127fd9afa75ec9a39c26d7b9816109
[INFO] running `Command { std: "docker" "create" "-v" "/var/lib/crater-agent-workspace/builds/worker-2-tc1/target:/opt/rustwide/target:rw,Z" "-v" "/var/lib/crater-agent-workspace/builds/worker-2-tc1/source:/opt/rustwide/workdir:ro,Z" "-v" "/var/lib/crater-agent-workspace/cargo-home:/opt/rustwide/cargo-home:ro,Z" "-v" "/var/lib/crater-agent-workspace/rustup-home:/opt/rustwide/rustup-home:ro,Z" "-e" "SOURCE_DIR=/opt/rustwide/workdir" "-e" "CARGO_TARGET_DIR=/opt/rustwide/target" "-e" "CARGO_INCREMENTAL=0" "-e" "RUST_BACKTRACE=full" "-e" "RUSTFLAGS=--cap-lints=warn" "-e" "RUSTDOCFLAGS=--cap-lints=warn" "-e" "CARGO_HOME=/opt/rustwide/cargo-home" "-e" "RUSTUP_HOME=/opt/rustwide/rustup-home" "-w" "/opt/rustwide/workdir" "-m" "1610612736" "--user" "0:0" "--network" "none" "ghcr.io/rust-lang/crates-build-env/linux@sha256:2788e3201cd34a07e3172128adcd8b3090168a8e3bcc40d7c032b9dda1df7d1c" "/opt/rustwide/cargo-home/bin/cargo" "+1.75.0" "test" "--frozen", kill_on_drop: false }`
[INFO] [stdout] 72de4ac991c590eec9268a0b72bb06dd30b4936737fd041c373fa60ef4ef901b
[INFO] running `Command { std: "docker" "start" "-a" "72de4ac991c590eec9268a0b72bb06dd30b4936737fd041c373fa60ef4ef901b", kill_on_drop: false }`
[INFO] [stderr] warning: unused import: `self::unix::*`
[INFO] [stderr]    --> src/tty/mod.rs:263:9
[INFO] [stderr]     |
[INFO] [stderr] 263 | pub use self::unix::*;
[INFO] [stderr]     |         ^^^^^^^^^^^^^
[INFO] [stderr]     |
[INFO] [stderr]     = note: `#[warn(unused_imports)]` on by default
[INFO] [stderr] 
[INFO] [stderr] warning: `rustyline` (lib test) generated 1 warning (run `cargo fix --lib -p rustyline --tests` to apply 1 suggestion)
[INFO] [stderr]     Finished test [unoptimized + debuginfo] target(s) in 0.07s
[INFO] [stderr]      Running unittests src/lib.rs (/opt/rustwide/target/debug/deps/rustyline-d35df35ec6d07427)
[INFO] [stdout] 
[INFO] [stdout] running 178 tests
[INFO] [stdout] test highlight::tests::matching_bracket ... ok
[INFO] [stdout] test completion::tests::find_unclosed_quote ... ok
[INFO] [stdout] test completion::tests::longest_common_prefix ... ok
[INFO] [stdout] test completion::tests::unescape ... ok
[INFO] [stdout] test highlight::tests::check_bracket ... ok
[INFO] [stdout] test highlight::tests::find_matching_bracket ... ok
[INFO] [stdout] test highlight::tests::is_open_bracket ... ok
[INFO] [stdout] test binding::test::no_collision ... ok
[INFO] [stdout] test completion::tests::escape ... ok
[INFO] [stdout] test binding::test::size_of_event ... ok
[INFO] [stdout] test binding::test::encode ... ok
[INFO] [stdout] test hint::test::empty_history ... ok
[INFO] [stdout] test history::tests::add ... ok
[INFO] [stdout] test history::tests::new ... ok
[INFO] [stdout] test edit::test::edit_history_next ... ok
[INFO] [stdout] test completion::tests::extract_word ... ok
[INFO] [stdout] test history::tests::save ... ok
[INFO] [stdout] test history::tests::append ... ok
[INFO] [stdout] test history::tests::truncate ... ok
[INFO] [stdout] test history::tests::search ... ok
[INFO] [stdout] test history::tests::set_max_len ... ok
[INFO] [stdout] test history::tests::reverse_search ... ok
[INFO] [stdout] test keys::tests::from ... ok
[INFO] [stdout] test kill_ring::tests::disabled ... ok
[INFO] [stdout] test kill_ring::tests::kill_append ... ok
[INFO] [stdout] test kill_ring::tests::kill_backward ... ok
[INFO] [stdout] test history::tests::load_legacy ... ok
[INFO] [stdout] test kill_ring::tests::yank ... ok
[INFO] [stdout] test kill_ring::tests::one_kill ... ok
[INFO] [stdout] test kill_ring::tests::yank_pop ... ok
[INFO] [stdout] test history::tests::save_windows_path ... ok
[INFO] [stdout] test line_buffer::test::delete ... ok
[INFO] [stdout] test line_buffer::test::delete_til_start_of_word ... ok
[INFO] [stdout] test kill_ring::tests::kill_other_kill ... ok
[INFO] [stdout] test keys::tests::normalize ... ok
[INFO] [stdout] test kill_ring::tests::many_kill ... ok
[INFO] [stdout] test keys::tests::new ... ok
[INFO] [stdout] test line_buffer::test::delete_to_backward ... ok
[INFO] [stdout] test line_buffer::test::delete_word ... ok
[INFO] [stdout] test line_buffer::test::edit_word ... ok
[INFO] [stdout] test line_buffer::test::kill ... ok
[INFO] [stdout] test line_buffer::test::kill_multiline ... ok
[INFO] [stdout] test line_buffer::test::move_buffer_multiline ... ok
[INFO] [stdout] test line_buffer::test::move_by_line ... ok
[INFO] [stdout] test line_buffer::test::move_grapheme ... ok
[INFO] [stdout] test line_buffer::test::delete_prev_word ... ok
[INFO] [stdout] test line_buffer::test::discard_multiline ... ok
[INFO] [stdout] test line_buffer::test::insert ... ok
[INFO] [stdout] test line_buffer::test::move_home_end_multiline ... ok
[INFO] [stdout] test line_buffer::test::move_to_backward ... ok
[INFO] [stdout] test line_buffer::test::move_to_end_of_big_word ... ok
[INFO] [stdout] test line_buffer::test::move_to_end_of_vi_word ... ok
[INFO] [stdout] test line_buffer::test::move_to_end_of_word ... ok
[INFO] [stdout] test line_buffer::test::move_to_forward ... ok
[INFO] [stdout] test line_buffer::test::move_to_next_word ... ok
[INFO] [stdout] test line_buffer::test::move_to_prev_big_word ... ok
[INFO] [stdout] test line_buffer::test::move_to_prev_vi_word ... ok
[INFO] [stdout] test line_buffer::test::move_to_prev_word ... ok
[INFO] [stdout] test line_buffer::test::move_to_start_of_word ... ok
[INFO] [stdout] test line_buffer::test::move_to_start_of_big_word ... ok
[INFO] [stdout] test line_buffer::test::moves ... ok
[INFO] [stdout] test line_buffer::test::test_send ... ok
[INFO] [stdout] test line_buffer::test::test_sync ... ok
[INFO] [stdout] test line_buffer::test::next_pos ... ok
[INFO] [stdout] test line_buffer::test::transpose ... ok
[INFO] [stdout] test line_buffer::test::yank_after ... ok
[INFO] [stdout] test line_buffer::test::delete_to_forward ... ok
[INFO] [stdout] test line_buffer::test::transpose_words ... ok
[INFO] [stdout] test line_buffer::test::move_to_start_of_vi_word ... ok
[INFO] [stdout] test line_buffer::test::yank_before ... ok
[INFO] [stdout] test test::common::ctrl_t ... ok
[INFO] [stdout] test test::common::ctrl_w ... ok
[INFO] [stdout] test line_buffer::test::prev_pos ... ok
[INFO] [stdout] test test::common::ctrl_u ... ok
[INFO] [stdout] test test::common::ctrl__ ... ok
[INFO] [stdout] test test::common::ctrl_y ... ok
[INFO] [stdout] test test::common::end_key ... ok
[INFO] [stdout] test test::common::enter_key ... ok
[INFO] [stdout] test test::common::ctrl_v ... ok
[INFO] [stdout] test test::common::delete_key ... ok
[INFO] [stdout] test test::common::eof_key ... ok
[INFO] [stdout] test test::common::home_key ... ok
[INFO] [stdout] test test::common::interrupt_key ... ok
[INFO] [stdout] test test::emacs::ctrl_b ... ok
[INFO] [stdout] test test::common::right_key ... ok
[INFO] [stdout] test test::common::left_key ... ok
[INFO] [stdout] test test::common::newline_key ... ok
[INFO] [stdout] test test::emacs::backspace ... ok
[INFO] [stdout] test test::emacs::ctrl_a ... ok
[INFO] [stdout] test test::complete_line ... ok
[INFO] [stdout] test test::emacs::ctrl_e ... ok
[INFO] [stdout] test test::emacs::ctrl_f ... ok
[INFO] [stdout] test test::emacs::meta_backspace ... ok
[INFO] [stdout] test test::emacs::meta_c ... ok
[INFO] [stdout] test test::emacs::ctrl_n ... ok
[INFO] [stdout] test test::emacs::ctrl_p ... ok
[INFO] [stdout] test test::emacs::meta_l ... ok
[INFO] [stdout] test test::emacs::meta_t ... ok
[INFO] [stdout] test test::history::ctrl_r ... ok
[INFO] [stdout] test test::emacs::meta_y ... ok
[INFO] [stdout] test test::history::ctrl_r_with_long_prompt ... ok
[INFO] [stdout] test test::history::meta_gt ... ok
[INFO] [stdout] test test::history::ctrl_s ... ok
[INFO] [stdout] test test::history::meta_lt ... ok
[INFO] [stdout] test test::history::down_key ... ok
[INFO] [stdout] test test::test_send ... ok
[INFO] [stdout] test test::test_sync ... ok
[INFO] [stdout] test test::vi_cmd::a ... ok
[INFO] [stdout] test test::vi_cmd::b ... ok
[INFO] [stdout] test test::unknown_esc_key ... ok
[INFO] [stdout] test test::vi_cmd::caret ... ok
[INFO] [stdout] test test::emacs::ctrl_t ... ok
[INFO] [stdout] test test::emacs::ctrl_k ... ok
[INFO] [stdout] test test::emacs::ctrl_h ... ok
[INFO] [stdout] test test::emacs::meta_b ... ok
[INFO] [stdout] test test::emacs::ctrl_u ... ok
[INFO] [stdout] test test::history::up_key ... ok
[INFO] [stdout] test test::emacs::meta_f ... ok
[INFO] [stdout] test test::vi_cmd::caret_no_whitespace ... ok
[INFO] [stdout] test test::emacs::meta_u ... ok
[INFO] [stdout] test test::emacs::ctrl_x_ctrl_u ... ok
[INFO] [stdout] test test::vi_cmd::ctrl_p ... ok
[INFO] [stdout] test test::emacs::meta_d ... ok
[INFO] [stdout] test test::emacs::meta_digit ... ok
[INFO] [stdout] test test::vi_cmd::ctrl_n ... ok
[INFO] [stdout] test test::test_apply_backspace_direct ... ok
[INFO] [stdout] test test::test_readline_direct ... ok
[INFO] [stdout] test test::vi_cmd::comma ... ok
[INFO] [stdout] test test::vi_cmd::ctrl_k ... ok
[INFO] [stdout] test test::vi_cmd::p ... ok
[INFO] [stdout] test test::vi_cmd::dedent ... ok
[INFO] [stdout] test test::vi_cmd::indent ... ok
[INFO] [stdout] test test::vi_cmd::s ... ok
[INFO] [stdout] test test::vi_cmd::dollar ... ok
[INFO] [stdout] test test::vi_cmd::k ... ok
[INFO] [stdout] test test::vi_cmd::l ... ok
[INFO] [stdout] test test::vi_cmd::dot ... ok
[INFO] [stdout] test test::vi_cmd::e ... ok
[INFO] [stdout] test test::vi_cmd::h ... ok
[INFO] [stdout] test test::vi_cmd::t ... ok
[INFO] [stdout] test test::vi_cmd::f ... ok
[INFO] [stdout] test test::vi_cmd::semi_colon ... ok
[INFO] [stdout] test test::vi_cmd::j ... ok
[INFO] [stdout] test test::vi_cmd::i ... ok
[INFO] [stdout] test test::vi_cmd::u ... ok
[INFO] [stdout] test test::vi_cmd::r ... ok
[INFO] [stdout] test test::vi_cmd::uppercase_s ... ok
[INFO] [stdout] test test::vi_cmd::uppercase_i ... ok
[INFO] [stdout] test test::vi_cmd::uppercase_p ... ok
[INFO] [stdout] test test::vi_cmd::uppercase_e ... ok
[INFO] [stdout] test test::vi_cmd::uppercase_x ... ok
[INFO] [stdout] test test::vi_cmd::w ... ok
[INFO] [stdout] test test::vi_insert::backspace ... ok
[INFO] [stdout] test test::vi_cmd::x ... ok
[INFO] [stdout] test test::vi_cmd::zero ... ok
[INFO] [stdout] test test::vi_cmd::uppercase_w ... ok
[INFO] [stdout] test test::vi_cmd::uppercase_a ... ok
[INFO] [stdout] test test::vi_cmd::uppercase_b ... ok
[INFO] [stdout] test test::vi_cmd::uppercase_c ... ok
[INFO] [stdout] test test::vi_cmd::uppercase_f ... ok
[INFO] [stdout] test tty::unix::test::prompt_with_ansi_escape_codes ... ignored
[INFO] [stdout] test test::vi_cmd::uppercase_t ... ok
[INFO] [stdout] test test::vi_insert::insert_mode_by_default ... ok
[INFO] [stdout] test undo::tests::test_backspace_chars ... ok
[INFO] [stdout] test tty::unix::test::test_send ... ok
[INFO] [stdout] test undo::tests::test_delete_chars ... ok
[INFO] [stdout] test undo::tests::test_end ... ok
[INFO] [stdout] test undo::tests::test_insert_chars ... ok
[INFO] [stdout] test undo::tests::test_last_insert ... ok
[INFO] [stdout] test test::vi_insert::ctrl_h ... ok
[INFO] [stdout] 
[K> aaaaaaaaaaaaaaaaaaaaaaaaaaaaaaaaaaaaaaaaaaaaaaaaaaaaaaaaaaaaaaaaaaaaaaaaaaaaaaa
[1Ctest tty::unix::test::test_line_wrap ... ok
[INFO] [stdout] test tty::unix::test::test_sync ... ok
[INFO] [stdout] test test::vi_insert::esc ... ok
[INFO] [stdout] test tty::unix::test::test_unsupported_term ... ok
[INFO] [stdout] test undo::tests::test_undo_insert ... ok
[INFO] [stdout] test undo::tests::test_undo_replace ... ok
[INFO] [stdout] test undo::tests::test_insert_strings ... ok
[INFO] [stdout] test undo::tests::test_undo_delete ... ok
[INFO] [stdout] 
[INFO] [stdout] test result: ok. 177 passed; 0 failed; 1 ignored; 0 measured; 0 filtered out; finished in 0.23s
[INFO] [stdout] 
[INFO] [stderr]    Doc-tests rustyline
[INFO] [stdout] 
[INFO] [stdout] running 3 tests
[INFO] [stdout] test src/lib.rs - Editor<H,I>::iter (line 871) ... ok
[INFO] [stdout] test src/lib.rs - (line 10) ... ok
[INFO] [stdout] test src/lib.rs - (line 1004) ... ok
[INFO] [stdout] 
[INFO] [stdout] test result: ok. 3 passed; 0 failed; 0 ignored; 0 measured; 0 filtered out; finished in 1.62s
[INFO] [stdout] 
[INFO] running `Command { std: "docker" "inspect" "72de4ac991c590eec9268a0b72bb06dd30b4936737fd041c373fa60ef4ef901b", kill_on_drop: false }`
[INFO] running `Command { std: "docker" "rm" "-f" "72de4ac991c590eec9268a0b72bb06dd30b4936737fd041c373fa60ef4ef901b", kill_on_drop: false }`
[INFO] [stdout] 72de4ac991c590eec9268a0b72bb06dd30b4936737fd041c373fa60ef4ef901b
[INFO] testing rustyline-12.0.0 against beta-2024-01-09 for beta-1.76-3
[INFO] extracting crate rustyline 12.0.0 into /workspace/builds/worker-2-tc2/source
[INFO] validating manifest of crates.io crate rustyline 12.0.0 on toolchain beta-2024-01-09
[INFO] running `Command { std: CARGO_HOME="/workspace/cargo-home" RUSTUP_HOME="/workspace/rustup-home" "/workspace/cargo-home/bin/cargo" "+beta-2024-01-09" "metadata" "--manifest-path" "Cargo.toml" "--no-deps", kill_on_drop: false }`
[INFO] started tweaking crates.io crate rustyline 12.0.0
[INFO] removed 0 missing examples
[INFO] finished tweaking crates.io crate rustyline 12.0.0
[INFO] tweaked toml for crates.io crate rustyline 12.0.0 written to /workspace/builds/worker-2-tc2/source/Cargo.toml
[INFO] crate crates.io crate rustyline 12.0.0 already has a lockfile, it will not be regenerated
[INFO] running `Command { std: CARGO_HOME="/workspace/cargo-home" RUSTUP_HOME="/workspace/rustup-home" "/workspace/cargo-home/bin/cargo" "+beta-2024-01-09" "fetch" "--manifest-path" "Cargo.toml", kill_on_drop: false }`
[INFO] running `Command { std: "docker" "create" "-v" "/var/lib/crater-agent-workspace/builds/worker-2-tc2/target:/opt/rustwide/target:rw,Z" "-v" "/var/lib/crater-agent-workspace/builds/worker-2-tc2/source:/opt/rustwide/workdir:ro,Z" "-v" "/var/lib/crater-agent-workspace/cargo-home:/opt/rustwide/cargo-home:ro,Z" "-v" "/var/lib/crater-agent-workspace/rustup-home:/opt/rustwide/rustup-home:ro,Z" "-e" "SOURCE_DIR=/opt/rustwide/workdir" "-e" "CARGO_TARGET_DIR=/opt/rustwide/target" "-e" "CARGO_HOME=/opt/rustwide/cargo-home" "-e" "RUSTUP_HOME=/opt/rustwide/rustup-home" "-w" "/opt/rustwide/workdir" "-m" "1610612736" "--user" "0:0" "--network" "none" "ghcr.io/rust-lang/crates-build-env/linux@sha256:2788e3201cd34a07e3172128adcd8b3090168a8e3bcc40d7c032b9dda1df7d1c" "/opt/rustwide/cargo-home/bin/cargo" "+beta-2024-01-09" "metadata" "--no-deps" "--format-version=1", kill_on_drop: false }`
[INFO] [stdout] 50069564ed2493e1bd92c6061880b3ae29d644d5df2ceb714bd116f19ff189b2
[INFO] running `Command { std: "docker" "start" "-a" "50069564ed2493e1bd92c6061880b3ae29d644d5df2ceb714bd116f19ff189b2", kill_on_drop: false }`
[INFO] running `Command { std: "docker" "inspect" "50069564ed2493e1bd92c6061880b3ae29d644d5df2ceb714bd116f19ff189b2", kill_on_drop: false }`
[INFO] running `Command { std: "docker" "rm" "-f" "50069564ed2493e1bd92c6061880b3ae29d644d5df2ceb714bd116f19ff189b2", kill_on_drop: false }`
[INFO] [stdout] 50069564ed2493e1bd92c6061880b3ae29d644d5df2ceb714bd116f19ff189b2
[INFO] running `Command { std: "docker" "create" "-v" "/var/lib/crater-agent-workspace/builds/worker-2-tc2/target:/opt/rustwide/target:rw,Z" "-v" "/var/lib/crater-agent-workspace/builds/worker-2-tc2/source:/opt/rustwide/workdir:ro,Z" "-v" "/var/lib/crater-agent-workspace/cargo-home:/opt/rustwide/cargo-home:ro,Z" "-v" "/var/lib/crater-agent-workspace/rustup-home:/opt/rustwide/rustup-home:ro,Z" "-e" "SOURCE_DIR=/opt/rustwide/workdir" "-e" "CARGO_TARGET_DIR=/opt/rustwide/target" "-e" "CARGO_INCREMENTAL=0" "-e" "RUST_BACKTRACE=full" "-e" "RUSTFLAGS=--cap-lints=warn" "-e" "RUSTDOCFLAGS=--cap-lints=warn" "-e" "CARGO_HOME=/opt/rustwide/cargo-home" "-e" "RUSTUP_HOME=/opt/rustwide/rustup-home" "-w" "/opt/rustwide/workdir" "-m" "1610612736" "--user" "0:0" "--network" "none" "ghcr.io/rust-lang/crates-build-env/linux@sha256:2788e3201cd34a07e3172128adcd8b3090168a8e3bcc40d7c032b9dda1df7d1c" "/opt/rustwide/cargo-home/bin/cargo" "+beta-2024-01-09" "build" "--frozen" "--message-format=json", kill_on_drop: false }`
[INFO] [stdout] 4c9de4f7c581f503cfa8db6fab5578524d65e48024014631e04f6ce6ecd8976c
[INFO] running `Command { std: "docker" "start" "-a" "4c9de4f7c581f503cfa8db6fab5578524d65e48024014631e04f6ce6ecd8976c", kill_on_drop: false }`
[INFO] [stderr]    Compiling libc v0.2.146
[INFO] [stderr]    Compiling io-lifetimes v1.0.11
[INFO] [stderr]    Compiling rustix v0.37.20
[INFO] [stderr]    Compiling bitflags v1.3.2
[INFO] [stderr]    Compiling smallvec v1.10.0
[INFO] [stderr]    Compiling cfg-if v1.0.0
[INFO] [stderr]    Compiling memchr v2.5.0
[INFO] [stderr]    Compiling linux-raw-sys v0.3.8
[INFO] [stderr]    Compiling endian-type v0.1.2
[INFO] [stderr]    Compiling static_assertions v1.1.0
[INFO] [stderr]    Compiling unicode-segmentation v1.10.1
[INFO] [stderr]    Compiling home v0.5.5
[INFO] [stderr]    Compiling log v0.4.19
[INFO] [stderr]    Compiling utf8parse v0.2.1
[INFO] [stderr]    Compiling unicode-width v0.1.10
[INFO] [stderr]    Compiling bitflags v2.3.2
[INFO] [stderr]    Compiling nibble_vec v0.1.0
[INFO] [stderr]    Compiling radix_trie v0.2.1
[INFO] [stderr]    Compiling nix v0.26.2
[INFO] [stderr]    Compiling fd-lock v3.0.12
[INFO] [stderr]    Compiling rustyline v12.0.0 (/opt/rustwide/workdir)
[INFO] [stderr]     Finished dev [unoptimized + debuginfo] target(s) in 6.92s
[INFO] running `Command { std: "docker" "inspect" "4c9de4f7c581f503cfa8db6fab5578524d65e48024014631e04f6ce6ecd8976c", kill_on_drop: false }`
[INFO] running `Command { std: "docker" "rm" "-f" "4c9de4f7c581f503cfa8db6fab5578524d65e48024014631e04f6ce6ecd8976c", kill_on_drop: false }`
[INFO] [stdout] 4c9de4f7c581f503cfa8db6fab5578524d65e48024014631e04f6ce6ecd8976c
[INFO] running `Command { std: "docker" "create" "-v" "/var/lib/crater-agent-workspace/builds/worker-2-tc2/target:/opt/rustwide/target:rw,Z" "-v" "/var/lib/crater-agent-workspace/builds/worker-2-tc2/source:/opt/rustwide/workdir:ro,Z" "-v" "/var/lib/crater-agent-workspace/cargo-home:/opt/rustwide/cargo-home:ro,Z" "-v" "/var/lib/crater-agent-workspace/rustup-home:/opt/rustwide/rustup-home:ro,Z" "-e" "SOURCE_DIR=/opt/rustwide/workdir" "-e" "CARGO_TARGET_DIR=/opt/rustwide/target" "-e" "CARGO_INCREMENTAL=0" "-e" "RUST_BACKTRACE=full" "-e" "RUSTFLAGS=--cap-lints=warn" "-e" "RUSTDOCFLAGS=--cap-lints=warn" "-e" "CARGO_HOME=/opt/rustwide/cargo-home" "-e" "RUSTUP_HOME=/opt/rustwide/rustup-home" "-w" "/opt/rustwide/workdir" "-m" "1610612736" "--user" "0:0" "--network" "none" "ghcr.io/rust-lang/crates-build-env/linux@sha256:2788e3201cd34a07e3172128adcd8b3090168a8e3bcc40d7c032b9dda1df7d1c" "/opt/rustwide/cargo-home/bin/cargo" "+beta-2024-01-09" "test" "--frozen" "--no-run" "--message-format=json", kill_on_drop: false }`
[INFO] [stdout] a150ac54b188a3d039fe3d8bfa9f68da53f179641ad54592d1604c95464b4d89
[INFO] running `Command { std: "docker" "start" "-a" "a150ac54b188a3d039fe3d8bfa9f68da53f179641ad54592d1604c95464b4d89", kill_on_drop: false }`
[INFO] [stderr]    Compiling autocfg v1.1.0
[INFO] [stderr]    Compiling ppv-lite86 v0.2.17
[INFO] [stderr]    Compiling doc-comment v0.3.3
[INFO] [stderr]    Compiling log v0.4.19
[INFO] [stderr]    Compiling fastrand v1.9.0
[INFO] [stderr]    Compiling assert_matches v1.5.0
[INFO] [stderr]    Compiling getrandom v0.2.10
[INFO] [stderr]    Compiling rand_core v0.6.4
[INFO] [stderr]    Compiling env_logger v0.10.0
[INFO] [stderr]    Compiling rustyline v12.0.0 (/opt/rustwide/workdir)
[INFO] [stderr]    Compiling tempfile v3.6.0
[INFO] [stderr]    Compiling rand_chacha v0.3.1
[INFO] [stderr]    Compiling rand v0.8.5
[INFO] [stdout] warning: unused import: `self::unix::*`
[INFO] [stdout]    --> src/tty/mod.rs:263:9
[INFO] [stdout]     |
[INFO] [stdout] 263 | pub use self::unix::*;
[INFO] [stdout]     |         ^^^^^^^^^^^^^
[INFO] [stdout]     |
[INFO] [stdout]     = note: `#[warn(unused_imports)]` on by default
[INFO] [stdout] 
[INFO] [stdout] 
[INFO] [stdout] warning: 1 warning emitted
[INFO] [stdout] 
[INFO] [stdout] 
[INFO] [stderr]     Finished test [unoptimized + debuginfo] target(s) in 5.01s
[INFO] running `Command { std: "docker" "inspect" "a150ac54b188a3d039fe3d8bfa9f68da53f179641ad54592d1604c95464b4d89", kill_on_drop: false }`
[INFO] running `Command { std: "docker" "rm" "-f" "a150ac54b188a3d039fe3d8bfa9f68da53f179641ad54592d1604c95464b4d89", kill_on_drop: false }`
[INFO] [stdout] a150ac54b188a3d039fe3d8bfa9f68da53f179641ad54592d1604c95464b4d89
[INFO] running `Command { std: "docker" "create" "-v" "/var/lib/crater-agent-workspace/builds/worker-2-tc2/target:/opt/rustwide/target:rw,Z" "-v" "/var/lib/crater-agent-workspace/builds/worker-2-tc2/source:/opt/rustwide/workdir:ro,Z" "-v" "/var/lib/crater-agent-workspace/cargo-home:/opt/rustwide/cargo-home:ro,Z" "-v" "/var/lib/crater-agent-workspace/rustup-home:/opt/rustwide/rustup-home:ro,Z" "-e" "SOURCE_DIR=/opt/rustwide/workdir" "-e" "CARGO_TARGET_DIR=/opt/rustwide/target" "-e" "CARGO_INCREMENTAL=0" "-e" "RUST_BACKTRACE=full" "-e" "RUSTFLAGS=--cap-lints=warn" "-e" "RUSTDOCFLAGS=--cap-lints=warn" "-e" "CARGO_HOME=/opt/rustwide/cargo-home" "-e" "RUSTUP_HOME=/opt/rustwide/rustup-home" "-w" "/opt/rustwide/workdir" "-m" "1610612736" "--user" "0:0" "--network" "none" "ghcr.io/rust-lang/crates-build-env/linux@sha256:2788e3201cd34a07e3172128adcd8b3090168a8e3bcc40d7c032b9dda1df7d1c" "/opt/rustwide/cargo-home/bin/cargo" "+beta-2024-01-09" "test" "--frozen", kill_on_drop: false }`
[INFO] [stdout] a90ff31785de3f7439a7a3fec593efb8f71cd37961f332881c30dc5c0a656c8c
[INFO] running `Command { std: "docker" "start" "-a" "a90ff31785de3f7439a7a3fec593efb8f71cd37961f332881c30dc5c0a656c8c", kill_on_drop: false }`
[INFO] [stderr] warning: unused import: `self::unix::*`
[INFO] [stdout] 
[INFO] [stderr]    --> src/tty/mod.rs:263:9
[INFO] [stdout] running 178 tests
[INFO] [stderr]     |
[INFO] [stderr] 263 | pub use self::unix::*;
[INFO] [stderr]     |         ^^^^^^^^^^^^^
[INFO] [stderr]     |
[INFO] [stderr]     = note: `#[warn(unused_imports)]` on by default
[INFO] [stderr] 
[INFO] [stderr] warning: `rustyline` (lib test) generated 1 warning (run `cargo fix --lib -p rustyline --tests` to apply 1 suggestion)
[INFO] [stderr]     Finished test [unoptimized + debuginfo] target(s) in 0.08s
[INFO] [stderr]      Running unittests src/lib.rs (/opt/rustwide/target/debug/deps/rustyline-494eed1ec77a3822)
[INFO] [stdout] test completion::tests::find_unclosed_quote ... ok
[INFO] [stdout] test completion::tests::escape ... ok
[INFO] [stdout] test completion::tests::extract_word ... ok
[INFO] [stdout] test binding::test::encode ... ok
[INFO] [stdout] test highlight::tests::is_open_bracket ... ok
[INFO] [stdout] test completion::tests::unescape ... ok
[INFO] [stdout] test highlight::tests::matching_bracket ... ok
[INFO] [stdout] test edit::test::edit_history_next ... ok
[INFO] [stdout] test highlight::tests::check_bracket ... ok
[INFO] [stdout] test completion::tests::longest_common_prefix ... ok
[INFO] [stdout] test highlight::tests::find_matching_bracket ... ok
[INFO] [stdout] test history::tests::reverse_search ... ok
[INFO] [stdout] test history::tests::search ... ok
[INFO] [stdout] test history::tests::set_max_len ... ok
[INFO] [stdout] test history::tests::add ... ok
[INFO] [stdout] test keys::tests::from ... ok
[INFO] [stdout] test keys::tests::new ... ok
[INFO] [stdout] test hint::test::empty_history ... ok
[INFO] [stdout] test history::tests::save_windows_path ... ok
[INFO] [stdout] test binding::test::no_collision ... ok
[INFO] [stdout] test keys::tests::normalize ... ok
[INFO] [stdout] test kill_ring::tests::disabled ... ok
[INFO] [stdout] test kill_ring::tests::yank ... ok
[INFO] [stdout] test kill_ring::tests::yank_pop ... ok
[INFO] [stdout] test line_buffer::test::delete ... ok
[INFO] [stdout] test line_buffer::test::delete_to_backward ... ok
[INFO] [stdout] test line_buffer::test::delete_prev_word ... ok
[INFO] [stdout] test kill_ring::tests::many_kill ... ok
[INFO] [stdout] test kill_ring::tests::one_kill ... ok
[INFO] [stdout] test line_buffer::test::delete_til_start_of_word ... ok
[INFO] [stdout] test history::tests::new ... ok
[INFO] [stdout] test kill_ring::tests::kill_append ... ok
[INFO] [stdout] test line_buffer::test::delete_to_forward ... ok
[INFO] [stdout] test line_buffer::test::discard_multiline ... ok
[INFO] [stdout] test line_buffer::test::edit_word ... ok
[INFO] [stdout] test line_buffer::test::kill ... ok
[INFO] [stdout] test line_buffer::test::insert ... ok
[INFO] [stdout] test kill_ring::tests::kill_backward ... ok
[INFO] [stdout] test line_buffer::test::move_buffer_multiline ... ok
[INFO] [stdout] test line_buffer::test::kill_multiline ... ok
[INFO] [stdout] test history::tests::save ... ok
[INFO] [stdout] test history::tests::load_legacy ... ok
[INFO] [stdout] test line_buffer::test::delete_word ... ok
[INFO] [stdout] test line_buffer::test::move_by_line ... ok
[INFO] [stdout] test kill_ring::tests::kill_other_kill ... ok
[INFO] [stdout] test line_buffer::test::move_to_end_of_big_word ... ok
[INFO] [stdout] test line_buffer::test::move_grapheme ... ok
[INFO] [stdout] test line_buffer::test::move_to_backward ... ok
[INFO] [stdout] test line_buffer::test::move_home_end_multiline ... ok
[INFO] [stdout] test history::tests::truncate ... ok
[INFO] [stdout] test line_buffer::test::move_to_end_of_vi_word ... ok
[INFO] [stdout] test history::tests::append ... ok
[INFO] [stdout] test line_buffer::test::move_to_prev_vi_word ... ok
[INFO] [stdout] test line_buffer::test::move_to_prev_big_word ... ok
[INFO] [stdout] test line_buffer::test::move_to_start_of_word ... ok
[INFO] [stdout] test line_buffer::test::move_to_prev_word ... ok
[INFO] [stdout] test line_buffer::test::moves ... ok
[INFO] [stdout] test line_buffer::test::move_to_start_of_vi_word ... ok
[INFO] [stdout] test line_buffer::test::move_to_end_of_word ... ok
[INFO] [stdout] test line_buffer::test::move_to_next_word ... ok
[INFO] [stdout] test line_buffer::test::move_to_start_of_big_word ... ok
[INFO] [stdout] test line_buffer::test::move_to_forward ... ok
[INFO] [stdout] test line_buffer::test::prev_pos ... ok
[INFO] [stdout] test line_buffer::test::next_pos ... ok
[INFO] [stdout] test line_buffer::test::test_send ... ok
[INFO] [stdout] test line_buffer::test::test_sync ... ok
[INFO] [stdout] test test::common::ctrl__ ... ok
[INFO] [stdout] test test::common::ctrl_u ... ok
[INFO] [stdout] test test::common::ctrl_v ... ok
[INFO] [stdout] test test::common::end_key ... ok
[INFO] [stdout] test line_buffer::test::transpose ... ok
[INFO] [stdout] test test::common::enter_key ... ok
[INFO] [stdout] test test::common::interrupt_key ... ok
[INFO] [stdout] test test::common::ctrl_y ... ok
[INFO] [stdout] test test::emacs::ctrl_a ... ok
[INFO] [stdout] test test::common::newline_key ... ok
[INFO] [stdout] test test::common::ctrl_w ... ok
[INFO] [stdout] test test::emacs::ctrl_b ... ok
[INFO] [stdout] test test::complete_line ... ok
[INFO] [stdout] test test::common::left_key ... ok
[INFO] [stdout] test line_buffer::test::yank_before ... ok
[INFO] [stdout] test test::common::right_key ... ok
[INFO] [stdout] test test::common::delete_key ... ok
[INFO] [stdout] test test::common::eof_key ... ok
[INFO] [stdout] test test::emacs::ctrl_k ... ok
[INFO] [stdout] test test::emacs::ctrl_e ... ok
[INFO] [stdout] test test::emacs::ctrl_f ... ok
[INFO] [stdout] test test::emacs::ctrl_h ... ok
[INFO] [stdout] test line_buffer::test::yank_after ... ok
[INFO] [stdout] test test::emacs::backspace ... ok
[INFO] [stdout] test test::common::ctrl_t ... ok
[INFO] [stdout] test test::common::home_key ... ok
[INFO] [stdout] test line_buffer::test::transpose_words ... ok
[INFO] [stdout] test test::emacs::ctrl_t ... ok
[INFO] [stdout] test test::emacs::meta_c ... ok
[INFO] [stdout] test test::emacs::meta_y ... ok
[INFO] [stdout] test test::emacs::meta_u ... ok
[INFO] [stdout] test test::emacs::meta_t ... ok
[INFO] [stdout] test test::emacs::ctrl_x_ctrl_u ... ok
[INFO] [stdout] test test::emacs::meta_digit ... ok
[INFO] [stdout] test test::emacs::meta_b ... ok
[INFO] [stdout] test test::emacs::meta_backspace ... ok
[INFO] [stdout] test test::emacs::meta_f ... ok
[INFO] [stdout] test test::emacs::meta_l ... ok
[INFO] [stdout] test test::emacs::meta_d ... ok
[INFO] [stdout] test test::emacs::ctrl_u ... ok
[INFO] [stdout] test test::emacs::ctrl_p ... ok
[INFO] [stdout] test test::history::ctrl_r ... ok
[INFO] [stdout] test test::emacs::ctrl_n ... ok
[INFO] [stdout] test test::history::up_key ... ok
[INFO] [stdout] test test::test_apply_backspace_direct ... ok
[INFO] [stdout] test test::test_readline_direct ... ok
[INFO] [stdout] test test::history::meta_lt ... ok
[INFO] [stdout] test test::test_send ... ok
[INFO] [stdout] test test::history::down_key ... ok
[INFO] [stdout] test test::history::meta_gt ... ok
[INFO] [stdout] test binding::test::size_of_event ... FAILED
[INFO] [stdout] test test::test_sync ... ok
[INFO] [stdout] test test::history::ctrl_r_with_long_prompt ... ok
[INFO] [stdout] test test::history::ctrl_s ... ok
[INFO] [stdout] test test::vi_cmd::a ... ok
[INFO] [stdout] test test::vi_cmd::b ... ok
[INFO] [stdout] test test::vi_cmd::dollar ... ok
[INFO] [stdout] test test::vi_cmd::caret ... ok
[INFO] [stdout] test test::vi_cmd::caret_no_whitespace ... ok
[INFO] [stdout] test test::vi_cmd::ctrl_k ... ok
[INFO] [stdout] test test::vi_cmd::k ... ok
[INFO] [stdout] test test::vi_cmd::ctrl_p ... ok
[INFO] [stdout] test test::vi_cmd::dot ... ok
[INFO] [stdout] test test::vi_cmd::j ... ok
[INFO] [stdout] test test::vi_cmd::l ... ok
[INFO] [stdout] test test::vi_cmd::f ... ok
[INFO] [stdout] test test::vi_cmd::p ... ok
[INFO] [stdout] test test::vi_cmd::i ... ok
[INFO] [stdout] test test::vi_cmd::e ... ok
[INFO] [stdout] test test::vi_cmd::h ... ok
[INFO] [stdout] test test::vi_cmd::indent ... ok
[INFO] [stdout] test test::vi_cmd::comma ... ok
[INFO] [stdout] test test::vi_cmd::ctrl_n ... ok
[INFO] [stdout] test test::vi_cmd::dedent ... ok
[INFO] [stdout] test test::vi_cmd::s ... ok
[INFO] [stdout] test test::vi_cmd::r ... ok
[INFO] [stdout] test test::vi_cmd::t ... ok
[INFO] [stdout] test test::unknown_esc_key ... ok
[INFO] [stdout] test test::vi_cmd::semi_colon ... ok
[INFO] [stdout] test test::vi_cmd::uppercase_t ... ok
[INFO] [stdout] test test::vi_cmd::uppercase_s ... ok
[INFO] [stdout] test test::vi_cmd::uppercase_b ... ok
[INFO] [stdout] test test::vi_cmd::uppercase_f ... ok
[INFO] [stdout] test test::vi_cmd::uppercase_p ... ok
[INFO] [stdout] test test::vi_cmd::uppercase_a ... ok
[INFO] [stdout] test test::vi_cmd::uppercase_x ... ok
[INFO] [stdout] test test::vi_cmd::uppercase_c ... ok
[INFO] [stdout] test test::vi_cmd::uppercase_i ... ok
[INFO] [stdout] test test::vi_cmd::uppercase_e ... ok
[INFO] [stdout] test test::vi_cmd::uppercase_w ... ok
[INFO] [stdout] test test::vi_cmd::u ... ok
[INFO] [stdout] test tty::unix::test::prompt_with_ansi_escape_codes ... ignored
[INFO] [stdout] test test::vi_cmd::w ... ok
[INFO] [stdout] test test::vi_cmd::zero ... ok
[INFO] [stdout] test undo::tests::test_backspace_chars ... ok
[INFO] [stdout] test undo::tests::test_last_insert ... ok
[INFO] [stdout] test tty::unix::test::test_send ... ok
[INFO] [stdout] test undo::tests::test_undo_delete ... ok
[INFO] [stdout] test tty::unix::test::test_unsupported_term ... ok
[INFO] [stdout] test undo::tests::test_undo_replace ... ok
[INFO] [stdout] 
[K> aaaaaaaaaaaaaaaaaaaaaaaaaaaaaaaaaaaaaaaaaaaaaaaaaaaaaaaaaaaaaaaaaaaaaaaaaaaaaaa
[1Ctest tty::unix::test::test_line_wrap ... ok
[INFO] [stdout] test undo::tests::test_end ... ok
[INFO] [stdout] test test::vi_cmd::x ... ok
[INFO] [stdout] test test::vi_insert::esc ... ok
[INFO] [stdout] test undo::tests::test_insert_chars ... ok
[INFO] [stdout] test test::vi_insert::backspace ... ok
[INFO] [stdout] test test::vi_insert::insert_mode_by_default ... ok
[INFO] [stdout] test test::vi_insert::ctrl_h ... ok
[INFO] [stdout] test tty::unix::test::test_sync ... ok
[INFO] [stdout] test undo::tests::test_insert_strings ... ok
[INFO] [stdout] test undo::tests::test_undo_insert ... ok
[INFO] [stdout] test undo::tests::test_delete_chars ... ok
[INFO] [stdout] 
[INFO] [stdout] failures:
[INFO] [stdout] 
[INFO] [stdout] ---- binding::test::size_of_event stdout ----
[INFO] [stdout] thread 'binding::test::size_of_event' panicked at src/binding.rs:255:9:
[INFO] [stdout] assertion `left == right` failed
[INFO] [stdout]   left: 24
[INFO] [stdout]  right: 32
[INFO] [stdout] stack backtrace:
[INFO] [stdout]    0:     0x55ba00354d06 - std::backtrace_rs::backtrace::libunwind::trace::h03effc2488ffeadf
[INFO] [stdout]                                at /rustc/650745ceb2ae60e04f8cd7bfb671fc37239533e4/library/std/src/../../backtrace/src/backtrace/libunwind.rs:104:5
[INFO] [stdout]    1:     0x55ba00354d06 - std::backtrace_rs::backtrace::trace_unsynchronized::h006ca25a07988d2f
[INFO] [stdout]                                at /rustc/650745ceb2ae60e04f8cd7bfb671fc37239533e4/library/std/src/../../backtrace/src/backtrace/mod.rs:66:5
[INFO] [stdout]    2:     0x55ba00354d06 - std::sys_common::backtrace::_print_fmt::h4e3552f7b93352b1
[INFO] [stdout]                                at /rustc/650745ceb2ae60e04f8cd7bfb671fc37239533e4/library/std/src/sys_common/backtrace.rs:68:5
[INFO] [stdout]    3:     0x55ba00354d06 - <std::sys_common::backtrace::_print::DisplayBacktrace as core::fmt::Display>::fmt::h9fe510a7d5cbe2d5
[INFO] [stdout]                                at /rustc/650745ceb2ae60e04f8cd7bfb671fc37239533e4/library/std/src/sys_common/backtrace.rs:44:22
[INFO] [stdout]    4:     0x55ba0037ece0 - core::fmt::rt::Argument::fmt::h74b18c7a7e637710
[INFO] [stdout]                                at /rustc/650745ceb2ae60e04f8cd7bfb671fc37239533e4/library/core/src/fmt/rt.rs:142:9
[INFO] [stdout]    5:     0x55ba0037ece0 - core::fmt::write::h8f8030c94ead45fd
[INFO] [stdout]                                at /rustc/650745ceb2ae60e04f8cd7bfb671fc37239533e4/library/core/src/fmt/mod.rs:1120:17
[INFO] [stdout]    6:     0x55ba0035229f - std::io::Write::write_fmt::hd5dc84d51b55db4d
[INFO] [stdout]                                at /rustc/650745ceb2ae60e04f8cd7bfb671fc37239533e4/library/std/src/io/mod.rs:1810:15
[INFO] [stdout]    7:     0x55ba00354ae4 - std::sys_common::backtrace::_print::h9804e7b18da25ce0
[INFO] [stdout]                                at /rustc/650745ceb2ae60e04f8cd7bfb671fc37239533e4/library/std/src/sys_common/backtrace.rs:47:5
[INFO] [stdout]    8:     0x55ba00354ae4 - std::sys_common::backtrace::print::h88277d710d09094a
[INFO] [stdout]                                at /rustc/650745ceb2ae60e04f8cd7bfb671fc37239533e4/library/std/src/sys_common/backtrace.rs:34:9
[INFO] [stdout]    9:     0x55ba00356857 - std::panicking::default_hook::{{closure}}::hdbdcf066fe677727
[INFO] [stdout]   10:     0x55ba0035653d - std::panicking::default_hook::h23a1b51cb553f858
[INFO] [stdout]                                at /rustc/650745ceb2ae60e04f8cd7bfb671fc37239533e4/library/std/src/panicking.rs:289:9
[INFO] [stdout]   11:     0x55ba003165a7 - <alloc::boxed::Box<F,A> as core::ops::function::Fn<Args>>::call::hb97b3d5e50e8f668
[INFO] [stdout]                                at /rustc/650745ceb2ae60e04f8cd7bfb671fc37239533e4/library/alloc/src/boxed.rs:2029:9
[INFO] [stdout]   12:     0x55ba003165a7 - test::test_main::{{closure}}::h08dcb42f9689ad1d
[INFO] [stdout]                                at /rustc/650745ceb2ae60e04f8cd7bfb671fc37239533e4/library/test/src/lib.rs:138:21
[INFO] [stdout]   13:     0x55ba00356e76 - <alloc::boxed::Box<F,A> as core::ops::function::Fn<Args>>::call::he29ab032578fbb20
[INFO] [stdout]                                at /rustc/650745ceb2ae60e04f8cd7bfb671fc37239533e4/library/alloc/src/boxed.rs:2029:9
[INFO] [stdout]   14:     0x55ba00356e76 - std::panicking::rust_panic_with_hook::hee41672977842e8f
[INFO] [stdout]                                at /rustc/650745ceb2ae60e04f8cd7bfb671fc37239533e4/library/std/src/panicking.rs:783:13
[INFO] [stdout]   15:     0x55ba00356bc2 - std::panicking::begin_panic_handler::{{closure}}::h6e390f49bfce6eb3
[INFO] [stdout]                                at /rustc/650745ceb2ae60e04f8cd7bfb671fc37239533e4/library/std/src/panicking.rs:657:13
[INFO] [stdout]   16:     0x55ba00355206 - std::sys_common::backtrace::__rust_end_short_backtrace::h72ee75b447321fc6
[INFO] [stdout]                                at /rustc/650745ceb2ae60e04f8cd7bfb671fc37239533e4/library/std/src/sys_common/backtrace.rs:171:18
[INFO] [stdout]   17:     0x55ba00356920 - rust_begin_unwind
[INFO] [stdout]                                at /rustc/650745ceb2ae60e04f8cd7bfb671fc37239533e4/library/std/src/panicking.rs:645:5
[INFO] [stdout]   18:     0x55ba00245605 - core::panicking::panic_fmt::hf7ebce36d1a084ab
[INFO] [stdout]                                at /rustc/650745ceb2ae60e04f8cd7bfb671fc37239533e4/library/core/src/panicking.rs:72:14
[INFO] [stdout]   19:     0x55ba00245a3b - core::panicking::assert_failed_inner::h47ecd117b37e9a1c
[INFO] [stdout]                                at /rustc/650745ceb2ae60e04f8cd7bfb671fc37239533e4/library/core/src/panicking.rs:342:17
[INFO] [stdout]   20:     0x55ba002df77e - core::panicking::assert_failed::h3efe3f0f8cdcb971
[INFO] [stdout]                                at /rustc/650745ceb2ae60e04f8cd7bfb671fc37239533e4/library/core/src/panicking.rs:297:5
[INFO] [stdout]   21:     0x55ba00251b42 - rustyline::binding::test::size_of_event::h96f23502059de697
[INFO] [stdout]                                at /opt/rustwide/workdir/src/binding.rs:255:9
[INFO] [stdout]   22:     0x55ba00251ab7 - rustyline::binding::test::size_of_event::{{closure}}::h4545d3cd61dc1d2e
[INFO] [stdout]                                at /opt/rustwide/workdir/src/binding.rs:254:23
[INFO] [stdout]   23:     0x55ba00279036 - core::ops::function::FnOnce::call_once::h850f441b4d47f169
[INFO] [stdout]                                at /rustc/650745ceb2ae60e04f8cd7bfb671fc37239533e4/library/core/src/ops/function.rs:250:5
[INFO] [stdout]   24:     0x55ba0031bddf - core::ops::function::FnOnce::call_once::h06047d416fab4738
[INFO] [stdout]                                at /rustc/650745ceb2ae60e04f8cd7bfb671fc37239533e4/library/core/src/ops/function.rs:250:5
[INFO] [stdout]   25:     0x55ba0031bddf - test::__rust_begin_short_backtrace::hcb5713adfb060771
[INFO] [stdout]                                at /rustc/650745ceb2ae60e04f8cd7bfb671fc37239533e4/library/test/src/lib.rs:627:18
[INFO] [stdout]   26:     0x55ba0031ac01 - test::run_test_in_process::{{closure}}::h6861e3633d7c9c27
[INFO] [stdout]                                at /rustc/650745ceb2ae60e04f8cd7bfb671fc37239533e4/library/test/src/lib.rs:650:60
[INFO] [stdout]   27:     0x55ba0031ac01 - <core::panic::unwind_safe::AssertUnwindSafe<F> as core::ops::function::FnOnce<()>>::call_once::hb64fe2246fb8da62
[INFO] [stdout]                                at /rustc/650745ceb2ae60e04f8cd7bfb671fc37239533e4/library/core/src/panic/unwind_safe.rs:272:9
[INFO] [stdout]   28:     0x55ba0031ac01 - std::panicking::try::do_call::h298b24dc8da96ba0
[INFO] [stdout]                                at /rustc/650745ceb2ae60e04f8cd7bfb671fc37239533e4/library/std/src/panicking.rs:552:40
[INFO] [stdout]   29:     0x55ba0031ac01 - std::panicking::try::h69c2bfb52fabb772
[INFO] [stdout]                                at /rustc/650745ceb2ae60e04f8cd7bfb671fc37239533e4/library/std/src/panicking.rs:516:19
[INFO] [stdout]   30:     0x55ba0031ac01 - std::panic::catch_unwind::hc0f23ff16cc28725
[INFO] [stdout]                                at /rustc/650745ceb2ae60e04f8cd7bfb671fc37239533e4/library/std/src/panic.rs:142:14
[INFO] [stdout]   31:     0x55ba0031ac01 - test::run_test_in_process::hddee0506ec75925f
[INFO] [stdout]                                at /rustc/650745ceb2ae60e04f8cd7bfb671fc37239533e4/library/test/src/lib.rs:650:27
[INFO] [stdout]   32:     0x55ba0031ac01 - test::run_test::{{closure}}::h5cfb204228607716
[INFO] [stdout]                                at /rustc/650745ceb2ae60e04f8cd7bfb671fc37239533e4/library/test/src/lib.rs:573:43
[INFO] [stdout]   33:     0x55ba002e1f36 - test::run_test::{{closure}}::hd4d5602ef13205a5
[INFO] [stdout]                                at /rustc/650745ceb2ae60e04f8cd7bfb671fc37239533e4/library/test/src/lib.rs:601:41
[INFO] [stdout]   34:     0x55ba002e1f36 - std::sys_common::backtrace::__rust_begin_short_backtrace::h5ccc5cff5923f06c
[INFO] [stdout]                                at /rustc/650745ceb2ae60e04f8cd7bfb671fc37239533e4/library/std/src/sys_common/backtrace.rs:155:18
[INFO] [stdout]   35:     0x55ba002e7037 - std::thread::Builder::spawn_unchecked_::{{closure}}::{{closure}}::hafc0d76dcef09eee
[INFO] [stdout]                                at /rustc/650745ceb2ae60e04f8cd7bfb671fc37239533e4/library/std/src/thread/mod.rs:529:17
[INFO] [stdout]   36:     0x55ba002e7037 - <core::panic::unwind_safe::AssertUnwindSafe<F> as core::ops::function::FnOnce<()>>::call_once::hb8ad16fe24e3ea09
[INFO] [stdout]                                at /rustc/650745ceb2ae60e04f8cd7bfb671fc37239533e4/library/core/src/panic/unwind_safe.rs:272:9
[INFO] [stdout]   37:     0x55ba002e7037 - std::panicking::try::do_call::h42f15bc08f3d28df
[INFO] [stdout]                                at /rustc/650745ceb2ae60e04f8cd7bfb671fc37239533e4/library/std/src/panicking.rs:552:40
[INFO] [stdout]   38:     0x55ba002e7037 - std::panicking::try::h81546958e5901712
[INFO] [stdout]                                at /rustc/650745ceb2ae60e04f8cd7bfb671fc37239533e4/library/std/src/panicking.rs:516:19
[INFO] [stdout]   39:     0x55ba002e7037 - std::panic::catch_unwind::hc4c7cd89a2f03e29
[INFO] [stdout]                                at /rustc/650745ceb2ae60e04f8cd7bfb671fc37239533e4/library/std/src/panic.rs:142:14
[INFO] [stdout]   40:     0x55ba002e7037 - std::thread::Builder::spawn_unchecked_::{{closure}}::h45ad00093b802d53
[INFO] [stdout]                                at /rustc/650745ceb2ae60e04f8cd7bfb671fc37239533e4/library/std/src/thread/mod.rs:528:30
[INFO] [stdout]   41:     0x55ba002e7037 - core::ops::function::FnOnce::call_once{{vtable.shim}}::heec906b8862c0a30
[INFO] [stdout]                                at /rustc/650745ceb2ae60e04f8cd7bfb671fc37239533e4/library/core/src/ops/function.rs:250:5
[INFO] [stdout]   42:     0x55ba0035bc85 - <alloc::boxed::Box<F,A> as core::ops::function::FnOnce<Args>>::call_once::he271a8e9b4ffec7b
[INFO] [stdout]                                at /rustc/650745ceb2ae60e04f8cd7bfb671fc37239533e4/library/alloc/src/boxed.rs:2015:9
[INFO] [stdout]   43:     0x55ba0035bc85 - <alloc::boxed::Box<F,A> as core::ops::function::FnOnce<Args>>::call_once::heeb272d5c498a02f
[INFO] [stdout]                                at /rustc/650745ceb2ae60e04f8cd7bfb671fc37239533e4/library/alloc/src/boxed.rs:2015:9
[INFO] [stdout]   44:     0x55ba0035bc85 - std::sys::unix::thread::Thread::new::thread_start::h1fcefdf404730fa7
[INFO] [stdout]                                at /rustc/650745ceb2ae60e04f8cd7bfb671fc37239533e4/library/std/src/sys/unix/thread.rs:108:17
[INFO] [stdout]   45:     0x7f40dcd85ac3 - <unknown>
[INFO] [stdout]   46:     0x7f40dce16bf4 - __clone
[INFO] [stdout]   47:                0x0 - <unknown>
[INFO] [stdout] 
[INFO] [stdout] 
[INFO] [stdout] failures:
[INFO] [stdout]     binding::test::size_of_event
[INFO] [stdout] 
[INFO] [stdout] test result: FAILED. 176 passed; 1 failed; 1 ignored; 0 measured; 0 filtered out; finished in 0.15s
[INFO] [stdout] 
[INFO] [stderr] error: test failed, to rerun pass `--lib`
[INFO] running `Command { std: "docker" "inspect" "a90ff31785de3f7439a7a3fec593efb8f71cd37961f332881c30dc5c0a656c8c", kill_on_drop: false }`
[INFO] running `Command { std: "docker" "rm" "-f" "a90ff31785de3f7439a7a3fec593efb8f71cd37961f332881c30dc5c0a656c8c", kill_on_drop: false }`
[INFO] [stdout] a90ff31785de3f7439a7a3fec593efb8f71cd37961f332881c30dc5c0a656c8c
