[INFO] fetching crate nt-time 0.6.4...
[INFO] testing nt-time-0.6.4 against 1.75.0 for beta-1.76-3
[INFO] extracting crate nt-time 0.6.4 into /workspace/builds/worker-2-tc1/source
[INFO] validating manifest of crates.io crate nt-time 0.6.4 on toolchain 1.75.0
[INFO] running `Command { std: CARGO_HOME="/workspace/cargo-home" RUSTUP_HOME="/workspace/rustup-home" "/workspace/cargo-home/bin/cargo" "+1.75.0" "metadata" "--manifest-path" "Cargo.toml" "--no-deps", kill_on_drop: false }`
[INFO] started tweaking crates.io crate nt-time 0.6.4
[INFO] finished tweaking crates.io crate nt-time 0.6.4
[INFO] tweaked toml for crates.io crate nt-time 0.6.4 written to /workspace/builds/worker-2-tc1/source/Cargo.toml
[INFO] crate crates.io crate nt-time 0.6.4 already has a lockfile, it will not be regenerated
[INFO] running `Command { std: CARGO_HOME="/workspace/cargo-home" RUSTUP_HOME="/workspace/rustup-home" "/workspace/cargo-home/bin/cargo" "+1.75.0" "fetch" "--manifest-path" "Cargo.toml", kill_on_drop: false }`
[INFO] [stderr]     Updating crates.io index
[INFO] [stderr]  Downloading crates ...
[INFO] [stderr]   Downloaded anstyle-parse v0.2.2
[INFO] [stderr]   Downloaded anstyle-wincon v3.0.1
[INFO] [stderr]   Downloaded anstyle-query v1.0.0
[INFO] [stderr]   Downloaded powerfmt v0.2.0
[INFO] [stderr]   Downloaded serde_test v1.0.176
[INFO] [stderr]   Downloaded clap v4.4.10
[INFO] [stderr]   Downloaded clap_builder v4.4.9
[INFO] [stderr]   Downloaded deranged v0.3.9
[INFO] [stderr]   Downloaded time v0.3.30
[INFO] running `Command { std: "docker" "create" "-v" "/var/lib/crater-agent-workspace/builds/worker-2-tc1/target:/opt/rustwide/target:rw,Z" "-v" "/var/lib/crater-agent-workspace/builds/worker-2-tc1/source:/opt/rustwide/workdir:ro,Z" "-v" "/var/lib/crater-agent-workspace/cargo-home:/opt/rustwide/cargo-home:ro,Z" "-v" "/var/lib/crater-agent-workspace/rustup-home:/opt/rustwide/rustup-home:ro,Z" "-e" "SOURCE_DIR=/opt/rustwide/workdir" "-e" "CARGO_TARGET_DIR=/opt/rustwide/target" "-e" "CARGO_HOME=/opt/rustwide/cargo-home" "-e" "RUSTUP_HOME=/opt/rustwide/rustup-home" "-w" "/opt/rustwide/workdir" "-m" "1610612736" "--user" "0:0" "--network" "none" "ghcr.io/rust-lang/crates-build-env/linux@sha256:2788e3201cd34a07e3172128adcd8b3090168a8e3bcc40d7c032b9dda1df7d1c" "/opt/rustwide/cargo-home/bin/cargo" "+1.75.0" "metadata" "--no-deps" "--format-version=1", kill_on_drop: false }`
[INFO] [stdout] fbed307386393b0e6504a6acbba42210b04fef45e7f2c8a14886d32f9e2be8aa
[INFO] running `Command { std: "docker" "start" "-a" "fbed307386393b0e6504a6acbba42210b04fef45e7f2c8a14886d32f9e2be8aa", kill_on_drop: false }`
[INFO] running `Command { std: "docker" "inspect" "fbed307386393b0e6504a6acbba42210b04fef45e7f2c8a14886d32f9e2be8aa", kill_on_drop: false }`
[INFO] running `Command { std: "docker" "rm" "-f" "fbed307386393b0e6504a6acbba42210b04fef45e7f2c8a14886d32f9e2be8aa", kill_on_drop: false }`
[INFO] [stdout] fbed307386393b0e6504a6acbba42210b04fef45e7f2c8a14886d32f9e2be8aa
[INFO] running `Command { std: "docker" "create" "-v" "/var/lib/crater-agent-workspace/builds/worker-2-tc1/target:/opt/rustwide/target:rw,Z" "-v" "/var/lib/crater-agent-workspace/builds/worker-2-tc1/source:/opt/rustwide/workdir:ro,Z" "-v" "/var/lib/crater-agent-workspace/cargo-home:/opt/rustwide/cargo-home:ro,Z" "-v" "/var/lib/crater-agent-workspace/rustup-home:/opt/rustwide/rustup-home:ro,Z" "-e" "SOURCE_DIR=/opt/rustwide/workdir" "-e" "CARGO_TARGET_DIR=/opt/rustwide/target" "-e" "CARGO_INCREMENTAL=0" "-e" "RUST_BACKTRACE=full" "-e" "RUSTFLAGS=--cap-lints=warn" "-e" "RUSTDOCFLAGS=--cap-lints=warn" "-e" "CARGO_HOME=/opt/rustwide/cargo-home" "-e" "RUSTUP_HOME=/opt/rustwide/rustup-home" "-w" "/opt/rustwide/workdir" "-m" "1610612736" "--user" "0:0" "--network" "none" "ghcr.io/rust-lang/crates-build-env/linux@sha256:2788e3201cd34a07e3172128adcd8b3090168a8e3bcc40d7c032b9dda1df7d1c" "/opt/rustwide/cargo-home/bin/cargo" "+1.75.0" "build" "--frozen" "--message-format=json", kill_on_drop: false }`
[INFO] [stdout] e6717a79826c39b64d18b47246b5830049a8287f8a91cfb85be5438c8d2359b9
[INFO] running `Command { std: "docker" "start" "-a" "e6717a79826c39b64d18b47246b5830049a8287f8a91cfb85be5438c8d2359b9", kill_on_drop: false }`
[INFO] [stderr]    Compiling time-core v0.1.2
[INFO] [stderr]    Compiling powerfmt v0.2.0
[INFO] [stderr]    Compiling time-macros v0.2.15
[INFO] [stderr]    Compiling deranged v0.3.9
[INFO] [stderr]    Compiling time v0.3.30
[INFO] [stderr]    Compiling nt-time v0.6.4 (/opt/rustwide/workdir)
[INFO] [stderr]     Finished dev [unoptimized + debuginfo] target(s) in 2.22s
[INFO] running `Command { std: "docker" "inspect" "e6717a79826c39b64d18b47246b5830049a8287f8a91cfb85be5438c8d2359b9", kill_on_drop: false }`
[INFO] running `Command { std: "docker" "rm" "-f" "e6717a79826c39b64d18b47246b5830049a8287f8a91cfb85be5438c8d2359b9", kill_on_drop: false }`
[INFO] [stdout] e6717a79826c39b64d18b47246b5830049a8287f8a91cfb85be5438c8d2359b9
[INFO] running `Command { std: "docker" "create" "-v" "/var/lib/crater-agent-workspace/builds/worker-2-tc1/target:/opt/rustwide/target:rw,Z" "-v" "/var/lib/crater-agent-workspace/builds/worker-2-tc1/source:/opt/rustwide/workdir:ro,Z" "-v" "/var/lib/crater-agent-workspace/cargo-home:/opt/rustwide/cargo-home:ro,Z" "-v" "/var/lib/crater-agent-workspace/rustup-home:/opt/rustwide/rustup-home:ro,Z" "-e" "SOURCE_DIR=/opt/rustwide/workdir" "-e" "CARGO_TARGET_DIR=/opt/rustwide/target" "-e" "CARGO_INCREMENTAL=0" "-e" "RUST_BACKTRACE=full" "-e" "RUSTFLAGS=--cap-lints=warn" "-e" "RUSTDOCFLAGS=--cap-lints=warn" "-e" "CARGO_HOME=/opt/rustwide/cargo-home" "-e" "RUSTUP_HOME=/opt/rustwide/rustup-home" "-w" "/opt/rustwide/workdir" "-m" "1610612736" "--user" "0:0" "--network" "none" "ghcr.io/rust-lang/crates-build-env/linux@sha256:2788e3201cd34a07e3172128adcd8b3090168a8e3bcc40d7c032b9dda1df7d1c" "/opt/rustwide/cargo-home/bin/cargo" "+1.75.0" "test" "--frozen" "--no-run" "--message-format=json", kill_on_drop: false }`
[INFO] [stdout] 126f01ffae791ac3e9d20ddc425b1e2fc8e7e58089c627a17dfdd786f9db3276
[INFO] running `Command { std: "docker" "start" "-a" "126f01ffae791ac3e9d20ddc425b1e2fc8e7e58089c627a17dfdd786f9db3276", kill_on_drop: false }`
[INFO] [stderr]    Compiling proc-macro2 v1.0.70
[INFO] [stderr]    Compiling utf8parse v0.2.1
[INFO] [stderr]    Compiling serde v1.0.193
[INFO] [stderr]    Compiling anstyle v1.0.4
[INFO] [stderr]    Compiling colorchoice v1.0.0
[INFO] [stderr]    Compiling anstyle-query v1.0.0
[INFO] [stderr]    Compiling clap_lex v0.6.0
[INFO] [stderr]    Compiling anyhow v1.0.75
[INFO] [stderr]    Compiling strsim v0.10.0
[INFO] [stderr]    Compiling heck v0.4.1
[INFO] [stderr]    Compiling serde_json v1.0.108
[INFO] [stderr]    Compiling itoa v1.0.9
[INFO] [stderr]    Compiling ryu v1.0.15
[INFO] [stderr]    Compiling anstyle-parse v0.2.2
[INFO] [stderr]    Compiling anstream v0.6.4
[INFO] [stderr]    Compiling clap_builder v4.4.9
[INFO] [stderr]    Compiling quote v1.0.33
[INFO] [stderr]    Compiling syn v2.0.39
[INFO] [stderr]    Compiling serde_test v1.0.176
[INFO] [stderr]    Compiling clap_derive v4.4.7
[INFO] [stderr]    Compiling clap v4.4.10
[INFO] [stderr]    Compiling nt-time v0.6.4 (/opt/rustwide/workdir)
[INFO] [stderr]     Finished test [unoptimized + debuginfo] target(s) in 13.67s
[INFO] running `Command { std: "docker" "inspect" "126f01ffae791ac3e9d20ddc425b1e2fc8e7e58089c627a17dfdd786f9db3276", kill_on_drop: false }`
[INFO] running `Command { std: "docker" "rm" "-f" "126f01ffae791ac3e9d20ddc425b1e2fc8e7e58089c627a17dfdd786f9db3276", kill_on_drop: false }`
[INFO] [stdout] 126f01ffae791ac3e9d20ddc425b1e2fc8e7e58089c627a17dfdd786f9db3276
[INFO] running `Command { std: "docker" "create" "-v" "/var/lib/crater-agent-workspace/builds/worker-2-tc1/target:/opt/rustwide/target:rw,Z" "-v" "/var/lib/crater-agent-workspace/builds/worker-2-tc1/source:/opt/rustwide/workdir:ro,Z" "-v" "/var/lib/crater-agent-workspace/cargo-home:/opt/rustwide/cargo-home:ro,Z" "-v" "/var/lib/crater-agent-workspace/rustup-home:/opt/rustwide/rustup-home:ro,Z" "-e" "SOURCE_DIR=/opt/rustwide/workdir" "-e" "CARGO_TARGET_DIR=/opt/rustwide/target" "-e" "CARGO_INCREMENTAL=0" "-e" "RUST_BACKTRACE=full" "-e" "RUSTFLAGS=--cap-lints=warn" "-e" "RUSTDOCFLAGS=--cap-lints=warn" "-e" "CARGO_HOME=/opt/rustwide/cargo-home" "-e" "RUSTUP_HOME=/opt/rustwide/rustup-home" "-w" "/opt/rustwide/workdir" "-m" "1610612736" "--user" "0:0" "--network" "none" "ghcr.io/rust-lang/crates-build-env/linux@sha256:2788e3201cd34a07e3172128adcd8b3090168a8e3bcc40d7c032b9dda1df7d1c" "/opt/rustwide/cargo-home/bin/cargo" "+1.75.0" "test" "--frozen", kill_on_drop: false }`
[INFO] [stdout] 7678ee3ba6f139bc4350afad045480e5ded382f9d9ea08f7e181a5c00f263161
[INFO] running `Command { std: "docker" "start" "-a" "7678ee3ba6f139bc4350afad045480e5ded382f9d9ea08f7e181a5c00f263161", kill_on_drop: false }`
[INFO] [stderr]     Finished test [unoptimized + debuginfo] target(s) in 0.08s
[INFO] [stderr]      Running unittests src/lib.rs (/opt/rustwide/target/debug/deps/nt_time-df2bdf241733025b)
[INFO] [stdout] 
[INFO] [stdout] running 138 tests
[INFO] [stdout] test error::tests::clone_file_time_range_error_kind ... ok
[INFO] [stdout] test error::tests::copy_file_time_range_error_kind ... ok
[INFO] [stdout] test error::tests::copy_offset_date_time_range_error ... ok
[INFO] [stdout] test error::tests::copy_dos_date_time_range_error ... ok
[INFO] [stdout] test error::tests::clone_file_time_range_error ... ok
[INFO] [stdout] test error::tests::clone_offset_date_time_range_error ... ok
[INFO] [stdout] test error::tests::copy_file_time_range_error ... ok
[INFO] [stdout] test error::tests::clone_dos_date_time_range_error ... ok
[INFO] [stdout] test error::tests::copy_dos_date_time_range_error_kind ... ok
[INFO] [stdout] test error::tests::clone_dos_date_time_range_error_kind ... ok
[INFO] [stdout] test error::tests::debug_file_time_range_error_kind ... ok
[INFO] [stdout] test error::tests::debug_parse_file_time_error ... ok
[INFO] [stdout] test error::tests::dos_date_time_range_error_equality ... ok
[INFO] [stdout] test error::tests::dos_date_time_range_error_kind_equality ... ok
[INFO] [stdout] test error::tests::display_dos_date_time_range_error ... ok
[INFO] [stdout] test error::tests::display_dos_date_time_range_error_kind ... ok
[INFO] [stdout] test error::tests::display_file_time_range_error_kind ... ok
[INFO] [stdout] test error::tests::kind_dos_date_time_range_error ... ok
[INFO] [stdout] test error::tests::display_offset_date_time_range_error ... ok
[INFO] [stdout] test error::tests::kind_file_time_range_error ... ok
[INFO] [stdout] test error::tests::display_parse_file_time_error ... ok
[INFO] [stdout] test error::tests::offset_date_time_range_error_equality ... ok
[INFO] [stdout] test error::tests::parse_file_time_error_equality ... ok
[INFO] [stdout] test error::tests::source_dos_date_time_range_error ... ok
[INFO] [stdout] test error::tests::source_file_time_range_error ... ok
[INFO] [stdout] test error::tests::debug_file_time_range_error ... ok
[INFO] [stdout] test error::tests::source_offset_date_time_range_error ... ok
[INFO] [stdout] test error::tests::debug_dos_date_time_range_error ... ok
[INFO] [stdout] test error::tests::debug_offset_date_time_range_error ... ok
[INFO] [stdout] test error::tests::source_parse_file_time_error ... ok
[INFO] [stdout] test file_time::tests::add_assign_std_duration ... ok
[INFO] [stdout] test error::tests::display_file_time_range_error ... ok
[INFO] [stdout] test error::tests::file_time_range_error_equality ... ok
[INFO] [stdout] test error::tests::file_time_range_error_kind_equality ... ok
[INFO] [stdout] test file_time::tests::add_negative_time_duration ... ok
[INFO] [stdout] test file_time::tests::add_assign_positive_time_duration ... ok
[INFO] [stdout] test file_time::tests::add_positive_time_duration ... ok
[INFO] [stdout] test error::tests::debug_dos_date_time_range_error_kind ... ok
[INFO] [stdout] test file_time::tests::add_assign_negative_time_duration ... ok
[INFO] [stdout] test file_time::tests::binary ... ok
[INFO] [stdout] test file_time::tests::as_u64 ... ok
[INFO] [stdout] test file_time::tests::add_std_duration ... ok
[INFO] [stdout] test file_time::tests::clone ... ok
[INFO] [stdout] test file_time::tests::debug ... ok
[INFO] [stdout] test file_time::tests::copy ... ok
[INFO] [stdout] test file_time::tests::equality ... ok
[INFO] [stdout] test file_time::tests::default ... ok
[INFO] [stdout] test file_time::tests::equality_file_time_and_offset_date_time ... ok
[INFO] [stdout] test file_time::tests::equality_system_time_and_file_time ... ok
[INFO] [stdout] test file_time::tests::equality_file_time_and_system_time ... ok
[INFO] [stdout] test file_time::tests::checked_add ... ok
[INFO] [stdout] test file_time::tests::add_assign_std_duration_with_overflow - should panic ... ok
[INFO] [stdout] test file_time::tests::display ... ok
[INFO] [stdout] test file_time::tests::equality_offset_date_time_and_file_time ... ok
[INFO] [stdout] test file_time::tests::from_be_bytes ... ok
[INFO] [stdout] test file_time::tests::add_assign_positive_time_duration_with_overflow - should panic ... ok
[INFO] [stdout] test file_time::tests::add_negative_time_duration_with_overflow - should panic ... ok
[INFO] [stdout] test file_time::tests::add_std_duration_with_overflow - should panic ... ok
[INFO] [stdout] test file_time::tests::add_assign_negative_time_duration_with_overflow - should panic ... ok
[INFO] [stdout] test file_time::tests::from_dos_date_time_with_invalid_date_time ... ok
[INFO] [stdout] test file_time::tests::from_dos_date_time ... ok
[INFO] [stdout] test file_time::tests::checked_sub ... ok
[INFO] [stdout] test file_time::tests::from_dos_date_time_with_invalid_negative_offset - should panic ... ok
[INFO] [stdout] test file_time::tests::from_dos_date_time_with_invalid_positive_offset - should panic ... ok
[INFO] [stdout] test file_time::tests::add_positive_time_duration_with_overflow - should panic ... ok
[INFO] [stdout] test file_time::tests::from_unix_time_before_nt_time_epoch ... ok
[INFO] [stdout] test file_time::tests::from_str_when_positive_overflow ... ok
[INFO] [stdout] test file_time::tests::from_unix_time_nanos_with_too_big_date_time ... ok
[INFO] [stdout] test file_time::tests::from_unix_time_nanos ... ok
[INFO] [stdout] test file_time::tests::from_dos_date_time_with_invalid_resolution - should panic ... ok
[INFO] [stdout] test file_time::tests::from_le_bytes ... ok
[INFO] [stdout] test file_time::tests::from_file_time_to_system_time ... ok
[INFO] [stdout] test file_time::tests::from_str ... ok
[INFO] [stdout] test file_time::tests::from_str_when_empty ... ok
[INFO] [stdout] test file_time::tests::from_unix_time ... ok
[INFO] [stdout] test file_time::tests::from_unix_time_with_too_big_date_time ... ok
[INFO] [stdout] test file_time::tests::from_str_with_invalid_digit ... ok
[INFO] [stdout] test file_time::tests::from_u64_to_file_time ... ok
[INFO] [stdout] test file_time::tests::from_unix_time_nanos_before_nt_time_epoch ... ok
[INFO] [stdout] test file_time::tests::hash ... ok
[INFO] [stdout] test file_time::tests::lower_hex ... ok
[INFO] [stdout] test file_time::tests::now ... ok
[INFO] [stdout] test file_time::tests::nt_time_epoch ... ok
[INFO] [stdout] test file_time::tests::octal ... ok
[INFO] [stdout] test file_time::tests::from_file_time_to_u64 ... ok
[INFO] [stdout] test file_time::tests::order ... ok
[INFO] [stdout] test file_time::tests::lower_exp ... ok
[INFO] [stdout] test file_time::tests::new ... ok
[INFO] [stdout] test file_time::tests::order_file_time_and_offset_date_time ... ok
[INFO] [stdout] test file_time::tests::sub_file_time ... ok
[INFO] [stdout] test file_time::tests::sub_negative_time_duration ... ok
[INFO] [stdout] test file_time::tests::sub_file_time_from_system_time ... ok
[INFO] [stdout] test file_time::tests::sub_assign_negative_time_duration ... ok
[INFO] [stdout] test file_time::tests::order_offset_date_time_and_file_time ... ok
[INFO] [stdout] test file_time::tests::sub_assign_std_duration ... ok
[INFO] [stdout] test file_time::tests::order_system_time_and_file_time ... ok
[INFO] [stdout] test file_time::tests::sub_assign_positive_time_duration ... ok
[INFO] [stdout] test file_time::tests::sub_offset_date_time_from_file_time ... ok
[INFO] [stdout] test file_time::tests::order_file_time_and_system_time ... ok
[INFO] [stdout] test file_time::tests::sub_assign_positive_time_duration_with_overflow - should panic ... ok
[INFO] [stdout] test file_time::tests::to_be_bytes ... ok
[INFO] [stdout] test file_time::tests::sub_positive_time_duration ... ok
[INFO] [stdout] test file_time::tests::saturating_sub ... ok
[INFO] [stdout] test file_time::tests::saturating_add ... ok
[INFO] [stdout] test file_time::tests::sub_file_time_from_offset_date_time ... ok
[INFO] [stdout] test file_time::tests::sub_std_duration ... ok
[INFO] [stdout] test file_time::tests::to_dos_date_time ... ok
[INFO] [stdout] test file_time::tests::sub_system_time_from_file_time ... ok
[INFO] [stdout] test file_time::tests::sub_assign_std_duration_with_overflow - should panic ... ok
[INFO] [stdout] test file_time::tests::to_dos_date_time_before_dos_date_time_epoch ... ok
[INFO] [stdout] test file_time::tests::sub_file_time_from_system_time_with_overflow - should panic ... ok
[INFO] [stdout] test file_time::tests::try_from_file_time_to_i64 ... ok
[INFO] [stdout] test file_time::tests::to_raw ... ok
[INFO] [stdout] test file_time::tests::sub_file_time_with_overflow - should panic ... ok
[INFO] [stdout] test file_time::tests::sub_positive_time_duration_with_overflow - should panic ... ok
[INFO] [stdout] test file_time::tests::sub_std_duration_with_overflow - should panic ... ok
[INFO] [stdout] test file_time::tests::sub_system_time_from_file_time_with_overflow - should panic ... ok
[INFO] [stdout] test file_time::tests::try_from_file_time_to_i64_with_too_big_file_time ... ok
[INFO] [stdout] test file_time::tests::sub_assign_negative_time_duration_with_overflow - should panic ... ok
[INFO] [stdout] test file_time::tests::to_le_bytes ... ok
[INFO] [stdout] test file_time::tests::to_dos_date_time_with_too_big_date_time ... ok
[INFO] [stdout] test file_time::tests::try_from_i64_to_file_time ... ok
[INFO] [stdout] test file_time::tests::try_from_file_time_to_offset_date_time ... ok
[INFO] [stderr]    Doc-tests nt-time
[INFO] [stdout] test file_time::tests::to_dos_date_time_with_invalid_positive_offset - should panic ... ok
[INFO] [stdout] test file_time::tests::try_from_offset_date_time_to_file_time_before_nt_time_epoch ... ok
[INFO] [stdout] test file_time::tests::try_from_system_time_to_file_time ... ok
[INFO] [stdout] test file_time::tests::try_from_system_time_to_file_time_before_nt_time_epoch ... ok
[INFO] [stdout] test file_time::tests::to_unix_time ... ok
[INFO] [stdout] test file_time::tests::try_from_offset_date_time_to_file_time ... ok
[INFO] [stdout] test file_time::tests::sub_negative_time_duration_with_overflow - should panic ... ok
[INFO] [stdout] test file_time::tests::try_from_system_time_to_file_time_with_too_big_system_time ... ok
[INFO] [stdout] test file_time::tests::unix_epoch ... ok
[INFO] [stdout] test file_time::tests::to_unix_time_nanos ... ok
[INFO] [stdout] test file_time::tests::upper_hex ... ok
[INFO] [stdout] test file_time::tests::try_from_i64_to_file_time_before_nt_time_epoch ... ok
[INFO] [stdout] test file_time::tests::to_dos_date_time_with_invalid_negative_offset - should panic ... ok
[INFO] [stdout] test file_time::tests::upper_exp ... ok
[INFO] [stdout] test file_time::tests::try_from_file_time_to_offset_date_time_with_invalid_file_time ... ok
[INFO] [stdout] 
[INFO] [stdout] test result: ok. 138 passed; 0 failed; 0 ignored; 0 measured; 0 filtered out; finished in 0.20s
[INFO] [stdout] 
[INFO] [stdout] 
[INFO] [stdout] running 47 tests
[INFO] [stdout] test src/file_time.rs - file_time::FileTime::from_be_bytes (line 782) ... ok
[INFO] [stdout] test src/file_time.rs - file_time::FileTime::checked_add (line 619) ... ok
[INFO] [stdout] test src/file_time.rs - file_time::FileTime::fmt (line 949) ... ok
[INFO] [stdout] test src/file_time.rs - file_time::FileTime::from (line 1461) ... ok
[INFO] [stdout] test src/file_time.rs - file_time::FileTime::NT_TIME_EPOCH (line 58) ... ok
[INFO] [stdout] test src/file_time.rs - file_time::FileTime::fmt (line 868) ... ok
[INFO] [stdout] test src/file_time.rs - file_time::FileTime::MAX (line 97) ... ok
[INFO] [stdout] test src/file_time.rs - file_time::FileTime::checked_sub (line 648) ... ok
[INFO] [stdout] test src/file_time.rs - file_time::FileTime::fmt (line 907) ... ok
[INFO] [stdout] test src/file_time.rs - file_time::FileTime::fmt (line 925) ... ok
[INFO] [stdout] test src/file_time.rs - file_time::FileTime::fmt (line 889) ... ok
[INFO] [stdout] test src/file_time.rs - file_time::FileTime::UNIX_EPOCH (line 79) ... ok
[INFO] [stdout] test src/file_time.rs - file_time::FileTime::as_u64 (line 172) ... ok
[INFO] [stdout] test src/file_time.rs - file_time::FileTime::default (line 834) ... ok
[INFO] [stdout] test src/file_time.rs - file_time::FileTime::fmt (line 970) ... ok
[INFO] [stdout] test src/file_time.rs - file_time::FileTime::fmt (line 850) ... ok
[INFO] [stdout] test src/file_time.rs - file_time::FileTime::from_dos_date_time (line 500) ... ok
[INFO] [stdout] test src/file_time.rs - file_time::FileTime::from_dos_date_time (line 529) ... ok
[INFO] [stdout] test src/file_time.rs - file_time::FileTime::from_dos_date_time (line 552) ... ok
[INFO] [stdout] test src/file_time.rs - file_time::FileTime::from_le_bytes (line 806) ... ok
[INFO] [stdout] test src/file_time.rs - file_time::FileTime::from_unix_time_nanos (line 286) ... ok
[INFO] [stdout] test src/file_time.rs - file_time::FileTime::from_unix_time (line 241) ... ok
[INFO] [stdout] test src/file_time.rs - file_time::FileTime::from_str (line 1704) ... ok
[INFO] [stdout] test src/file_time.rs - file_time::FileTime::now (line 119) ... ok
[INFO] [stdout] test src/file_time.rs - file_time::FileTime::to_unix_time (line 192) ... ok
[INFO] [stdout] test src/file_time.rs - file_time::FileTime::to_be_bytes (line 740) ... ok
[INFO] [stdout] test src/file_time.rs - file_time::FileTime::to_dos_date_time (line 350) ... ok
[INFO] [stdout] test src/file_time.rs - file_time::FileTime::saturating_add (line 679) ... ok
[INFO] [stdout] test src/file_time.rs - file_time::FileTime::to_raw (line 155) ... ok
[INFO] [stdout] test src/file_time.rs - file_time::FileTime::to_le_bytes (line 761) ... ok
[INFO] [stdout] test src/file_time.rs - file_time::FileTime::saturating_sub (line 710) ... ok
[INFO] [stdout] test src/file_time.rs - file_time::FileTime::to_dos_date_time (line 389) ... ok
[INFO] [stdout] test src/file_time.rs - file_time::FileTime::try_from (line 1608) ... ok
[INFO] [stdout] test src/file_time.rs - file_time::FileTime::try_from (line 1491) ... ok
[INFO] [stdout] test src/file_time.rs - file_time::FileTime::try_from (line 1534) ... ok
[INFO] [stdout] test src/file_time.rs - file_time::FileTime::new (line 138) ... ok
[INFO] [stdout] test src/file_time.rs - file_time::FileTime::to_unix_time_nanos (line 213) ... ok
[INFO] [stdout] test src/file_time.rs - file_time::OffsetDateTime::try_from (line 1374) ... ok
[INFO] [stdout] test src/file_time.rs - file_time::FileTime::try_from (line 1585) ... ok
[INFO] [stdout] test src/file_time.rs - file_time::OffsetDateTime::try_from (line 1355) ... ok
[INFO] [stdout] test src/file_time.rs - file_time::OffsetDateTime::try_from (line 1383) ... ok
[INFO] [stdout] test src/lib.rs - (line 15) ... ok
[INFO] [stdout] test src/file_time.rs - file_time::std::time::SystemTime::from (line 1318) ... ok
[INFO] [stdout] test src/file_time.rs - file_time::i64::try_from (line 1278) ... ok
[INFO] [stdout] test src/file_time.rs - file_time::u64::from (line 1251) ... ok
[INFO] [stdout] test src/lib.rs - (line 44) ... ok
[INFO] [stdout] test src/lib.rs - (line 73) ... ok
[INFO] [stdout] 
[INFO] [stdout] test result: ok. 47 passed; 0 failed; 0 ignored; 0 measured; 0 filtered out; finished in 1.96s
[INFO] [stdout] 
[INFO] running `Command { std: "docker" "inspect" "7678ee3ba6f139bc4350afad045480e5ded382f9d9ea08f7e181a5c00f263161", kill_on_drop: false }`
[INFO] running `Command { std: "docker" "rm" "-f" "7678ee3ba6f139bc4350afad045480e5ded382f9d9ea08f7e181a5c00f263161", kill_on_drop: false }`
[INFO] [stdout] 7678ee3ba6f139bc4350afad045480e5ded382f9d9ea08f7e181a5c00f263161
[INFO] testing nt-time-0.6.4 against beta-2024-01-09 for beta-1.76-3
[INFO] extracting crate nt-time 0.6.4 into /workspace/builds/worker-2-tc2/source
[INFO] validating manifest of crates.io crate nt-time 0.6.4 on toolchain beta-2024-01-09
[INFO] running `Command { std: CARGO_HOME="/workspace/cargo-home" RUSTUP_HOME="/workspace/rustup-home" "/workspace/cargo-home/bin/cargo" "+beta-2024-01-09" "metadata" "--manifest-path" "Cargo.toml" "--no-deps", kill_on_drop: false }`
[INFO] started tweaking crates.io crate nt-time 0.6.4
[INFO] finished tweaking crates.io crate nt-time 0.6.4
[INFO] tweaked toml for crates.io crate nt-time 0.6.4 written to /workspace/builds/worker-2-tc2/source/Cargo.toml
[INFO] crate crates.io crate nt-time 0.6.4 already has a lockfile, it will not be regenerated
[INFO] running `Command { std: CARGO_HOME="/workspace/cargo-home" RUSTUP_HOME="/workspace/rustup-home" "/workspace/cargo-home/bin/cargo" "+beta-2024-01-09" "fetch" "--manifest-path" "Cargo.toml", kill_on_drop: false }`
[INFO] running `Command { std: "docker" "create" "-v" "/var/lib/crater-agent-workspace/builds/worker-2-tc2/target:/opt/rustwide/target:rw,Z" "-v" "/var/lib/crater-agent-workspace/builds/worker-2-tc2/source:/opt/rustwide/workdir:ro,Z" "-v" "/var/lib/crater-agent-workspace/cargo-home:/opt/rustwide/cargo-home:ro,Z" "-v" "/var/lib/crater-agent-workspace/rustup-home:/opt/rustwide/rustup-home:ro,Z" "-e" "SOURCE_DIR=/opt/rustwide/workdir" "-e" "CARGO_TARGET_DIR=/opt/rustwide/target" "-e" "CARGO_HOME=/opt/rustwide/cargo-home" "-e" "RUSTUP_HOME=/opt/rustwide/rustup-home" "-w" "/opt/rustwide/workdir" "-m" "1610612736" "--user" "0:0" "--network" "none" "ghcr.io/rust-lang/crates-build-env/linux@sha256:2788e3201cd34a07e3172128adcd8b3090168a8e3bcc40d7c032b9dda1df7d1c" "/opt/rustwide/cargo-home/bin/cargo" "+beta-2024-01-09" "metadata" "--no-deps" "--format-version=1", kill_on_drop: false }`
[INFO] [stdout] bd27266f6fcb42625a4072116a46d3c5e619c29540c580db7a62c1db781eea1a
[INFO] running `Command { std: "docker" "start" "-a" "bd27266f6fcb42625a4072116a46d3c5e619c29540c580db7a62c1db781eea1a", kill_on_drop: false }`
[INFO] running `Command { std: "docker" "inspect" "bd27266f6fcb42625a4072116a46d3c5e619c29540c580db7a62c1db781eea1a", kill_on_drop: false }`
[INFO] running `Command { std: "docker" "rm" "-f" "bd27266f6fcb42625a4072116a46d3c5e619c29540c580db7a62c1db781eea1a", kill_on_drop: false }`
[INFO] [stdout] bd27266f6fcb42625a4072116a46d3c5e619c29540c580db7a62c1db781eea1a
[INFO] running `Command { std: "docker" "create" "-v" "/var/lib/crater-agent-workspace/builds/worker-2-tc2/target:/opt/rustwide/target:rw,Z" "-v" "/var/lib/crater-agent-workspace/builds/worker-2-tc2/source:/opt/rustwide/workdir:ro,Z" "-v" "/var/lib/crater-agent-workspace/cargo-home:/opt/rustwide/cargo-home:ro,Z" "-v" "/var/lib/crater-agent-workspace/rustup-home:/opt/rustwide/rustup-home:ro,Z" "-e" "SOURCE_DIR=/opt/rustwide/workdir" "-e" "CARGO_TARGET_DIR=/opt/rustwide/target" "-e" "CARGO_INCREMENTAL=0" "-e" "RUST_BACKTRACE=full" "-e" "RUSTFLAGS=--cap-lints=warn" "-e" "RUSTDOCFLAGS=--cap-lints=warn" "-e" "CARGO_HOME=/opt/rustwide/cargo-home" "-e" "RUSTUP_HOME=/opt/rustwide/rustup-home" "-w" "/opt/rustwide/workdir" "-m" "1610612736" "--user" "0:0" "--network" "none" "ghcr.io/rust-lang/crates-build-env/linux@sha256:2788e3201cd34a07e3172128adcd8b3090168a8e3bcc40d7c032b9dda1df7d1c" "/opt/rustwide/cargo-home/bin/cargo" "+beta-2024-01-09" "build" "--frozen" "--message-format=json", kill_on_drop: false }`
[INFO] [stdout] 8404d5e48498641473179e31544661c79d2e5bb083804f8944e8f5d5205537c0
[INFO] running `Command { std: "docker" "start" "-a" "8404d5e48498641473179e31544661c79d2e5bb083804f8944e8f5d5205537c0", kill_on_drop: false }`
[INFO] [stderr]    Compiling powerfmt v0.2.0
[INFO] [stderr]    Compiling time-core v0.1.2
[INFO] [stderr]    Compiling time-macros v0.2.15
[INFO] [stderr]    Compiling deranged v0.3.9
[INFO] [stderr]    Compiling time v0.3.30
[INFO] [stderr]    Compiling nt-time v0.6.4 (/opt/rustwide/workdir)
[INFO] [stderr]     Finished dev [unoptimized + debuginfo] target(s) in 2.13s
[INFO] running `Command { std: "docker" "inspect" "8404d5e48498641473179e31544661c79d2e5bb083804f8944e8f5d5205537c0", kill_on_drop: false }`
[INFO] running `Command { std: "docker" "rm" "-f" "8404d5e48498641473179e31544661c79d2e5bb083804f8944e8f5d5205537c0", kill_on_drop: false }`
[INFO] [stdout] 8404d5e48498641473179e31544661c79d2e5bb083804f8944e8f5d5205537c0
[INFO] running `Command { std: "docker" "create" "-v" "/var/lib/crater-agent-workspace/builds/worker-2-tc2/target:/opt/rustwide/target:rw,Z" "-v" "/var/lib/crater-agent-workspace/builds/worker-2-tc2/source:/opt/rustwide/workdir:ro,Z" "-v" "/var/lib/crater-agent-workspace/cargo-home:/opt/rustwide/cargo-home:ro,Z" "-v" "/var/lib/crater-agent-workspace/rustup-home:/opt/rustwide/rustup-home:ro,Z" "-e" "SOURCE_DIR=/opt/rustwide/workdir" "-e" "CARGO_TARGET_DIR=/opt/rustwide/target" "-e" "CARGO_INCREMENTAL=0" "-e" "RUST_BACKTRACE=full" "-e" "RUSTFLAGS=--cap-lints=warn" "-e" "RUSTDOCFLAGS=--cap-lints=warn" "-e" "CARGO_HOME=/opt/rustwide/cargo-home" "-e" "RUSTUP_HOME=/opt/rustwide/rustup-home" "-w" "/opt/rustwide/workdir" "-m" "1610612736" "--user" "0:0" "--network" "none" "ghcr.io/rust-lang/crates-build-env/linux@sha256:2788e3201cd34a07e3172128adcd8b3090168a8e3bcc40d7c032b9dda1df7d1c" "/opt/rustwide/cargo-home/bin/cargo" "+beta-2024-01-09" "test" "--frozen" "--no-run" "--message-format=json", kill_on_drop: false }`
[INFO] [stdout] 26cbe43717bbdc4349b8ad3a4b5cf132a70caa8accc1ca7bb20618aa97c344ba
[INFO] running `Command { std: "docker" "start" "-a" "26cbe43717bbdc4349b8ad3a4b5cf132a70caa8accc1ca7bb20618aa97c344ba", kill_on_drop: false }`
[INFO] [stderr]    Compiling proc-macro2 v1.0.70
[INFO] [stderr]    Compiling utf8parse v0.2.1
[INFO] [stderr]    Compiling serde v1.0.193
[INFO] [stderr]    Compiling colorchoice v1.0.0
[INFO] [stderr]    Compiling anstyle-query v1.0.0
[INFO] [stderr]    Compiling anstyle v1.0.4
[INFO] [stderr]    Compiling clap_lex v0.6.0
[INFO] [stderr]    Compiling heck v0.4.1
[INFO] [stderr]    Compiling strsim v0.10.0
[INFO] [stderr]    Compiling serde_json v1.0.108
[INFO] [stderr]    Compiling anyhow v1.0.75
[INFO] [stderr]    Compiling ryu v1.0.15
[INFO] [stderr]    Compiling itoa v1.0.9
[INFO] [stderr]    Compiling anstyle-parse v0.2.2
[INFO] [stderr]    Compiling anstream v0.6.4
[INFO] [stderr]    Compiling clap_builder v4.4.9
[INFO] [stderr]    Compiling quote v1.0.33
[INFO] [stderr]    Compiling syn v2.0.39
[INFO] [stderr]    Compiling serde_test v1.0.176
[INFO] [stderr]    Compiling clap_derive v4.4.7
[INFO] [stderr]    Compiling clap v4.4.10
[INFO] [stderr]    Compiling nt-time v0.6.4 (/opt/rustwide/workdir)
[INFO] [stderr]     Finished test [unoptimized + debuginfo] target(s) in 11.15s
[INFO] running `Command { std: "docker" "inspect" "26cbe43717bbdc4349b8ad3a4b5cf132a70caa8accc1ca7bb20618aa97c344ba", kill_on_drop: false }`
[INFO] running `Command { std: "docker" "rm" "-f" "26cbe43717bbdc4349b8ad3a4b5cf132a70caa8accc1ca7bb20618aa97c344ba", kill_on_drop: false }`
[INFO] [stdout] 26cbe43717bbdc4349b8ad3a4b5cf132a70caa8accc1ca7bb20618aa97c344ba
[INFO] running `Command { std: "docker" "create" "-v" "/var/lib/crater-agent-workspace/builds/worker-2-tc2/target:/opt/rustwide/target:rw,Z" "-v" "/var/lib/crater-agent-workspace/builds/worker-2-tc2/source:/opt/rustwide/workdir:ro,Z" "-v" "/var/lib/crater-agent-workspace/cargo-home:/opt/rustwide/cargo-home:ro,Z" "-v" "/var/lib/crater-agent-workspace/rustup-home:/opt/rustwide/rustup-home:ro,Z" "-e" "SOURCE_DIR=/opt/rustwide/workdir" "-e" "CARGO_TARGET_DIR=/opt/rustwide/target" "-e" "CARGO_INCREMENTAL=0" "-e" "RUST_BACKTRACE=full" "-e" "RUSTFLAGS=--cap-lints=warn" "-e" "RUSTDOCFLAGS=--cap-lints=warn" "-e" "CARGO_HOME=/opt/rustwide/cargo-home" "-e" "RUSTUP_HOME=/opt/rustwide/rustup-home" "-w" "/opt/rustwide/workdir" "-m" "1610612736" "--user" "0:0" "--network" "none" "ghcr.io/rust-lang/crates-build-env/linux@sha256:2788e3201cd34a07e3172128adcd8b3090168a8e3bcc40d7c032b9dda1df7d1c" "/opt/rustwide/cargo-home/bin/cargo" "+beta-2024-01-09" "test" "--frozen", kill_on_drop: false }`
[INFO] [stdout] b10b8bf619788c632ec8870ad2b62e2f5e26e78a0a93fa6d5546ebdabc7dfe3d
[INFO] running `Command { std: "docker" "start" "-a" "b10b8bf619788c632ec8870ad2b62e2f5e26e78a0a93fa6d5546ebdabc7dfe3d", kill_on_drop: false }`
[INFO] [stderr]     Finished test [unoptimized + debuginfo] target(s) in 0.07s
[INFO] [stderr]      Running unittests src/lib.rs (/opt/rustwide/target/debug/deps/nt_time-25f171d1fa592dd7)
[INFO] [stdout] 
[INFO] [stdout] running 138 tests
[INFO] [stdout] test error::tests::clone_dos_date_time_range_error ... ok
[INFO] [stdout] test error::tests::clone_file_time_range_error_kind ... ok
[INFO] [stdout] test error::tests::clone_file_time_range_error ... ok
[INFO] [stdout] test error::tests::clone_dos_date_time_range_error_kind ... ok
[INFO] [stdout] test error::tests::copy_file_time_range_error ... ok
[INFO] [stdout] test error::tests::debug_dos_date_time_range_error ... ok
[INFO] [stdout] test error::tests::clone_offset_date_time_range_error ... ok
[INFO] [stdout] test error::tests::copy_file_time_range_error_kind ... ok
[INFO] [stdout] test error::tests::copy_dos_date_time_range_error_kind ... ok
[INFO] [stdout] test error::tests::copy_offset_date_time_range_error ... ok
[INFO] [stdout] test error::tests::debug_file_time_range_error ... ok
[INFO] [stdout] test error::tests::debug_dos_date_time_range_error_kind ... ok
[INFO] [stdout] test error::tests::copy_dos_date_time_range_error ... ok
[INFO] [stdout] test error::tests::display_dos_date_time_range_error ... ok
[INFO] [stdout] test error::tests::display_file_time_range_error_kind ... ok
[INFO] [stdout] test error::tests::display_offset_date_time_range_error ... ok
[INFO] [stdout] test error::tests::debug_offset_date_time_range_error ... ok
[INFO] [stdout] test error::tests::display_dos_date_time_range_error_kind ... ok
[INFO] [stdout] test error::tests::display_file_time_range_error ... ok
[INFO] [stdout] test error::tests::debug_parse_file_time_error ... ok
[INFO] [stdout] test error::tests::debug_file_time_range_error_kind ... ok
[INFO] [stdout] test error::tests::kind_dos_date_time_range_error ... ok
[INFO] [stdout] test error::tests::source_dos_date_time_range_error ... ok
[INFO] [stdout] test error::tests::source_parse_file_time_error ... ok
[INFO] [stdout] test error::tests::source_file_time_range_error ... ok
[INFO] [stdout] test error::tests::source_offset_date_time_range_error ... ok
[INFO] [stdout] test error::tests::kind_file_time_range_error ... ok
[INFO] [stdout] test file_time::tests::add_assign_negative_time_duration ... ok
[INFO] [stdout] test error::tests::offset_date_time_range_error_equality ... ok
[INFO] [stdout] test error::tests::parse_file_time_error_equality ... ok
[INFO] [stdout] test error::tests::file_time_range_error_equality ... ok
[INFO] [stdout] test error::tests::file_time_range_error_kind_equality ... ok
[INFO] [stdout] test error::tests::dos_date_time_range_error_kind_equality ... ok
[INFO] [stdout] test file_time::tests::add_std_duration ... ok
[INFO] [stdout] test file_time::tests::add_positive_time_duration ... ok
[INFO] [stdout] test file_time::tests::add_assign_std_duration ... ok
[INFO] [stdout] test file_time::tests::add_assign_positive_time_duration ... ok
[INFO] [stdout] test error::tests::display_parse_file_time_error ... ok
[INFO] [stdout] test error::tests::dos_date_time_range_error_equality ... ok
[INFO] [stdout] test file_time::tests::as_u64 ... ok
[INFO] [stdout] test file_time::tests::add_negative_time_duration ... ok
[INFO] [stdout] test file_time::tests::binary ... ok
[INFO] [stdout] test file_time::tests::clone ... ok
[INFO] [stdout] test file_time::tests::copy ... ok
[INFO] [stdout] test file_time::tests::checked_sub ... ok
[INFO] [stdout] test file_time::tests::checked_add ... ok
[INFO] [stdout] test file_time::tests::display ... ok
[INFO] [stdout] test file_time::tests::equality ... ok
[INFO] [stdout] test file_time::tests::equality_file_time_and_system_time ... ok
[INFO] [stdout] test file_time::tests::debug ... ok
[INFO] [stdout] test file_time::tests::equality_system_time_and_file_time ... ok
[INFO] [stdout] test file_time::tests::from_dos_date_time ... ok
[INFO] [stdout] test file_time::tests::from_be_bytes ... ok
[INFO] [stdout] test file_time::tests::default ... ok
[INFO] [stdout] test file_time::tests::equality_file_time_and_offset_date_time ... ok
[INFO] [stdout] test file_time::tests::equality_offset_date_time_and_file_time ... ok
[INFO] [stdout] test file_time::tests::from_file_time_to_u64 ... ok
[INFO] [stdout] test file_time::tests::from_str_with_invalid_digit ... ok
[INFO] [stdout] test file_time::tests::from_le_bytes ... ok
[INFO] [stdout] test file_time::tests::from_str ... ok
[INFO] [stdout] test file_time::tests::from_dos_date_time_with_invalid_date_time ... ok
[INFO] [stdout] test file_time::tests::from_unix_time ... ok
[INFO] [stdout] test file_time::tests::from_file_time_to_system_time ... ok
[INFO] [stdout] test file_time::tests::from_str_when_positive_overflow ... ok
[INFO] [stdout] test file_time::tests::from_str_when_empty ... ok
[INFO] [stdout] test file_time::tests::from_unix_time_nanos_with_too_big_date_time ... ok
[INFO] [stdout] test file_time::tests::from_unix_time_with_too_big_date_time ... ok
[INFO] [stdout] test file_time::tests::from_unix_time_before_nt_time_epoch ... ok
[INFO] [stdout] test file_time::tests::from_unix_time_nanos ... ok
[INFO] [stdout] test file_time::tests::now ... ok
[INFO] [stdout] test file_time::tests::hash ... ok
[INFO] [stdout] test file_time::tests::new ... ok
[INFO] [stdout] test file_time::tests::from_unix_time_nanos_before_nt_time_epoch ... ok
[INFO] [stdout] test file_time::tests::lower_exp ... ok
[INFO] [stdout] test file_time::tests::nt_time_epoch ... ok
[INFO] [stdout] test file_time::tests::order ... ok
[INFO] [stdout] test file_time::tests::order_offset_date_time_and_file_time ... ok
[INFO] [stdout] test file_time::tests::lower_hex ... ok
[INFO] [stdout] test file_time::tests::from_u64_to_file_time ... ok
[INFO] [stdout] test file_time::tests::order_system_time_and_file_time ... ok
[INFO] [stdout] test file_time::tests::saturating_sub ... ok
[INFO] [stdout] test file_time::tests::saturating_add ... ok
[INFO] [stdout] test file_time::tests::order_file_time_and_offset_date_time ... ok
[INFO] [stdout] test file_time::tests::order_file_time_and_system_time ... ok
[INFO] [stdout] test file_time::tests::octal ... ok
[INFO] [stdout] test file_time::tests::sub_assign_positive_time_duration ... ok
[INFO] [stdout] test file_time::tests::sub_assign_negative_time_duration ... ok
[INFO] [stdout] test file_time::tests::sub_assign_std_duration ... ok
[INFO] [stdout] test file_time::tests::sub_file_time_from_system_time ... ok
[INFO] [stdout] test file_time::tests::sub_file_time_from_offset_date_time ... ok
[INFO] [stdout] test file_time::tests::sub_file_time ... ok
[INFO] [stdout] test file_time::tests::add_negative_time_duration_with_overflow - should panic ... ok
[INFO] [stdout] test file_time::tests::add_assign_negative_time_duration_with_overflow - should panic ... ok
[INFO] [stdout] test file_time::tests::add_positive_time_duration_with_overflow - should panic ... ok
[INFO] [stdout] test file_time::tests::add_assign_positive_time_duration_with_overflow - should panic ... ok
[INFO] [stdout] test file_time::tests::add_assign_std_duration_with_overflow - should panic ... ok
[INFO] [stdout] test file_time::tests::add_std_duration_with_overflow - should panic ... ok
[INFO] [stdout] test file_time::tests::sub_system_time_from_file_time ... ok
[INFO] [stdout] test file_time::tests::sub_positive_time_duration ... ok
[INFO] [stdout] test file_time::tests::sub_std_duration ... ok
[INFO] [stdout] test file_time::tests::sub_negative_time_duration ... ok
[INFO] [stdout] test file_time::tests::sub_offset_date_time_from_file_time ... ok
[INFO] [stdout] test file_time::tests::to_be_bytes ... ok
[INFO] [stdout] test file_time::tests::to_dos_date_time ... ok
[INFO] [stdout] test file_time::tests::from_dos_date_time_with_invalid_positive_offset - should panic ... FAILED
[INFO] [stdout] test file_time::tests::to_dos_date_time_before_dos_date_time_epoch ... ok
[INFO] [stdout] test file_time::tests::from_dos_date_time_with_invalid_resolution - should panic ... ok
[INFO] [stdout] test file_time::tests::from_dos_date_time_with_invalid_negative_offset - should panic ... FAILED
[INFO] [stdout] test file_time::tests::to_dos_date_time_with_too_big_date_time ... ok
[INFO] [stdout] test file_time::tests::sub_assign_positive_time_duration_with_overflow - should panic ... ok
[INFO] [stdout] test file_time::tests::to_raw ... ok
[INFO] [stdout] test file_time::tests::try_from_file_time_to_i64 ... ok
[INFO] [stdout] test file_time::tests::to_unix_time ... ok
[INFO] [stdout] test file_time::tests::to_unix_time_nanos ... ok
[INFO] [stdout] test file_time::tests::try_from_i64_to_file_time_before_nt_time_epoch ... ok
[INFO] [stdout] test file_time::tests::try_from_file_time_to_offset_date_time ... ok
[INFO] [stdout] test file_time::tests::try_from_offset_date_time_to_file_time ... ok
[INFO] [stdout] test file_time::tests::try_from_file_time_to_i64_with_too_big_file_time ... ok
[INFO] [stdout] test file_time::tests::try_from_file_time_to_offset_date_time_with_invalid_file_time ... ok
[INFO] [stdout] test file_time::tests::try_from_i64_to_file_time ... ok
[INFO] [stdout] test file_time::tests::sub_assign_std_duration_with_overflow - should panic ... ok
[INFO] [stdout] test file_time::tests::try_from_offset_date_time_to_file_time_before_nt_time_epoch ... ok
[INFO] [stdout] test file_time::tests::try_from_system_time_to_file_time ... ok
[INFO] [stdout] test file_time::tests::unix_epoch ... ok
[INFO] [stdout] test file_time::tests::to_le_bytes ... ok
[INFO] [stdout] test file_time::tests::sub_assign_negative_time_duration_with_overflow - should panic ... ok
[INFO] [stdout] test file_time::tests::sub_file_time_from_system_time_with_overflow - should panic ... ok
[INFO] [stdout] test file_time::tests::upper_exp ... ok
[INFO] [stdout] test file_time::tests::upper_hex ... ok
[INFO] [stdout] test file_time::tests::sub_negative_time_duration_with_overflow - should panic ... ok
[INFO] [stdout] test file_time::tests::to_dos_date_time_with_invalid_positive_offset - should panic ... FAILED
[INFO] [stdout] test file_time::tests::sub_positive_time_duration_with_overflow - should panic ... ok
[INFO] [stdout] test file_time::tests::try_from_system_time_to_file_time_before_nt_time_epoch ... ok
[INFO] [stdout] test file_time::tests::try_from_system_time_to_file_time_with_too_big_system_time ... ok
[INFO] [stdout] test file_time::tests::sub_file_time_with_overflow - should panic ... ok
[INFO] [stdout] test file_time::tests::sub_std_duration_with_overflow - should panic ... ok
[INFO] [stdout] test file_time::tests::to_dos_date_time_with_invalid_negative_offset - should panic ... FAILED
[INFO] [stdout] test file_time::tests::sub_system_time_from_file_time_with_overflow - should panic ... ok
[INFO] [stdout] 
[INFO] [stdout] failures:
[INFO] [stdout] 
[INFO] [stdout] ---- file_time::tests::from_dos_date_time_with_invalid_positive_offset stdout ----
[INFO] [stdout] thread 'file_time::tests::from_dos_date_time_with_invalid_positive_offset' panicked at src/file_time.rs:605:13:
[INFO] [stdout] assertion failed: (offset!(-16:00)..=offset!(+15:45)).contains(&o)
[INFO] [stdout] stack backtrace:
[INFO] [stdout]    0:     0x5571d133c7d6 - std::backtrace_rs::backtrace::libunwind::trace::h03effc2488ffeadf
[INFO] [stdout]                                at /rustc/650745ceb2ae60e04f8cd7bfb671fc37239533e4/library/std/src/../../backtrace/src/backtrace/libunwind.rs:104:5
[INFO] [stdout]    1:     0x5571d133c7d6 - std::backtrace_rs::backtrace::trace_unsynchronized::h006ca25a07988d2f
[INFO] [stdout]                                at /rustc/650745ceb2ae60e04f8cd7bfb671fc37239533e4/library/std/src/../../backtrace/src/backtrace/mod.rs:66:5
[INFO] [stdout]    2:     0x5571d133c7d6 - std::sys_common::backtrace::_print_fmt::h4e3552f7b93352b1
[INFO] [stdout]                                at /rustc/650745ceb2ae60e04f8cd7bfb671fc37239533e4/library/std/src/sys_common/backtrace.rs:68:5
[INFO] [stdout]    3:     0x5571d133c7d6 - <std::sys_common::backtrace::_print::DisplayBacktrace as core::fmt::Display>::fmt::h9fe510a7d5cbe2d5
[INFO] [stdout]                                at /rustc/650745ceb2ae60e04f8cd7bfb671fc37239533e4/library/std/src/sys_common/backtrace.rs:44:22
[INFO] [stdout]    4:     0x5571d1365650 - core::fmt::rt::Argument::fmt::h74b18c7a7e637710
[INFO] [stdout]                                at /rustc/650745ceb2ae60e04f8cd7bfb671fc37239533e4/library/core/src/fmt/rt.rs:142:9
[INFO] [stdout]    5:     0x5571d1365650 - core::fmt::write::h8f8030c94ead45fd
[INFO] [stdout]                                at /rustc/650745ceb2ae60e04f8cd7bfb671fc37239533e4/library/core/src/fmt/mod.rs:1120:17
[INFO] [stdout]    6:     0x5571d133a16f - std::io::Write::write_fmt::hd5dc84d51b55db4d
[INFO] [stdout]                                at /rustc/650745ceb2ae60e04f8cd7bfb671fc37239533e4/library/std/src/io/mod.rs:1810:15
[INFO] [stdout]    7:     0x5571d133c5b4 - std::sys_common::backtrace::_print::h9804e7b18da25ce0
[INFO] [stdout]                                at /rustc/650745ceb2ae60e04f8cd7bfb671fc37239533e4/library/std/src/sys_common/backtrace.rs:47:5
[INFO] [stdout]    8:     0x5571d133c5b4 - std::sys_common::backtrace::print::h88277d710d09094a
[INFO] [stdout]                                at /rustc/650745ceb2ae60e04f8cd7bfb671fc37239533e4/library/std/src/sys_common/backtrace.rs:34:9
[INFO] [stdout]    9:     0x5571d133e327 - std::panicking::default_hook::{{closure}}::hdbdcf066fe677727
[INFO] [stdout]   10:     0x5571d133e00d - std::panicking::default_hook::h23a1b51cb553f858
[INFO] [stdout]                                at /rustc/650745ceb2ae60e04f8cd7bfb671fc37239533e4/library/std/src/panicking.rs:289:9
[INFO] [stdout]   11:     0x5571d12fc8d7 - <alloc::boxed::Box<F,A> as core::ops::function::Fn<Args>>::call::hb97b3d5e50e8f668
[INFO] [stdout]                                at /rustc/650745ceb2ae60e04f8cd7bfb671fc37239533e4/library/alloc/src/boxed.rs:2029:9
[INFO] [stdout]   12:     0x5571d12fc8d7 - test::test_main::{{closure}}::h08dcb42f9689ad1d
[INFO] [stdout]                                at /rustc/650745ceb2ae60e04f8cd7bfb671fc37239533e4/library/test/src/lib.rs:138:21
[INFO] [stdout]   13:     0x5571d133e946 - <alloc::boxed::Box<F,A> as core::ops::function::Fn<Args>>::call::he29ab032578fbb20
[INFO] [stdout]                                at /rustc/650745ceb2ae60e04f8cd7bfb671fc37239533e4/library/alloc/src/boxed.rs:2029:9
[INFO] [stdout]   14:     0x5571d133e946 - std::panicking::rust_panic_with_hook::hee41672977842e8f
[INFO] [stdout]                                at /rustc/650745ceb2ae60e04f8cd7bfb671fc37239533e4/library/std/src/panicking.rs:783:13
[INFO] [stdout]   15:     0x5571d133e659 - std::panicking::begin_panic_handler::{{closure}}::h6e390f49bfce6eb3
[INFO] [stdout]                                at /rustc/650745ceb2ae60e04f8cd7bfb671fc37239533e4/library/std/src/panicking.rs:649:13
[INFO] [stdout]   16:     0x5571d133ccd6 - std::sys_common::backtrace::__rust_end_short_backtrace::h72ee75b447321fc6
[INFO] [stdout]                                at /rustc/650745ceb2ae60e04f8cd7bfb671fc37239533e4/library/std/src/sys_common/backtrace.rs:171:18
[INFO] [stdout]   17:     0x5571d133e3f0 - rust_begin_unwind
[INFO] [stdout]                                at /rustc/650745ceb2ae60e04f8cd7bfb671fc37239533e4/library/std/src/panicking.rs:645:5
[INFO] [stdout]   18:     0x5571d1299d15 - core::panicking::panic_fmt::hf7ebce36d1a084ab
[INFO] [stdout]                                at /rustc/650745ceb2ae60e04f8cd7bfb671fc37239533e4/library/core/src/panicking.rs:72:14
[INFO] [stdout]   19:     0x5571d1299dd3 - core::panicking::panic::h6f2fe1e221b76e3b
[INFO] [stdout]                                at /rustc/650745ceb2ae60e04f8cd7bfb671fc37239533e4/library/core/src/panicking.rs:144:5
[INFO] [stdout]   20:     0x5571d12b7cdb - nt_time::file_time::FileTime::from_dos_date_time::h49014bb9ed867d72
[INFO] [stdout]                                at /opt/rustwide/workdir/src/file_time.rs:605:13
[INFO] [stdout]   21:     0x5571d12a0431 - nt_time::file_time::tests::from_dos_date_time_with_invalid_positive_offset::ha43c77f13cbeb901
[INFO] [stdout]                                at /opt/rustwide/workdir/src/file_time.rs:2436:13
[INFO] [stdout]   22:     0x5571d12a03b7 - nt_time::file_time::tests::from_dos_date_time_with_invalid_positive_offset::{{closure}}::h5366af00b12652f0
[INFO] [stdout]                                at /opt/rustwide/workdir/src/file_time.rs:2433:57
[INFO] [stdout]   23:     0x5571d12bf2f6 - core::ops::function::FnOnce::call_once::h122aa1104f01eca9
[INFO] [stdout]                                at /rustc/650745ceb2ae60e04f8cd7bfb671fc37239533e4/library/core/src/ops/function.rs:250:5
[INFO] [stdout]   24:     0x5571d130210f - core::ops::function::FnOnce::call_once::h06047d416fab4738
[INFO] [stdout]                                at /rustc/650745ceb2ae60e04f8cd7bfb671fc37239533e4/library/core/src/ops/function.rs:250:5
[INFO] [stdout]   25:     0x5571d130210f - test::__rust_begin_short_backtrace::hcb5713adfb060771
[INFO] [stdout]                                at /rustc/650745ceb2ae60e04f8cd7bfb671fc37239533e4/library/test/src/lib.rs:627:18
[INFO] [stdout]   26:     0x5571d1300f31 - test::run_test_in_process::{{closure}}::h6861e3633d7c9c27
[INFO] [stdout]                                at /rustc/650745ceb2ae60e04f8cd7bfb671fc37239533e4/library/test/src/lib.rs:650:60
[INFO] [stdout]   27:     0x5571d1300f31 - <core::panic::unwind_safe::AssertUnwindSafe<F> as core::ops::function::FnOnce<()>>::call_once::hb64fe2246fb8da62
[INFO] [stdout]                                at /rustc/650745ceb2ae60e04f8cd7bfb671fc37239533e4/library/core/src/panic/unwind_safe.rs:272:9
[INFO] [stdout]   28:     0x5571d1300f31 - std::panicking::try::do_call::h298b24dc8da96ba0
[INFO] [stdout]                                at /rustc/650745ceb2ae60e04f8cd7bfb671fc37239533e4/library/std/src/panicking.rs:552:40
[INFO] [stdout]   29:     0x5571d1300f31 - std::panicking::try::h69c2bfb52fabb772
[INFO] [stdout]                                at /rustc/650745ceb2ae60e04f8cd7bfb671fc37239533e4/library/std/src/panicking.rs:516:19
[INFO] [stdout]   30:     0x5571d1300f31 - std::panic::catch_unwind::hc0f23ff16cc28725
[INFO] [stdout]                                at /rustc/650745ceb2ae60e04f8cd7bfb671fc37239533e4/library/std/src/panic.rs:142:14
[INFO] [stdout]   31:     0x5571d1300f31 - test::run_test_in_process::hddee0506ec75925f
[INFO] [stdout]                                at /rustc/650745ceb2ae60e04f8cd7bfb671fc37239533e4/library/test/src/lib.rs:650:27
[INFO] [stdout]   32:     0x5571d1300f31 - test::run_test::{{closure}}::h5cfb204228607716
[INFO] [stdout]                                at /rustc/650745ceb2ae60e04f8cd7bfb671fc37239533e4/library/test/src/lib.rs:573:43
[INFO] [stdout]   33:     0x5571d12c8266 - test::run_test::{{closure}}::hd4d5602ef13205a5
[INFO] [stdout]                                at /rustc/650745ceb2ae60e04f8cd7bfb671fc37239533e4/library/test/src/lib.rs:601:41
[INFO] [stdout]   34:     0x5571d12c8266 - std::sys_common::backtrace::__rust_begin_short_backtrace::h5ccc5cff5923f06c
[INFO] [stdout]                                at /rustc/650745ceb2ae60e04f8cd7bfb671fc37239533e4/library/std/src/sys_common/backtrace.rs:155:18
[INFO] [stdout]   35:     0x5571d12cd367 - std::thread::Builder::spawn_unchecked_::{{closure}}::{{closure}}::hafc0d76dcef09eee
[INFO] [stdout]                                at /rustc/650745ceb2ae60e04f8cd7bfb671fc37239533e4/library/std/src/thread/mod.rs:529:17
[INFO] [stdout]   36:     0x5571d12cd367 - <core::panic::unwind_safe::AssertUnwindSafe<F> as core::ops::function::FnOnce<()>>::call_once::hb8ad16fe24e3ea09
[INFO] [stdout]                                at /rustc/650745ceb2ae60e04f8cd7bfb671fc37239533e4/library/core/src/panic/unwind_safe.rs:272:9
[INFO] [stdout]   37:     0x5571d12cd367 - std::panicking::try::do_call::h42f15bc08f3d28df
[INFO] [stdout]                                at /rustc/650745ceb2ae60e04f8cd7bfb671fc37239533e4/library/std/src/panicking.rs:552:40
[INFO] [stdout]   38:     0x5571d12cd367 - std::panicking::try::h81546958e5901712
[INFO] [stdout]                                at /rustc/650745ceb2ae60e04f8cd7bfb671fc37239533e4/library/std/src/panicking.rs:516:19
[INFO] [stdout]   39:     0x5571d12cd367 - std::panic::catch_unwind::hc4c7cd89a2f03e29
[INFO] [stdout]                                at /rustc/650745ceb2ae60e04f8cd7bfb671fc37239533e4/library/std/src/panic.rs:142:14
[INFO] [stdout]   40:     0x5571d12cd367 - std::thread::Builder::spawn_unchecked_::{{closure}}::h45ad00093b802d53
[INFO] [stdout]                                at /rustc/650745ceb2ae60e04f8cd7bfb671fc37239533e4/library/std/src/thread/mod.rs:528:30
[INFO] [stdout]   41:     0x5571d12cd367 - core::ops::function::FnOnce::call_once{{vtable.shim}}::heec906b8862c0a30
[INFO] [stdout]                                at /rustc/650745ceb2ae60e04f8cd7bfb671fc37239533e4/library/core/src/ops/function.rs:250:5
[INFO] [stdout]   42:     0x5571d13433f5 - <alloc::boxed::Box<F,A> as core::ops::function::FnOnce<Args>>::call_once::he271a8e9b4ffec7b
[INFO] [stdout]                                at /rustc/650745ceb2ae60e04f8cd7bfb671fc37239533e4/library/alloc/src/boxed.rs:2015:9
[INFO] [stdout]   43:     0x5571d13433f5 - <alloc::boxed::Box<F,A> as core::ops::function::FnOnce<Args>>::call_once::heeb272d5c498a02f
[INFO] [stdout]                                at /rustc/650745ceb2ae60e04f8cd7bfb671fc37239533e4/library/alloc/src/boxed.rs:2015:9
[INFO] [stdout]   44:     0x5571d13433f5 - std::sys::unix::thread::Thread::new::thread_start::h1fcefdf404730fa7
[INFO] [stdout]                                at /rustc/650745ceb2ae60e04f8cd7bfb671fc37239533e4/library/std/src/sys/unix/thread.rs:108:17
[INFO] [stdout]   45:     0x7fd9bc719ac3 - <unknown>
[INFO] [stdout]   46:     0x7fd9bc7aabf4 - __clone
[INFO] [stdout]   47:                0x0 - <unknown>
[INFO] [stdout] note: panic did not contain expected string
[INFO] [stdout]       panic message: `"assertion failed: (offset!(-16:00)..=offset!(+15:45)).contains(&o)"`,
[INFO] [stdout]  expected substring: `"assertion failed: (offset!(- 16 : 00)..=offset!(+ 15 : 45)).contains(&o)"`
[INFO] [stdout] ---- file_time::tests::from_dos_date_time_with_invalid_negative_offset stdout ----
[INFO] [stdout] thread 'file_time::tests::from_dos_date_time_with_invalid_negative_offset' panicked at src/file_time.rs:605:13:
[INFO] [stdout] assertion failed: (offset!(-16:00)..=offset!(+15:45)).contains(&o)
[INFO] [stdout] stack backtrace:
[INFO] [stdout]    0:     0x5571d133c7d6 - std::backtrace_rs::backtrace::libunwind::trace::h03effc2488ffeadf
[INFO] [stdout]                                at /rustc/650745ceb2ae60e04f8cd7bfb671fc37239533e4/library/std/src/../../backtrace/src/backtrace/libunwind.rs:104:5
[INFO] [stdout]    1:     0x5571d133c7d6 - std::backtrace_rs::backtrace::trace_unsynchronized::h006ca25a07988d2f
[INFO] [stdout]                                at /rustc/650745ceb2ae60e04f8cd7bfb671fc37239533e4/library/std/src/../../backtrace/src/backtrace/mod.rs:66:5
[INFO] [stdout]    2:     0x5571d133c7d6 - std::sys_common::backtrace::_print_fmt::h4e3552f7b93352b1
[INFO] [stdout]                                at /rustc/650745ceb2ae60e04f8cd7bfb671fc37239533e4/library/std/src/sys_common/backtrace.rs:68:5
[INFO] [stdout]    3:     0x5571d133c7d6 - <std::sys_common::backtrace::_print::DisplayBacktrace as core::fmt::Display>::fmt::h9fe510a7d5cbe2d5
[INFO] [stdout]                                at /rustc/650745ceb2ae60e04f8cd7bfb671fc37239533e4/library/std/src/sys_common/backtrace.rs:44:22
[INFO] [stdout]    4:     0x5571d1365650 - core::fmt::rt::Argument::fmt::h74b18c7a7e637710
[INFO] [stdout]                                at /rustc/650745ceb2ae60e04f8cd7bfb671fc37239533e4/library/core/src/fmt/rt.rs:142:9
[INFO] [stdout]    5:     0x5571d1365650 - core::fmt::write::h8f8030c94ead45fd
[INFO] [stdout]                                at /rustc/650745ceb2ae60e04f8cd7bfb671fc37239533e4/library/core/src/fmt/mod.rs:1120:17
[INFO] [stdout]    6:     0x5571d133a16f - std::io::Write::write_fmt::hd5dc84d51b55db4d
[INFO] [stdout]                                at /rustc/650745ceb2ae60e04f8cd7bfb671fc37239533e4/library/std/src/io/mod.rs:1810:15
[INFO] [stdout]    7:     0x5571d133c5b4 - std::sys_common::backtrace::_print::h9804e7b18da25ce0
[INFO] [stdout]                                at /rustc/650745ceb2ae60e04f8cd7bfb671fc37239533e4/library/std/src/sys_common/backtrace.rs:47:5
[INFO] [stdout]    8:     0x5571d133c5b4 - std::sys_common::backtrace::print::h88277d710d09094a
[INFO] [stdout]                                at /rustc/650745ceb2ae60e04f8cd7bfb671fc37239533e4/library/std/src/sys_common/backtrace.rs:34:9
[INFO] [stdout]    9:     0x5571d133e327 - std::panicking::default_hook::{{closure}}::hdbdcf066fe677727
[INFO] [stdout]   10:     0x5571d133e00d - std::panicking::default_hook::h23a1b51cb553f858
[INFO] [stdout]                                at /rustc/650745ceb2ae60e04f8cd7bfb671fc37239533e4/library/std/src/panicking.rs:289:9
[INFO] [stdout]   11:     0x5571d12fc8d7 - <alloc::boxed::Box<F,A> as core::ops::function::Fn<Args>>::call::hb97b3d5e50e8f668
[INFO] [stdout]                                at /rustc/650745ceb2ae60e04f8cd7bfb671fc37239533e4/library/alloc/src/boxed.rs:2029:9
[INFO] [stdout]   12:     0x5571d12fc8d7 - test::test_main::{{closure}}::h08dcb42f9689ad1d
[INFO] [stdout]                                at /rustc/650745ceb2ae60e04f8cd7bfb671fc37239533e4/library/test/src/lib.rs:138:21
[INFO] [stdout]   13:     0x5571d133e946 - <alloc::boxed::Box<F,A> as core::ops::function::Fn<Args>>::call::he29ab032578fbb20
[INFO] [stdout]                                at /rustc/650745ceb2ae60e04f8cd7bfb671fc37239533e4/library/alloc/src/boxed.rs:2029:9
[INFO] [stdout]   14:     0x5571d133e946 - std::panicking::rust_panic_with_hook::hee41672977842e8f
[INFO] [stdout]                                at /rustc/650745ceb2ae60e04f8cd7bfb671fc37239533e4/library/std/src/panicking.rs:783:13
[INFO] [stdout]   15:     0x5571d133e659 - std::panicking::begin_panic_handler::{{closure}}::h6e390f49bfce6eb3
[INFO] [stdout]                                at /rustc/650745ceb2ae60e04f8cd7bfb671fc37239533e4/library/std/src/panicking.rs:649:13
[INFO] [stdout]   16:     0x5571d133ccd6 - std::sys_common::backtrace::__rust_end_short_backtrace::h72ee75b447321fc6
[INFO] [stdout]                                at /rustc/650745ceb2ae60e04f8cd7bfb671fc37239533e4/library/std/src/sys_common/backtrace.rs:171:18
[INFO] [stdout]   17:     0x5571d133e3f0 - rust_begin_unwind
[INFO] [stdout]                                at /rustc/650745ceb2ae60e04f8cd7bfb671fc37239533e4/library/std/src/panicking.rs:645:5
[INFO] [stdout]   18:     0x5571d1299d15 - core::panicking::panic_fmt::hf7ebce36d1a084ab
[INFO] [stdout]                                at /rustc/650745ceb2ae60e04f8cd7bfb671fc37239533e4/library/core/src/panicking.rs:72:14
[INFO] [stdout]   19:     0x5571d1299dd3 - core::panicking::panic::h6f2fe1e221b76e3b
[INFO] [stdout]                                at /rustc/650745ceb2ae60e04f8cd7bfb671fc37239533e4/library/core/src/panicking.rs:144:5
[INFO] [stdout]   20:     0x5571d12b7cdb - nt_time::file_time::FileTime::from_dos_date_time::h49014bb9ed867d72
[INFO] [stdout]                                at /opt/rustwide/workdir/src/file_time.rs:605:13
[INFO] [stdout]   21:     0x5571d12a04de - nt_time::file_time::tests::from_dos_date_time_with_invalid_negative_offset::h2f0c6624f5e6921c
[INFO] [stdout]                                at /opt/rustwide/workdir/src/file_time.rs:2446:13
[INFO] [stdout]   22:     0x5571d12a0467 - nt_time::file_time::tests::from_dos_date_time_with_invalid_negative_offset::{{closure}}::h8de843022797d8c2
[INFO] [stdout]                                at /opt/rustwide/workdir/src/file_time.rs:2443:57
[INFO] [stdout]   23:     0x5571d12c11f6 - core::ops::function::FnOnce::call_once::hf0db465a4f1016a7
[INFO] [stdout]                                at /rustc/650745ceb2ae60e04f8cd7bfb671fc37239533e4/library/core/src/ops/function.rs:250:5
[INFO] [stdout]   24:     0x5571d130210f - core::ops::function::FnOnce::call_once::h06047d416fab4738
[INFO] [stdout]                                at /rustc/650745ceb2ae60e04f8cd7bfb671fc37239533e4/library/core/src/ops/function.rs:250:5
[INFO] [stdout]   25:     0x5571d130210f - test::__rust_begin_short_backtrace::hcb5713adfb060771
[INFO] [stdout]                                at /rustc/650745ceb2ae60e04f8cd7bfb671fc37239533e4/library/test/src/lib.rs:627:18
[INFO] [stdout]   26:     0x5571d1300f31 - test::run_test_in_process::{{closure}}::h6861e3633d7c9c27
[INFO] [stdout]                                at /rustc/650745ceb2ae60e04f8cd7bfb671fc37239533e4/library/test/src/lib.rs:650:60
[INFO] [stdout]   27:     0x5571d1300f31 - <core::panic::unwind_safe::AssertUnwindSafe<F> as core::ops::function::FnOnce<()>>::call_once::hb64fe2246fb8da62
[INFO] [stdout]                                at /rustc/650745ceb2ae60e04f8cd7bfb671fc37239533e4/library/core/src/panic/unwind_safe.rs:272:9
[INFO] [stdout]   28:     0x5571d1300f31 - std::panicking::try::do_call::h298b24dc8da96ba0
[INFO] [stdout]                                at /rustc/650745ceb2ae60e04f8cd7bfb671fc37239533e4/library/std/src/panicking.rs:552:40
[INFO] [stdout]   29:     0x5571d1300f31 - std::panicking::try::h69c2bfb52fabb772
[INFO] [stdout]                                at /rustc/650745ceb2ae60e04f8cd7bfb671fc37239533e4/library/std/src/panicking.rs:516:19
[INFO] [stdout]   30:     0x5571d1300f31 - std::panic::catch_unwind::hc0f23ff16cc28725
[INFO] [stdout]                                at /rustc/650745ceb2ae60e04f8cd7bfb671fc37239533e4/library/std/src/panic.rs:142:14
[INFO] [stdout]   31:     0x5571d1300f31 - test::run_test_in_process::hddee0506ec75925f
[INFO] [stdout]                                at /rustc/650745ceb2ae60e04f8cd7bfb671fc37239533e4/library/test/src/lib.rs:650:27
[INFO] [stdout]   32:     0x5571d1300f31 - test::run_test::{{closure}}::h5cfb204228607716
[INFO] [stdout]                                at /rustc/650745ceb2ae60e04f8cd7bfb671fc37239533e4/library/test/src/lib.rs:573:43
[INFO] [stdout]   33:     0x5571d12c8266 - test::run_test::{{closure}}::hd4d5602ef13205a5
[INFO] [stdout]                                at /rustc/650745ceb2ae60e04f8cd7bfb671fc37239533e4/library/test/src/lib.rs:601:41
[INFO] [stdout]   34:     0x5571d12c8266 - std::sys_common::backtrace::__rust_begin_short_backtrace::h5ccc5cff5923f06c
[INFO] [stdout]                                at /rustc/650745ceb2ae60e04f8cd7bfb671fc37239533e4/library/std/src/sys_common/backtrace.rs:155:18
[INFO] [stdout]   35:     0x5571d12cd367 - std::thread::Builder::spawn_unchecked_::{{closure}}::{{closure}}::hafc0d76dcef09eee
[INFO] [stdout]                                at /rustc/650745ceb2ae60e04f8cd7bfb671fc37239533e4/library/std/src/thread/mod.rs:529:17
[INFO] [stdout]   36:     0x5571d12cd367 - <core::panic::unwind_safe::AssertUnwindSafe<F> as core::ops::function::FnOnce<()>>::call_once::hb8ad16fe24e3ea09
[INFO] [stdout]                                at /rustc/650745ceb2ae60e04f8cd7bfb671fc37239533e4/library/core/src/panic/unwind_safe.rs:272:9
[INFO] [stdout]   37:     0x5571d12cd367 - std::panicking::try::do_call::h42f15bc08f3d28df
[INFO] [stdout]                                at /rustc/650745ceb2ae60e04f8cd7bfb671fc37239533e4/library/std/src/panicking.rs:552:40
[INFO] [stdout]   38:     0x5571d12cd367 - std::panicking::try::h81546958e5901712
[INFO] [stdout]                                at /rustc/650745ceb2ae60e04f8cd7bfb671fc37239533e4/library/std/src/panicking.rs:516:19
[INFO] [stdout]   39:     0x5571d12cd367 - std::panic::catch_unwind::hc4c7cd89a2f03e29
[INFO] [stdout]                                at /rustc/650745ceb2ae60e04f8cd7bfb671fc37239533e4/library/std/src/panic.rs:142:14
[INFO] [stdout]   40:     0x5571d12cd367 - std::thread::Builder::spawn_unchecked_::{{closure}}::h45ad00093b802d53
[INFO] [stdout]                                at /rustc/650745ceb2ae60e04f8cd7bfb671fc37239533e4/library/std/src/thread/mod.rs:528:30
[INFO] [stdout]   41:     0x5571d12cd367 - core::ops::function::FnOnce::call_once{{vtable.shim}}::heec906b8862c0a30
[INFO] [stdout]                                at /rustc/650745ceb2ae60e04f8cd7bfb671fc37239533e4/library/core/src/ops/function.rs:250:5
[INFO] [stdout]   42:     0x5571d13433f5 - <alloc::boxed::Box<F,A> as core::ops::function::FnOnce<Args>>::call_once::he271a8e9b4ffec7b
[INFO] [stdout]                                at /rustc/650745ceb2ae60e04f8cd7bfb671fc37239533e4/library/alloc/src/boxed.rs:2015:9
[INFO] [stdout]   43:     0x5571d13433f5 - <alloc::boxed::Box<F,A> as core::ops::function::FnOnce<Args>>::call_once::heeb272d5c498a02f
[INFO] [stdout]                                at /rustc/650745ceb2ae60e04f8cd7bfb671fc37239533e4/library/alloc/src/boxed.rs:2015:9
[INFO] [stdout]   44:     0x5571d13433f5 - std::sys::unix::thread::Thread::new::thread_start::h1fcefdf404730fa7
[INFO] [stdout]                                at /rustc/650745ceb2ae60e04f8cd7bfb671fc37239533e4/library/std/src/sys/unix/thread.rs:108:17
[INFO] [stdout]   45:     0x7fd9bc719ac3 - <unknown>
[INFO] [stdout]   46:     0x7fd9bc7aabf4 - __clone
[INFO] [stdout]   47:                0x0 - <unknown>
[INFO] [stdout] note: panic did not contain expected string
[INFO] [stdout]       panic message: `"assertion failed: (offset!(-16:00)..=offset!(+15:45)).contains(&o)"`,
[INFO] [stdout]  expected substring: `"assertion failed: (offset!(- 16 : 00)..=offset!(+ 15 : 45)).contains(&o)"`
[INFO] [stdout] ---- file_time::tests::to_dos_date_time_with_invalid_positive_offset stdout ----
[INFO] [stdout] thread 'file_time::tests::to_dos_date_time_with_invalid_positive_offset' panicked at src/file_time.rs:431:13:
[INFO] [stdout] assertion failed: (offset!(-16:00)..=offset!(+15:45)).contains(&o)
[INFO] [stdout] stack backtrace:
[INFO] [stdout]    0:     0x5571d133c7d6 - std::backtrace_rs::backtrace::libunwind::trace::h03effc2488ffeadf
[INFO] [stdout]                                at /rustc/650745ceb2ae60e04f8cd7bfb671fc37239533e4/library/std/src/../../backtrace/src/backtrace/libunwind.rs:104:5
[INFO] [stdout]    1:     0x5571d133c7d6 - std::backtrace_rs::backtrace::trace_unsynchronized::h006ca25a07988d2f
[INFO] [stdout]                                at /rustc/650745ceb2ae60e04f8cd7bfb671fc37239533e4/library/std/src/../../backtrace/src/backtrace/mod.rs:66:5
[INFO] [stdout]    2:     0x5571d133c7d6 - std::sys_common::backtrace::_print_fmt::h4e3552f7b93352b1
[INFO] [stdout]                                at /rustc/650745ceb2ae60e04f8cd7bfb671fc37239533e4/library/std/src/sys_common/backtrace.rs:68:5
[INFO] [stdout]    3:     0x5571d133c7d6 - <std::sys_common::backtrace::_print::DisplayBacktrace as core::fmt::Display>::fmt::h9fe510a7d5cbe2d5
[INFO] [stdout]                                at /rustc/650745ceb2ae60e04f8cd7bfb671fc37239533e4/library/std/src/sys_common/backtrace.rs:44:22
[INFO] [stdout]    4:     0x5571d1365650 - core::fmt::rt::Argument::fmt::h74b18c7a7e637710
[INFO] [stdout]                                at /rustc/650745ceb2ae60e04f8cd7bfb671fc37239533e4/library/core/src/fmt/rt.rs:142:9
[INFO] [stdout]    5:     0x5571d1365650 - core::fmt::write::h8f8030c94ead45fd
[INFO] [stdout]                                at /rustc/650745ceb2ae60e04f8cd7bfb671fc37239533e4/library/core/src/fmt/mod.rs:1120:17
[INFO] [stdout]    6:     0x5571d133a16f - std::io::Write::write_fmt::hd5dc84d51b55db4d
[INFO] [stdout]                                at /rustc/650745ceb2ae60e04f8cd7bfb671fc37239533e4/library/std/src/io/mod.rs:1810:15
[INFO] [stdout]    7:     0x5571d133c5b4 - std::sys_common::backtrace::_print::h9804e7b18da25ce0
[INFO] [stdout]                                at /rustc/650745ceb2ae60e04f8cd7bfb671fc37239533e4/library/std/src/sys_common/backtrace.rs:47:5
[INFO] [stdout]    8:     0x5571d133c5b4 - std::sys_common::backtrace::print::h88277d710d09094a
[INFO] [stdout]                                at /rustc/650745ceb2ae60e04f8cd7bfb671fc37239533e4/library/std/src/sys_common/backtrace.rs:34:9
[INFO] [stdout]    9:     0x5571d133e327 - std::panicking::default_hook::{{closure}}::hdbdcf066fe677727
[INFO] [stdout]   10:     0x5571d133e00d - std::panicking::default_hook::h23a1b51cb553f858
[INFO] [stdout]                                at /rustc/650745ceb2ae60e04f8cd7bfb671fc37239533e4/library/std/src/panicking.rs:289:9
[INFO] [stdout]   11:     0x5571d12fc8d7 - <alloc::boxed::Box<F,A> as core::ops::function::Fn<Args>>::call::hb97b3d5e50e8f668
[INFO] [stdout]                                at /rustc/650745ceb2ae60e04f8cd7bfb671fc37239533e4/library/alloc/src/boxed.rs:2029:9
[INFO] [stdout]   12:     0x5571d12fc8d7 - test::test_main::{{closure}}::h08dcb42f9689ad1d
[INFO] [stdout]                                at /rustc/650745ceb2ae60e04f8cd7bfb671fc37239533e4/library/test/src/lib.rs:138:21
[INFO] [stdout]   13:     0x5571d133e946 - <alloc::boxed::Box<F,A> as core::ops::function::Fn<Args>>::call::he29ab032578fbb20
[INFO] [stdout]                                at /rustc/650745ceb2ae60e04f8cd7bfb671fc37239533e4/library/alloc/src/boxed.rs:2029:9
[INFO] [stdout]   14:     0x5571d133e946 - std::panicking::rust_panic_with_hook::hee41672977842e8f
[INFO] [stdout]                                at /rustc/650745ceb2ae60e04f8cd7bfb671fc37239533e4/library/std/src/panicking.rs:783:13
[INFO] [stdout]   15:     0x5571d133e659 - std::panicking::begin_panic_handler::{{closure}}::h6e390f49bfce6eb3
[INFO] [stdout]                                at /rustc/650745ceb2ae60e04f8cd7bfb671fc37239533e4/library/std/src/panicking.rs:649:13
[INFO] [stdout]   16:     0x5571d133ccd6 - std::sys_common::backtrace::__rust_end_short_backtrace::h72ee75b447321fc6
[INFO] [stdout]                                at /rustc/650745ceb2ae60e04f8cd7bfb671fc37239533e4/library/std/src/sys_common/backtrace.rs:171:18
[INFO] [stdout]   17:     0x5571d133e3f0 - rust_begin_unwind
[INFO] [stdout]                                at /rustc/650745ceb2ae60e04f8cd7bfb671fc37239533e4/library/std/src/panicking.rs:645:5
[INFO] [stdout]   18:     0x5571d1299d15 - core::panicking::panic_fmt::hf7ebce36d1a084ab
[INFO] [stdout]                                at /rustc/650745ceb2ae60e04f8cd7bfb671fc37239533e4/library/core/src/panicking.rs:72:14
[INFO] [stdout]   19:     0x5571d1299dd3 - core::panicking::panic::h6f2fe1e221b76e3b
[INFO] [stdout]                                at /rustc/650745ceb2ae60e04f8cd7bfb671fc37239533e4/library/core/src/panicking.rs:144:5
[INFO] [stdout]   20:     0x5571d12b6dc9 - nt_time::file_time::FileTime::to_dos_date_time::h23f74108d80d5490
[INFO] [stdout]                                at /opt/rustwide/workdir/src/file_time.rs:431:13
[INFO] [stdout]   21:     0x5571d129e861 - nt_time::file_time::tests::to_dos_date_time_with_invalid_positive_offset::h5073759526614463
[INFO] [stdout]                                at /opt/rustwide/workdir/src/file_time.rs:2270:52
[INFO] [stdout]   22:     0x5571d129e7f7 - nt_time::file_time::tests::to_dos_date_time_with_invalid_positive_offset::{{closure}}::h8e5ece494b86ba58
[INFO] [stdout]                                at /opt/rustwide/workdir/src/file_time.rs:2268:55
[INFO] [stdout]   23:     0x5571d12bf1b6 - core::ops::function::FnOnce::call_once::h0ca938f02f3c8d2b
[INFO] [stdout]                                at /rustc/650745ceb2ae60e04f8cd7bfb671fc37239533e4/library/core/src/ops/function.rs:250:5
[INFO] [stdout]   24:     0x5571d130210f - core::ops::function::FnOnce::call_once::h06047d416fab4738
[INFO] [stdout]                                at /rustc/650745ceb2ae60e04f8cd7bfb671fc37239533e4/library/core/src/ops/function.rs:250:5
[INFO] [stdout]   25:     0x5571d130210f - test::__rust_begin_short_backtrace::hcb5713adfb060771
[INFO] [stdout]                                at /rustc/650745ceb2ae60e04f8cd7bfb671fc37239533e4/library/test/src/lib.rs:627:18
[INFO] [stdout]   26:     0x5571d1300f31 - test::run_test_in_process::{{closure}}::h6861e3633d7c9c27
[INFO] [stdout]                                at /rustc/650745ceb2ae60e04f8cd7bfb671fc37239533e4/library/test/src/lib.rs:650:60
[INFO] [stdout]   27:     0x5571d1300f31 - <core::panic::unwind_safe::AssertUnwindSafe<F> as core::ops::function::FnOnce<()>>::call_once::hb64fe2246fb8da62
[INFO] [stdout]                                at /rustc/650745ceb2ae60e04f8cd7bfb671fc37239533e4/library/core/src/panic/unwind_safe.rs:272:9
[INFO] [stdout]   28:     0x5571d1300f31 - std::panicking::try::do_call::h298b24dc8da96ba0
[INFO] [stdout]                                at /rustc/650745ceb2ae60e04f8cd7bfb671fc37239533e4/library/std/src/panicking.rs:552:40
[INFO] [stdout]   29:     0x5571d1300f31 - std::panicking::try::h69c2bfb52fabb772
[INFO] [stdout]                                at /rustc/650745ceb2ae60e04f8cd7bfb671fc37239533e4/library/std/src/panicking.rs:516:19
[INFO] [stdout]   30:     0x5571d1300f31 - std::panic::catch_unwind::hc0f23ff16cc28725
[INFO] [stdout]                                at /rustc/650745ceb2ae60e04f8cd7bfb671fc37239533e4/library/std/src/panic.rs:142:14
[INFO] [stdout]   31:     0x5571d1300f31 - test::run_test_in_process::hddee0506ec75925f
[INFO] [stdout]                                at /rustc/650745ceb2ae60e04f8cd7bfb671fc37239533e4/library/test/src/lib.rs:650:27
[INFO] [stdout]   32:     0x5571d1300f31 - test::run_test::{{closure}}::h5cfb204228607716
[INFO] [stdout]                                at /rustc/650745ceb2ae60e04f8cd7bfb671fc37239533e4/library/test/src/lib.rs:573:43
[INFO] [stdout]   33:     0x5571d12c8266 - test::run_test::{{closure}}::hd4d5602ef13205a5
[INFO] [stdout]                                at /rustc/650745ceb2ae60e04f8cd7bfb671fc37239533e4/library/test/src/lib.rs:601:41
[INFO] [stdout]   34:     0x5571d12c8266 - std::sys_common::backtrace::__rust_begin_short_backtrace::h5ccc5cff5923f06c
[INFO] [stdout]                                at /rustc/650745ceb2ae60e04f8cd7bfb671fc37239533e4/library/std/src/sys_common/backtrace.rs:155:18
[INFO] [stdout]   35:     0x5571d12cd367 - std::thread::Builder::spawn_unchecked_::{{closure}}::{{closure}}::hafc0d76dcef09eee
[INFO] [stdout]                                at /rustc/650745ceb2ae60e04f8cd7bfb671fc37239533e4/library/std/src/thread/mod.rs:529:17
[INFO] [stdout]   36:     0x5571d12cd367 - <core::panic::unwind_safe::AssertUnwindSafe<F> as core::ops::function::FnOnce<()>>::call_once::hb8ad16fe24e3ea09
[INFO] [stdout]                                at /rustc/650745ceb2ae60e04f8cd7bfb671fc37239533e4/library/core/src/panic/unwind_safe.rs:272:9
[INFO] [stdout]   37:     0x5571d12cd367 - std::panicking::try::do_call::h42f15bc08f3d28df
[INFO] [stdout]                                at /rustc/650745ceb2ae60e04f8cd7bfb671fc37239533e4/library/std/src/panicking.rs:552:40
[INFO] [stdout]   38:     0x5571d12cd367 - std::panicking::try::h81546958e5901712
[INFO] [stdout]                                at /rustc/650745ceb2ae60e04f8cd7bfb671fc37239533e4/library/std/src/panicking.rs:516:19
[INFO] [stdout]   39:     0x5571d12cd367 - std::panic::catch_unwind::hc4c7cd89a2f03e29
[INFO] [stdout]                                at /rustc/650745ceb2ae60e04f8cd7bfb671fc37239533e4/library/std/src/panic.rs:142:14
[INFO] [stdout]   40:     0x5571d12cd367 - std::thread::Builder::spawn_unchecked_::{{closure}}::h45ad00093b802d53
[INFO] [stdout]                                at /rustc/650745ceb2ae60e04f8cd7bfb671fc37239533e4/library/std/src/thread/mod.rs:528:30
[INFO] [stdout]   41:     0x5571d12cd367 - core::ops::function::FnOnce::call_once{{vtable.shim}}::heec906b8862c0a30
[INFO] [stdout]                                at /rustc/650745ceb2ae60e04f8cd7bfb671fc37239533e4/library/core/src/ops/function.rs:250:5
[INFO] [stdout]   42:     0x5571d13433f5 - <alloc::boxed::Box<F,A> as core::ops::function::FnOnce<Args>>::call_once::he271a8e9b4ffec7b
[INFO] [stdout]                                at /rustc/650745ceb2ae60e04f8cd7bfb671fc37239533e4/library/alloc/src/boxed.rs:2015:9
[INFO] [stdout]   43:     0x5571d13433f5 - <alloc::boxed::Box<F,A> as core::ops::function::FnOnce<Args>>::call_once::heeb272d5c498a02f
[INFO] [stdout]                                at /rustc/650745ceb2ae60e04f8cd7bfb671fc37239533e4/library/alloc/src/boxed.rs:2015:9
[INFO] [stdout]   44:     0x5571d13433f5 - std::sys::unix::thread::Thread::new::thread_start::h1fcefdf404730fa7
[INFO] [stdout]                                at /rustc/650745ceb2ae60e04f8cd7bfb671fc37239533e4/library/std/src/sys/unix/thread.rs:108:17
[INFO] [stdout]   45:     0x7fd9bc719ac3 - <unknown>
[INFO] [stdout]   46:     0x7fd9bc7aabf4 - __clone
[INFO] [stdout]   47:                0x0 - <unknown>
[INFO] [stdout] note: panic did not contain expected string
[INFO] [stdout]       panic message: `"assertion failed: (offset!(-16:00)..=offset!(+15:45)).contains(&o)"`,
[INFO] [stdout]  expected substring: `"assertion failed: (offset!(- 16 : 00)..=offset!(+ 15 : 45)).contains(&o)"`
[INFO] [stdout] ---- file_time::tests::to_dos_date_time_with_invalid_negative_offset stdout ----
[INFO] [stdout] thread 'file_time::tests::to_dos_date_time_with_invalid_negative_offset' panicked at src/file_time.rs:431:13:
[INFO] [stdout] assertion failed: (offset!(-16:00)..=offset!(+15:45)).contains(&o)
[INFO] [stdout] stack backtrace:
[INFO] [stdout]    0:     0x5571d133c7d6 - std::backtrace_rs::backtrace::libunwind::trace::h03effc2488ffeadf
[INFO] [stdout]                                at /rustc/650745ceb2ae60e04f8cd7bfb671fc37239533e4/library/std/src/../../backtrace/src/backtrace/libunwind.rs:104:5
[INFO] [stdout]    1:     0x5571d133c7d6 - std::backtrace_rs::backtrace::trace_unsynchronized::h006ca25a07988d2f
[INFO] [stdout]                                at /rustc/650745ceb2ae60e04f8cd7bfb671fc37239533e4/library/std/src/../../backtrace/src/backtrace/mod.rs:66:5
[INFO] [stdout]    2:     0x5571d133c7d6 - std::sys_common::backtrace::_print_fmt::h4e3552f7b93352b1
[INFO] [stdout]                                at /rustc/650745ceb2ae60e04f8cd7bfb671fc37239533e4/library/std/src/sys_common/backtrace.rs:68:5
[INFO] [stdout]    3:     0x5571d133c7d6 - <std::sys_common::backtrace::_print::DisplayBacktrace as core::fmt::Display>::fmt::h9fe510a7d5cbe2d5
[INFO] [stdout]                                at /rustc/650745ceb2ae60e04f8cd7bfb671fc37239533e4/library/std/src/sys_common/backtrace.rs:44:22
[INFO] [stdout]    4:     0x5571d1365650 - core::fmt::rt::Argument::fmt::h74b18c7a7e637710
[INFO] [stdout]                                at /rustc/650745ceb2ae60e04f8cd7bfb671fc37239533e4/library/core/src/fmt/rt.rs:142:9
[INFO] [stdout]    5:     0x5571d1365650 - core::fmt::write::h8f8030c94ead45fd
[INFO] [stdout]                                at /rustc/650745ceb2ae60e04f8cd7bfb671fc37239533e4/library/core/src/fmt/mod.rs:1120:17
[INFO] [stdout]    6:     0x5571d133a16f - std::io::Write::write_fmt::hd5dc84d51b55db4d
[INFO] [stdout]                                at /rustc/650745ceb2ae60e04f8cd7bfb671fc37239533e4/library/std/src/io/mod.rs:1810:15
[INFO] [stdout]    7:     0x5571d133c5b4 - std::sys_common::backtrace::_print::h9804e7b18da25ce0
[INFO] [stdout]                                at /rustc/650745ceb2ae60e04f8cd7bfb671fc37239533e4/library/std/src/sys_common/backtrace.rs:47:5
[INFO] [stdout]    8:     0x5571d133c5b4 - std::sys_common::backtrace::print::h88277d710d09094a
[INFO] [stdout]                                at /rustc/650745ceb2ae60e04f8cd7bfb671fc37239533e4/library/std/src/sys_common/backtrace.rs:34:9
[INFO] [stdout]    9:     0x5571d133e327 - std::panicking::default_hook::{{closure}}::hdbdcf066fe677727
[INFO] [stdout]   10:     0x5571d133e00d - std::panicking::default_hook::h23a1b51cb553f858
[INFO] [stdout]                                at /rustc/650745ceb2ae60e04f8cd7bfb671fc37239533e4/library/std/src/panicking.rs:289:9
[INFO] [stdout]   11:     0x5571d12fc8d7 - <alloc::boxed::Box<F,A> as core::ops::function::Fn<Args>>::call::hb97b3d5e50e8f668
[INFO] [stdout]                                at /rustc/650745ceb2ae60e04f8cd7bfb671fc37239533e4/library/alloc/src/boxed.rs:2029:9
[INFO] [stdout]   12:     0x5571d12fc8d7 - test::test_main::{{closure}}::h08dcb42f9689ad1d
[INFO] [stdout]                                at /rustc/650745ceb2ae60e04f8cd7bfb671fc37239533e4/library/test/src/lib.rs:138:21
[INFO] [stdout]   13:     0x5571d133e946 - <alloc::boxed::Box<F,A> as core::ops::function::Fn<Args>>::call::he29ab032578fbb20
[INFO] [stdout]                                at /rustc/650745ceb2ae60e04f8cd7bfb671fc37239533e4/library/alloc/src/boxed.rs:2029:9
[INFO] [stdout]   14:     0x5571d133e946 - std::panicking::rust_panic_with_hook::hee41672977842e8f
[INFO] [stdout]                                at /rustc/650745ceb2ae60e04f8cd7bfb671fc37239533e4/library/std/src/panicking.rs:783:13
[INFO] [stdout]   15:     0x5571d133e659 - std::panicking::begin_panic_handler::{{closure}}::h6e390f49bfce6eb3
[INFO] [stdout]                                at /rustc/650745ceb2ae60e04f8cd7bfb671fc37239533e4/library/std/src/panicking.rs:649:13
[INFO] [stdout]   16:     0x5571d133ccd6 - std::sys_common::backtrace::__rust_end_short_backtrace::h72ee75b447321fc6
[INFO] [stdout]                                at /rustc/650745ceb2ae60e04f8cd7bfb671fc37239533e4/library/std/src/sys_common/backtrace.rs:171:18
[INFO] [stdout]   17:     0x5571d133e3f0 - rust_begin_unwind
[INFO] [stdout]                                at /rustc/650745ceb2ae60e04f8cd7bfb671fc37239533e4/library/std/src/panicking.rs:645:5
[INFO] [stdout]   18:     0x5571d1299d15 - core::panicking::panic_fmt::hf7ebce36d1a084ab
[INFO] [stdout]                                at /rustc/650745ceb2ae60e04f8cd7bfb671fc37239533e4/library/core/src/panicking.rs:72:14
[INFO] [stdout]   19:     0x5571d1299dd3 - core::panicking::panic::h6f2fe1e221b76e3b
[INFO] [stdout]                                at /rustc/650745ceb2ae60e04f8cd7bfb671fc37239533e4/library/core/src/panicking.rs:144:5
[INFO] [stdout]   20:     0x5571d12b6dc9 - nt_time::file_time::FileTime::to_dos_date_time::h23f74108d80d5490
[INFO] [stdout]                                at /opt/rustwide/workdir/src/file_time.rs:431:13
[INFO] [stdout]   21:     0x5571d129e901 - nt_time::file_time::tests::to_dos_date_time_with_invalid_negative_offset::h903babc1c6371338
[INFO] [stdout]                                at /opt/rustwide/workdir/src/file_time.rs:2281:52
[INFO] [stdout]   22:     0x5571d129e897 - nt_time::file_time::tests::to_dos_date_time_with_invalid_negative_offset::{{closure}}::h4207b4910c74bf1b
[INFO] [stdout]                                at /opt/rustwide/workdir/src/file_time.rs:2279:55
[INFO] [stdout]   23:     0x5571d12c1336 - core::ops::function::FnOnce::call_once::hff8d7779d5848598
[INFO] [stdout]                                at /rustc/650745ceb2ae60e04f8cd7bfb671fc37239533e4/library/core/src/ops/function.rs:250:5
[INFO] [stdout]   24:     0x5571d130210f - core::ops::function::FnOnce::call_once::h06047d416fab4738
[INFO] [stdout]                                at /rustc/650745ceb2ae60e04f8cd7bfb671fc37239533e4/library/core/src/ops/function.rs:250:5
[INFO] [stdout]   25:     0x5571d130210f - test::__rust_begin_short_backtrace::hcb5713adfb060771
[INFO] [stdout]                                at /rustc/650745ceb2ae60e04f8cd7bfb671fc37239533e4/library/test/src/lib.rs:627:18
[INFO] [stdout]   26:     0x5571d1300f31 - test::run_test_in_process::{{closure}}::h6861e3633d7c9c27
[INFO] [stdout]                                at /rustc/650745ceb2ae60e04f8cd7bfb671fc37239533e4/library/test/src/lib.rs:650:60
[INFO] [stdout]   27:     0x5571d1300f31 - <core::panic::unwind_safe::AssertUnwindSafe<F> as core::ops::function::FnOnce<()>>::call_once::hb64fe2246fb8da62
[INFO] [stdout]                                at /rustc/650745ceb2ae60e04f8cd7bfb671fc37239533e4/library/core/src/panic/unwind_safe.rs:272:9
[INFO] [stdout]   28:     0x5571d1300f31 - std::panicking::try::do_call::h298b24dc8da96ba0
[INFO] [stdout]                                at /rustc/650745ceb2ae60e04f8cd7bfb671fc37239533e4/library/std/src/panicking.rs:552:40
[INFO] [stdout]   29:     0x5571d1300f31 - std::panicking::try::h69c2bfb52fabb772
[INFO] [stdout]                                at /rustc/650745ceb2ae60e04f8cd7bfb671fc37239533e4/library/std/src/panicking.rs:516:19
[INFO] [stdout]   30:     0x5571d1300f31 - std::panic::catch_unwind::hc0f23ff16cc28725
[INFO] [stdout]                                at /rustc/650745ceb2ae60e04f8cd7bfb671fc37239533e4/library/std/src/panic.rs:142:14
[INFO] [stdout]   31:     0x5571d1300f31 - test::run_test_in_process::hddee0506ec75925f
[INFO] [stdout]                                at /rustc/650745ceb2ae60e04f8cd7bfb671fc37239533e4/library/test/src/lib.rs:650:27
[INFO] [stdout]   32:     0x5571d1300f31 - test::run_test::{{closure}}::h5cfb204228607716
[INFO] [stdout]                                at /rustc/650745ceb2ae60e04f8cd7bfb671fc37239533e4/library/test/src/lib.rs:573:43
[INFO] [stdout]   33:     0x5571d12c8266 - test::run_test::{{closure}}::hd4d5602ef13205a5
[INFO] [stdout]                                at /rustc/650745ceb2ae60e04f8cd7bfb671fc37239533e4/library/test/src/lib.rs:601:41
[INFO] [stdout]   34:     0x5571d12c8266 - std::sys_common::backtrace::__rust_begin_short_backtrace::h5ccc5cff5923f06c
[INFO] [stdout]                                at /rustc/650745ceb2ae60e04f8cd7bfb671fc37239533e4/library/std/src/sys_common/backtrace.rs:155:18
[INFO] [stdout]   35:     0x5571d12cd367 - std::thread::Builder::spawn_unchecked_::{{closure}}::{{closure}}::hafc0d76dcef09eee
[INFO] [stdout]                                at /rustc/650745ceb2ae60e04f8cd7bfb671fc37239533e4/library/std/src/thread/mod.rs:529:17
[INFO] [stdout]   36:     0x5571d12cd367 - <core::panic::unwind_safe::AssertUnwindSafe<F> as core::ops::function::FnOnce<()>>::call_once::hb8ad16fe24e3ea09
[INFO] [stdout]                                at /rustc/650745ceb2ae60e04f8cd7bfb671fc37239533e4/library/core/src/panic/unwind_safe.rs:272:9
[INFO] [stdout]   37:     0x5571d12cd367 - std::panicking::try::do_call::h42f15bc08f3d28df
[INFO] [stdout]                                at /rustc/650745ceb2ae60e04f8cd7bfb671fc37239533e4/library/std/src/panicking.rs:552:40
[INFO] [stdout]   38:     0x5571d12cd367 - std::panicking::try::h81546958e5901712
[INFO] [stdout]                                at /rustc/650745ceb2ae60e04f8cd7bfb671fc37239533e4/library/std/src/panicking.rs:516:19
[INFO] [stdout]   39:     0x5571d12cd367 - std::panic::catch_unwind::hc4c7cd89a2f03e29
[INFO] [stdout]                                at /rustc/650745ceb2ae60e04f8cd7bfb671fc37239533e4/library/std/src/panic.rs:142:14
[INFO] [stdout]   40:     0x5571d12cd367 - std::thread::Builder::spawn_unchecked_::{{closure}}::h45ad00093b802d53
[INFO] [stdout]                                at /rustc/650745ceb2ae60e04f8cd7bfb671fc37239533e4/library/std/src/thread/mod.rs:528:30
[INFO] [stdout]   41:     0x5571d12cd367 - core::ops::function::FnOnce::call_once{{vtable.shim}}::heec906b8862c0a30
[INFO] [stdout]                                at /rustc/650745ceb2ae60e04f8cd7bfb671fc37239533e4/library/core/src/ops/function.rs:250:5
[INFO] [stdout]   42:     0x5571d13433f5 - <alloc::boxed::Box<F,A> as core::ops::function::FnOnce<Args>>::call_once::he271a8e9b4ffec7b
[INFO] [stdout]                                at /rustc/650745ceb2ae60e04f8cd7bfb671fc37239533e4/library/alloc/src/boxed.rs:2015:9
[INFO] [stdout]   43:     0x5571d13433f5 - <alloc::boxed::Box<F,A> as core::ops::function::FnOnce<Args>>::call_once::heeb272d5c498a02f
[INFO] [stdout]                                at /rustc/650745ceb2ae60e04f8cd7bfb671fc37239533e4/library/alloc/src/boxed.rs:2015:9
[INFO] [stdout]   44:     0x5571d13433f5 - std::sys::unix::thread::Thread::new::thread_start::h1fcefdf404730fa7
[INFO] [stdout]                                at /rustc/650745ceb2ae60e04f8cd7bfb671fc37239533e4/library/std/src/sys/unix/thread.rs:108:17
[INFO] [stdout]   45:     0x7fd9bc719ac3 - <unknown>
[INFO] [stdout]   46:     0x7fd9bc7aabf4 - __clone
[INFO] [stdout]   47:                0x0 - <unknown>
[INFO] [stdout] note: panic did not contain expected string
[INFO] [stdout]       panic message: `"assertion failed: (offset!(-16:00)..=offset!(+15:45)).contains(&o)"`,
[INFO] [stdout]  expected substring: `"assertion failed: (offset!(- 16 : 00)..=offset!(+ 15 : 45)).contains(&o)"`
[INFO] [stdout] 
[INFO] [stdout] failures:
[INFO] [stdout]     file_time::tests::from_dos_date_time_with_invalid_negative_offset
[INFO] [stdout]     file_time::tests::from_dos_date_time_with_invalid_positive_offset
[INFO] [stdout]     file_time::tests::to_dos_date_time_with_invalid_negative_offset
[INFO] [stdout]     file_time::tests::to_dos_date_time_with_invalid_positive_offset
[INFO] [stdout] 
[INFO] [stdout] test result: FAILED. 134 passed; 4 failed; 0 ignored; 0 measured; 0 filtered out; finished in 0.21s
[INFO] [stdout] 
[INFO] [stderr] error: test failed, to rerun pass `--lib`
[INFO] running `Command { std: "docker" "inspect" "b10b8bf619788c632ec8870ad2b62e2f5e26e78a0a93fa6d5546ebdabc7dfe3d", kill_on_drop: false }`
[INFO] running `Command { std: "docker" "rm" "-f" "b10b8bf619788c632ec8870ad2b62e2f5e26e78a0a93fa6d5546ebdabc7dfe3d", kill_on_drop: false }`
[INFO] [stdout] b10b8bf619788c632ec8870ad2b62e2f5e26e78a0a93fa6d5546ebdabc7dfe3d
