[INFO] fetching crate coyote 0.1.1...
[INFO] testing coyote-0.1.1 against 1.75.0 for beta-1.76-3
[INFO] extracting crate coyote 0.1.1 into /workspace/builds/worker-4-tc1/source
[INFO] validating manifest of crates.io crate coyote 0.1.1 on toolchain 1.75.0
[INFO] running `Command { std: CARGO_HOME="/workspace/cargo-home" RUSTUP_HOME="/workspace/rustup-home" "/workspace/cargo-home/bin/cargo" "+1.75.0" "metadata" "--manifest-path" "Cargo.toml" "--no-deps", kill_on_drop: false }`
[INFO] started tweaking crates.io crate coyote 0.1.1
[INFO] removed 0 missing examples
[INFO] finished tweaking crates.io crate coyote 0.1.1
[INFO] tweaked toml for crates.io crate coyote 0.1.1 written to /workspace/builds/worker-4-tc1/source/Cargo.toml
[INFO] crate crates.io crate coyote 0.1.1 already has a lockfile, it will not be regenerated
[INFO] running `Command { std: CARGO_HOME="/workspace/cargo-home" RUSTUP_HOME="/workspace/rustup-home" "/workspace/cargo-home/bin/cargo" "+1.75.0" "fetch" "--manifest-path" "Cargo.toml", kill_on_drop: false }`
[INFO] [stderr]     Blocking waiting for file lock on package cache
[INFO] [stderr]     Updating crates.io index
[INFO] [stderr]     Blocking waiting for file lock on package cache
[INFO] [stderr]  Downloading crates ...
[INFO] [stderr]   Downloaded deadpool-postgres v0.10.1
[INFO] [stderr]   Downloaded der-oid-macro v0.5.0
[INFO] [stderr]   Downloaded serde_with_macros v1.5.1
[INFO] [stderr]   Downloaded async-recursion v1.0.0
[INFO] [stderr]   Downloaded postgres-protocol v0.6.3
[INFO] [stderr]   Downloaded oid-registry v0.2.0
[INFO] [stderr]   Downloaded deadpool v0.9.2
[INFO] [stderr]   Downloaded tracing v0.1.30
[INFO] [stderr]   Downloaded serde_with v1.12.0
[INFO] [stderr]   Downloaded rustls v0.20.3
[INFO] [stderr]   Downloaded bollard-stubs v1.41.0
[INFO] [stderr]   Downloaded x509-parser v0.12.0
[INFO] [stderr]   Downloaded md-5 v0.10.0
[INFO] [stderr]   Downloaded der-parser v6.0.1
[INFO] [stderr]   Downloaded eggshell v0.1.3
[INFO] [stderr]   Downloaded refinery-macros v0.8.4
[INFO] [stderr]   Downloaded refinery-core v0.8.4
[INFO] [stderr]   Downloaded refinery v0.8.4
[INFO] [stderr]   Downloaded ratpack v0.1.3
[INFO] [stderr]   Downloaded bollard v0.11.1
[INFO] running `Command { std: "docker" "create" "-v" "/var/lib/crater-agent-workspace/builds/worker-4-tc1/target:/opt/rustwide/target:rw,Z" "-v" "/var/lib/crater-agent-workspace/builds/worker-4-tc1/source:/opt/rustwide/workdir:ro,Z" "-v" "/var/lib/crater-agent-workspace/cargo-home:/opt/rustwide/cargo-home:ro,Z" "-v" "/var/lib/crater-agent-workspace/rustup-home:/opt/rustwide/rustup-home:ro,Z" "-e" "SOURCE_DIR=/opt/rustwide/workdir" "-e" "CARGO_TARGET_DIR=/opt/rustwide/target" "-e" "CARGO_HOME=/opt/rustwide/cargo-home" "-e" "RUSTUP_HOME=/opt/rustwide/rustup-home" "-w" "/opt/rustwide/workdir" "-m" "1610612736" "--user" "0:0" "--network" "none" "ghcr.io/rust-lang/crates-build-env/linux@sha256:2788e3201cd34a07e3172128adcd8b3090168a8e3bcc40d7c032b9dda1df7d1c" "/opt/rustwide/cargo-home/bin/cargo" "+1.75.0" "metadata" "--no-deps" "--format-version=1", kill_on_drop: false }`
[INFO] [stdout] dc0cf60251381ea2533dd11d46bf7e3377b99c5e1fb94d001d6b69ae69d0deb7
[INFO] running `Command { std: "docker" "start" "-a" "dc0cf60251381ea2533dd11d46bf7e3377b99c5e1fb94d001d6b69ae69d0deb7", kill_on_drop: false }`
[INFO] running `Command { std: "docker" "inspect" "dc0cf60251381ea2533dd11d46bf7e3377b99c5e1fb94d001d6b69ae69d0deb7", kill_on_drop: false }`
[INFO] running `Command { std: "docker" "rm" "-f" "dc0cf60251381ea2533dd11d46bf7e3377b99c5e1fb94d001d6b69ae69d0deb7", kill_on_drop: false }`
[INFO] [stdout] dc0cf60251381ea2533dd11d46bf7e3377b99c5e1fb94d001d6b69ae69d0deb7
[INFO] running `Command { std: "docker" "create" "-v" "/var/lib/crater-agent-workspace/builds/worker-4-tc1/target:/opt/rustwide/target:rw,Z" "-v" "/var/lib/crater-agent-workspace/builds/worker-4-tc1/source:/opt/rustwide/workdir:ro,Z" "-v" "/var/lib/crater-agent-workspace/cargo-home:/opt/rustwide/cargo-home:ro,Z" "-v" "/var/lib/crater-agent-workspace/rustup-home:/opt/rustwide/rustup-home:ro,Z" "-e" "SOURCE_DIR=/opt/rustwide/workdir" "-e" "CARGO_TARGET_DIR=/opt/rustwide/target" "-e" "CARGO_INCREMENTAL=0" "-e" "RUST_BACKTRACE=full" "-e" "RUSTFLAGS=--cap-lints=warn" "-e" "RUSTDOCFLAGS=--cap-lints=warn" "-e" "CARGO_HOME=/opt/rustwide/cargo-home" "-e" "RUSTUP_HOME=/opt/rustwide/rustup-home" "-w" "/opt/rustwide/workdir" "-m" "1610612736" "--user" "0:0" "--network" "none" "ghcr.io/rust-lang/crates-build-env/linux@sha256:2788e3201cd34a07e3172128adcd8b3090168a8e3bcc40d7c032b9dda1df7d1c" "/opt/rustwide/cargo-home/bin/cargo" "+1.75.0" "build" "--frozen" "--message-format=json", kill_on_drop: false }`
[INFO] [stdout] 097dae51215ff741dbb319d09e1181fd8edb53a690f19de27075dcf1c6061e0f
[INFO] running `Command { std: "docker" "start" "-a" "097dae51215ff741dbb319d09e1181fd8edb53a690f19de27075dcf1c6061e0f", kill_on_drop: false }`
[INFO] [stderr]    Compiling proc-macro2 v1.0.36
[INFO] [stderr]    Compiling unicode-xid v0.2.2
[INFO] [stderr]    Compiling libc v0.2.118
[INFO] [stderr]    Compiling syn v1.0.86
[INFO] [stderr]    Compiling cfg-if v1.0.0
[INFO] [stderr]    Compiling autocfg v1.1.0
[INFO] [stderr]    Compiling memchr v2.4.1
[INFO] [stderr]    Compiling version_check v0.9.4
[INFO] [stderr]    Compiling smallvec v1.8.0
[INFO] [stderr]    Compiling log v0.4.14
[INFO] [stderr]    Compiling pin-project-lite v0.2.8
[INFO] [stderr]    Compiling serde_derive v1.0.136
[INFO] [stderr]    Compiling serde v1.0.136
[INFO] [stderr]    Compiling bytes v1.1.0
[INFO] [stderr]    Compiling tinyvec_macros v0.1.0
[INFO] [stderr]    Compiling once_cell v1.9.0
[INFO] [stderr]    Compiling parking_lot_core v0.9.1
[INFO] [stderr]    Compiling futures-core v0.3.21
[INFO] [stderr]    Compiling scopeguard v1.1.0
[INFO] [stderr]    Compiling tinyvec v1.5.1
[INFO] [stderr]    Compiling lock_api v0.4.6
[INFO] [stderr]    Compiling typenum v1.15.0
[INFO] [stderr]    Compiling itoa v1.0.1
[INFO] [stderr]    Compiling futures-sink v0.3.21
[INFO] [stderr]    Compiling unicode-bidi v0.3.7
[INFO] [stderr]    Compiling futures-task v0.3.21
[INFO] [stderr]    Compiling futures-channel v0.3.21
[INFO] [stderr]    Compiling futures-util v0.3.21
[INFO] [stderr]    Compiling lazy_static v1.4.0
[INFO] [stderr]    Compiling generic-array v0.14.5
[INFO] [stderr]    Compiling futures-io v0.3.21
[INFO] [stderr]    Compiling pin-utils v0.1.0
[INFO] [stderr]    Compiling slab v0.4.5
[INFO] [stderr]    Compiling async-trait v0.1.52
[INFO] [stderr]    Compiling num-traits v0.2.14
[INFO] [stderr]    Compiling num-integer v0.1.44
[INFO] [stderr]    Compiling percent-encoding v2.1.0
[INFO] [stderr]    Compiling ppv-lite86 v0.2.16
[INFO] [stderr]    Compiling matches v0.1.9
[INFO] [stderr]    Compiling subtle v2.4.1
[INFO] [stderr]    Compiling cc v1.0.73
[INFO] [stderr]    Compiling form_urlencoded v1.0.1
[INFO] [stderr]    Compiling siphasher v0.3.9
[INFO] [stderr]    Compiling unicode-normalization v0.1.19
[INFO] [stderr]    Compiling parking_lot_core v0.8.5
[INFO] [stderr]    Compiling base64 v0.13.0
[INFO] [stderr]    Compiling cpufeatures v0.2.1
[INFO] [stderr]    Compiling serde_json v1.0.79
[INFO] [stderr]    Compiling num-bigint v0.4.3
[INFO] [stderr]    Compiling nom v7.1.0
[INFO] [stderr]    Compiling instant v0.1.12
[INFO] [stderr]    Compiling ryu v1.0.9
[INFO] [stderr]    Compiling byteorder v1.4.3
[INFO] [stderr]    Compiling num_threads v0.1.3
[INFO] [stderr]    Compiling quote v1.0.15
[INFO] [stderr]    Compiling signal-hook-registry v1.4.0
[INFO] [stderr]    Compiling mio v0.8.0
[INFO] [stderr]    Compiling num_cpus v1.13.1
[INFO] [stderr]    Compiling socket2 v0.4.4
[INFO] [stderr]    Compiling getrandom v0.2.4
[INFO] [stderr]    Compiling time v0.1.43
[INFO] [stderr]    Compiling fallible-iterator v0.2.0
[INFO] [stderr]    Compiling parking_lot v0.12.0
[INFO] [stderr]    Compiling rand_core v0.6.3
[INFO] [stderr]    Compiling idna v0.2.3
[INFO] [stderr]    Compiling stringprep v0.1.2
[INFO] [stderr]    Compiling time v0.3.7
[INFO] [stderr]    Compiling phf_shared v0.10.0
[INFO] [stderr]    Compiling aho-corasick v0.7.18
[INFO] [stderr]    Compiling indexmap v1.8.0
[INFO] [stderr]    Compiling rand_chacha v0.3.1
[INFO] [stderr]    Compiling regex-syntax v0.6.25
[INFO] [stderr]    Compiling minimal-lexical v0.2.1
[INFO] [stderr]    Compiling pkg-config v0.3.24
[INFO] [stderr]    Compiling fnv v1.0.7
[INFO] [stderr]    Compiling rand v0.8.5
[INFO] [stderr]    Compiling same-file v1.0.6
[INFO] [stderr]    Compiling http v0.2.6
[INFO] [stderr]    Compiling walkdir v2.3.2
[INFO] [stderr]    Compiling phf v0.10.1
[INFO] [stderr]    Compiling parking_lot v0.11.2
[INFO] [stderr]    Compiling tracing-core v0.1.22
[INFO] [stderr]    Compiling openssl-sys v0.9.72
[INFO] [stderr]    Compiling httparse v1.6.0
[INFO] [stderr]    Compiling unicode-segmentation v1.9.0
[INFO] [stderr]    Compiling hashbrown v0.11.2
[INFO] [stderr]    Compiling block-buffer v0.10.2
[INFO] [stderr]    Compiling crypto-common v0.1.3
[INFO] [stderr]    Compiling digest v0.10.3
[INFO] [stderr]    Compiling heck v0.3.3
[INFO] [stderr]    Compiling tracing v0.1.30
[INFO] [stderr]    Compiling ring v0.16.20
[INFO] [stderr]    Compiling url v2.2.2
[INFO] [stderr]    Compiling oid-registry v0.2.0
[INFO] [stderr]    Compiling hmac v0.12.0
[INFO] [stderr]    Compiling sha2 v0.10.1
[INFO] [stderr]    Compiling md-5 v0.10.0
[INFO] [stderr]    Compiling regex v1.5.4
[INFO] [stderr]    Compiling try-lock v0.2.3
[INFO] [stderr]    Compiling data-encoding v2.3.2
[INFO] [stderr]    Compiling want v0.3.0
[INFO] [stderr]    Compiling nibble_vec v0.1.0
[INFO] [stderr]    Compiling postgres-protocol v0.6.3
[INFO] [stderr]    Compiling ipnet v2.3.1
[INFO] [stderr]    Compiling foreign-types-shared v0.1.1
[INFO] [stderr]    Compiling httpdate v1.0.2
[INFO] [stderr]    Compiling openssl v0.10.38
[INFO] [stderr]    Compiling endian-type v0.1.2
[INFO] [stderr]    Compiling spin v0.5.2
[INFO] [stderr]    Compiling tower-service v0.3.1
[INFO] [stderr]    Compiling untrusted v0.7.1
[INFO] [stderr]    Compiling radix_trie v0.2.1
[INFO] [stderr]    Compiling rusticata-macros v4.1.0
[INFO] [stderr]    Compiling foreign-types v0.3.2
[INFO] [stderr]    Compiling http-body v0.4.4
[INFO] [stderr]    Compiling bitflags v1.3.2
[INFO] [stderr]    Compiling tokio-macros v1.7.0
[INFO] [stderr]    Compiling futures-macro v0.3.21
[INFO] [stderr]    Compiling thiserror-impl v1.0.30
[INFO] [stderr]    Compiling der-oid-macro v0.5.0
[INFO] [stderr]    Compiling enum-as-inner v0.3.3
[INFO] [stderr]    Compiling async-recursion v1.0.0
[INFO] [stderr]    Compiling der-parser v6.0.1
[INFO] [stderr]    Compiling tokio v1.17.0
[INFO] [stderr]    Compiling thiserror v1.0.30
[INFO] [stderr]    Compiling futures-executor v0.3.21
[INFO] [stderr]    Compiling futures v0.3.21
[INFO] [stderr]    Compiling tokio-util v0.6.9
[INFO] [stderr]    Compiling deadpool-runtime v0.1.2
[INFO] [stderr]    Compiling h2 v0.3.11
[INFO] [stderr]    Compiling chrono v0.4.19
[INFO] [stderr]    Compiling toml v0.5.8
[INFO] [stderr]    Compiling deadpool v0.9.2
[INFO] [stderr]    Compiling trust-dns-proto v0.20.4
[INFO] [stderr]    Compiling postgres-types v0.2.2
[INFO] [stderr]    Compiling x509-parser v0.12.0
[INFO] [stderr]    Compiling refinery-core v0.8.4
[INFO] [stderr]    Compiling tokio-postgres v0.7.5
[INFO] [stderr]    Compiling refinery-macros v0.8.4
[INFO] [stderr]    Compiling trust-dns-client v0.20.4
[INFO] [stderr]    Compiling hyper v0.14.17
[INFO] [stderr]    Compiling deadpool-postgres v0.10.1
[INFO] [stderr]    Compiling refinery v0.8.4
[INFO] [stderr]    Compiling ratpack v0.1.3
[INFO] [stderr]    Compiling coyote v0.1.1 (/opt/rustwide/workdir)
[INFO] [stdout] warning: for loop over an `Option`. This is more readably written as an `if let` statement
[INFO] [stdout]    --> src/acme/handlers/order.rs:262:27
[INFO] [stdout]     |
[INFO] [stdout] 262 |                 for id in id.identifier {
[INFO] [stdout]     |                           ^^^^^^^^^^^^^
[INFO] [stdout]     |
[INFO] [stdout]     = note: `#[warn(for_loops_over_fallibles)]` on by default
[INFO] [stdout] help: to check pattern in a loop use `while let`
[INFO] [stdout]     |
[INFO] [stdout] 262 |                 while let Some(id) = id.identifier {
[INFO] [stdout]     |                 ~~~~~~~~~~~~~~~  ~~~
[INFO] [stdout] help: consider using `if let` to clear intent
[INFO] [stdout]     |
[INFO] [stdout] 262 |                 if let Some(id) = id.identifier {
[INFO] [stdout]     |                 ~~~~~~~~~~~~  ~~~
[INFO] [stdout] 
[INFO] [stdout] 
[INFO] [stdout] warning: 1 warning emitted
[INFO] [stdout] 
[INFO] [stdout] 
[INFO] [stderr]     Finished dev [unoptimized + debuginfo] target(s) in 44.63s
[INFO] running `Command { std: "docker" "inspect" "097dae51215ff741dbb319d09e1181fd8edb53a690f19de27075dcf1c6061e0f", kill_on_drop: false }`
[INFO] running `Command { std: "docker" "rm" "-f" "097dae51215ff741dbb319d09e1181fd8edb53a690f19de27075dcf1c6061e0f", kill_on_drop: false }`
[INFO] [stdout] 097dae51215ff741dbb319d09e1181fd8edb53a690f19de27075dcf1c6061e0f
[INFO] running `Command { std: "docker" "create" "-v" "/var/lib/crater-agent-workspace/builds/worker-4-tc1/target:/opt/rustwide/target:rw,Z" "-v" "/var/lib/crater-agent-workspace/builds/worker-4-tc1/source:/opt/rustwide/workdir:ro,Z" "-v" "/var/lib/crater-agent-workspace/cargo-home:/opt/rustwide/cargo-home:ro,Z" "-v" "/var/lib/crater-agent-workspace/rustup-home:/opt/rustwide/rustup-home:ro,Z" "-e" "SOURCE_DIR=/opt/rustwide/workdir" "-e" "CARGO_TARGET_DIR=/opt/rustwide/target" "-e" "CARGO_INCREMENTAL=0" "-e" "RUST_BACKTRACE=full" "-e" "RUSTFLAGS=--cap-lints=warn" "-e" "RUSTDOCFLAGS=--cap-lints=warn" "-e" "CARGO_HOME=/opt/rustwide/cargo-home" "-e" "RUSTUP_HOME=/opt/rustwide/rustup-home" "-w" "/opt/rustwide/workdir" "-m" "1610612736" "--user" "0:0" "--network" "none" "ghcr.io/rust-lang/crates-build-env/linux@sha256:2788e3201cd34a07e3172128adcd8b3090168a8e3bcc40d7c032b9dda1df7d1c" "/opt/rustwide/cargo-home/bin/cargo" "+1.75.0" "test" "--frozen" "--no-run" "--message-format=json", kill_on_drop: false }`
[INFO] [stdout] b3aaead187d87c91b9b95f10736d3d070ec14fd3c6cb6c3f5dc0f6399b7fe68f
[INFO] running `Command { std: "docker" "start" "-a" "b3aaead187d87c91b9b95f10736d3d070ec14fd3c6cb6c3f5dc0f6399b7fe68f", kill_on_drop: false }`
[INFO] [stderr]    Compiling syn v1.0.86
[INFO] [stderr]    Compiling log v0.4.14
[INFO] [stderr]    Compiling num-integer v0.1.44
[INFO] [stderr]    Compiling futures-util v0.3.21
[INFO] [stderr]    Compiling ident_case v1.0.1
[INFO] [stderr]    Compiling strsim v0.10.0
[INFO] [stderr]    Compiling rustversion v1.0.6
[INFO] [stderr]    Compiling rustc-serialize v0.3.24
[INFO] [stderr]    Compiling rand v0.4.6
[INFO] [stderr]    Compiling num-iter v0.1.42
[INFO] [stderr]    Compiling dirs-sys-next v0.1.2
[INFO] [stderr]    Compiling hex v0.4.3
[INFO] [stderr]    Compiling atty v0.2.14
[INFO] [stderr]    Compiling remove_dir_all v0.5.3
[INFO] [stderr]    Compiling termcolor v1.1.2
[INFO] [stderr]    Compiling humantime v2.1.0
[INFO] [stderr]    Compiling fastrand v1.7.0
[INFO] [stderr]    Compiling dirs-next v2.0.0
[INFO] [stderr]    Compiling tempfile v3.3.0
[INFO] [stderr]    Compiling num-bigint v0.4.3
[INFO] [stderr]    Compiling mio v0.8.0
[INFO] [stderr]    Compiling want v0.3.0
[INFO] [stderr]    Compiling env_logger v0.9.0
[INFO] [stderr]    Compiling num-bigint v0.1.44
[INFO] [stderr]    Compiling num-complex v0.1.43
[INFO] [stderr]    Compiling num-rational v0.1.42
[INFO] [stderr]    Compiling num v0.1.42
[INFO] [stderr]    Compiling spectral v0.6.0
[INFO] [stderr]    Compiling darling_core v0.13.1
[INFO] [stderr]    Compiling serde_derive v1.0.136
[INFO] [stderr]    Compiling tokio-macros v1.7.0
[INFO] [stderr]    Compiling futures-macro v0.3.21
[INFO] [stderr]    Compiling thiserror-impl v1.0.30
[INFO] [stderr]    Compiling async-trait v0.1.52
[INFO] [stderr]    Compiling pin-project-internal v1.0.10
[INFO] [stderr]    Compiling der-oid-macro v0.5.0
[INFO] [stderr]    Compiling enum-as-inner v0.3.3
[INFO] [stderr]    Compiling async-recursion v1.0.0
[INFO] [stderr]    Compiling der-parser v6.0.1
[INFO] [stderr]    Compiling darling_macro v0.13.1
[INFO] [stderr]    Compiling tokio v1.17.0
[INFO] [stderr]    Compiling oid-registry v0.2.0
[INFO] [stderr]    Compiling pin-project v1.0.10
[INFO] [stderr]    Compiling thiserror v1.0.30
[INFO] [stderr]    Compiling darling v0.13.1
[INFO] [stderr]    Compiling serde_with_macros v1.5.1
[INFO] [stderr]    Compiling serde v1.0.136
[INFO] [stderr]    Compiling futures-executor v0.3.21
[INFO] [stderr]    Compiling futures v0.3.21
[INFO] [stderr]    Compiling tokio-util v0.6.9
[INFO] [stderr]    Compiling deadpool-runtime v0.1.2
[INFO] [stderr]    Compiling h2 v0.3.11
[INFO] [stderr]    Compiling chrono v0.4.19
[INFO] [stderr]    Compiling serde_json v1.0.79
[INFO] [stderr]    Compiling url v2.2.2
[INFO] [stderr]    Compiling toml v0.5.8
[INFO] [stderr]    Compiling serde_with v1.12.0
[INFO] [stderr]    Compiling deadpool v0.9.2
[INFO] [stderr]    Compiling serde_urlencoded v0.7.1
[INFO] [stderr]    Compiling trust-dns-proto v0.20.4
[INFO] [stderr]    Compiling hyper v0.14.17
[INFO] [stderr]    Compiling x509-parser v0.12.0
[INFO] [stderr]    Compiling postgres-types v0.2.2
[INFO] [stderr]    Compiling refinery-core v0.8.4
[INFO] [stderr]    Compiling bollard-stubs v1.41.0
[INFO] [stderr]    Compiling tokio-postgres v0.7.5
[INFO] [stderr]    Compiling refinery-macros v0.8.4
[INFO] [stderr]    Compiling trust-dns-client v0.20.4
[INFO] [stderr]    Compiling deadpool-postgres v0.10.1
[INFO] [stderr]    Compiling refinery v0.8.4
[INFO] [stderr]    Compiling hyperlocal v0.8.0
[INFO] [stderr]    Compiling ratpack v0.1.3
[INFO] [stderr]    Compiling coyote v0.1.1 (/opt/rustwide/workdir)
[INFO] [stderr]    Compiling bollard v0.11.1
[INFO] [stdout] warning: for loop over an `Option`. This is more readably written as an `if let` statement
[INFO] [stdout]    --> src/acme/handlers/order.rs:262:27
[INFO] [stdout]     |
[INFO] [stdout] 262 |                 for id in id.identifier {
[INFO] [stdout]     |                           ^^^^^^^^^^^^^
[INFO] [stdout]     |
[INFO] [stdout]     = note: `#[warn(for_loops_over_fallibles)]` on by default
[INFO] [stdout] help: to check pattern in a loop use `while let`
[INFO] [stdout]     |
[INFO] [stdout] 262 |                 while let Some(id) = id.identifier {
[INFO] [stdout]     |                 ~~~~~~~~~~~~~~~  ~~~
[INFO] [stdout] help: consider using `if let` to clear intent
[INFO] [stdout]     |
[INFO] [stdout] 262 |                 if let Some(id) = id.identifier {
[INFO] [stdout]     |                 ~~~~~~~~~~~~  ~~~
[INFO] [stdout] 
[INFO] [stdout] 
[INFO] [stdout] warning: 1 warning emitted
[INFO] [stdout] 
[INFO] [stdout] 
[INFO] [stderr]    Compiling eggshell v0.1.3
[INFO] [stdout] warning: calls to `std::mem::drop` with a reference instead of an owned value does nothing
[INFO] [stdout]   --> src/acme/handlers/nonce.rs:91:9
[INFO] [stdout]    |
[INFO] [stdout] 91 |         drop(headers);
[INFO] [stdout]    |         ^^^^^-------^
[INFO] [stdout]    |              |
[INFO] [stdout]    |              argument has type `&HeaderMap`
[INFO] [stdout]    |
[INFO] [stdout]    = note: use `let _ = ...` to ignore the expression or result
[INFO] [stdout]    = note: `#[warn(dropping_references)]` on by default
[INFO] [stdout] 
[INFO] [stdout] 
[INFO] [stdout] warning: calls to `std::mem::drop` with a reference instead of an owned value does nothing
[INFO] [stdout]    --> src/acme/handlers/nonce.rs:149:9
[INFO] [stdout]     |
[INFO] [stdout] 149 |         drop(headers);
[INFO] [stdout]     |         ^^^^^-------^
[INFO] [stdout]     |              |
[INFO] [stdout]     |              argument has type `&HeaderMap`
[INFO] [stdout]     |
[INFO] [stdout]     = note: use `let _ = ...` to ignore the expression or result
[INFO] [stdout] 
[INFO] [stdout] 
[INFO] [stdout] warning: calls to `std::mem::drop` with a reference instead of an owned value does nothing
[INFO] [stdout]    --> src/acme/handlers/nonce.rs:160:17
[INFO] [stdout]     |
[INFO] [stdout] 160 |                 drop(headers);
[INFO] [stdout]     |                 ^^^^^-------^
[INFO] [stdout]     |                      |
[INFO] [stdout]     |                      argument has type `&HeaderMap`
[INFO] [stdout]     |
[INFO] [stdout]     = note: use `let _ = ...` to ignore the expression or result
[INFO] [stdout] 
[INFO] [stdout] 
[INFO] [stdout] warning: for loop over an `Option`. This is more readably written as an `if let` statement
[INFO] [stdout]    --> src/acme/handlers/order.rs:262:27
[INFO] [stdout]     |
[INFO] [stdout] 262 |                 for id in id.identifier {
[INFO] [stdout]     |                           ^^^^^^^^^^^^^
[INFO] [stdout]     |
[INFO] [stdout]     = note: `#[warn(for_loops_over_fallibles)]` on by default
[INFO] [stdout] help: to check pattern in a loop use `while let`
[INFO] [stdout]     |
[INFO] [stdout] 262 |                 while let Some(id) = id.identifier {
[INFO] [stdout]     |                 ~~~~~~~~~~~~~~~  ~~~
[INFO] [stdout] help: consider using `if let` to clear intent
[INFO] [stdout]     |
[INFO] [stdout] 262 |                 if let Some(id) = id.identifier {
[INFO] [stdout]     |                 ~~~~~~~~~~~~  ~~~
[INFO] [stdout] 
[INFO] [stdout] 
[INFO] [stdout] warning: 4 warnings emitted
[INFO] [stdout] 
[INFO] [stdout] 
[INFO] [stderr]     Finished test [unoptimized + debuginfo] target(s) in 1m 19s
[INFO] [stderr] warning: the following packages contain code that will be rejected by a future version of Rust: rustc-serialize v0.3.24
[INFO] [stderr] note: to see what the problems were, use the option `--future-incompat-report`, or run `cargo report future-incompatibilities --id 1`
[INFO] running `Command { std: "docker" "inspect" "b3aaead187d87c91b9b95f10736d3d070ec14fd3c6cb6c3f5dc0f6399b7fe68f", kill_on_drop: false }`
[INFO] running `Command { std: "docker" "rm" "-f" "b3aaead187d87c91b9b95f10736d3d070ec14fd3c6cb6c3f5dc0f6399b7fe68f", kill_on_drop: false }`
[INFO] [stdout] b3aaead187d87c91b9b95f10736d3d070ec14fd3c6cb6c3f5dc0f6399b7fe68f
[INFO] running `Command { std: "docker" "create" "-v" "/var/lib/crater-agent-workspace/builds/worker-4-tc1/target:/opt/rustwide/target:rw,Z" "-v" "/var/lib/crater-agent-workspace/builds/worker-4-tc1/source:/opt/rustwide/workdir:ro,Z" "-v" "/var/lib/crater-agent-workspace/cargo-home:/opt/rustwide/cargo-home:ro,Z" "-v" "/var/lib/crater-agent-workspace/rustup-home:/opt/rustwide/rustup-home:ro,Z" "-e" "SOURCE_DIR=/opt/rustwide/workdir" "-e" "CARGO_TARGET_DIR=/opt/rustwide/target" "-e" "CARGO_INCREMENTAL=0" "-e" "RUST_BACKTRACE=full" "-e" "RUSTFLAGS=--cap-lints=warn" "-e" "RUSTDOCFLAGS=--cap-lints=warn" "-e" "CARGO_HOME=/opt/rustwide/cargo-home" "-e" "RUSTUP_HOME=/opt/rustwide/rustup-home" "-w" "/opt/rustwide/workdir" "-m" "1610612736" "--user" "0:0" "--network" "none" "ghcr.io/rust-lang/crates-build-env/linux@sha256:2788e3201cd34a07e3172128adcd8b3090168a8e3bcc40d7c032b9dda1df7d1c" "/opt/rustwide/cargo-home/bin/cargo" "+1.75.0" "test" "--frozen", kill_on_drop: false }`
[INFO] [stdout] 0d3d5bd42120192f8b2fcde77e7147f2e66c4191c726f51ca3c8e091f40ac01c
[INFO] running `Command { std: "docker" "start" "-a" "0d3d5bd42120192f8b2fcde77e7147f2e66c4191c726f51ca3c8e091f40ac01c", kill_on_drop: false }`
[INFO] [stderr] warning: for loop over an `Option`. This is more readably written as an `if let` statement
[INFO] [stderr]    --> src/acme/handlers/order.rs:262:27
[INFO] [stderr]     |
[INFO] [stderr] 262 |                 for id in id.identifier {
[INFO] [stderr]     |                           ^^^^^^^^^^^^^
[INFO] [stderr]     |
[INFO] [stderr]     = note: `#[warn(for_loops_over_fallibles)]` on by default
[INFO] [stderr] help: to check pattern in a loop use `while let`
[INFO] [stderr]     |
[INFO] [stderr] 262 |                 while let Some(id) = id.identifier {
[INFO] [stderr]     |                 ~~~~~~~~~~~~~~~  ~~~
[INFO] [stderr] help: consider using `if let` to clear intent
[INFO] [stderr]     |
[INFO] [stderr] 262 |                 if let Some(id) = id.identifier {
[INFO] [stderr]     |                 ~~~~~~~~~~~~  ~~~
[INFO] [stderr] 
[INFO] [stderr] warning: calls to `std::mem::drop` with a reference instead of an owned value does nothing
[INFO] [stderr]   --> src/acme/handlers/nonce.rs:91:9
[INFO] [stderr]    |
[INFO] [stderr] 91 |         drop(headers);
[INFO] [stderr]    |         ^^^^^-------^
[INFO] [stderr]    |              |
[INFO] [stderr]    |              argument has type `&HeaderMap`
[INFO] [stderr]    |
[INFO] [stderr]    = note: use `let _ = ...` to ignore the expression or result
[INFO] [stderr]    = note: `#[warn(dropping_references)]` on by default
[INFO] [stderr] 
[INFO] [stderr] warning: calls to `std::mem::drop` with a reference instead of an owned value does nothing
[INFO] [stderr]    --> src/acme/handlers/nonce.rs:149:9
[INFO] [stderr]     |
[INFO] [stderr] 149 |         drop(headers);
[INFO] [stderr]     |         ^^^^^-------^
[INFO] [stderr]     |              |
[INFO] [stderr]     |              argument has type `&HeaderMap`
[INFO] [stderr]     |
[INFO] [stderr]     = note: use `let _ = ...` to ignore the expression or result
[INFO] [stderr] 
[INFO] [stderr] warning: calls to `std::mem::drop` with a reference instead of an owned value does nothing
[INFO] [stderr]    --> src/acme/handlers/nonce.rs:160:17
[INFO] [stderr]     |
[INFO] [stderr] 160 |                 drop(headers);
[INFO] [stderr]     |                 ^^^^^-------^
[INFO] [stderr]     |                      |
[INFO] [stderr]     |                      argument has type `&HeaderMap`
[INFO] [stderr]     |
[INFO] [stderr]     = note: use `let _ = ...` to ignore the expression or result
[INFO] [stderr] 
[INFO] [stderr] warning: `coyote` (lib) generated 1 warning
[INFO] [stderr] warning: `coyote` (lib test) generated 4 warnings (1 duplicate)
[INFO] [stderr]     Finished test [unoptimized + debuginfo] target(s) in 0.33s
[INFO] [stderr] warning: the following packages contain code that will be rejected by a future version of Rust: rustc-serialize v0.3.24
[INFO] [stderr] note: to see what the problems were, use the option `--future-incompat-report`, or run `cargo report future-incompatibilities --id 1`
[INFO] [stderr]      Running unittests src/lib.rs (/opt/rustwide/target/debug/deps/coyote-eaafb248429e2510)
[INFO] [stdout] 
[INFO] [stdout] running 26 tests
[INFO] [stdout] test acme::dns::tests::test_dns_serde ... ok
[INFO] [stdout] test errors::tests::test_to_string ... ok
[INFO] [stdout] test errors::tests::test_validate ... ok
[INFO] [stdout] test acme::handlers::account::tests::account_register_with_certbot ... FAILED
[INFO] [stdout] test acme::challenge::tests::test_challenge_scheduler_async ... FAILED
[INFO] [stdout] test acme::handlers::account::tests::new_account_failures ... FAILED
[INFO] [stdout] test acme::challenge::tests::test_challenge_scheduler_basic_with_expiration ... FAILED
[INFO] [stdout] test acme::handlers::directory::tests::test_basic_directory ... FAILED
[INFO] [stdout] test acme::jose::tests::aph_test_validate ... FAILED
[INFO] [stdout] test models::account::tests::account_crud_single_contact ... FAILED
[INFO] [stdout] test models::account::tests::jwk_check_constraint ... FAILED
[INFO] [stdout] test acme::handlers::order::tests::test_order_flow_multi_domain ... FAILED
[INFO] [stdout] test acme::handlers::order::tests::test_order_flow_single_domain ... FAILED
[INFO] [stdout] test acme::handlers::nonce::tests::test_basic_head ... FAILED
[INFO] [stdout] test models::account::tests::jwk_find_nonexistent_nonce ... FAILED
[INFO] [stdout] test acme::handlers::nonce::tests::test_basic_get ... FAILED
[INFO] [stdout] test models::order::tests::test_order_certificate ... FAILED
[INFO] [stdout] test models::nonce::tests::nonce_crud_test ... FAILED
[INFO] [stdout] test models::account::tests::jwk_create_delete_find ... FAILED
[INFO] [stdout] test test::tests::pgtest_basic ... FAILED
[INFO] [stdout] test models::order::tests::test_order_authorization ... FAILED
[INFO] [stdout] test models::tests::test_migrate ... FAILED
[INFO] [stdout] test acme::jose::tests::jwk_into ... ok
[INFO] [stdout] test acme::ca::tests::test_ca_collector ... ok
[INFO] [stdout] test acme::ca::tests::test_basic_ca_sign ... ok
[INFO] [stdout] test acme::jose::tests::jws_validate has been running for over 60 seconds
[ERROR] error running command: no output for 300 seconds
[INFO] running `Command { std: "docker" "inspect" "0d3d5bd42120192f8b2fcde77e7147f2e66c4191c726f51ca3c8e091f40ac01c", kill_on_drop: false }`
[INFO] running `Command { std: "docker" "rm" "-f" "0d3d5bd42120192f8b2fcde77e7147f2e66c4191c726f51ca3c8e091f40ac01c", kill_on_drop: false }`
[INFO] [stdout] 0d3d5bd42120192f8b2fcde77e7147f2e66c4191c726f51ca3c8e091f40ac01c
[INFO] testing coyote-0.1.1 against beta-2024-01-09 for beta-1.76-3
[INFO] extracting crate coyote 0.1.1 into /workspace/builds/worker-4-tc2/source
[INFO] validating manifest of crates.io crate coyote 0.1.1 on toolchain beta-2024-01-09
[INFO] running `Command { std: CARGO_HOME="/workspace/cargo-home" RUSTUP_HOME="/workspace/rustup-home" "/workspace/cargo-home/bin/cargo" "+beta-2024-01-09" "metadata" "--manifest-path" "Cargo.toml" "--no-deps", kill_on_drop: false }`
[INFO] started tweaking crates.io crate coyote 0.1.1
[INFO] removed 0 missing examples
[INFO] finished tweaking crates.io crate coyote 0.1.1
[INFO] tweaked toml for crates.io crate coyote 0.1.1 written to /workspace/builds/worker-4-tc2/source/Cargo.toml
[INFO] crate crates.io crate coyote 0.1.1 already has a lockfile, it will not be regenerated
[INFO] running `Command { std: CARGO_HOME="/workspace/cargo-home" RUSTUP_HOME="/workspace/rustup-home" "/workspace/cargo-home/bin/cargo" "+beta-2024-01-09" "fetch" "--manifest-path" "Cargo.toml", kill_on_drop: false }`
[INFO] running `Command { std: "docker" "create" "-v" "/var/lib/crater-agent-workspace/builds/worker-4-tc2/target:/opt/rustwide/target:rw,Z" "-v" "/var/lib/crater-agent-workspace/builds/worker-4-tc2/source:/opt/rustwide/workdir:ro,Z" "-v" "/var/lib/crater-agent-workspace/cargo-home:/opt/rustwide/cargo-home:ro,Z" "-v" "/var/lib/crater-agent-workspace/rustup-home:/opt/rustwide/rustup-home:ro,Z" "-e" "SOURCE_DIR=/opt/rustwide/workdir" "-e" "CARGO_TARGET_DIR=/opt/rustwide/target" "-e" "CARGO_HOME=/opt/rustwide/cargo-home" "-e" "RUSTUP_HOME=/opt/rustwide/rustup-home" "-w" "/opt/rustwide/workdir" "-m" "1610612736" "--user" "0:0" "--network" "none" "ghcr.io/rust-lang/crates-build-env/linux@sha256:2788e3201cd34a07e3172128adcd8b3090168a8e3bcc40d7c032b9dda1df7d1c" "/opt/rustwide/cargo-home/bin/cargo" "+beta-2024-01-09" "metadata" "--no-deps" "--format-version=1", kill_on_drop: false }`
[INFO] [stdout] 1606c143fd2a12d26554c85915d7b4e844c809c1b944e3b57c6a41c2e00da137
[INFO] running `Command { std: "docker" "start" "-a" "1606c143fd2a12d26554c85915d7b4e844c809c1b944e3b57c6a41c2e00da137", kill_on_drop: false }`
[INFO] running `Command { std: "docker" "inspect" "1606c143fd2a12d26554c85915d7b4e844c809c1b944e3b57c6a41c2e00da137", kill_on_drop: false }`
[INFO] running `Command { std: "docker" "rm" "-f" "1606c143fd2a12d26554c85915d7b4e844c809c1b944e3b57c6a41c2e00da137", kill_on_drop: false }`
[INFO] [stdout] 1606c143fd2a12d26554c85915d7b4e844c809c1b944e3b57c6a41c2e00da137
[INFO] running `Command { std: "docker" "create" "-v" "/var/lib/crater-agent-workspace/builds/worker-4-tc2/target:/opt/rustwide/target:rw,Z" "-v" "/var/lib/crater-agent-workspace/builds/worker-4-tc2/source:/opt/rustwide/workdir:ro,Z" "-v" "/var/lib/crater-agent-workspace/cargo-home:/opt/rustwide/cargo-home:ro,Z" "-v" "/var/lib/crater-agent-workspace/rustup-home:/opt/rustwide/rustup-home:ro,Z" "-e" "SOURCE_DIR=/opt/rustwide/workdir" "-e" "CARGO_TARGET_DIR=/opt/rustwide/target" "-e" "CARGO_INCREMENTAL=0" "-e" "RUST_BACKTRACE=full" "-e" "RUSTFLAGS=--cap-lints=warn" "-e" "RUSTDOCFLAGS=--cap-lints=warn" "-e" "CARGO_HOME=/opt/rustwide/cargo-home" "-e" "RUSTUP_HOME=/opt/rustwide/rustup-home" "-w" "/opt/rustwide/workdir" "-m" "1610612736" "--user" "0:0" "--network" "none" "ghcr.io/rust-lang/crates-build-env/linux@sha256:2788e3201cd34a07e3172128adcd8b3090168a8e3bcc40d7c032b9dda1df7d1c" "/opt/rustwide/cargo-home/bin/cargo" "+beta-2024-01-09" "build" "--frozen" "--message-format=json", kill_on_drop: false }`
[INFO] [stdout] a9db87be8f7f3e783e110ec637bad198df83fced1e3d4ecf66e356210fbbb499
[INFO] running `Command { std: "docker" "start" "-a" "a9db87be8f7f3e783e110ec637bad198df83fced1e3d4ecf66e356210fbbb499", kill_on_drop: false }`
[INFO] [stderr]    Compiling proc-macro2 v1.0.36
[INFO] [stderr]    Compiling unicode-xid v0.2.2
[INFO] [stderr]    Compiling syn v1.0.86
[INFO] [stderr]    Compiling libc v0.2.118
[INFO] [stderr]    Compiling cfg-if v1.0.0
[INFO] [stderr]    Compiling autocfg v1.1.0
[INFO] [stderr]    Compiling memchr v2.4.1
[INFO] [stderr]    Compiling version_check v0.9.4
[INFO] [stderr]    Compiling log v0.4.14
[INFO] [stderr]    Compiling smallvec v1.8.0
[INFO] [stderr]    Compiling serde_derive v1.0.136
[INFO] [stderr]    Compiling pin-project-lite v0.2.8
[INFO] [stderr]    Compiling serde v1.0.136
[INFO] [stderr]    Compiling bytes v1.1.0
[INFO] [stderr]    Compiling once_cell v1.9.0
[INFO] [stderr]    Compiling futures-core v0.3.21
[INFO] [stderr]    Compiling parking_lot_core v0.9.1
[INFO] [stderr]    Compiling tinyvec_macros v0.1.0
[INFO] [stderr]    Compiling scopeguard v1.1.0
[INFO] [stderr]    Compiling tinyvec v1.5.1
[INFO] [stderr]    Compiling lock_api v0.4.6
[INFO] [stderr]    Compiling itoa v1.0.1
[INFO] [stderr]    Compiling typenum v1.15.0
[INFO] [stderr]    Compiling unicode-bidi v0.3.7
[INFO] [stderr]    Compiling futures-task v0.3.21
[INFO] [stderr]    Compiling futures-sink v0.3.21
[INFO] [stderr]    Compiling futures-channel v0.3.21
[INFO] [stderr]    Compiling generic-array v0.14.5
[INFO] [stderr]    Compiling futures-util v0.3.21
[INFO] [stderr]    Compiling num-traits v0.2.14
[INFO] [stderr]    Compiling num-integer v0.1.44
[INFO] [stderr]    Compiling slab v0.4.5
[INFO] [stderr]    Compiling futures-io v0.3.21
[INFO] [stderr]    Compiling lazy_static v1.4.0
[INFO] [stderr]    Compiling pin-utils v0.1.0
[INFO] [stderr]    Compiling async-trait v0.1.52
[INFO] [stderr]    Compiling percent-encoding v2.1.0
[INFO] [stderr]    Compiling subtle v2.4.1
[INFO] [stderr]    Compiling ppv-lite86 v0.2.16
[INFO] [stderr]    Compiling matches v0.1.9
[INFO] [stderr]    Compiling cc v1.0.73
[INFO] [stderr]    Compiling siphasher v0.3.9
[INFO] [stderr]    Compiling form_urlencoded v1.0.1
[INFO] [stderr]    Compiling serde_json v1.0.79
[INFO] [stderr]    Compiling cpufeatures v0.2.1
[INFO] [stderr]    Compiling quote v1.0.15
[INFO] [stderr]    Compiling parking_lot_core v0.8.5
[INFO] [stderr]    Compiling base64 v0.13.0
[INFO] [stderr]    Compiling num-bigint v0.4.3
[INFO] [stderr]    Compiling nom v7.1.0
[INFO] [stderr]    Compiling instant v0.1.12
[INFO] [stderr]    Compiling unicode-normalization v0.1.19
[INFO] [stderr]    Compiling socket2 v0.4.4
[INFO] [stderr]    Compiling signal-hook-registry v1.4.0
[INFO] [stderr]    Compiling mio v0.8.0
[INFO] [stderr]    Compiling num_cpus v1.13.1
[INFO] [stderr]    Compiling getrandom v0.2.4
[INFO] [stderr]    Compiling time v0.1.43
[INFO] [stderr]    Compiling ryu v1.0.9
[INFO] [stderr]    Compiling fallible-iterator v0.2.0
[INFO] [stderr]    Compiling num_threads v0.1.3
[INFO] [stderr]    Compiling parking_lot v0.12.0
[INFO] [stderr]    Compiling rand_core v0.6.3
[INFO] [stderr]    Compiling byteorder v1.4.3
[INFO] [stderr]    Compiling time v0.3.7
[INFO] [stderr]    Compiling rand_chacha v0.3.1
[INFO] [stderr]    Compiling phf_shared v0.10.0
[INFO] [stderr]    Compiling aho-corasick v0.7.18
[INFO] [stderr]    Compiling indexmap v1.8.0
[INFO] [stderr]    Compiling pkg-config v0.3.24
[INFO] [stderr]    Compiling same-file v1.0.6
[INFO] [stderr]    Compiling regex-syntax v0.6.25
[INFO] [stderr]    Compiling rand v0.8.5
[INFO] [stderr]    Compiling idna v0.2.3
[INFO] [stderr]    Compiling stringprep v0.1.2
[INFO] [stderr]    Compiling minimal-lexical v0.2.1
[INFO] [stderr]    Compiling fnv v1.0.7
[INFO] [stderr]    Compiling http v0.2.6
[INFO] [stderr]    Compiling parking_lot v0.11.2
[INFO] [stderr]    Compiling walkdir v2.3.2
[INFO] [stderr]    Compiling phf v0.10.1
[INFO] [stderr]    Compiling openssl-sys v0.9.72
[INFO] [stderr]    Compiling tracing-core v0.1.22
[INFO] [stderr]    Compiling unicode-segmentation v1.9.0
[INFO] [stderr]    Compiling block-buffer v0.10.2
[INFO] [stderr]    Compiling crypto-common v0.1.3
[INFO] [stderr]    Compiling httparse v1.6.0
[INFO] [stderr]    Compiling digest v0.10.3
[INFO] [stderr]    Compiling hashbrown v0.11.2
[INFO] [stderr]    Compiling url v2.2.2
[INFO] [stderr]    Compiling ring v0.16.20
[INFO] [stderr]    Compiling md-5 v0.10.0
[INFO] [stderr]    Compiling sha2 v0.10.1
[INFO] [stderr]    Compiling hmac v0.12.0
[INFO] [stderr]    Compiling heck v0.3.3
[INFO] [stderr]    Compiling tracing v0.1.30
[INFO] [stderr]    Compiling oid-registry v0.2.0
[INFO] [stderr]    Compiling try-lock v0.2.3
[INFO] [stderr]    Compiling data-encoding v2.3.2
[INFO] [stderr]    Compiling want v0.3.0
[INFO] [stderr]    Compiling nibble_vec v0.1.0
[INFO] [stderr]    Compiling postgres-protocol v0.6.3
[INFO] [stderr]    Compiling endian-type v0.1.2
[INFO] [stderr]    Compiling foreign-types-shared v0.1.1
[INFO] [stderr]    Compiling tower-service v0.3.1
[INFO] [stderr]    Compiling httpdate v1.0.2
[INFO] [stderr]    Compiling openssl v0.10.38
[INFO] [stderr]    Compiling untrusted v0.7.1
[INFO] [stderr]    Compiling spin v0.5.2
[INFO] [stderr]    Compiling ipnet v2.3.1
[INFO] [stderr]    Compiling radix_trie v0.2.1
[INFO] [stderr]    Compiling foreign-types v0.3.2
[INFO] [stderr]    Compiling bitflags v1.3.2
[INFO] [stderr]    Compiling regex v1.5.4
[INFO] [stderr]    Compiling http-body v0.4.4
[INFO] [stderr]    Compiling rusticata-macros v4.1.0
[INFO] [stderr]    Compiling tokio-macros v1.7.0
[INFO] [stderr]    Compiling futures-macro v0.3.21
[INFO] [stderr]    Compiling thiserror-impl v1.0.30
[INFO] [stderr]    Compiling der-oid-macro v0.5.0
[INFO] [stderr]    Compiling enum-as-inner v0.3.3
[INFO] [stderr]    Compiling async-recursion v1.0.0
[INFO] [stderr]    Compiling der-parser v6.0.1
[INFO] [stderr]    Compiling tokio v1.17.0
[INFO] [stderr]    Compiling thiserror v1.0.30
[INFO] [stderr]    Compiling futures-executor v0.3.21
[INFO] [stderr]    Compiling futures v0.3.21
[INFO] [stderr]    Compiling tokio-util v0.6.9
[INFO] [stderr]    Compiling deadpool-runtime v0.1.2
[INFO] [stderr]    Compiling h2 v0.3.11
[INFO] [stderr]    Compiling chrono v0.4.19
[INFO] [stderr]    Compiling toml v0.5.8
[INFO] [stderr]    Compiling deadpool v0.9.2
[INFO] [stderr]    Compiling trust-dns-proto v0.20.4
[INFO] [stderr]    Compiling x509-parser v0.12.0
[INFO] [stderr]    Compiling postgres-types v0.2.2
[INFO] [stderr]    Compiling refinery-core v0.8.4
[INFO] [stderr]    Compiling tokio-postgres v0.7.5
[INFO] [stderr]    Compiling refinery-macros v0.8.4
[INFO] [stderr]    Compiling hyper v0.14.17
[INFO] [stderr]    Compiling trust-dns-client v0.20.4
[INFO] [stderr]    Compiling deadpool-postgres v0.10.1
[INFO] [stderr]    Compiling refinery v0.8.4
[INFO] [stderr]    Compiling ratpack v0.1.3
[INFO] [stderr]    Compiling coyote v0.1.1 (/opt/rustwide/workdir)
[INFO] [stdout] warning: for loop over an `Option`. This is more readably written as an `if let` statement
[INFO] [stdout]    --> src/acme/handlers/order.rs:262:27
[INFO] [stdout]     |
[INFO] [stdout] 262 |                 for id in id.identifier {
[INFO] [stdout]     |                           ^^^^^^^^^^^^^
[INFO] [stdout]     |
[INFO] [stdout]     = note: `#[warn(for_loops_over_fallibles)]` on by default
[INFO] [stdout] help: to check pattern in a loop use `while let`
[INFO] [stdout]     |
[INFO] [stdout] 262 |                 while let Some(id) = id.identifier {
[INFO] [stdout]     |                 ~~~~~~~~~~~~~~~  ~~~
[INFO] [stdout] help: consider using `if let` to clear intent
[INFO] [stdout]     |
[INFO] [stdout] 262 |                 if let Some(id) = id.identifier {
[INFO] [stdout]     |                 ~~~~~~~~~~~~  ~~~
[INFO] [stdout] 
[INFO] [stdout] 
[INFO] [stdout] warning: 1 warning emitted
[INFO] [stdout] 
[INFO] [stdout] 
[INFO] [stderr]     Finished dev [unoptimized + debuginfo] target(s) in 18.32s
[INFO] running `Command { std: "docker" "inspect" "a9db87be8f7f3e783e110ec637bad198df83fced1e3d4ecf66e356210fbbb499", kill_on_drop: false }`
[INFO] running `Command { std: "docker" "rm" "-f" "a9db87be8f7f3e783e110ec637bad198df83fced1e3d4ecf66e356210fbbb499", kill_on_drop: false }`
[INFO] [stdout] a9db87be8f7f3e783e110ec637bad198df83fced1e3d4ecf66e356210fbbb499
[INFO] running `Command { std: "docker" "create" "-v" "/var/lib/crater-agent-workspace/builds/worker-4-tc2/target:/opt/rustwide/target:rw,Z" "-v" "/var/lib/crater-agent-workspace/builds/worker-4-tc2/source:/opt/rustwide/workdir:ro,Z" "-v" "/var/lib/crater-agent-workspace/cargo-home:/opt/rustwide/cargo-home:ro,Z" "-v" "/var/lib/crater-agent-workspace/rustup-home:/opt/rustwide/rustup-home:ro,Z" "-e" "SOURCE_DIR=/opt/rustwide/workdir" "-e" "CARGO_TARGET_DIR=/opt/rustwide/target" "-e" "CARGO_INCREMENTAL=0" "-e" "RUST_BACKTRACE=full" "-e" "RUSTFLAGS=--cap-lints=warn" "-e" "RUSTDOCFLAGS=--cap-lints=warn" "-e" "CARGO_HOME=/opt/rustwide/cargo-home" "-e" "RUSTUP_HOME=/opt/rustwide/rustup-home" "-w" "/opt/rustwide/workdir" "-m" "1610612736" "--user" "0:0" "--network" "none" "ghcr.io/rust-lang/crates-build-env/linux@sha256:2788e3201cd34a07e3172128adcd8b3090168a8e3bcc40d7c032b9dda1df7d1c" "/opt/rustwide/cargo-home/bin/cargo" "+beta-2024-01-09" "test" "--frozen" "--no-run" "--message-format=json", kill_on_drop: false }`
[INFO] [stdout] 9b0d90be8dd6c06279b2eb55b97e4e2055098ff9f59c72605f7b94699dca5bfc
[INFO] running `Command { std: "docker" "start" "-a" "9b0d90be8dd6c06279b2eb55b97e4e2055098ff9f59c72605f7b94699dca5bfc", kill_on_drop: false }`
[INFO] [stderr]    Compiling syn v1.0.86
[INFO] [stderr]    Compiling log v0.4.14
[INFO] [stderr]    Compiling num-integer v0.1.44
[INFO] [stderr]    Compiling futures-util v0.3.21
[INFO] [stderr]    Compiling ident_case v1.0.1
[INFO] [stderr]    Compiling strsim v0.10.0
[INFO] [stderr]    Compiling rustversion v1.0.6
[INFO] [stderr]    Compiling rustc-serialize v0.3.24
[INFO] [stderr]    Compiling rand v0.4.6
[INFO] [stderr]    Compiling num-iter v0.1.42
[INFO] [stderr]    Compiling dirs-sys-next v0.1.2
[INFO] [stderr]    Compiling hex v0.4.3
[INFO] [stderr]    Compiling atty v0.2.14
[INFO] [stderr]    Compiling humantime v2.1.0
[INFO] [stderr]    Compiling remove_dir_all v0.5.3
[INFO] [stderr]    Compiling fastrand v1.7.0
[INFO] [stderr]    Compiling termcolor v1.1.2
[INFO] [stderr]    Compiling dirs-next v2.0.0
[INFO] [stderr]    Compiling tempfile v3.3.0
[INFO] [stdout] error[E0310]: the parameter type `T` may not live long enough
[INFO] [stdout]     --> /opt/rustwide/cargo-home/registry/src/index.crates.io-6f17d22bba15001f/rustc-serialize-0.3.24/src/serialize.rs:1155:5
[INFO] [stdout]      |
[INFO] [stdout] 1155 |     fn decode<D: Decoder>(d: &mut D) -> Result<Cow<'static, T>, D::Error> {
[INFO] [stdout]      |     ^^^^^^^^^^^^^^^^^^^^^^^^^^^^^^^^^^^^^^^^^^^^^^^^^^^^^^^^^^^^^^^^^^^^^
[INFO] [stdout]      |     |
[INFO] [stdout]      |     the parameter type `T` must be valid for the static lifetime...
[INFO] [stdout]      |     ...so that the type `T` will meet its required lifetime bounds...
[INFO] [stdout]      |
[INFO] [stdout] note: ...that is required by this bound
[INFO] [stdout]     --> /rustc/650745ceb2ae60e04f8cd7bfb671fc37239533e4/library/alloc/src/borrow.rs:180:30
[INFO] [stdout] help: consider adding an explicit lifetime bound
[INFO] [stdout]      |
[INFO] [stdout] 1151 | impl<'a, T: ?Sized + 'static> Decodable for Cow<'a, T>
[INFO] [stdout]      |                    +++++++++
[INFO] [stdout] 
[INFO] [stdout] 
[INFO] [stderr]    Compiling num-bigint v0.4.3
[INFO] [stderr]    Compiling mio v0.8.0
[INFO] [stderr]    Compiling want v0.3.0
[INFO] [stderr]    Compiling env_logger v0.9.0
[INFO] [stdout] error: aborting due to 1 previous error
[INFO] [stdout] 
[INFO] [stdout] 
[INFO] [stdout] For more information about this error, try `rustc --explain E0310`.
[INFO] [stdout] 
[INFO] [stderr] error: could not compile `rustc-serialize` (lib) due to 2 previous errors
[INFO] [stderr] warning: build failed, waiting for other jobs to finish...
[INFO] running `Command { std: "docker" "inspect" "9b0d90be8dd6c06279b2eb55b97e4e2055098ff9f59c72605f7b94699dca5bfc", kill_on_drop: false }`
[INFO] running `Command { std: "docker" "rm" "-f" "9b0d90be8dd6c06279b2eb55b97e4e2055098ff9f59c72605f7b94699dca5bfc", kill_on_drop: false }`
[INFO] [stdout] 9b0d90be8dd6c06279b2eb55b97e4e2055098ff9f59c72605f7b94699dca5bfc
