[INFO] fetching crate bmfont 0.3.3...
[INFO] testing bmfont-0.3.3 against 1.75.0 for beta-1.76-3
[INFO] extracting crate bmfont 0.3.3 into /workspace/builds/worker-5-tc1/source
[INFO] validating manifest of crates.io crate bmfont 0.3.3 on toolchain 1.75.0
[INFO] running `Command { std: CARGO_HOME="/workspace/cargo-home" RUSTUP_HOME="/workspace/rustup-home" "/workspace/cargo-home/bin/cargo" "+1.75.0" "metadata" "--manifest-path" "Cargo.toml" "--no-deps", kill_on_drop: false }`
[INFO] started tweaking crates.io crate bmfont 0.3.3
[INFO] finished tweaking crates.io crate bmfont 0.3.3
[INFO] tweaked toml for crates.io crate bmfont 0.3.3 written to /workspace/builds/worker-5-tc1/source/Cargo.toml
[INFO] crate crates.io crate bmfont 0.3.3 already has a lockfile, it will not be regenerated
[INFO] running `Command { std: CARGO_HOME="/workspace/cargo-home" RUSTUP_HOME="/workspace/rustup-home" "/workspace/cargo-home/bin/cargo" "+1.75.0" "fetch" "--manifest-path" "Cargo.toml", kill_on_drop: false }`
[INFO] [stderr]  Downloading crates ...
[INFO] [stderr]   Downloaded png v0.5.2
[INFO] [stderr]   Downloaded xml-rs v0.6.1
[INFO] [stderr]   Downloaded gl_generator v0.5.5
[INFO] [stderr]   Downloaded serde_derive v1.0.121
[INFO] [stderr]   Downloaded jpeg-decoder v0.1.21
[INFO] [stderr]   Downloaded serde v1.0.121
[INFO] [stderr]   Downloaded image v0.10.4
[INFO] [stderr]   Downloaded user32-sys v0.1.3
[INFO] [stderr]   Downloaded gdi32-sys v0.1.2
[INFO] [stderr]   Downloaded tinytemplate v1.2.0
[INFO] [stderr]   Downloaded dwmapi-sys v0.1.1
[INFO] running `Command { std: "docker" "create" "-v" "/var/lib/crater-agent-workspace/builds/worker-5-tc1/target:/opt/rustwide/target:rw,Z" "-v" "/var/lib/crater-agent-workspace/builds/worker-5-tc1/source:/opt/rustwide/workdir:ro,Z" "-v" "/var/lib/crater-agent-workspace/cargo-home:/opt/rustwide/cargo-home:ro,Z" "-v" "/var/lib/crater-agent-workspace/rustup-home:/opt/rustwide/rustup-home:ro,Z" "-e" "SOURCE_DIR=/opt/rustwide/workdir" "-e" "CARGO_TARGET_DIR=/opt/rustwide/target" "-e" "CARGO_HOME=/opt/rustwide/cargo-home" "-e" "RUSTUP_HOME=/opt/rustwide/rustup-home" "-w" "/opt/rustwide/workdir" "-m" "1610612736" "--user" "0:0" "--network" "none" "ghcr.io/rust-lang/crates-build-env/linux@sha256:2788e3201cd34a07e3172128adcd8b3090168a8e3bcc40d7c032b9dda1df7d1c" "/opt/rustwide/cargo-home/bin/cargo" "+1.75.0" "metadata" "--no-deps" "--format-version=1", kill_on_drop: false }`
[INFO] [stdout] d4b5ca2dd01020fbcd4d1f0d1d6f222599ee61b6908554649548025441638681
[INFO] running `Command { std: "docker" "start" "-a" "d4b5ca2dd01020fbcd4d1f0d1d6f222599ee61b6908554649548025441638681", kill_on_drop: false }`
[INFO] running `Command { std: "docker" "inspect" "d4b5ca2dd01020fbcd4d1f0d1d6f222599ee61b6908554649548025441638681", kill_on_drop: false }`
[INFO] running `Command { std: "docker" "rm" "-f" "d4b5ca2dd01020fbcd4d1f0d1d6f222599ee61b6908554649548025441638681", kill_on_drop: false }`
[INFO] [stdout] d4b5ca2dd01020fbcd4d1f0d1d6f222599ee61b6908554649548025441638681
[INFO] running `Command { std: "docker" "create" "-v" "/var/lib/crater-agent-workspace/builds/worker-5-tc1/target:/opt/rustwide/target:rw,Z" "-v" "/var/lib/crater-agent-workspace/builds/worker-5-tc1/source:/opt/rustwide/workdir:ro,Z" "-v" "/var/lib/crater-agent-workspace/cargo-home:/opt/rustwide/cargo-home:ro,Z" "-v" "/var/lib/crater-agent-workspace/rustup-home:/opt/rustwide/rustup-home:ro,Z" "-e" "SOURCE_DIR=/opt/rustwide/workdir" "-e" "CARGO_TARGET_DIR=/opt/rustwide/target" "-e" "CARGO_INCREMENTAL=0" "-e" "RUST_BACKTRACE=full" "-e" "RUSTFLAGS=--cap-lints=warn" "-e" "RUSTDOCFLAGS=--cap-lints=warn" "-e" "CARGO_HOME=/opt/rustwide/cargo-home" "-e" "RUSTUP_HOME=/opt/rustwide/rustup-home" "-w" "/opt/rustwide/workdir" "-m" "1610612736" "--user" "0:0" "--network" "none" "ghcr.io/rust-lang/crates-build-env/linux@sha256:2788e3201cd34a07e3172128adcd8b3090168a8e3bcc40d7c032b9dda1df7d1c" "/opt/rustwide/cargo-home/bin/cargo" "+1.75.0" "build" "--frozen" "--message-format=json", kill_on_drop: false }`
[INFO] [stdout] 092e916c129530e345ea7808e50810e37aacca37b7a473db11be611547914362
[INFO] running `Command { std: "docker" "start" "-a" "092e916c129530e345ea7808e50810e37aacca37b7a473db11be611547914362", kill_on_drop: false }`
[INFO] [stderr]    Compiling bmfont v0.3.3 (/opt/rustwide/workdir)
[INFO] [stderr]     Finished dev [unoptimized + debuginfo] target(s) in 0.50s
[INFO] running `Command { std: "docker" "inspect" "092e916c129530e345ea7808e50810e37aacca37b7a473db11be611547914362", kill_on_drop: false }`
[INFO] running `Command { std: "docker" "rm" "-f" "092e916c129530e345ea7808e50810e37aacca37b7a473db11be611547914362", kill_on_drop: false }`
[INFO] [stdout] 092e916c129530e345ea7808e50810e37aacca37b7a473db11be611547914362
[INFO] running `Command { std: "docker" "create" "-v" "/var/lib/crater-agent-workspace/builds/worker-5-tc1/target:/opt/rustwide/target:rw,Z" "-v" "/var/lib/crater-agent-workspace/builds/worker-5-tc1/source:/opt/rustwide/workdir:ro,Z" "-v" "/var/lib/crater-agent-workspace/cargo-home:/opt/rustwide/cargo-home:ro,Z" "-v" "/var/lib/crater-agent-workspace/rustup-home:/opt/rustwide/rustup-home:ro,Z" "-e" "SOURCE_DIR=/opt/rustwide/workdir" "-e" "CARGO_TARGET_DIR=/opt/rustwide/target" "-e" "CARGO_INCREMENTAL=0" "-e" "RUST_BACKTRACE=full" "-e" "RUSTFLAGS=--cap-lints=warn" "-e" "RUSTDOCFLAGS=--cap-lints=warn" "-e" "CARGO_HOME=/opt/rustwide/cargo-home" "-e" "RUSTUP_HOME=/opt/rustwide/rustup-home" "-w" "/opt/rustwide/workdir" "-m" "1610612736" "--user" "0:0" "--network" "none" "ghcr.io/rust-lang/crates-build-env/linux@sha256:2788e3201cd34a07e3172128adcd8b3090168a8e3bcc40d7c032b9dda1df7d1c" "/opt/rustwide/cargo-home/bin/cargo" "+1.75.0" "test" "--frozen" "--no-run" "--message-format=json", kill_on_drop: false }`
[INFO] [stdout] 02628e56181932d5302945f7616e3e7153286c59394fd36938b8c8e26f70e19a
[INFO] running `Command { std: "docker" "start" "-a" "02628e56181932d5302945f7616e3e7153286c59394fd36938b8c8e26f70e19a", kill_on_drop: false }`
[INFO] [stderr]    Compiling libc v0.2.82
[INFO] [stderr]    Compiling rand_core v0.4.2
[INFO] [stderr]    Compiling autocfg v0.1.7
[INFO] [stderr]    Compiling siphasher v0.2.3
[INFO] [stderr]    Compiling winapi-build v0.1.1
[INFO] [stderr]    Compiling dtoa v0.4.7
[INFO] [stderr]    Compiling serde v0.9.15
[INFO] [stderr]    Compiling itoa v0.3.4
[INFO] [stderr]    Compiling bitflags v0.7.0
[INFO] [stderr]    Compiling cc v1.0.66
[INFO] [stderr]    Compiling crossbeam-utils v0.8.1
[INFO] [stderr]    Compiling log v0.4.13
[INFO] [stderr]    Compiling cfg-if v0.1.10
[INFO] [stderr]    Compiling memoffset v0.6.1
[INFO] [stderr]    Compiling lazy_static v0.2.11
[INFO] [stderr]    Compiling const_fn v0.4.5
[INFO] [stderr]    Compiling winapi v0.2.8
[INFO] [stderr]    Compiling xml-rs v0.3.6
[INFO] [stderr]    Compiling serde v1.0.121
[INFO] [stderr]    Compiling bitflags v0.9.1
[INFO] [stderr]    Compiling byteorder v1.4.2
[INFO] [stderr]    Compiling kernel32-sys v0.2.2
[INFO] [stderr]    Compiling phf_shared v0.7.24
[INFO] [stderr]    Compiling rand_core v0.3.1
[INFO] [stderr]    Compiling rand_isaac v0.1.1
[INFO] [stderr]    Compiling rand_xorshift v0.1.1
[INFO] [stderr]    Compiling rand_hc v0.1.0
[INFO] [stderr]    Compiling rand_jitter v0.1.4
[INFO] [stderr]    Compiling phf v0.7.24
[INFO] [stderr]    Compiling xml-rs v0.6.1
[INFO] [stderr]    Compiling num-integer v0.1.44
[INFO] [stderr]    Compiling khronos_api v1.0.1
[INFO] [stderr]    Compiling either v1.6.1
[INFO] [stderr]    Compiling semver-parser v0.7.0
[INFO] [stderr]    Compiling rand_chacha v0.1.1
[INFO] [stderr]    Compiling rand_pcg v0.1.2
[INFO] [stderr]    Compiling rand v0.6.5
[INFO] [stderr]    Compiling wayland-scanner v0.7.8
[INFO] [stderr]    Compiling log v0.3.9
[INFO] [stderr]    Compiling rayon-core v1.9.0
[INFO] [stderr]    Compiling rand_os v0.1.3
[INFO] [stderr]    Compiling rand v0.4.6
[INFO] [stderr]    Compiling semver v0.9.0
[INFO] [stderr]    Compiling gl_generator v0.5.5
[INFO] [stderr]    Compiling memchr v2.3.4
[INFO] [stderr]    Compiling ryu v1.0.5
[INFO] [stderr]    Compiling maybe-uninit v2.0.0
[INFO] [stderr]    Compiling proc-macro2 v1.0.24
[INFO] [stderr]    Compiling pkg-config v0.3.19
[INFO] [stderr]    Compiling crossbeam-channel v0.5.0
[INFO] [stderr]    Compiling wayland-client v0.7.8
[INFO] [stderr]    Compiling rand v0.3.23
[INFO] [stderr]    Compiling rustc_version v0.2.3
[INFO] [stderr]    Compiling crossbeam-epoch v0.9.1
[INFO] [stderr]    Compiling fs2 v0.2.5
[INFO] [stderr]    Compiling miniz-sys v0.1.12
[INFO] [stderr]    Compiling num_cpus v1.13.0
[INFO] [stderr]    Compiling dbghelp-sys v0.2.0
[INFO] [stderr]    Compiling rayon v1.5.0
[INFO] [stderr]    Compiling unicode-xid v0.2.1
[INFO] [stderr]    Compiling memmap v0.4.0
[INFO] [stderr]    Compiling backtrace-sys v0.1.37
[INFO] [stderr]    Compiling cast v0.2.3
[INFO] [stderr]    Compiling x11-dl v2.18.5
[INFO] [stderr]    Compiling crossbeam-deque v0.8.0
[INFO] [stderr]    Compiling phf_generator v0.7.24
[INFO] [stderr]    Compiling phf_codegen v0.7.24
[INFO] [stderr]    Compiling tempfile v2.2.0
[INFO] [stderr]    Compiling shared_library v0.1.9
[INFO] [stderr]    Compiling syn v1.0.60
[INFO] [stderr]    Compiling itoa v0.4.7
[INFO] [stderr]    Compiling serde_json v1.0.61
[INFO] [stderr]    Compiling bitflags v1.2.1
[INFO] [stderr]    Compiling target_build_utils v0.3.1
[INFO] [stderr]    Compiling quote v1.0.8
[INFO] [stderr]    Compiling glutin v0.7.4
[INFO] [stderr]    Compiling regex-automata v0.1.9
[INFO] [stderr]    Compiling plotters-backend v0.3.0
[INFO] [stderr]    Compiling serde_derive v1.0.121
[INFO] [stderr]    Compiling backtrace v0.2.3
[INFO] [stderr]    Compiling unicode-width v0.1.8
[INFO] [stderr]    Compiling textwrap v0.11.0
[INFO] [stderr]    Compiling num-bigint v0.1.44
[INFO] [stderr]    Compiling plotters-svg v0.3.0
[INFO] [stderr]    Compiling num-iter v0.1.42
[INFO] [stderr]    Compiling csv-core v0.1.10
[INFO] [stderr]    Compiling osmesa-sys v0.1.2
[INFO] [stderr]    Compiling serde_json v0.9.10
[INFO] [stderr]    Compiling flate2 v0.2.20
[INFO] [stderr]    Compiling glium v0.16.0
[INFO] [stderr]    Compiling itertools v0.9.0
[INFO] [stderr]    Compiling half v1.7.1
[INFO] [stderr]    Compiling color_quant v1.1.0
[INFO] [stderr]    Compiling lzw v0.10.0
[INFO] [stderr]    Compiling regex-syntax v0.6.22
[INFO] [stderr]    Compiling same-file v1.0.6
[INFO] [stderr]    Compiling rustc-demangle v0.1.18
[INFO] [stderr]    Compiling inflate v0.1.1
[INFO] [stderr]    Compiling walkdir v2.3.1
[INFO] [stderr]    Compiling gif v0.9.2
[INFO] [stderr]    Compiling bstr v0.2.14
[INFO] [stderr]    Compiling num-rational v0.1.42
[INFO] [stderr]    Compiling serde_cbor v0.11.1
[INFO] [stderr]    Compiling plotters v0.3.0
[INFO] [stderr]    Compiling criterion-plot v0.4.3
[INFO] [stderr]    Compiling clap v2.33.3
[INFO] [stderr]    Compiling atty v0.2.14
[INFO] [stderr]    Compiling itertools v0.10.0
[INFO] [stderr]    Compiling regex v1.4.3
[INFO] [stderr]    Compiling tinytemplate v1.2.0
[INFO] [stderr]    Compiling png v0.5.2
[INFO] [stderr]    Compiling csv v1.1.5
[INFO] [stderr]    Compiling enum_primitive v0.1.1
[INFO] [stderr]    Compiling fnv v1.0.7
[INFO] [stderr]    Compiling byteorder v0.5.3
[INFO] [stderr]    Compiling oorandom v11.1.3
[INFO] [stderr]    Compiling scoped_threadpool v0.1.9
[INFO] [stderr]    Compiling glob v0.2.11
[INFO] [stderr]    Compiling smallvec v0.1.8
[INFO] [stderr]    Compiling jpeg-decoder v0.1.21
[INFO] [stderr]    Compiling image v0.10.4
[INFO] [stderr]    Compiling libloading v0.3.4
[INFO] [stderr]    Compiling criterion v0.3.4
[INFO] [stderr]    Compiling dlib v0.3.1
[INFO] [stderr]    Compiling wayland-sys v0.7.8
[INFO] [stderr]    Compiling wayland-kbd v0.6.3
[INFO] [stderr]    Compiling wayland-window v0.4.4
[INFO] [stderr]    Compiling winit v0.5.11
[INFO] [stderr]    Compiling bmfont v0.3.3 (/opt/rustwide/workdir)
[INFO] [stderr]     Finished test [unoptimized + debuginfo] target(s) in 56.25s
[INFO] [stderr] warning: the following packages contain code that will be rejected by a future version of Rust: criterion v0.3.4, rustc-serialize v0.3.24
[INFO] [stderr] note: to see what the problems were, use the option `--future-incompat-report`, or run `cargo report future-incompatibilities --id 2`
[INFO] running `Command { std: "docker" "inspect" "02628e56181932d5302945f7616e3e7153286c59394fd36938b8c8e26f70e19a", kill_on_drop: false }`
[INFO] running `Command { std: "docker" "rm" "-f" "02628e56181932d5302945f7616e3e7153286c59394fd36938b8c8e26f70e19a", kill_on_drop: false }`
[INFO] [stdout] 02628e56181932d5302945f7616e3e7153286c59394fd36938b8c8e26f70e19a
[INFO] running `Command { std: "docker" "create" "-v" "/var/lib/crater-agent-workspace/builds/worker-5-tc1/target:/opt/rustwide/target:rw,Z" "-v" "/var/lib/crater-agent-workspace/builds/worker-5-tc1/source:/opt/rustwide/workdir:ro,Z" "-v" "/var/lib/crater-agent-workspace/cargo-home:/opt/rustwide/cargo-home:ro,Z" "-v" "/var/lib/crater-agent-workspace/rustup-home:/opt/rustwide/rustup-home:ro,Z" "-e" "SOURCE_DIR=/opt/rustwide/workdir" "-e" "CARGO_TARGET_DIR=/opt/rustwide/target" "-e" "CARGO_INCREMENTAL=0" "-e" "RUST_BACKTRACE=full" "-e" "RUSTFLAGS=--cap-lints=warn" "-e" "RUSTDOCFLAGS=--cap-lints=warn" "-e" "CARGO_HOME=/opt/rustwide/cargo-home" "-e" "RUSTUP_HOME=/opt/rustwide/rustup-home" "-w" "/opt/rustwide/workdir" "-m" "1610612736" "--user" "0:0" "--network" "none" "ghcr.io/rust-lang/crates-build-env/linux@sha256:2788e3201cd34a07e3172128adcd8b3090168a8e3bcc40d7c032b9dda1df7d1c" "/opt/rustwide/cargo-home/bin/cargo" "+1.75.0" "test" "--frozen", kill_on_drop: false }`
[INFO] [stdout] 2c0239bf570037b785efc069e964bd2bb0b9f20abfa9506823bdc4220b419fb2
[INFO] running `Command { std: "docker" "start" "-a" "2c0239bf570037b785efc069e964bd2bb0b9f20abfa9506823bdc4220b419fb2", kill_on_drop: false }`
[INFO] [stderr]     Finished test [unoptimized + debuginfo] target(s) in 0.30s
[INFO] [stderr] warning: the following packages contain code that will be rejected by a future version of Rust: criterion v0.3.4, rustc-serialize v0.3.24
[INFO] [stderr] note: to see what the problems were, use the option `--future-incompat-report`, or run `cargo report future-incompatibilities --id 2`
[INFO] [stderr]      Running unittests src/lib.rs (/opt/rustwide/target/debug/deps/bmfont-507c35e55563a966)
[INFO] [stdout] 
[INFO] [stdout] running 0 tests
[INFO] [stdout] 
[INFO] [stdout] test result: ok. 0 passed; 0 failed; 0 ignored; 0 measured; 0 filtered out; finished in 0.00s
[INFO] [stdout] 
[INFO] [stderr]    Doc-tests bmfont
[INFO] [stdout] 
[INFO] [stdout] running 3 tests
[INFO] [stdout] test src/lib.rs - BMFont::new (line 89) ... FAILED
[INFO] [stdout] test src/lib.rs - BMFont::pages (line 177) ... FAILED
[INFO] [stderr] error: doctest failed, to rerun pass `--doc`
[INFO] [stdout] test src/lib.rs - BMFont::new (line 101) ... FAILED
[INFO] [stdout] 
[INFO] [stdout] failures:
[INFO] [stdout] 
[INFO] [stdout] ---- src/lib.rs - BMFont::new (line 89) stdout ----
[INFO] [stdout] Test executable failed (exit status: 1).
[INFO] [stdout] 
[INFO] [stdout] stderr:
[INFO] [stdout] Error: IOError(Os { code: 2, kind: NotFound, message: "No such file or directory" })
[INFO] [stdout] 
[INFO] [stdout] 
[INFO] [stdout] ---- src/lib.rs - BMFont::pages (line 177) stdout ----
[INFO] [stdout] Test executable failed (exit status: 1).
[INFO] [stdout] 
[INFO] [stdout] stderr:
[INFO] [stdout] Error: IOError(Os { code: 2, kind: NotFound, message: "No such file or directory" })
[INFO] [stdout] 
[INFO] [stdout] 
[INFO] [stdout] ---- src/lib.rs - BMFont::new (line 101) stdout ----
[INFO] [stdout] Test executable failed (exit status: 1).
[INFO] [stdout] 
[INFO] [stdout] stderr:
[INFO] [stdout] Error: IOError(Os { code: 2, kind: NotFound, message: "No such file or directory" })
[INFO] [stdout] 
[INFO] [stdout] 
[INFO] [stdout] 
[INFO] [stdout] failures:
[INFO] [stdout]     src/lib.rs - BMFont::new (line 101)
[INFO] [stdout]     src/lib.rs - BMFont::new (line 89)
[INFO] [stdout]     src/lib.rs - BMFont::pages (line 177)
[INFO] [stdout] 
[INFO] [stdout] test result: FAILED. 0 passed; 3 failed; 0 ignored; 0 measured; 0 filtered out; finished in 0.99s
[INFO] [stdout] 
[INFO] running `Command { std: "docker" "inspect" "2c0239bf570037b785efc069e964bd2bb0b9f20abfa9506823bdc4220b419fb2", kill_on_drop: false }`
[INFO] running `Command { std: "docker" "rm" "-f" "2c0239bf570037b785efc069e964bd2bb0b9f20abfa9506823bdc4220b419fb2", kill_on_drop: false }`
[INFO] [stdout] 2c0239bf570037b785efc069e964bd2bb0b9f20abfa9506823bdc4220b419fb2
