[INFO] fetching crate aliyunsdk-rs 0.1.1...
[INFO] testing aliyunsdk-rs-0.1.1 against 1.75.0 for beta-1.76-3
[INFO] extracting crate aliyunsdk-rs 0.1.1 into /workspace/builds/worker-0-tc1/source
[INFO] validating manifest of crates.io crate aliyunsdk-rs 0.1.1 on toolchain 1.75.0
[INFO] running `Command { std: CARGO_HOME="/workspace/cargo-home" RUSTUP_HOME="/workspace/rustup-home" "/workspace/cargo-home/bin/cargo" "+1.75.0" "metadata" "--manifest-path" "Cargo.toml" "--no-deps", kill_on_drop: false }`
[INFO] started tweaking crates.io crate aliyunsdk-rs 0.1.1
[INFO] finished tweaking crates.io crate aliyunsdk-rs 0.1.1
[INFO] tweaked toml for crates.io crate aliyunsdk-rs 0.1.1 written to /workspace/builds/worker-0-tc1/source/Cargo.toml
[INFO] crate crates.io crate aliyunsdk-rs 0.1.1 already has a lockfile, it will not be regenerated
[INFO] running `Command { std: CARGO_HOME="/workspace/cargo-home" RUSTUP_HOME="/workspace/rustup-home" "/workspace/cargo-home/bin/cargo" "+1.75.0" "fetch" "--manifest-path" "Cargo.toml", kill_on_drop: false }`
[INFO] running `Command { std: "docker" "create" "-v" "/var/lib/crater-agent-workspace/builds/worker-0-tc1/target:/opt/rustwide/target:rw,Z" "-v" "/var/lib/crater-agent-workspace/builds/worker-0-tc1/source:/opt/rustwide/workdir:ro,Z" "-v" "/var/lib/crater-agent-workspace/cargo-home:/opt/rustwide/cargo-home:ro,Z" "-v" "/var/lib/crater-agent-workspace/rustup-home:/opt/rustwide/rustup-home:ro,Z" "-e" "SOURCE_DIR=/opt/rustwide/workdir" "-e" "CARGO_TARGET_DIR=/opt/rustwide/target" "-e" "CARGO_HOME=/opt/rustwide/cargo-home" "-e" "RUSTUP_HOME=/opt/rustwide/rustup-home" "-w" "/opt/rustwide/workdir" "-m" "1610612736" "--user" "0:0" "--network" "none" "ghcr.io/rust-lang/crates-build-env/linux@sha256:2788e3201cd34a07e3172128adcd8b3090168a8e3bcc40d7c032b9dda1df7d1c" "/opt/rustwide/cargo-home/bin/cargo" "+1.75.0" "metadata" "--no-deps" "--format-version=1", kill_on_drop: false }`
[INFO] [stdout] a4f165d7009521f60de7264ef448696f2567b2816e8d836b4f6a0fd46036be55
[INFO] running `Command { std: "docker" "start" "-a" "a4f165d7009521f60de7264ef448696f2567b2816e8d836b4f6a0fd46036be55", kill_on_drop: false }`
[INFO] running `Command { std: "docker" "inspect" "a4f165d7009521f60de7264ef448696f2567b2816e8d836b4f6a0fd46036be55", kill_on_drop: false }`
[INFO] running `Command { std: "docker" "rm" "-f" "a4f165d7009521f60de7264ef448696f2567b2816e8d836b4f6a0fd46036be55", kill_on_drop: false }`
[INFO] [stdout] a4f165d7009521f60de7264ef448696f2567b2816e8d836b4f6a0fd46036be55
[INFO] running `Command { std: "docker" "create" "-v" "/var/lib/crater-agent-workspace/builds/worker-0-tc1/target:/opt/rustwide/target:rw,Z" "-v" "/var/lib/crater-agent-workspace/builds/worker-0-tc1/source:/opt/rustwide/workdir:ro,Z" "-v" "/var/lib/crater-agent-workspace/cargo-home:/opt/rustwide/cargo-home:ro,Z" "-v" "/var/lib/crater-agent-workspace/rustup-home:/opt/rustwide/rustup-home:ro,Z" "-e" "SOURCE_DIR=/opt/rustwide/workdir" "-e" "CARGO_TARGET_DIR=/opt/rustwide/target" "-e" "CARGO_INCREMENTAL=0" "-e" "RUST_BACKTRACE=full" "-e" "RUSTFLAGS=--cap-lints=warn" "-e" "RUSTDOCFLAGS=--cap-lints=warn" "-e" "CARGO_HOME=/opt/rustwide/cargo-home" "-e" "RUSTUP_HOME=/opt/rustwide/rustup-home" "-w" "/opt/rustwide/workdir" "-m" "1610612736" "--user" "0:0" "--network" "none" "ghcr.io/rust-lang/crates-build-env/linux@sha256:2788e3201cd34a07e3172128adcd8b3090168a8e3bcc40d7c032b9dda1df7d1c" "/opt/rustwide/cargo-home/bin/cargo" "+1.75.0" "build" "--frozen" "--message-format=json", kill_on_drop: false }`
[INFO] [stdout] a030f9752d7868a896bc340ab29a41c191f6a7c444e724fa26e7b020539b77f0
[INFO] running `Command { std: "docker" "start" "-a" "a030f9752d7868a896bc340ab29a41c191f6a7c444e724fa26e7b020539b77f0", kill_on_drop: false }`
[INFO] [stderr]    Compiling version_check v0.9.4
[INFO] [stderr]    Compiling proc-macro2 v1.0.63
[INFO] [stderr]    Compiling quote v1.0.29
[INFO] [stderr]    Compiling unicode-ident v1.0.10
[INFO] [stderr]    Compiling libc v0.2.147
[INFO] [stderr]    Compiling cfg-if v1.0.0
[INFO] [stderr]    Compiling autocfg v1.1.0
[INFO] [stderr]    Compiling typenum v1.16.0
[INFO] [stderr]    Compiling cc v1.0.79
[INFO] [stderr]    Compiling futures-core v0.3.28
[INFO] [stderr]    Compiling pkg-config v0.3.27
[INFO] [stderr]    Compiling once_cell v1.18.0
[INFO] [stderr]    Compiling crossbeam-utils v0.8.16
[INFO] [stderr]    Compiling value-bag v1.4.1
[INFO] [stderr]    Compiling pin-project-lite v0.2.10
[INFO] [stderr]    Compiling memchr v2.5.0
[INFO] [stderr]    Compiling futures-io v0.3.28
[INFO] [stderr]    Compiling event-listener v2.5.3
[INFO] [stderr]    Compiling syn v1.0.109
[INFO] [stderr]    Compiling log v0.4.19
[INFO] [stderr]    Compiling subtle v2.4.1
[INFO] [stderr]    Compiling parking v2.1.0
[INFO] [stderr]    Compiling fastrand v1.9.0
[INFO] [stderr]    Compiling waker-fn v1.1.0
[INFO] [stderr]    Compiling slab v0.4.8
[INFO] [stderr]    Compiling serde v1.0.171
[INFO] [stderr]    Compiling opaque-debug v0.3.0
[INFO] [stderr]    Compiling generic-array v0.14.7
[INFO] [stderr]    Compiling standback v0.2.17
[INFO] [stderr]    Compiling concurrent-queue v2.2.0
[INFO] [stderr]    Compiling wasm-bindgen-shared v0.2.87
[INFO] [stderr]    Compiling proc-macro-hack v0.5.20+deprecated
[INFO] [stderr]    Compiling percent-encoding v2.3.0
[INFO] [stderr]    Compiling io-lifetimes v1.0.11
[INFO] [stderr]    Compiling async-channel v1.9.0
[INFO] [stderr]    Compiling polling v2.8.0
[INFO] [stderr]    Compiling async-lock v2.7.0
[INFO] [stderr]    Compiling ppv-lite86 v0.2.17
[INFO] [stderr]    Compiling rustix v0.37.23
[INFO] [stderr]    Compiling tinyvec_macros v0.1.1
[INFO] [stderr]    Compiling socket2 v0.4.9
[INFO] [stderr]    Compiling getrandom v0.1.16
[INFO] [stderr]    Compiling getrandom v0.2.10
[INFO] [stderr]    Compiling tinyvec v1.6.0
[INFO] [stderr]    Compiling futures-lite v1.13.0
[INFO] [stderr]    Compiling async-io v1.13.0
[INFO] [stderr]    Compiling lock_api v0.4.10
[INFO] [stderr]    Compiling cpuid-bool v0.2.0
[INFO] [stderr]    Compiling async-task v4.4.0
[INFO] [stderr]    Compiling linux-raw-sys v0.3.8
[INFO] [stderr]    Compiling syn v2.0.26
[INFO] [stderr]    Compiling bitflags v1.3.2
[INFO] [stderr]    Compiling const_fn v0.4.9
[INFO] [stderr]    Compiling itoa v1.0.8
[INFO] [stderr]    Compiling bumpalo v3.13.0
[INFO] [stderr]    Compiling rand_core v0.6.4
[INFO] [stderr]    Compiling form_urlencoded v1.2.0
[INFO] [stderr]    Compiling unicase v2.6.0
[INFO] [stderr]    Compiling time v0.2.27
[INFO] [stderr]    Compiling libnghttp2-sys v0.1.7+1.45.0
[INFO] [stderr]    Compiling libz-sys v1.1.9
[INFO] [stderr]    Compiling openssl-sys v0.9.90
[INFO] [stderr]    Compiling curl-sys v0.4.63+curl-8.1.2
[INFO] [stderr]    Compiling thiserror v1.0.43
[INFO] [stderr]    Compiling scopeguard v1.1.0
[INFO] [stderr]    Compiling unicode-bidi v0.3.13
[INFO] [stderr]    Compiling atomic-waker v1.1.1
[INFO] [stderr]    Compiling unicode-normalization v0.1.22
[INFO] [stderr]    Compiling rand_chacha v0.3.1
[INFO] [stderr]    Compiling rand_core v0.5.1
[INFO] [stderr]    Compiling cookie v0.14.4
[INFO] [stderr]    Compiling tracing-core v0.1.31
[INFO] [stderr]    Compiling cipher v0.2.5
[INFO] [stderr]    Compiling digest v0.9.0
[INFO] [stderr]    Compiling universal-hash v0.4.1
[INFO] [stderr]    Compiling polyval v0.4.5
[INFO] [stderr]    Compiling crypto-mac v0.10.1
[INFO] [stderr]    Compiling async-executor v1.5.1
[INFO] [stderr]    Compiling hmac v0.10.1
[INFO] [stderr]    Compiling blocking v1.3.1
[INFO] [stderr]    Compiling aead v0.3.2
[INFO] [stderr]    Compiling aes-soft v0.6.4
[INFO] [stderr]    Compiling ghash v0.3.1
[INFO] [stderr]    Compiling idna v0.4.0
[INFO] [stderr]    Compiling ctr v0.6.0
[INFO] [stderr]    Compiling block-buffer v0.9.0
[INFO] [stderr]    Compiling curl v0.4.44
[INFO] [stderr]    Compiling anyhow v1.0.71
[INFO] [stderr]    Compiling serde_json v1.0.102
[INFO] [stderr]    Compiling pin-utils v0.1.0
[INFO] [stderr]    Compiling cpufeatures v0.2.9
[INFO] [stderr]    Compiling ryu v1.0.14
[INFO] [stderr]    Compiling wasm-bindgen v0.2.87
[INFO] [stderr]    Compiling aes v0.6.0
[INFO] [stderr]    Compiling aes-gcm v0.8.0
[INFO] [stderr]    Compiling sha2 v0.9.9
[INFO] [stderr]    Compiling hkdf v0.10.0
[INFO] [stderr]    Compiling rand v0.8.5
[INFO] [stderr]    Compiling rand_chacha v0.2.2
[INFO] [stderr]    Compiling spinning_top v0.2.5
[INFO] [stderr]    Compiling kv-log-macro v1.0.7
[INFO] [stderr]    Compiling async-trait v0.1.71
[INFO] [stderr]    Compiling fnv v1.0.7
[INFO] [stderr]    Compiling bytes v1.4.0
[INFO] [stderr]    Compiling openssl-probe v0.1.5
[INFO] [stderr]    Compiling base64 v0.13.1
[INFO] [stderr]    Compiling http-types v2.12.0
[INFO] [stderr]    Compiling isahc v0.9.14
[INFO] [stderr]    Compiling futures-sink v0.3.28
[INFO] [stderr]    Compiling futures-task v0.3.28
[INFO] [stderr]    Compiling flume v0.9.2
[INFO] [stderr]    Compiling mime_guess v2.0.4
[INFO] [stderr]    Compiling rand v0.7.3
[INFO] [stderr]    Compiling sluice v0.5.5
[INFO] [stderr]    Compiling num-traits v0.2.15
[INFO] [stderr]    Compiling infer v0.2.3
[INFO] [stderr]    Compiling gcc v0.3.55
[INFO] [stderr]    Compiling http v0.2.9
[INFO] [stderr]    Compiling bytes v0.5.6
[INFO] [stderr]    Compiling futures-util v0.3.28
[INFO] [stderr]    Compiling time v0.1.45
[INFO] [stderr]    Compiling rand v0.4.6
[INFO] [stderr]    Compiling mime v0.3.17
[INFO] [stderr]    Compiling encoding_rs v0.8.32
[INFO] [stderr]    Compiling rustc-serialize v0.3.24
[INFO] [stderr]    Compiling iana-time-zone v0.1.57
[INFO] [stderr]    Compiling wasm-bindgen-backend v0.2.87
[INFO] [stderr]    Compiling rust-crypto v0.2.36
[INFO] [stderr]    Compiling base64 v0.21.2
[INFO] [stderr]    Compiling rand v0.3.23
[INFO] [stderr]    Compiling chrono v0.4.26
[INFO] [stderr]    Compiling async-global-executor v2.3.1
[INFO] [stderr]    Compiling serde_derive v1.0.171
[INFO] [stderr]    Compiling thiserror-impl v1.0.43
[INFO] [stderr]    Compiling tracing-attributes v0.1.26
[INFO] [stderr]    Compiling pin-project-internal v1.1.2
[INFO] [stderr]    Compiling futures-macro v0.3.28
[INFO] [stderr]    Compiling time-macros-impl v0.1.2
[INFO] [stderr]    Compiling wasm-bindgen-macro-support v0.2.87
[INFO] [stderr]    Compiling async-attributes v1.1.2
[INFO] [stderr]    Compiling async-std v1.12.0
[INFO] [stderr]    Compiling time-macros v0.1.1
[INFO] [stderr]    Compiling wasm-bindgen-macro v0.2.87
[INFO] [stderr]    Compiling pin-project v1.1.2
[INFO] [stderr]    Compiling tracing v0.1.37
[INFO] [stderr]    Compiling tracing-futures v0.2.5
[INFO] [stderr]    Compiling js-sys v0.3.64
[INFO] [stderr]    Compiling web-sys v0.3.64
[INFO] [stderr]    Compiling url v2.4.0
[INFO] [stderr]    Compiling serde_urlencoded v0.7.1
[INFO] [stderr]    Compiling serde_qs v0.8.5
[INFO] [stderr]    Compiling http-client v6.5.3
[INFO] [stderr]    Compiling surf v2.3.2
[INFO] [stderr]    Compiling aliyunsdk-rs v0.1.1 (/opt/rustwide/workdir)
[INFO] [stderr]     Finished dev [unoptimized + debuginfo] target(s) in 52.76s
[INFO] [stderr] warning: the following packages contain code that will be rejected by a future version of Rust: rustc-serialize v0.3.24
[INFO] [stderr] note: to see what the problems were, use the option `--future-incompat-report`, or run `cargo report future-incompatibilities --id 1`
[INFO] running `Command { std: "docker" "inspect" "a030f9752d7868a896bc340ab29a41c191f6a7c444e724fa26e7b020539b77f0", kill_on_drop: false }`
[INFO] running `Command { std: "docker" "rm" "-f" "a030f9752d7868a896bc340ab29a41c191f6a7c444e724fa26e7b020539b77f0", kill_on_drop: false }`
[INFO] [stdout] a030f9752d7868a896bc340ab29a41c191f6a7c444e724fa26e7b020539b77f0
[INFO] running `Command { std: "docker" "create" "-v" "/var/lib/crater-agent-workspace/builds/worker-0-tc1/target:/opt/rustwide/target:rw,Z" "-v" "/var/lib/crater-agent-workspace/builds/worker-0-tc1/source:/opt/rustwide/workdir:ro,Z" "-v" "/var/lib/crater-agent-workspace/cargo-home:/opt/rustwide/cargo-home:ro,Z" "-v" "/var/lib/crater-agent-workspace/rustup-home:/opt/rustwide/rustup-home:ro,Z" "-e" "SOURCE_DIR=/opt/rustwide/workdir" "-e" "CARGO_TARGET_DIR=/opt/rustwide/target" "-e" "CARGO_INCREMENTAL=0" "-e" "RUST_BACKTRACE=full" "-e" "RUSTFLAGS=--cap-lints=warn" "-e" "RUSTDOCFLAGS=--cap-lints=warn" "-e" "CARGO_HOME=/opt/rustwide/cargo-home" "-e" "RUSTUP_HOME=/opt/rustwide/rustup-home" "-w" "/opt/rustwide/workdir" "-m" "1610612736" "--user" "0:0" "--network" "none" "ghcr.io/rust-lang/crates-build-env/linux@sha256:2788e3201cd34a07e3172128adcd8b3090168a8e3bcc40d7c032b9dda1df7d1c" "/opt/rustwide/cargo-home/bin/cargo" "+1.75.0" "test" "--frozen" "--no-run" "--message-format=json", kill_on_drop: false }`
[INFO] [stdout] c4b514f0aec2aed5a139d4acc42859d2aa1a6e77085047de7388077e163ce4d8
[INFO] running `Command { std: "docker" "start" "-a" "c4b514f0aec2aed5a139d4acc42859d2aa1a6e77085047de7388077e163ce4d8", kill_on_drop: false }`
[INFO] [stderr]    Compiling aliyunsdk-rs v0.1.1 (/opt/rustwide/workdir)
[INFO] [stderr]     Finished test [unoptimized + debuginfo] target(s) in 4.31s
[INFO] [stderr] warning: the following packages contain code that will be rejected by a future version of Rust: rustc-serialize v0.3.24
[INFO] [stderr] note: to see what the problems were, use the option `--future-incompat-report`, or run `cargo report future-incompatibilities --id 1`
[INFO] running `Command { std: "docker" "inspect" "c4b514f0aec2aed5a139d4acc42859d2aa1a6e77085047de7388077e163ce4d8", kill_on_drop: false }`
[INFO] running `Command { std: "docker" "rm" "-f" "c4b514f0aec2aed5a139d4acc42859d2aa1a6e77085047de7388077e163ce4d8", kill_on_drop: false }`
[INFO] [stdout] c4b514f0aec2aed5a139d4acc42859d2aa1a6e77085047de7388077e163ce4d8
[INFO] running `Command { std: "docker" "create" "-v" "/var/lib/crater-agent-workspace/builds/worker-0-tc1/target:/opt/rustwide/target:rw,Z" "-v" "/var/lib/crater-agent-workspace/builds/worker-0-tc1/source:/opt/rustwide/workdir:ro,Z" "-v" "/var/lib/crater-agent-workspace/cargo-home:/opt/rustwide/cargo-home:ro,Z" "-v" "/var/lib/crater-agent-workspace/rustup-home:/opt/rustwide/rustup-home:ro,Z" "-e" "SOURCE_DIR=/opt/rustwide/workdir" "-e" "CARGO_TARGET_DIR=/opt/rustwide/target" "-e" "CARGO_INCREMENTAL=0" "-e" "RUST_BACKTRACE=full" "-e" "RUSTFLAGS=--cap-lints=warn" "-e" "RUSTDOCFLAGS=--cap-lints=warn" "-e" "CARGO_HOME=/opt/rustwide/cargo-home" "-e" "RUSTUP_HOME=/opt/rustwide/rustup-home" "-w" "/opt/rustwide/workdir" "-m" "1610612736" "--user" "0:0" "--network" "none" "ghcr.io/rust-lang/crates-build-env/linux@sha256:2788e3201cd34a07e3172128adcd8b3090168a8e3bcc40d7c032b9dda1df7d1c" "/opt/rustwide/cargo-home/bin/cargo" "+1.75.0" "test" "--frozen", kill_on_drop: false }`
[INFO] [stdout] c534fdc9aad263de86ce8e25c6d5f2e52b661ee8842cb6c2939d5abd87921162
[INFO] running `Command { std: "docker" "start" "-a" "c534fdc9aad263de86ce8e25c6d5f2e52b661ee8842cb6c2939d5abd87921162", kill_on_drop: false }`
[INFO] [stderr]     Finished test [unoptimized + debuginfo] target(s) in 0.20s
[INFO] [stderr] warning: the following packages contain code that will be rejected by a future version of Rust: rustc-serialize v0.3.24
[INFO] [stderr] note: to see what the problems were, use the option `--future-incompat-report`, or run `cargo report future-incompatibilities --id 1`
[INFO] [stderr]      Running unittests src/lib.rs (/opt/rustwide/target/debug/deps/aliyunsdk_rs-1c1716531ce71377)
[INFO] [stdout] 
[INFO] [stdout] running 2 tests
[INFO] [stdout] test core::test::tests::sign ... ok
[INFO] [stdout] test core::test::tests::request ... FAILED
[INFO] [stdout] 
[INFO] [stdout] failures:
[INFO] [stdout] 
[INFO] [stdout] ---- core::test::tests::request stdout ----
[INFO] [stdout] thread 'core::test::tests::request' panicked at src/core/test.rs:25:52:
[INFO] [stdout] called `Result::unwrap()` on an `Err` value: CouldntResolveHost: couldn't resolve host name
[INFO] [stdout] stack backtrace:
[INFO] [stdout]    0:     0x5572886d76fc - std::backtrace_rs::backtrace::libunwind::trace::ha637c64ce894333a
[INFO] [stdout]                                at /rustc/82e1608dfa6e0b5569232559e3d385fea5a93112/library/std/src/../../backtrace/src/backtrace/libunwind.rs:104:5
[INFO] [stdout]    1:     0x5572886d76fc - std::backtrace_rs::backtrace::trace_unsynchronized::h47f62dea28e0c88d
[INFO] [stdout]                                at /rustc/82e1608dfa6e0b5569232559e3d385fea5a93112/library/std/src/../../backtrace/src/backtrace/mod.rs:66:5
[INFO] [stdout]    2:     0x5572886d76fc - std::sys_common::backtrace::_print_fmt::h9eef0abe20ede486
[INFO] [stdout]                                at /rustc/82e1608dfa6e0b5569232559e3d385fea5a93112/library/std/src/sys_common/backtrace.rs:67:5
[INFO] [stdout]    3:     0x5572886d76fc - <std::sys_common::backtrace::_print::DisplayBacktrace as core::fmt::Display>::fmt::hed7f999df88cc644
[INFO] [stdout]                                at /rustc/82e1608dfa6e0b5569232559e3d385fea5a93112/library/std/src/sys_common/backtrace.rs:44:22
[INFO] [stdout]    4:     0x557288705670 - core::fmt::rt::Argument::fmt::h1539a9308b8d058d
[INFO] [stdout]                                at /rustc/82e1608dfa6e0b5569232559e3d385fea5a93112/library/core/src/fmt/rt.rs:142:9
[INFO] [stdout]    5:     0x557288705670 - core::fmt::write::h3a39390d8560d9c9
[INFO] [stdout]                                at /rustc/82e1608dfa6e0b5569232559e3d385fea5a93112/library/core/src/fmt/mod.rs:1120:17
[INFO] [stdout]    6:     0x5572886d49cf - std::io::Write::write_fmt::h040b369f3a0f9cbc
[INFO] [stdout]                                at /rustc/82e1608dfa6e0b5569232559e3d385fea5a93112/library/std/src/io/mod.rs:1762:15
[INFO] [stdout]    7:     0x5572886d74e4 - std::sys_common::backtrace::_print::h894006fb5c6f3d45
[INFO] [stdout]                                at /rustc/82e1608dfa6e0b5569232559e3d385fea5a93112/library/std/src/sys_common/backtrace.rs:47:5
[INFO] [stdout]    8:     0x5572886d74e4 - std::sys_common::backtrace::print::h23a2d212c6fff936
[INFO] [stdout]                                at /rustc/82e1608dfa6e0b5569232559e3d385fea5a93112/library/std/src/sys_common/backtrace.rs:34:9
[INFO] [stdout]    9:     0x5572886d91a7 - std::panicking::default_hook::{{closure}}::h8a1d2ee00185001a
[INFO] [stdout]   10:     0x5572886d8e93 - std::panicking::default_hook::h6038f2eba384e475
[INFO] [stdout]                                at /rustc/82e1608dfa6e0b5569232559e3d385fea5a93112/library/std/src/panicking.rs:289:9
[INFO] [stdout]   11:     0x557288425387 - <alloc::boxed::Box<F,A> as core::ops::function::Fn<Args>>::call::h0ad024c9bdc6d768
[INFO] [stdout]                                at /rustc/82e1608dfa6e0b5569232559e3d385fea5a93112/library/alloc/src/boxed.rs:2021:9
[INFO] [stdout]   12:     0x557288425387 - test::test_main::{{closure}}::h7500b54257359db6
[INFO] [stdout]                                at /rustc/82e1608dfa6e0b5569232559e3d385fea5a93112/library/test/src/lib.rs:138:21
[INFO] [stdout]   13:     0x5572886d97b8 - <alloc::boxed::Box<F,A> as core::ops::function::Fn<Args>>::call::h1f8f335eaa9cfaee
[INFO] [stdout]                                at /rustc/82e1608dfa6e0b5569232559e3d385fea5a93112/library/alloc/src/boxed.rs:2021:9
[INFO] [stdout]   14:     0x5572886d97b8 - std::panicking::rust_panic_with_hook::h2b5517d590cab22e
[INFO] [stdout]                                at /rustc/82e1608dfa6e0b5569232559e3d385fea5a93112/library/std/src/panicking.rs:783:13
[INFO] [stdout]   15:     0x5572886d950e - std::panicking::begin_panic_handler::{{closure}}::h233112c06e0ef43e
[INFO] [stdout]                                at /rustc/82e1608dfa6e0b5569232559e3d385fea5a93112/library/std/src/panicking.rs:657:13
[INFO] [stdout]   16:     0x5572886d7bc6 - std::sys_common::backtrace::__rust_end_short_backtrace::h6e893f24d7ebbff8
[INFO] [stdout]                                at /rustc/82e1608dfa6e0b5569232559e3d385fea5a93112/library/std/src/sys_common/backtrace.rs:170:18
[INFO] [stdout]   17:     0x5572886d9272 - rust_begin_unwind
[INFO] [stdout]                                at /rustc/82e1608dfa6e0b5569232559e3d385fea5a93112/library/std/src/panicking.rs:645:5
[INFO] [stdout]   18:     0x5572883cd215 - core::panicking::panic_fmt::hbf0e066aabfa482c
[INFO] [stdout]                                at /rustc/82e1608dfa6e0b5569232559e3d385fea5a93112/library/core/src/panicking.rs:72:14
[INFO] [stdout]   19:     0x5572883cd7a3 - core::result::unwrap_failed::hddb4fea594200c52
[INFO] [stdout]                                at /rustc/82e1608dfa6e0b5569232559e3d385fea5a93112/library/core/src/result.rs:1653:5
[INFO] [stdout]   20:     0x5572883e2c96 - core::result::Result<T,E>::unwrap::hc5ee51540c4d85ef
[INFO] [stdout]                                at /rustc/82e1608dfa6e0b5569232559e3d385fea5a93112/library/core/src/result.rs:1077:23
[INFO] [stdout]   21:     0x5572883e778d - aliyunsdk_rs::core::test::tests::request::{{closure}}::h8217c14747f78654
[INFO] [stdout]                                at /opt/rustwide/workdir/src/core/test.rs:25:23
[INFO] [stdout]   22:     0x5572883cdc02 - <async_std::task::builder::SupportTaskLocals<F> as core::future::future::Future>::poll::{{closure}}::heb1621a95105118d
[INFO] [stdout]                                at /opt/rustwide/cargo-home/registry/src/index.crates.io-6f17d22bba15001f/async-std-1.12.0/src/task/builder.rs:199:17
[INFO] [stdout]   23:     0x5572883e3ec3 - async_std::task::task_locals_wrapper::TaskLocalsWrapper::set_current::{{closure}}::he3e3296ef3bb8abd
[INFO] [stdout]                                at /opt/rustwide/cargo-home/registry/src/index.crates.io-6f17d22bba15001f/async-std-1.12.0/src/task/task_locals_wrapper.rs:60:13
[INFO] [stdout]   24:     0x5572883e224e - std::thread::local::LocalKey<T>::try_with::h934ad0a7ffa85288
[INFO] [stdout]                                at /rustc/82e1608dfa6e0b5569232559e3d385fea5a93112/library/std/src/thread/local.rs:270:16
[INFO] [stdout]   25:     0x5572883e1aea - std::thread::local::LocalKey<T>::with::h9533cd72631a31e7
[INFO] [stdout]                                at /rustc/82e1608dfa6e0b5569232559e3d385fea5a93112/library/std/src/thread/local.rs:246:9
[INFO] [stdout]   26:     0x5572883e3c78 - async_std::task::task_locals_wrapper::TaskLocalsWrapper::set_current::h31915c50dac2e043
[INFO] [stdout]                                at /opt/rustwide/cargo-home/registry/src/index.crates.io-6f17d22bba15001f/async-std-1.12.0/src/task/task_locals_wrapper.rs:55:9
[INFO] [stdout]   27:     0x5572883cdbc5 - <async_std::task::builder::SupportTaskLocals<F> as core::future::future::Future>::poll::h12cc5b73d5021d07
[INFO] [stdout]                                at /opt/rustwide/cargo-home/registry/src/index.crates.io-6f17d22bba15001f/async-std-1.12.0/src/task/builder.rs:197:13
[INFO] [stdout]   28:     0x5572883e6f34 - <futures_lite::future::Or<F1,F2> as core::future::future::Future>::poll::hcf1ec6f88e14d44c
[INFO] [stdout]                                at /opt/rustwide/cargo-home/registry/src/index.crates.io-6f17d22bba15001f/futures-lite-1.13.0/src/future.rs:526:33
[INFO] [stdout]   29:     0x5572883e13d8 - async_executor::Executor::run::{{closure}}::h9871dc4d7e55f3d4
[INFO] [stdout]                                at /opt/rustwide/cargo-home/registry/src/index.crates.io-6f17d22bba15001f/async-executor-1.5.1/src/lib.rs:243:32
[INFO] [stdout]   30:     0x5572883e1010 - async_executor::LocalExecutor::run::{{closure}}::he08d181ee146f702
[INFO] [stdout]                                at /opt/rustwide/cargo-home/registry/src/index.crates.io-6f17d22bba15001f/async-executor-1.5.1/src/lib.rs:447:34
[INFO] [stdout]   31:     0x5572883d28c3 - async_io::driver::block_on::he39f8735fb026656
[INFO] [stdout]                                at /opt/rustwide/cargo-home/registry/src/index.crates.io-6f17d22bba15001f/async-io-1.13.0/src/driver.rs:146:33
[INFO] [stdout]   32:     0x5572883ef0ee - async_global_executor::reactor::block_on::{{closure}}::h0debff37cdbb1af8
[INFO] [stdout]                                at /opt/rustwide/cargo-home/registry/src/index.crates.io-6f17d22bba15001f/async-global-executor-2.3.1/src/reactor.rs:3:18
[INFO] [stdout]   33:     0x5572883ef0ae - async_global_executor::reactor::block_on::ha406caf9d4cecfe4
[INFO] [stdout]                                at /opt/rustwide/cargo-home/registry/src/index.crates.io-6f17d22bba15001f/async-global-executor-2.3.1/src/reactor.rs:12:5
[INFO] [stdout]   34:     0x5572883ce05c - async_global_executor::executor::block_on::{{closure}}::h2a6222385ace4b77
[INFO] [stdout]                                at /opt/rustwide/cargo-home/registry/src/index.crates.io-6f17d22bba15001f/async-global-executor-2.3.1/src/executor.rs:26:36
[INFO] [stdout]   35:     0x5572883e27c7 - std::thread::local::LocalKey<T>::try_with::hd33a5b10bc2f509f
[INFO] [stdout]                                at /rustc/82e1608dfa6e0b5569232559e3d385fea5a93112/library/std/src/thread/local.rs:270:16
[INFO] [stdout]   36:     0x5572883e1aba - std::thread::local::LocalKey<T>::with::h8e3fc86bb2666e67
[INFO] [stdout]                                at /rustc/82e1608dfa6e0b5569232559e3d385fea5a93112/library/std/src/thread/local.rs:246:9
[INFO] [stdout]   37:     0x5572883cdff6 - async_global_executor::executor::block_on::h7136a537025917d2
[INFO] [stdout]                                at /opt/rustwide/cargo-home/registry/src/index.crates.io-6f17d22bba15001f/async-global-executor-2.3.1/src/executor.rs:26:5
[INFO] [stdout]   38:     0x5572883d411c - async_std::task::builder::Builder::blocking::{{closure}}::{{closure}}::hbaa8b234140cab42
[INFO] [stdout]                                at /opt/rustwide/cargo-home/registry/src/index.crates.io-6f17d22bba15001f/async-std-1.12.0/src/task/builder.rs:171:25
[INFO] [stdout]   39:     0x5572883e3daf - async_std::task::task_locals_wrapper::TaskLocalsWrapper::set_current::{{closure}}::h8d5d3be54b7f7fb6
[INFO] [stdout]                                at /opt/rustwide/cargo-home/registry/src/index.crates.io-6f17d22bba15001f/async-std-1.12.0/src/task/task_locals_wrapper.rs:60:13
[INFO] [stdout]   40:     0x5572883e23c5 - std::thread::local::LocalKey<T>::try_with::ha0db382896cb4f27
[INFO] [stdout]                                at /rustc/82e1608dfa6e0b5569232559e3d385fea5a93112/library/std/src/thread/local.rs:270:16
[INFO] [stdout]   41:     0x5572883e1c0a - std::thread::local::LocalKey<T>::with::hee2ca305ee262178
[INFO] [stdout]                                at /rustc/82e1608dfa6e0b5569232559e3d385fea5a93112/library/std/src/thread/local.rs:246:9
[INFO] [stdout]   42:     0x5572883e3cc6 - async_std::task::task_locals_wrapper::TaskLocalsWrapper::set_current::hfe1da38e959adabe
[INFO] [stdout]                                at /opt/rustwide/cargo-home/registry/src/index.crates.io-6f17d22bba15001f/async-std-1.12.0/src/task/task_locals_wrapper.rs:55:9
[INFO] [stdout]   43:     0x5572883d408b - async_std::task::builder::Builder::blocking::{{closure}}::hba58e8e57232f5ff
[INFO] [stdout]                                at /opt/rustwide/cargo-home/registry/src/index.crates.io-6f17d22bba15001f/async-std-1.12.0/src/task/builder.rs:168:17
[INFO] [stdout]   44:     0x5572883e1fb7 - std::thread::local::LocalKey<T>::try_with::h6780aff216ba9c38
[INFO] [stdout]                                at /rustc/82e1608dfa6e0b5569232559e3d385fea5a93112/library/std/src/thread/local.rs:270:16
[INFO] [stdout]   45:     0x5572883e1b5a - std::thread::local::LocalKey<T>::with::hb4e221e74a0997af
[INFO] [stdout]                                at /rustc/82e1608dfa6e0b5569232559e3d385fea5a93112/library/std/src/thread/local.rs:246:9
[INFO] [stdout]   46:     0x5572883d3cfc - async_std::task::builder::Builder::blocking::h9d706d962ce8272e
[INFO] [stdout]                                at /opt/rustwide/cargo-home/registry/src/index.crates.io-6f17d22bba15001f/async-std-1.12.0/src/task/builder.rs:161:9
[INFO] [stdout]   47:     0x5572883e40de - async_std::task::block_on::block_on::h6d27ddcf27633043
[INFO] [stdout]                                at /opt/rustwide/cargo-home/registry/src/index.crates.io-6f17d22bba15001f/async-std-1.12.0/src/task/block_on.rs:33:5
[INFO] [stdout]   48:     0x5572883e7466 - aliyunsdk_rs::core::test::tests::request::ha4fabdc3fe41c3e3
[INFO] [stdout]                                at /opt/rustwide/workdir/src/core/test.rs:18:5
[INFO] [stdout]   49:     0x5572883e7437 - aliyunsdk_rs::core::test::tests::request::{{closure}}::h27ae68bc006a5dc6
[INFO] [stdout]                                at /opt/rustwide/workdir/src/core/test.rs:18:23
[INFO] [stdout]   50:     0x5572883ce5c6 - core::ops::function::FnOnce::call_once::h50a7d78ed54f81b4
[INFO] [stdout]                                at /rustc/82e1608dfa6e0b5569232559e3d385fea5a93112/library/core/src/ops/function.rs:250:5
[INFO] [stdout]   51:     0x55728842a9df - core::ops::function::FnOnce::call_once::h2b5d431d5046312d
[INFO] [stdout]                                at /rustc/82e1608dfa6e0b5569232559e3d385fea5a93112/library/core/src/ops/function.rs:250:5
[INFO] [stdout]   52:     0x55728842a9df - test::__rust_begin_short_backtrace::h7714669af176e207
[INFO] [stdout]                                at /rustc/82e1608dfa6e0b5569232559e3d385fea5a93112/library/test/src/lib.rs:628:18
[INFO] [stdout]   53:     0x5572884299f5 - test::run_test_in_process::{{closure}}::h85218797dcbcec12
[INFO] [stdout]                                at /rustc/82e1608dfa6e0b5569232559e3d385fea5a93112/library/test/src/lib.rs:651:60
[INFO] [stdout]   54:     0x5572884299f5 - <core::panic::unwind_safe::AssertUnwindSafe<F> as core::ops::function::FnOnce<()>>::call_once::h76c106ea31c14d7b
[INFO] [stdout]                                at /rustc/82e1608dfa6e0b5569232559e3d385fea5a93112/library/core/src/panic/unwind_safe.rs:272:9
[INFO] [stdout]   55:     0x5572884299f5 - std::panicking::try::do_call::h3bd5d0f6620ee946
[INFO] [stdout]                                at /rustc/82e1608dfa6e0b5569232559e3d385fea5a93112/library/std/src/panicking.rs:552:40
[INFO] [stdout]   56:     0x5572884299f5 - std::panicking::try::h232e535e4744fe31
[INFO] [stdout]                                at /rustc/82e1608dfa6e0b5569232559e3d385fea5a93112/library/std/src/panicking.rs:516:19
[INFO] [stdout]   57:     0x5572884299f5 - std::panic::catch_unwind::h3ce3bd6ca8dbac68
[INFO] [stdout]                                at /rustc/82e1608dfa6e0b5569232559e3d385fea5a93112/library/std/src/panic.rs:142:14
[INFO] [stdout]   58:     0x5572884299f5 - test::run_test_in_process::hc97b257c9621286a
[INFO] [stdout]                                at /rustc/82e1608dfa6e0b5569232559e3d385fea5a93112/library/test/src/lib.rs:651:27
[INFO] [stdout]   59:     0x5572884299f5 - test::run_test::{{closure}}::h2aa798823a438d38
[INFO] [stdout]                                at /rustc/82e1608dfa6e0b5569232559e3d385fea5a93112/library/test/src/lib.rs:574:43
[INFO] [stdout]   60:     0x5572883f1cb6 - test::run_test::{{closure}}::h87d231c78fb59832
[INFO] [stdout]                                at /rustc/82e1608dfa6e0b5569232559e3d385fea5a93112/library/test/src/lib.rs:602:41
[INFO] [stdout]   61:     0x5572883f1cb6 - std::sys_common::backtrace::__rust_begin_short_backtrace::he6df152596625789
[INFO] [stdout]                                at /rustc/82e1608dfa6e0b5569232559e3d385fea5a93112/library/std/src/sys_common/backtrace.rs:154:18
[INFO] [stdout]   62:     0x5572883f6d67 - std::thread::Builder::spawn_unchecked_::{{closure}}::{{closure}}::ha94be15d1e0acf36
[INFO] [stdout]                                at /rustc/82e1608dfa6e0b5569232559e3d385fea5a93112/library/std/src/thread/mod.rs:529:17
[INFO] [stdout]   63:     0x5572883f6d67 - <core::panic::unwind_safe::AssertUnwindSafe<F> as core::ops::function::FnOnce<()>>::call_once::h9dc6bd6372f16606
[INFO] [stdout]                                at /rustc/82e1608dfa6e0b5569232559e3d385fea5a93112/library/core/src/panic/unwind_safe.rs:272:9
[INFO] [stdout]   64:     0x5572883f6d67 - std::panicking::try::do_call::h9057517f80303cd4
[INFO] [stdout]                                at /rustc/82e1608dfa6e0b5569232559e3d385fea5a93112/library/std/src/panicking.rs:552:40
[INFO] [stdout]   65:     0x5572883f6d67 - std::panicking::try::he3a30b11ee45340c
[INFO] [stdout]                                at /rustc/82e1608dfa6e0b5569232559e3d385fea5a93112/library/std/src/panicking.rs:516:19
[INFO] [stdout]   66:     0x5572883f6d67 - std::panic::catch_unwind::h410458cfd3528b8b
[INFO] [stdout]                                at /rustc/82e1608dfa6e0b5569232559e3d385fea5a93112/library/std/src/panic.rs:142:14
[INFO] [stdout]   67:     0x5572883f6d67 - std::thread::Builder::spawn_unchecked_::{{closure}}::h72ac3bdb567b737b
[INFO] [stdout]                                at /rustc/82e1608dfa6e0b5569232559e3d385fea5a93112/library/std/src/thread/mod.rs:528:30
[INFO] [stdout]   68:     0x5572883f6d67 - core::ops::function::FnOnce::call_once{{vtable.shim}}::h38f34da3654a8344
[INFO] [stdout]                                at /rustc/82e1608dfa6e0b5569232559e3d385fea5a93112/library/core/src/ops/function.rs:250:5
[INFO] [stdout]   69:     0x5572886de665 - <alloc::boxed::Box<F,A> as core::ops::function::FnOnce<Args>>::call_once::hc7eafaff61e32df9
[INFO] [stdout]                                at /rustc/82e1608dfa6e0b5569232559e3d385fea5a93112/library/alloc/src/boxed.rs:2007:9
[INFO] [stdout]   70:     0x5572886de665 - <alloc::boxed::Box<F,A> as core::ops::function::FnOnce<Args>>::call_once::h6ba4a5de48dd2304
[INFO] [stdout]                                at /rustc/82e1608dfa6e0b5569232559e3d385fea5a93112/library/alloc/src/boxed.rs:2007:9
[INFO] [stdout]   71:     0x5572886de665 - std::sys::unix::thread::Thread::new::thread_start::he469335aef763e45
[INFO] [stdout]                                at /rustc/82e1608dfa6e0b5569232559e3d385fea5a93112/library/std/src/sys/unix/thread.rs:108:17
[INFO] [stdout]   72:     0x7f568ce91ac3 - <unknown>
[INFO] [stdout]   73:     0x7f568cf22bf4 - __clone
[INFO] [stdout]   74:                0x0 - <unknown>
[INFO] [stdout] 
[INFO] [stdout] 
[INFO] [stdout] failures:
[INFO] [stdout]     core::test::tests::request
[INFO] [stdout] 
[INFO] [stdout] test result: FAILED. 1 passed; 1 failed; 0 ignored; 0 measured; 0 filtered out; finished in 0.14s
[INFO] [stdout] 
[INFO] [stderr] error: test failed, to rerun pass `--lib`
[INFO] running `Command { std: "docker" "inspect" "c534fdc9aad263de86ce8e25c6d5f2e52b661ee8842cb6c2939d5abd87921162", kill_on_drop: false }`
[INFO] running `Command { std: "docker" "rm" "-f" "c534fdc9aad263de86ce8e25c6d5f2e52b661ee8842cb6c2939d5abd87921162", kill_on_drop: false }`
[INFO] [stdout] c534fdc9aad263de86ce8e25c6d5f2e52b661ee8842cb6c2939d5abd87921162
