[INFO] cloning repository https://github.com/platy/gitgov-rs
[INFO] running `Command { std: "git" "-c" "credential.helper=" "-c" "credential.helper=/workspace/cargo-home/bin/git-credential-null" "clone" "--bare" "https://github.com/platy/gitgov-rs" "/workspace/cache/git-repos/https%3A%2F%2Fgithub.com%2Fplaty%2Fgitgov-rs", kill_on_drop: false }`
[INFO] [stderr] Cloning into bare repository '/workspace/cache/git-repos/https%3A%2F%2Fgithub.com%2Fplaty%2Fgitgov-rs'...
[INFO] running `Command { std: "git" "rev-parse" "HEAD", kill_on_drop: false }`
[INFO] [stdout] 7e1b328eb5f34ce2dcceaffc67dc2a48b9de778c
[INFO] testing platy/gitgov-rs against 1.75.0 for beta-1.76-3
[INFO] running `Command { std: "git" "clone" "/workspace/cache/git-repos/https%3A%2F%2Fgithub.com%2Fplaty%2Fgitgov-rs" "/workspace/builds/worker-5-tc1/source", kill_on_drop: false }`
[INFO] [stderr] Cloning into '/workspace/builds/worker-5-tc1/source'...
[INFO] [stderr] done.
[INFO] validating manifest of git repo https://github.com/platy/gitgov-rs on toolchain 1.75.0
[INFO] running `Command { std: CARGO_HOME="/workspace/cargo-home" RUSTUP_HOME="/workspace/rustup-home" "/workspace/cargo-home/bin/cargo" "+1.75.0" "metadata" "--manifest-path" "Cargo.toml" "--no-deps", kill_on_drop: false }`
[INFO] started tweaking git repo https://github.com/platy/gitgov-rs
[INFO] finished tweaking git repo https://github.com/platy/gitgov-rs
[INFO] tweaked toml for git repo https://github.com/platy/gitgov-rs written to /workspace/builds/worker-5-tc1/source/Cargo.toml
[INFO] crate git repo https://github.com/platy/gitgov-rs already has a lockfile, it will not be regenerated
[INFO] running `Command { std: CARGO_HOME="/workspace/cargo-home" RUSTUP_HOME="/workspace/rustup-home" "/workspace/cargo-home/bin/cargo" "+1.75.0" "fetch" "--manifest-path" "Cargo.toml", kill_on_drop: false }`
[INFO] [stderr]     Updating crates.io index
[INFO] [stderr]  Downloading crates ...
[INFO] [stderr]   Downloaded smallvec v0.3.4
[INFO] [stderr]   Downloaded derive_more v0.99.16
[INFO] [stderr]   Downloaded debug_unreachable v0.1.1
[INFO] [stderr]   Downloaded string_cache_shared v0.3.0
[INFO] [stderr]   Downloaded html-diff v0.0.6
[INFO] [stderr]   Downloaded proc-macro2 v1.0.30
[INFO] [stderr]   Downloaded thin-slice v0.1.1
[INFO] [stderr]   Downloaded cssparser-macros v0.6.0
[INFO] [stderr]   Downloaded string_cache_codegen v0.4.4
[INFO] [stderr]   Downloaded qstring v0.7.2
[INFO] [stderr]   Downloaded phf v0.7.24
[INFO] [stderr]   Downloaded cssparser-macros v0.3.6
[INFO] [stderr]   Downloaded output_vt100 v0.1.2
[INFO] [stderr]   Downloaded procedural-masquerade v0.1.7
[INFO] [stderr]   Downloaded ego-tree v0.6.2
[INFO] [stderr]   Downloaded string_cache v0.6.2
[INFO] [stderr]   Downloaded mailparse v0.13.6
[INFO] [stderr]   Downloaded html5ever v0.25.1
[INFO] [stderr]   Downloaded git2 v0.13.23
[INFO] [stderr]   Downloaded libz-sys v1.1.3
[INFO] [stderr]   Downloaded lol_html v0.2.0
[INFO] [stderr]   Downloaded markup5ever v0.5.0
[INFO] [stderr]   Downloaded selectors v0.18.0
[INFO] [stderr]   Downloaded charset v0.1.2
[INFO] [stderr]   Downloaded kuchiki v0.6.0
[INFO] [stderr]   Downloaded cssparser v0.25.9
[INFO] [stderr]   Downloaded libgit2-sys v0.12.24+1.3.0
[INFO] [stderr]   Downloaded cssparser v0.13.7
[INFO] [stderr]   Downloaded webpki-roots v0.21.1
[INFO] [stderr]   Downloaded cssparser v0.27.2
[INFO] [stderr]   Downloaded html5ever v0.20.0
[INFO] [stderr]   Downloaded selectors v0.22.0
[INFO] [stderr]   Downloaded ureq v1.5.5
[INFO] [stderr]   Downloaded string_cache v0.8.2
[INFO] [stderr]   Downloaded string_cache_codegen v0.5.1
[INFO] [stderr]   Downloaded servo_arc v0.1.1
[INFO] [stderr]   Downloaded siphasher v0.3.7
[INFO] [stderr]   Downloaded cookie_store v0.12.0
[INFO] [stderr]   Downloaded tendril v0.4.2
[INFO] [stderr]   Downloaded selectors v0.21.0
[INFO] [stderr]   Downloaded ctor v0.1.21
[INFO] [stderr]   Downloaded semver v0.11.0
[INFO] [stderr]   Downloaded semver-parser v0.10.2
[INFO] [stderr]   Downloaded rustc_version v0.3.3
[INFO] [stderr]   Downloaded futf v0.1.4
[INFO] [stderr]   Downloaded scraper v0.12.0
[INFO] [stderr]   Downloaded chunked_transfer v1.4.0
[INFO] [stderr]   Downloaded publicsuffix v1.5.6
[INFO] [stderr]   Downloaded base-x v0.2.8
[INFO] [stderr]   Downloaded const_fn v0.4.8
[INFO] [stderr]   Downloaded dtoa-short v0.3.3
[INFO] [stderr]   Downloaded phf_macros v0.8.0
[INFO] [stderr]   Downloaded phf_generator v0.7.24
[INFO] [stderr]   Downloaded phf_shared v0.7.24
[INFO] [stderr]   Downloaded phf_codegen v0.7.24
[INFO] [stderr]   Downloaded quoted_printable v0.4.3
[INFO] running `Command { std: "docker" "create" "-v" "/var/lib/crater-agent-workspace/builds/worker-5-tc1/target:/opt/rustwide/target:rw,Z" "-v" "/var/lib/crater-agent-workspace/builds/worker-5-tc1/source:/opt/rustwide/workdir:ro,Z" "-v" "/var/lib/crater-agent-workspace/cargo-home:/opt/rustwide/cargo-home:ro,Z" "-v" "/var/lib/crater-agent-workspace/rustup-home:/opt/rustwide/rustup-home:ro,Z" "-e" "SOURCE_DIR=/opt/rustwide/workdir" "-e" "CARGO_TARGET_DIR=/opt/rustwide/target" "-e" "CARGO_HOME=/opt/rustwide/cargo-home" "-e" "RUSTUP_HOME=/opt/rustwide/rustup-home" "-w" "/opt/rustwide/workdir" "-m" "1610612736" "--user" "0:0" "--network" "none" "ghcr.io/rust-lang/crates-build-env/linux@sha256:2788e3201cd34a07e3172128adcd8b3090168a8e3bcc40d7c032b9dda1df7d1c" "/opt/rustwide/cargo-home/bin/cargo" "+1.75.0" "metadata" "--no-deps" "--format-version=1", kill_on_drop: false }`
[INFO] [stdout] d931a7409e176dfb43b3236f1e6ea2c607b0f8080db654aeed93ec276dbf84cb
[INFO] running `Command { std: "docker" "start" "-a" "d931a7409e176dfb43b3236f1e6ea2c607b0f8080db654aeed93ec276dbf84cb", kill_on_drop: false }`
[INFO] running `Command { std: "docker" "inspect" "d931a7409e176dfb43b3236f1e6ea2c607b0f8080db654aeed93ec276dbf84cb", kill_on_drop: false }`
[INFO] running `Command { std: "docker" "rm" "-f" "d931a7409e176dfb43b3236f1e6ea2c607b0f8080db654aeed93ec276dbf84cb", kill_on_drop: false }`
[INFO] [stdout] d931a7409e176dfb43b3236f1e6ea2c607b0f8080db654aeed93ec276dbf84cb
[INFO] running `Command { std: "docker" "create" "-v" "/var/lib/crater-agent-workspace/builds/worker-5-tc1/target:/opt/rustwide/target:rw,Z" "-v" "/var/lib/crater-agent-workspace/builds/worker-5-tc1/source:/opt/rustwide/workdir:ro,Z" "-v" "/var/lib/crater-agent-workspace/cargo-home:/opt/rustwide/cargo-home:ro,Z" "-v" "/var/lib/crater-agent-workspace/rustup-home:/opt/rustwide/rustup-home:ro,Z" "-e" "SOURCE_DIR=/opt/rustwide/workdir" "-e" "CARGO_TARGET_DIR=/opt/rustwide/target" "-e" "CARGO_INCREMENTAL=0" "-e" "RUST_BACKTRACE=full" "-e" "RUSTFLAGS=--cap-lints=warn" "-e" "RUSTDOCFLAGS=--cap-lints=warn" "-e" "CARGO_HOME=/opt/rustwide/cargo-home" "-e" "RUSTUP_HOME=/opt/rustwide/rustup-home" "-w" "/opt/rustwide/workdir" "-m" "1610612736" "--user" "0:0" "--network" "none" "ghcr.io/rust-lang/crates-build-env/linux@sha256:2788e3201cd34a07e3172128adcd8b3090168a8e3bcc40d7c032b9dda1df7d1c" "/opt/rustwide/cargo-home/bin/cargo" "+1.75.0" "build" "--frozen" "--message-format=json", kill_on_drop: false }`
[INFO] [stdout] f8e0528bf248eb1743d7f5dbcb98de6d26ff35f2a26f7cb2cf1d98f4e318e5af
[INFO] running `Command { std: "docker" "start" "-a" "f8e0528bf248eb1743d7f5dbcb98de6d26ff35f2a26f7cb2cf1d98f4e318e5af", kill_on_drop: false }`
[INFO] [stderr]    Compiling libc v0.2.103
[INFO] [stderr]    Compiling proc-macro2 v1.0.30
[INFO] [stderr]    Compiling unicode-xid v0.2.2
[INFO] [stderr]    Compiling syn v1.0.80
[INFO] [stderr]    Compiling rand_core v0.4.2
[INFO] [stderr]    Compiling ppv-lite86 v0.2.10
[INFO] [stderr]    Compiling siphasher v0.3.7
[INFO] [stderr]    Compiling proc-macro-hack v0.5.19
[INFO] [stderr]    Compiling version_check v0.9.3
[INFO] [stderr]    Compiling pkg-config v0.3.20
[INFO] [stderr]    Compiling log v0.4.14
[INFO] [stderr]    Compiling getrandom v0.1.16
[INFO] [stderr]    Compiling rand_chacha v0.1.1
[INFO] [stderr]    Compiling rand_pcg v0.1.2
[INFO] [stderr]    Compiling rand v0.6.5
[INFO] [stderr]    Compiling siphasher v0.2.3
[INFO] [stderr]    Compiling serde_derive v1.0.130
[INFO] [stderr]    Compiling itoa v0.4.8
[INFO] [stderr]    Compiling phf_shared v0.8.0
[INFO] [stderr]    Compiling rand_core v0.3.1
[INFO] [stderr]    Compiling phf_shared v0.7.24
[INFO] [stderr]    Compiling rand_hc v0.1.0
[INFO] [stderr]    Compiling rand_isaac v0.1.1
[INFO] [stderr]    Compiling rand_xorshift v0.1.1
[INFO] [stderr]    Compiling rand_jitter v0.1.4
[INFO] [stderr]    Compiling serde v1.0.130
[INFO] [stderr]    Compiling smallvec v1.7.0
[INFO] [stderr]    Compiling standback v0.2.17
[INFO] [stderr]    Compiling percent-encoding v2.1.0
[INFO] [stderr]    Compiling tinyvec v1.5.0
[INFO] [stderr]    Compiling parking_lot_core v0.8.5
[INFO] [stderr]    Compiling dtoa v0.4.8
[INFO] [stderr]    Compiling precomputed-hash v0.1.1
[INFO] [stderr]    Compiling instant v0.1.11
[INFO] [stderr]    Compiling untrusted v0.7.1
[INFO] [stderr]    Compiling spin v0.5.2
[INFO] [stderr]    Compiling once_cell v1.8.0
[INFO] [stderr]    Compiling unicode-bidi v0.3.7
[INFO] [stderr]    Compiling new_debug_unreachable v1.0.4
[INFO] [stderr]    Compiling const_fn v0.4.8
[INFO] [stderr]    Compiling dtoa-short v0.3.3
[INFO] [stderr]    Compiling lock_api v0.4.5
[INFO] [stderr]    Compiling form_urlencoded v1.0.1
[INFO] [stderr]    Compiling time v0.2.27
[INFO] [stderr]    Compiling encoding_rs v0.8.28
[INFO] [stderr]    Compiling ryu v1.0.5
[INFO] [stderr]    Compiling quote v1.0.10
[INFO] [stderr]    Compiling mac v0.1.1
[INFO] [stderr]    Compiling nodrop v0.1.14
[INFO] [stderr]    Compiling stable_deref_trait v1.2.0
[INFO] [stderr]    Compiling futf v0.1.4
[INFO] [stderr]    Compiling fxhash v0.2.1
[INFO] [stderr]    Compiling servo_arc v0.1.1
[INFO] [stderr]    Compiling cookie v0.14.4
[INFO] [stderr]    Compiling num-traits v0.2.14
[INFO] [stderr]    Compiling procedural-masquerade v0.1.7
[INFO] [stderr]    Compiling utf-8 v0.7.6
[INFO] [stderr]    Compiling serde_json v1.0.68
[INFO] [stderr]    Compiling thin-slice v0.1.1
[INFO] [stderr]    Compiling tendril v0.4.2
[INFO] [stderr]    Compiling smallvec v0.6.14
[INFO] [stderr]    Compiling phf v0.7.24
[INFO] [stderr]    Compiling num-integer v0.1.44
[INFO] [stderr]    Compiling memchr v2.4.1
[INFO] [stderr]    Compiling jobserver v0.1.24
[INFO] [stderr]    Compiling rand_os v0.1.3
[INFO] [stderr]    Compiling rand v0.4.6
[INFO] [stderr]    Compiling nix v0.11.1
[INFO] [stderr]    Compiling base64 v0.13.0
[INFO] [stderr]    Compiling parking_lot v0.11.2
[INFO] [stderr]    Compiling convert_case v0.4.0
[INFO] [stderr]    Compiling cc v1.0.71
[INFO] [stderr]    Compiling rand_core v0.5.1
[INFO] [stderr]    Compiling file-lock v1.1.20
[INFO] [stderr]    Compiling rand_chacha v0.2.2
[INFO] [stderr]    Compiling rand_pcg v0.2.1
[INFO] [stderr]    Compiling unicode-normalization v0.1.19
[INFO] [stderr]    Compiling base64 v0.10.1
[INFO] [stderr]    Compiling void v1.0.2
[INFO] [stderr]    Compiling unicode-width v0.1.9
[INFO] [stderr]    Compiling anyhow v1.0.44
[INFO] [stderr]    Compiling getopts v0.2.21
[INFO] [stderr]    Compiling rand v0.7.3
[INFO] [stderr]    Compiling rand v0.3.23
[INFO] [stderr]    Compiling uuid v0.1.18
[INFO] [stderr]    Compiling time v0.1.44
[INFO] [stderr]    Compiling qstring v0.7.2
[INFO] [stderr]    Compiling charset v0.1.2
[INFO] [stderr]    Compiling mktemp v0.3.1
[INFO] [stderr]    Compiling ego-tree v0.6.2
[INFO] [stderr]    Compiling lazycell v1.3.0
[INFO] [stderr]    Compiling quoted_printable v0.4.3
[INFO] [stderr]    Compiling chunked_transfer v1.4.0
[INFO] [stderr]    Compiling dotenv v0.15.0
[INFO] [stderr]    Compiling mailparse v0.13.6
[INFO] [stderr]    Compiling phf_generator v0.7.24
[INFO] [stderr]    Compiling phf_codegen v0.7.24
[INFO] [stderr]    Compiling selectors v0.21.0
[INFO] [stderr]    Compiling chrono v0.4.19
[INFO] [stderr]    Compiling libz-sys v1.1.3
[INFO] [stderr]    Compiling ring v0.16.20
[INFO] [stderr]    Compiling openssl-sys v0.9.67
[INFO] [stderr]    Compiling idna v0.2.3
[INFO] [stderr]    Compiling libssh2-sys v0.2.23
[INFO] [stderr]    Compiling libgit2-sys v0.12.24+1.3.0
[INFO] [stderr]    Compiling phf_generator v0.8.0
[INFO] [stderr]    Compiling phf_codegen v0.8.0
[INFO] [stderr]    Compiling string_cache_codegen v0.5.1
[INFO] [stderr]    Compiling selectors v0.22.0
[INFO] [stderr]    Compiling url v2.2.2
[INFO] [stderr]    Compiling markup5ever v0.10.1
[INFO] [stderr]    Compiling publicsuffix v1.5.6
[INFO] [stderr]    Compiling webpki v0.21.4
[INFO] [stderr]    Compiling sct v0.6.1
[INFO] [stderr]    Compiling phf_macros v0.8.0
[INFO] [stderr]    Compiling time-macros-impl v0.1.2
[INFO] [stderr]    Compiling cssparser v0.25.9
[INFO] [stderr]    Compiling cssparser v0.27.2
[INFO] [stderr]    Compiling cssparser-macros v0.3.6
[INFO] [stderr]    Compiling html5ever v0.25.1
[INFO] [stderr]    Compiling cssparser-macros v0.6.0
[INFO] [stderr]    Compiling thiserror-impl v1.0.30
[INFO] [stderr]    Compiling derive_more v0.99.16
[INFO] [stderr]    Compiling rustls v0.19.1
[INFO] [stderr]    Compiling webpki-roots v0.21.1
[INFO] [stderr]    Compiling time-macros v0.1.1
[INFO] [stderr]    Compiling phf v0.8.0
[INFO] [stderr]    Compiling git2 v0.13.23
[INFO] [stderr]    Compiling thiserror v1.0.30
[INFO] [stderr]    Compiling lol_html v0.2.0
[INFO] [stderr]    Compiling string_cache v0.8.2
[INFO] [stderr]    Compiling cookie_store v0.12.0
[INFO] [stderr]    Compiling ureq v1.5.5
[INFO] [stderr]    Compiling scraper v0.12.0
[INFO] [stderr]    Compiling gitgov-rs v0.1.0 (/opt/rustwide/workdir)
[INFO] [stderr]     Finished dev [unoptimized + debuginfo] target(s) in 1m 10s
[INFO] [stderr] warning: the following packages contain code that will be rejected by a future version of Rust: html5ever v0.25.1, lol_html v0.2.0, rustc-serialize v0.3.24
[INFO] [stderr] note: to see what the problems were, use the option `--future-incompat-report`, or run `cargo report future-incompatibilities --id 11`
[INFO] running `Command { std: "docker" "inspect" "f8e0528bf248eb1743d7f5dbcb98de6d26ff35f2a26f7cb2cf1d98f4e318e5af", kill_on_drop: false }`
[INFO] running `Command { std: "docker" "rm" "-f" "f8e0528bf248eb1743d7f5dbcb98de6d26ff35f2a26f7cb2cf1d98f4e318e5af", kill_on_drop: false }`
[INFO] [stdout] f8e0528bf248eb1743d7f5dbcb98de6d26ff35f2a26f7cb2cf1d98f4e318e5af
[INFO] running `Command { std: "docker" "create" "-v" "/var/lib/crater-agent-workspace/builds/worker-5-tc1/target:/opt/rustwide/target:rw,Z" "-v" "/var/lib/crater-agent-workspace/builds/worker-5-tc1/source:/opt/rustwide/workdir:ro,Z" "-v" "/var/lib/crater-agent-workspace/cargo-home:/opt/rustwide/cargo-home:ro,Z" "-v" "/var/lib/crater-agent-workspace/rustup-home:/opt/rustwide/rustup-home:ro,Z" "-e" "SOURCE_DIR=/opt/rustwide/workdir" "-e" "CARGO_TARGET_DIR=/opt/rustwide/target" "-e" "CARGO_INCREMENTAL=0" "-e" "RUST_BACKTRACE=full" "-e" "RUSTFLAGS=--cap-lints=warn" "-e" "RUSTDOCFLAGS=--cap-lints=warn" "-e" "CARGO_HOME=/opt/rustwide/cargo-home" "-e" "RUSTUP_HOME=/opt/rustwide/rustup-home" "-w" "/opt/rustwide/workdir" "-m" "1610612736" "--user" "0:0" "--network" "none" "ghcr.io/rust-lang/crates-build-env/linux@sha256:2788e3201cd34a07e3172128adcd8b3090168a8e3bcc40d7c032b9dda1df7d1c" "/opt/rustwide/cargo-home/bin/cargo" "+1.75.0" "test" "--frozen" "--no-run" "--message-format=json", kill_on_drop: false }`
[INFO] [stdout] 47110671b1438fa59022b6d1e041eb3071c7496d98616900678f17b1a7103be0
[INFO] running `Command { std: "docker" "start" "-a" "47110671b1438fa59022b6d1e041eb3071c7496d98616900678f17b1a7103be0", kill_on_drop: false }`
[INFO] [stderr]    Compiling string_cache_shared v0.3.0
[INFO] [stderr]    Compiling syn v0.11.11
[INFO] [stderr]    Compiling unreachable v0.1.1
[INFO] [stderr]    Compiling selectors v0.18.0
[INFO] [stderr]    Compiling log v0.3.9
[INFO] [stderr]    Compiling smallvec v0.3.4
[INFO] [stderr]    Compiling difference v2.0.0
[INFO] [stderr]    Compiling string_cache_codegen v0.4.4
[INFO] [stderr]    Compiling debug_unreachable v0.1.1
[INFO] [stderr]    Compiling pretty_assertions v0.6.1
[INFO] [stderr]    Compiling string_cache v0.6.2
[INFO] [stderr]    Compiling markup5ever v0.5.0
[INFO] [stderr]    Compiling cssparser v0.13.7
[INFO] [stderr]    Compiling html5ever v0.20.0
[INFO] [stderr]    Compiling kuchiki v0.6.0
[INFO] [stderr]    Compiling html-diff v0.0.6
[INFO] [stderr]    Compiling gitgov-rs v0.1.0 (/opt/rustwide/workdir)
[INFO] [stderr]     Finished test [unoptimized + debuginfo] target(s) in 10.52s
[INFO] [stderr] warning: the following packages contain code that will be rejected by a future version of Rust: html5ever v0.20.0, html5ever v0.25.1, lol_html v0.2.0, rustc-serialize v0.3.24
[INFO] [stderr] note: to see what the problems were, use the option `--future-incompat-report`, or run `cargo report future-incompatibilities --id 12`
[INFO] running `Command { std: "docker" "inspect" "47110671b1438fa59022b6d1e041eb3071c7496d98616900678f17b1a7103be0", kill_on_drop: false }`
[INFO] running `Command { std: "docker" "rm" "-f" "47110671b1438fa59022b6d1e041eb3071c7496d98616900678f17b1a7103be0", kill_on_drop: false }`
[INFO] [stdout] 47110671b1438fa59022b6d1e041eb3071c7496d98616900678f17b1a7103be0
[INFO] running `Command { std: "docker" "create" "-v" "/var/lib/crater-agent-workspace/builds/worker-5-tc1/target:/opt/rustwide/target:rw,Z" "-v" "/var/lib/crater-agent-workspace/builds/worker-5-tc1/source:/opt/rustwide/workdir:ro,Z" "-v" "/var/lib/crater-agent-workspace/cargo-home:/opt/rustwide/cargo-home:ro,Z" "-v" "/var/lib/crater-agent-workspace/rustup-home:/opt/rustwide/rustup-home:ro,Z" "-e" "SOURCE_DIR=/opt/rustwide/workdir" "-e" "CARGO_TARGET_DIR=/opt/rustwide/target" "-e" "CARGO_INCREMENTAL=0" "-e" "RUST_BACKTRACE=full" "-e" "RUSTFLAGS=--cap-lints=warn" "-e" "RUSTDOCFLAGS=--cap-lints=warn" "-e" "CARGO_HOME=/opt/rustwide/cargo-home" "-e" "RUSTUP_HOME=/opt/rustwide/rustup-home" "-w" "/opt/rustwide/workdir" "-m" "1610612736" "--user" "0:0" "--network" "none" "ghcr.io/rust-lang/crates-build-env/linux@sha256:2788e3201cd34a07e3172128adcd8b3090168a8e3bcc40d7c032b9dda1df7d1c" "/opt/rustwide/cargo-home/bin/cargo" "+1.75.0" "test" "--frozen", kill_on_drop: false }`
[INFO] [stdout] 18b4b4c57034074d6c5b1997d5b0c447174b95ec85d39756383de9b291daadd6
[INFO] running `Command { std: "docker" "start" "-a" "18b4b4c57034074d6c5b1997d5b0c447174b95ec85d39756383de9b291daadd6", kill_on_drop: false }`
[INFO] [stderr]     Finished test [unoptimized + debuginfo] target(s) in 0.11s
[INFO] [stderr] warning: the following packages contain code that will be rejected by a future version of Rust: html5ever v0.20.0, html5ever v0.25.1, lol_html v0.2.0, rustc-serialize v0.3.24
[INFO] [stderr] note: to see what the problems were, use the option `--future-incompat-report`, or run `cargo report future-incompatibilities --id 12`
[INFO] [stderr]      Running unittests src/lib.rs (/opt/rustwide/target/debug/deps/gitgov_rs-3761a4ec2bd2655b)
[INFO] [stdout] 
[INFO] [stdout] running 4 tests
[INFO] [stdout] test email_update::test_single_email_parse ... ok
[INFO] [stdout] test email_update::test_html_parse ... ok
[INFO] [stdout] test email_update::test_single_2021_email_parse ... ok
[INFO] [stdout] test email_update::test_daily_email_parse ... ok
[INFO] [stdout] 
[INFO] [stdout] test result: ok. 4 passed; 0 failed; 0 ignored; 0 measured; 0 filtered out; finished in 0.03s
[INFO] [stdout] 
[INFO] [stderr]      Running unittests src/bin/fetch.rs (/opt/rustwide/target/debug/deps/fetch-46a2520b3ffb1745)
[INFO] [stdout] 
[INFO] [stdout] running 0 tests
[INFO] [stdout] 
[INFO] [stdout] test result: ok. 0 passed; 0 failed; 0 ignored; 0 measured; 0 filtered out; finished in 0.00s
[INFO] [stdout] 
[INFO] [stderr]      Running unittests src/bin/gitgov.rs (/opt/rustwide/target/debug/deps/gitgov-2d8dce84632c4c42)
[INFO] [stdout] 
[INFO] [stdout] running 1 test
[INFO] [stdout] test test::test_obtain_changes ... FAILED
[INFO] [stdout] 
[INFO] [stdout] failures:
[INFO] [stdout] 
[INFO] [stdout] ---- test::test_obtain_changes stdout ----
[INFO] [stdout] Error: failed to make directory 'tests/tmp': Read-only file system; class=Os (2)
[INFO] [stdout] 
[INFO] [stdout] 
[INFO] [stdout] failures:
[INFO] [stdout]     test::test_obtain_changes
[INFO] [stdout] 
[INFO] [stdout] test result: FAILED. 0 passed; 1 failed; 0 ignored; 0 measured; 0 filtered out; finished in 0.02s
[INFO] [stdout] 
[INFO] [stderr] error: test failed, to rerun pass `--bin gitgov`
[INFO] running `Command { std: "docker" "inspect" "18b4b4c57034074d6c5b1997d5b0c447174b95ec85d39756383de9b291daadd6", kill_on_drop: false }`
[INFO] running `Command { std: "docker" "rm" "-f" "18b4b4c57034074d6c5b1997d5b0c447174b95ec85d39756383de9b291daadd6", kill_on_drop: false }`
[INFO] [stdout] 18b4b4c57034074d6c5b1997d5b0c447174b95ec85d39756383de9b291daadd6
[INFO] testing platy/gitgov-rs against beta-2024-01-09 for beta-1.76-3
[INFO] running `Command { std: "git" "clone" "/workspace/cache/git-repos/https%3A%2F%2Fgithub.com%2Fplaty%2Fgitgov-rs" "/workspace/builds/worker-5-tc2/source", kill_on_drop: false }`
[INFO] [stderr] Cloning into '/workspace/builds/worker-5-tc2/source'...
[INFO] [stderr] done.
[INFO] validating manifest of git repo https://github.com/platy/gitgov-rs on toolchain beta-2024-01-09
[INFO] running `Command { std: CARGO_HOME="/workspace/cargo-home" RUSTUP_HOME="/workspace/rustup-home" "/workspace/cargo-home/bin/cargo" "+beta-2024-01-09" "metadata" "--manifest-path" "Cargo.toml" "--no-deps", kill_on_drop: false }`
[INFO] started tweaking git repo https://github.com/platy/gitgov-rs
[INFO] finished tweaking git repo https://github.com/platy/gitgov-rs
[INFO] tweaked toml for git repo https://github.com/platy/gitgov-rs written to /workspace/builds/worker-5-tc2/source/Cargo.toml
[INFO] crate git repo https://github.com/platy/gitgov-rs already has a lockfile, it will not be regenerated
[INFO] running `Command { std: CARGO_HOME="/workspace/cargo-home" RUSTUP_HOME="/workspace/rustup-home" "/workspace/cargo-home/bin/cargo" "+beta-2024-01-09" "fetch" "--manifest-path" "Cargo.toml", kill_on_drop: false }`
[INFO] running `Command { std: "docker" "create" "-v" "/var/lib/crater-agent-workspace/builds/worker-5-tc2/target:/opt/rustwide/target:rw,Z" "-v" "/var/lib/crater-agent-workspace/builds/worker-5-tc2/source:/opt/rustwide/workdir:ro,Z" "-v" "/var/lib/crater-agent-workspace/cargo-home:/opt/rustwide/cargo-home:ro,Z" "-v" "/var/lib/crater-agent-workspace/rustup-home:/opt/rustwide/rustup-home:ro,Z" "-e" "SOURCE_DIR=/opt/rustwide/workdir" "-e" "CARGO_TARGET_DIR=/opt/rustwide/target" "-e" "CARGO_HOME=/opt/rustwide/cargo-home" "-e" "RUSTUP_HOME=/opt/rustwide/rustup-home" "-w" "/opt/rustwide/workdir" "-m" "1610612736" "--user" "0:0" "--network" "none" "ghcr.io/rust-lang/crates-build-env/linux@sha256:2788e3201cd34a07e3172128adcd8b3090168a8e3bcc40d7c032b9dda1df7d1c" "/opt/rustwide/cargo-home/bin/cargo" "+beta-2024-01-09" "metadata" "--no-deps" "--format-version=1", kill_on_drop: false }`
[INFO] [stdout] a69d479980ad489b6269726a3e3afd4e732d7c7417250dc6951fc0254b64117b
[INFO] running `Command { std: "docker" "start" "-a" "a69d479980ad489b6269726a3e3afd4e732d7c7417250dc6951fc0254b64117b", kill_on_drop: false }`
[INFO] running `Command { std: "docker" "inspect" "a69d479980ad489b6269726a3e3afd4e732d7c7417250dc6951fc0254b64117b", kill_on_drop: false }`
[INFO] running `Command { std: "docker" "rm" "-f" "a69d479980ad489b6269726a3e3afd4e732d7c7417250dc6951fc0254b64117b", kill_on_drop: false }`
[INFO] [stdout] a69d479980ad489b6269726a3e3afd4e732d7c7417250dc6951fc0254b64117b
[INFO] running `Command { std: "docker" "create" "-v" "/var/lib/crater-agent-workspace/builds/worker-5-tc2/target:/opt/rustwide/target:rw,Z" "-v" "/var/lib/crater-agent-workspace/builds/worker-5-tc2/source:/opt/rustwide/workdir:ro,Z" "-v" "/var/lib/crater-agent-workspace/cargo-home:/opt/rustwide/cargo-home:ro,Z" "-v" "/var/lib/crater-agent-workspace/rustup-home:/opt/rustwide/rustup-home:ro,Z" "-e" "SOURCE_DIR=/opt/rustwide/workdir" "-e" "CARGO_TARGET_DIR=/opt/rustwide/target" "-e" "CARGO_INCREMENTAL=0" "-e" "RUST_BACKTRACE=full" "-e" "RUSTFLAGS=--cap-lints=warn" "-e" "RUSTDOCFLAGS=--cap-lints=warn" "-e" "CARGO_HOME=/opt/rustwide/cargo-home" "-e" "RUSTUP_HOME=/opt/rustwide/rustup-home" "-w" "/opt/rustwide/workdir" "-m" "1610612736" "--user" "0:0" "--network" "none" "ghcr.io/rust-lang/crates-build-env/linux@sha256:2788e3201cd34a07e3172128adcd8b3090168a8e3bcc40d7c032b9dda1df7d1c" "/opt/rustwide/cargo-home/bin/cargo" "+beta-2024-01-09" "build" "--frozen" "--message-format=json", kill_on_drop: false }`
[INFO] [stdout] fa6d3e3bc97a1050b109ccd65b27ba9105e9a39de34f529fdef191b5ff165285
[INFO] running `Command { std: "docker" "start" "-a" "fa6d3e3bc97a1050b109ccd65b27ba9105e9a39de34f529fdef191b5ff165285", kill_on_drop: false }`
[INFO] [stderr]    Compiling libc v0.2.103
[INFO] [stderr]    Compiling proc-macro2 v1.0.30
[INFO] [stderr]    Compiling unicode-xid v0.2.2
[INFO] [stderr]    Compiling syn v1.0.80
[INFO] [stderr]    Compiling rand_core v0.4.2
[INFO] [stderr]    Compiling ppv-lite86 v0.2.10
[INFO] [stderr]    Compiling siphasher v0.3.7
[INFO] [stderr]    Compiling proc-macro-hack v0.5.19
[INFO] [stderr]    Compiling version_check v0.9.3
[INFO] [stderr]    Compiling pkg-config v0.3.20
[INFO] [stderr]    Compiling log v0.4.14
[INFO] [stderr]    Compiling getrandom v0.1.16
[INFO] [stderr]    Compiling rand_chacha v0.1.1
[INFO] [stderr]    Compiling rand_pcg v0.1.2
[INFO] [stderr]    Compiling rand v0.6.5
[INFO] [stderr]    Compiling siphasher v0.2.3
[INFO] [stderr]    Compiling serde_derive v1.0.130
[INFO] [stderr]    Compiling serde v1.0.130
[INFO] [stderr]    Compiling phf_shared v0.8.0
[INFO] [stderr]    Compiling rand_core v0.3.1
[INFO] [stderr]    Compiling phf_shared v0.7.24
[INFO] [stderr]    Compiling rand_isaac v0.1.1
[INFO] [stderr]    Compiling rand_xorshift v0.1.1
[INFO] [stderr]    Compiling rand_hc v0.1.0
[INFO] [stderr]    Compiling rand_jitter v0.1.4
[INFO] [stderr]    Compiling itoa v0.4.8
[INFO] [stderr]    Compiling standback v0.2.17
[INFO] [stderr]    Compiling percent-encoding v2.1.0
[INFO] [stderr]    Compiling smallvec v1.7.0
[INFO] [stderr]    Compiling tinyvec v1.5.0
[INFO] [stderr]    Compiling dtoa v0.4.8
[INFO] [stderr]    Compiling precomputed-hash v0.1.1
[INFO] [stderr]    Compiling parking_lot_core v0.8.5
[INFO] [stderr]    Compiling instant v0.1.11
[INFO] [stderr]    Compiling unicode-bidi v0.3.7
[INFO] [stderr]    Compiling untrusted v0.7.1
[INFO] [stderr]    Compiling new_debug_unreachable v1.0.4
[INFO] [stderr]    Compiling spin v0.5.2
[INFO] [stderr]    Compiling dtoa-short v0.3.3
[INFO] [stderr]    Compiling const_fn v0.4.8
[INFO] [stderr]    Compiling once_cell v1.8.0
[INFO] [stderr]    Compiling lock_api v0.4.5
[INFO] [stderr]    Compiling form_urlencoded v1.0.1
[INFO] [stderr]    Compiling time v0.2.27
[INFO] [stderr]    Compiling nodrop v0.1.14
[INFO] [stderr]    Compiling mac v0.1.1
[INFO] [stderr]    Compiling ryu v1.0.5
[INFO] [stderr]    Compiling stable_deref_trait v1.2.0
[INFO] [stderr]    Compiling encoding_rs v0.8.28
[INFO] [stderr]    Compiling futf v0.1.4
[INFO] [stderr]    Compiling fxhash v0.2.1
[INFO] [stderr]    Compiling cookie v0.14.4
[INFO] [stderr]    Compiling num-traits v0.2.14
[INFO] [stderr]    Compiling servo_arc v0.1.1
[INFO] [stderr]    Compiling utf-8 v0.7.6
[INFO] [stderr]    Compiling thin-slice v0.1.1
[INFO] [stderr]    Compiling procedural-masquerade v0.1.7
[INFO] [stderr]    Compiling serde_json v1.0.68
[INFO] [stderr]    Compiling smallvec v0.6.14
[INFO] [stderr]    Compiling phf v0.7.24
[INFO] [stderr]    Compiling tendril v0.4.2
[INFO] [stderr]    Compiling num-integer v0.1.44
[INFO] [stderr]    Compiling base64 v0.13.0
[INFO] [stderr]    Compiling quote v1.0.10
[INFO] [stderr]    Compiling jobserver v0.1.24
[INFO] [stderr]    Compiling rand_os v0.1.3
[INFO] [stderr]    Compiling unicode-normalization v0.1.19
[INFO] [stderr]    Compiling rand_core v0.5.1
[INFO] [stderr]    Compiling rand v0.4.6
[INFO] [stderr]    Compiling cc v1.0.71
[INFO] [stderr]    Compiling rand_chacha v0.2.2
[INFO] [stderr]    Compiling rand_pcg v0.2.1
[INFO] [stderr]    Compiling parking_lot v0.11.2
[INFO] [stderr]    Compiling nix v0.11.1
[INFO] [stderr]    Compiling rustc-serialize v0.3.24
[INFO] [stderr]    Compiling convert_case v0.4.0
[INFO] [stderr]    Compiling rand v0.7.3
[INFO] [stderr]    Compiling memchr v2.4.1
[INFO] [stderr]    Compiling file-lock v1.1.20
[INFO] [stderr]    Compiling base64 v0.10.1
[INFO] [stderr]    Compiling unicode-width v0.1.9
[INFO] [stdout] error[E0310]: the parameter type `T` may not live long enough
[INFO] [stdout]     --> /opt/rustwide/cargo-home/registry/src/index.crates.io-6f17d22bba15001f/rustc-serialize-0.3.24/src/serialize.rs:1155:5
[INFO] [stdout]      |
[INFO] [stdout] 1155 |     fn decode<D: Decoder>(d: &mut D) -> Result<Cow<'static, T>, D::Error> {
[INFO] [stdout]      |     ^^^^^^^^^^^^^^^^^^^^^^^^^^^^^^^^^^^^^^^^^^^^^^^^^^^^^^^^^^^^^^^^^^^^^
[INFO] [stdout]      |     |
[INFO] [stdout]      |     the parameter type `T` must be valid for the static lifetime...
[INFO] [stdout]      |     ...so that the type `T` will meet its required lifetime bounds...
[INFO] [stdout]      |
[INFO] [stdout] note: ...that is required by this bound
[INFO] [stdout]     --> /rustc/650745ceb2ae60e04f8cd7bfb671fc37239533e4/library/alloc/src/borrow.rs:180:30
[INFO] [stdout] help: consider adding an explicit lifetime bound
[INFO] [stdout]      |
[INFO] [stdout] 1151 | impl<'a, T: ?Sized + 'static> Decodable for Cow<'a, T>
[INFO] [stdout]      |                    +++++++++
[INFO] [stdout] 
[INFO] [stdout] 
[INFO] [stderr]    Compiling idna v0.2.3
[INFO] [stderr]    Compiling anyhow v1.0.44
[INFO] [stderr]    Compiling void v1.0.2
[INFO] [stderr]    Compiling phf_generator v0.7.24
[INFO] [stderr]    Compiling rand v0.3.23
[INFO] [stderr]    Compiling phf_codegen v0.7.24
[INFO] [stderr]    Compiling getopts v0.2.21
[INFO] [stderr]    Compiling time v0.1.44
[INFO] [stderr]    Compiling qstring v0.7.2
[INFO] [stderr]    Compiling selectors v0.21.0
[INFO] [stderr]    Compiling url v2.2.2
[INFO] [stderr]    Compiling quoted_printable v0.4.3
[INFO] [stderr]    Compiling chunked_transfer v1.4.0
[INFO] [stderr]    Compiling ego-tree v0.6.2
[INFO] [stdout] error: aborting due to 1 previous error
[INFO] [stdout] 
[INFO] [stdout] 
[INFO] [stdout] For more information about this error, try `rustc --explain E0310`.
[INFO] [stdout] 
[INFO] [stderr] error: could not compile `rustc-serialize` (lib) due to 2 previous errors
[INFO] [stderr] warning: build failed, waiting for other jobs to finish...
[INFO] running `Command { std: "docker" "inspect" "fa6d3e3bc97a1050b109ccd65b27ba9105e9a39de34f529fdef191b5ff165285", kill_on_drop: false }`
[INFO] running `Command { std: "docker" "rm" "-f" "fa6d3e3bc97a1050b109ccd65b27ba9105e9a39de34f529fdef191b5ff165285", kill_on_drop: false }`
[INFO] [stdout] fa6d3e3bc97a1050b109ccd65b27ba9105e9a39de34f529fdef191b5ff165285
