[INFO] cloning repository https://github.com/metlos/twelve_data
[INFO] running `Command { std: "git" "-c" "credential.helper=" "-c" "credential.helper=/workspace/cargo-home/bin/git-credential-null" "clone" "--bare" "https://github.com/metlos/twelve_data" "/workspace/cache/git-repos/https%3A%2F%2Fgithub.com%2Fmetlos%2Ftwelve_data", kill_on_drop: false }`
[INFO] [stderr] Cloning into bare repository '/workspace/cache/git-repos/https%3A%2F%2Fgithub.com%2Fmetlos%2Ftwelve_data'...
[INFO] running `Command { std: "git" "rev-parse" "HEAD", kill_on_drop: false }`
[INFO] [stdout] a0222d61e948fa41835f1afaada7bf0b30e836b7
[INFO] testing metlos/twelve_data against 1.75.0 for beta-1.76-3
[INFO] running `Command { std: "git" "clone" "/workspace/cache/git-repos/https%3A%2F%2Fgithub.com%2Fmetlos%2Ftwelve_data" "/workspace/builds/worker-0-tc1/source", kill_on_drop: false }`
[INFO] [stderr] Cloning into '/workspace/builds/worker-0-tc1/source'...
[INFO] [stderr] done.
[INFO] validating manifest of git repo https://github.com/metlos/twelve_data on toolchain 1.75.0
[INFO] running `Command { std: CARGO_HOME="/workspace/cargo-home" RUSTUP_HOME="/workspace/rustup-home" "/workspace/cargo-home/bin/cargo" "+1.75.0" "metadata" "--manifest-path" "Cargo.toml" "--no-deps", kill_on_drop: false }`
[INFO] started tweaking git repo https://github.com/metlos/twelve_data
[INFO] finished tweaking git repo https://github.com/metlos/twelve_data
[INFO] tweaked toml for git repo https://github.com/metlos/twelve_data written to /workspace/builds/worker-0-tc1/source/Cargo.toml
[INFO] crate git repo https://github.com/metlos/twelve_data already has a lockfile, it will not be regenerated
[INFO] running `Command { std: CARGO_HOME="/workspace/cargo-home" RUSTUP_HOME="/workspace/rustup-home" "/workspace/cargo-home/bin/cargo" "+1.75.0" "fetch" "--manifest-path" "Cargo.toml", kill_on_drop: false }`
[INFO] [stderr]     Blocking waiting for file lock on package cache
[INFO] [stderr]     Updating crates.io index
[INFO] [stderr]     Blocking waiting for file lock on package cache
[INFO] [stderr]  Downloading crates ...
[INFO] [stderr]   Downloaded unicode-ident v1.0.4
[INFO] [stderr]   Downloaded serde_with v2.0.1
[INFO] [stderr]   Downloaded sha1 v0.6.1
[INFO] [stderr]   Downloaded discard v1.0.4
[INFO] [stderr]   Downloaded gloo-timers v0.2.4
[INFO] [stderr]   Downloaded time-macros v0.1.1
[INFO] [stderr]   Downloaded infer v0.2.3
[INFO] [stderr]   Downloaded concurrent-queue v1.2.4
[INFO] [stderr]   Downloaded sha1_smol v1.0.0
[INFO] [stderr]   Downloaded cpuid-bool v0.2.0
[INFO] [stderr]   Downloaded stdweb-internal-runtime v0.1.5
[INFO] [stderr]   Downloaded stdweb-derive v0.5.3
[INFO] [stderr]   Downloaded cipher v0.2.5
[INFO] [stderr]   Downloaded polyval v0.4.5
[INFO] [stderr]   Downloaded async-trait v0.1.57
[INFO] [stderr]   Downloaded aes v0.6.0
[INFO] [stderr]   Downloaded time v0.3.14
[INFO] [stderr]   Downloaded tokio v1.21.1
[INFO] [stderr]   Downloaded curl-sys v0.4.56+curl-7.83.1
[INFO] [stderr]   Downloaded libnghttp2-sys v0.1.7+1.45.0
[INFO] [stderr]   Downloaded http-types v2.12.0
[INFO] [stderr]   Downloaded isahc v0.9.14
[INFO] [stderr]   Downloaded curl v0.4.44
[INFO] [stderr]   Downloaded tracing-core v0.1.29
[INFO] [stderr]   Downloaded serde_qs v0.8.5
[INFO] [stderr]   Downloaded serde_json v1.0.85
[INFO] [stderr]   Downloaded serde_derive v1.0.144
[INFO] [stderr]   Downloaded serde v1.0.144
[INFO] [stderr]   Downloaded time v0.2.27
[INFO] [stderr]   Downloaded stdweb v0.4.20
[INFO] [stderr]   Downloaded aesni v0.10.0
[INFO] [stderr]   Downloaded openssl v0.10.41
[INFO] [stderr]   Downloaded reqwest v0.11.11
[INFO] [stderr]   Downloaded spinning_top v0.2.4
[INFO] [stderr]   Downloaded flume v0.9.2
[INFO] [stderr]   Downloaded tracing v0.1.36
[INFO] [stderr]   Downloaded http-client v6.5.3
[INFO] [stderr]   Downloaded aes-soft v0.6.4
[INFO] [stderr]   Downloaded aes-gcm v0.8.0
[INFO] [stderr]   Downloaded openssl-sys v0.9.75
[INFO] [stderr]   Downloaded hmac v0.10.1
[INFO] [stderr]   Downloaded standback v0.2.17
[INFO] [stderr]   Downloaded const_fn v0.4.9
[INFO] [stderr]   Downloaded futures-lite v1.12.0
[INFO] [stderr]   Downloaded tokio-stream v0.1.10
[INFO] [stderr]   Downloaded iana-time-zone v0.1.48
[INFO] [stderr]   Downloaded wepoll-ffi v0.1.2
[INFO] [stderr]   Downloaded async-io v1.9.0
[INFO] [stderr]   Downloaded blocking v1.2.0
[INFO] [stderr]   Downloaded hkdf v0.10.0
[INFO] [stderr]   Downloaded tracing-attributes v0.1.22
[INFO] [stderr]   Downloaded async-task v4.3.0
[INFO] [stderr]   Downloaded polling v2.3.0
[INFO] [stderr]   Downloaded async-channel v1.7.1
[INFO] [stderr]   Downloaded itoa v1.0.3
[INFO] [stderr]   Downloaded anyhow v1.0.65
[INFO] [stderr]   Downloaded smallvec v1.9.0
[INFO] [stderr]   Downloaded cookie v0.14.4
[INFO] [stderr]   Downloaded lock_api v0.4.8
[INFO] [stderr]   Downloaded serde_with_macros v2.0.1
[INFO] [stderr]   Downloaded time-macros-impl v0.1.2
[INFO] [stderr]   Downloaded ghash v0.3.1
[INFO] [stderr]   Downloaded crypto-mac v0.10.1
[INFO] [stderr]   Downloaded atomic-waker v1.0.0
[INFO] [stderr]   Downloaded base-x v0.2.11
[INFO] [stderr]   Downloaded async-executor v1.4.1
[INFO] [stderr]   Downloaded async-global-executor v2.3.0
[INFO] [stderr]   Downloaded thiserror-impl v1.0.35
[INFO] [stderr]   Downloaded async-lock v2.5.0
[INFO] [stderr]   Downloaded surf v2.3.2
[INFO] [stderr]   Downloaded parking v2.0.0
[INFO] [stderr]   Downloaded ctr v0.6.0
[INFO] [stderr]   Downloaded sluice v0.5.5
[INFO] [stderr]   Downloaded aead v0.3.2
[INFO] [stderr]   Downloaded stdweb-internal-macros v0.2.9
[INFO] [stderr]   Downloaded ctor v0.1.23
[INFO] [stderr]   Downloaded thiserror v1.0.35
[INFO] [stderr]   Downloaded tokio-test v0.4.2
[INFO] [stderr]   Downloaded cache-padded v1.2.0
[INFO] running `Command { std: "docker" "create" "-v" "/var/lib/crater-agent-workspace/builds/worker-0-tc1/target:/opt/rustwide/target:rw,Z" "-v" "/var/lib/crater-agent-workspace/builds/worker-0-tc1/source:/opt/rustwide/workdir:ro,Z" "-v" "/var/lib/crater-agent-workspace/cargo-home:/opt/rustwide/cargo-home:ro,Z" "-v" "/var/lib/crater-agent-workspace/rustup-home:/opt/rustwide/rustup-home:ro,Z" "-e" "SOURCE_DIR=/opt/rustwide/workdir" "-e" "CARGO_TARGET_DIR=/opt/rustwide/target" "-e" "CARGO_HOME=/opt/rustwide/cargo-home" "-e" "RUSTUP_HOME=/opt/rustwide/rustup-home" "-w" "/opt/rustwide/workdir" "-m" "1610612736" "--user" "0:0" "--network" "none" "ghcr.io/rust-lang/crates-build-env/linux@sha256:2788e3201cd34a07e3172128adcd8b3090168a8e3bcc40d7c032b9dda1df7d1c" "/opt/rustwide/cargo-home/bin/cargo" "+1.75.0" "metadata" "--no-deps" "--format-version=1", kill_on_drop: false }`
[INFO] [stdout] dfc63b3026b3205196f5150a22173e91f30795462181cb22752299ce5cbc1804
[INFO] running `Command { std: "docker" "start" "-a" "dfc63b3026b3205196f5150a22173e91f30795462181cb22752299ce5cbc1804", kill_on_drop: false }`
[INFO] running `Command { std: "docker" "inspect" "dfc63b3026b3205196f5150a22173e91f30795462181cb22752299ce5cbc1804", kill_on_drop: false }`
[INFO] running `Command { std: "docker" "rm" "-f" "dfc63b3026b3205196f5150a22173e91f30795462181cb22752299ce5cbc1804", kill_on_drop: false }`
[INFO] [stdout] dfc63b3026b3205196f5150a22173e91f30795462181cb22752299ce5cbc1804
[INFO] running `Command { std: "docker" "create" "-v" "/var/lib/crater-agent-workspace/builds/worker-0-tc1/target:/opt/rustwide/target:rw,Z" "-v" "/var/lib/crater-agent-workspace/builds/worker-0-tc1/source:/opt/rustwide/workdir:ro,Z" "-v" "/var/lib/crater-agent-workspace/cargo-home:/opt/rustwide/cargo-home:ro,Z" "-v" "/var/lib/crater-agent-workspace/rustup-home:/opt/rustwide/rustup-home:ro,Z" "-e" "SOURCE_DIR=/opt/rustwide/workdir" "-e" "CARGO_TARGET_DIR=/opt/rustwide/target" "-e" "CARGO_INCREMENTAL=0" "-e" "RUST_BACKTRACE=full" "-e" "RUSTFLAGS=--cap-lints=warn" "-e" "RUSTDOCFLAGS=--cap-lints=warn" "-e" "CARGO_HOME=/opt/rustwide/cargo-home" "-e" "RUSTUP_HOME=/opt/rustwide/rustup-home" "-w" "/opt/rustwide/workdir" "-m" "1610612736" "--user" "0:0" "--network" "none" "ghcr.io/rust-lang/crates-build-env/linux@sha256:2788e3201cd34a07e3172128adcd8b3090168a8e3bcc40d7c032b9dda1df7d1c" "/opt/rustwide/cargo-home/bin/cargo" "+1.75.0" "build" "--frozen" "--message-format=json", kill_on_drop: false }`
[INFO] [stdout] d7d103c89a4c28a44e00c217da96d917ee6e4df648000ca1502a528cf36bb9b3
[INFO] running `Command { std: "docker" "start" "-a" "d7d103c89a4c28a44e00c217da96d917ee6e4df648000ca1502a528cf36bb9b3", kill_on_drop: false }`
[INFO] [stderr]    Compiling proc-macro2 v1.0.43
[INFO] [stderr]    Compiling quote v1.0.21
[INFO] [stderr]    Compiling unicode-ident v1.0.4
[INFO] [stderr]    Compiling syn v1.0.99
[INFO] [stderr]    Compiling libc v0.2.132
[INFO] [stderr]    Compiling once_cell v1.14.0
[INFO] [stderr]    Compiling futures-core v0.3.24
[INFO] [stderr]    Compiling bytes v1.2.1
[INFO] [stderr]    Compiling tokio v1.21.1
[INFO] [stderr]    Compiling openssl-sys v0.9.75
[INFO] [stderr]    Compiling itoa v1.0.3
[INFO] [stderr]    Compiling serde_derive v1.0.144
[INFO] [stderr]    Compiling futures-task v0.3.24
[INFO] [stderr]    Compiling serde v1.0.144
[INFO] [stderr]    Compiling slab v0.4.7
[INFO] [stderr]    Compiling openssl v0.10.41
[INFO] [stderr]    Compiling tracing-core v0.1.29
[INFO] [stderr]    Compiling futures-util v0.3.24
[INFO] [stderr]    Compiling httparse v1.8.0
[INFO] [stderr]    Compiling futures-channel v0.3.24
[INFO] [stderr]    Compiling hashbrown v0.12.3
[INFO] [stderr]    Compiling futures-sink v0.3.24
[INFO] [stderr]    Compiling native-tls v0.2.10
[INFO] [stderr]    Compiling num-traits v0.2.15
[INFO] [stderr]    Compiling percent-encoding v2.2.0
[INFO] [stderr]    Compiling unicode-normalization v0.1.22
[INFO] [stderr]    Compiling num-integer v0.1.45
[INFO] [stderr]    Compiling tracing v0.1.36
[INFO] [stderr]    Compiling http v0.2.8
[INFO] [stderr]    Compiling form_urlencoded v1.1.0
[INFO] [stderr]    Compiling ryu v1.0.11
[INFO] [stderr]    Compiling encoding_rs v0.8.31
[INFO] [stderr]    Compiling serde_json v1.0.85
[INFO] [stderr]    Compiling indexmap v1.9.1
[INFO] [stderr]    Compiling async-trait v0.1.57
[INFO] [stderr]    Compiling ipnet v2.5.0
[INFO] [stderr]    Compiling iana-time-zone v0.1.48
[INFO] [stderr]    Compiling socket2 v0.4.7
[INFO] [stderr]    Compiling mio v0.8.4
[INFO] [stderr]    Compiling idna v0.3.0
[INFO] [stderr]    Compiling time v0.1.44
[INFO] [stderr]    Compiling http-body v0.4.5
[INFO] [stderr]    Compiling url v2.3.1
[INFO] [stderr]    Compiling darling_core v0.14.1
[INFO] [stderr]    Compiling tokio-util v0.7.4
[INFO] [stderr]    Compiling h2 v0.3.14
[INFO] [stderr]    Compiling openssl-macros v0.1.0
[INFO] [stderr]    Compiling darling_macro v0.14.1
[INFO] [stderr]    Compiling darling v0.14.1
[INFO] [stderr]    Compiling derive_builder_core v0.11.2
[INFO] [stderr]    Compiling serde_with_macros v2.0.1
[INFO] [stderr]    Compiling hyper v0.14.20
[INFO] [stderr]    Compiling derive_builder_macro v0.11.2
[INFO] [stderr]    Compiling derive_builder v0.11.2
[INFO] [stderr]    Compiling tokio-native-tls v0.3.0
[INFO] [stderr]    Compiling hyper-tls v0.5.0
[INFO] [stderr]    Compiling serde_urlencoded v0.7.1
[INFO] [stderr]    Compiling chrono v0.4.22
[INFO] [stderr]    Compiling serde_with v2.0.1
[INFO] [stderr]    Compiling reqwest v0.11.11
[INFO] [stderr]    Compiling twelve_data v0.1.0 (/opt/rustwide/workdir)
[INFO] [stdout] warning: unused import: `f32::consts::E`
[INFO] [stdout]  --> src/errors.rs:1:80
[INFO] [stdout]   |
[INFO] [stdout] 1 | use std::{error::Error as StdError, result::Result as StdResult, fmt::Display, f32::consts::E};
[INFO] [stdout]   |                                                                                ^^^^^^^^^^^^^^
[INFO] [stdout]   |
[INFO] [stdout]   = note: `#[warn(unused_imports)]` on by default
[INFO] [stdout] 
[INFO] [stdout] 
[INFO] [stdout] warning: unused import: `Deserialize`
[INFO] [stdout]  --> src/errors.rs:3:13
[INFO] [stdout]   |
[INFO] [stdout] 3 | use serde::{Deserialize, de::DeserializeOwned};
[INFO] [stdout]   |             ^^^^^^^^^^^
[INFO] [stdout] 
[INFO] [stdout] 
[INFO] [stdout] warning: unused variable: `e`
[INFO] [stdout]    --> src/core.rs:227:17
[INFO] [stdout]     |
[INFO] [stdout] 227 |             Err(e) => match NaiveDate::parse_from_str(v, "%Y-%m-%d") {
[INFO] [stdout]     |                 ^ help: if this is intentional, prefix it with an underscore: `_e`
[INFO] [stdout]     |
[INFO] [stdout]     = note: `#[warn(unused_variables)]` on by default
[INFO] [stdout] 
[INFO] [stdout] 
[INFO] [stdout] warning: 3 warnings emitted
[INFO] [stdout] 
[INFO] [stdout] 
[INFO] [stderr]     Finished dev [unoptimized + debuginfo] target(s) in 31.79s
[INFO] [stderr] warning: the following packages contain code that will be rejected by a future version of Rust: rustc-serialize v0.3.24
[INFO] [stderr] note: to see what the problems were, use the option `--future-incompat-report`, or run `cargo report future-incompatibilities --id 1`
[INFO] running `Command { std: "docker" "inspect" "d7d103c89a4c28a44e00c217da96d917ee6e4df648000ca1502a528cf36bb9b3", kill_on_drop: false }`
[INFO] running `Command { std: "docker" "rm" "-f" "d7d103c89a4c28a44e00c217da96d917ee6e4df648000ca1502a528cf36bb9b3", kill_on_drop: false }`
[INFO] [stdout] d7d103c89a4c28a44e00c217da96d917ee6e4df648000ca1502a528cf36bb9b3
[INFO] running `Command { std: "docker" "create" "-v" "/var/lib/crater-agent-workspace/builds/worker-0-tc1/target:/opt/rustwide/target:rw,Z" "-v" "/var/lib/crater-agent-workspace/builds/worker-0-tc1/source:/opt/rustwide/workdir:ro,Z" "-v" "/var/lib/crater-agent-workspace/cargo-home:/opt/rustwide/cargo-home:ro,Z" "-v" "/var/lib/crater-agent-workspace/rustup-home:/opt/rustwide/rustup-home:ro,Z" "-e" "SOURCE_DIR=/opt/rustwide/workdir" "-e" "CARGO_TARGET_DIR=/opt/rustwide/target" "-e" "CARGO_INCREMENTAL=0" "-e" "RUST_BACKTRACE=full" "-e" "RUSTFLAGS=--cap-lints=warn" "-e" "RUSTDOCFLAGS=--cap-lints=warn" "-e" "CARGO_HOME=/opt/rustwide/cargo-home" "-e" "RUSTUP_HOME=/opt/rustwide/rustup-home" "-w" "/opt/rustwide/workdir" "-m" "1610612736" "--user" "0:0" "--network" "none" "ghcr.io/rust-lang/crates-build-env/linux@sha256:2788e3201cd34a07e3172128adcd8b3090168a8e3bcc40d7c032b9dda1df7d1c" "/opt/rustwide/cargo-home/bin/cargo" "+1.75.0" "test" "--frozen" "--no-run" "--message-format=json", kill_on_drop: false }`
[INFO] [stdout] 349851e866fb2419a189323671b8dd0ca411fdb844188337cbdca3e44323965e
[INFO] running `Command { std: "docker" "start" "-a" "349851e866fb2419a189323671b8dd0ca411fdb844188337cbdca3e44323965e", kill_on_drop: false }`
[INFO] [stderr]    Compiling lock_api v0.4.8
[INFO] [stderr]    Compiling smallvec v1.9.0
[INFO] [stderr]    Compiling tokio v1.21.1
[INFO] [stderr]    Compiling num_cpus v1.13.1
[INFO] [stderr]    Compiling signal-hook-registry v1.4.0
[INFO] [stderr]    Compiling tokio-macros v1.8.0
[INFO] [stderr]    Compiling async-stream-impl v0.3.3
[INFO] [stderr]    Compiling parking_lot_core v0.9.3
[INFO] [stderr]    Compiling parking_lot v0.12.1
[INFO] [stderr]    Compiling async-stream v0.3.3
[INFO] [stderr]    Compiling tokio-util v0.7.4
[INFO] [stderr]    Compiling tokio-native-tls v0.3.0
[INFO] [stderr]    Compiling tokio-stream v0.1.10
[INFO] [stderr]    Compiling tokio-test v0.4.2
[INFO] [stderr]    Compiling h2 v0.3.14
[INFO] [stderr]    Compiling hyper v0.14.20
[INFO] [stderr]    Compiling hyper-tls v0.5.0
[INFO] [stderr]    Compiling reqwest v0.11.11
[INFO] [stderr]    Compiling twelve_data v0.1.0 (/opt/rustwide/workdir)
[INFO] [stdout] warning: unused import: `f32::consts::E`
[INFO] [stdout]  --> src/errors.rs:1:80
[INFO] [stdout]   |
[INFO] [stdout] 1 | use std::{error::Error as StdError, result::Result as StdResult, fmt::Display, f32::consts::E};
[INFO] [stdout]   |                                                                                ^^^^^^^^^^^^^^
[INFO] [stdout]   |
[INFO] [stdout]   = note: `#[warn(unused_imports)]` on by default
[INFO] [stdout] 
[INFO] [stdout] 
[INFO] [stdout] warning: unused import: `Deserialize`
[INFO] [stdout]  --> src/errors.rs:3:13
[INFO] [stdout]   |
[INFO] [stdout] 3 | use serde::{Deserialize, de::DeserializeOwned};
[INFO] [stdout]   |             ^^^^^^^^^^^
[INFO] [stdout] 
[INFO] [stdout] 
[INFO] [stdout] warning: unused variable: `e`
[INFO] [stdout]    --> src/core.rs:227:17
[INFO] [stdout]     |
[INFO] [stdout] 227 |             Err(e) => match NaiveDate::parse_from_str(v, "%Y-%m-%d") {
[INFO] [stdout]     |                 ^ help: if this is intentional, prefix it with an underscore: `_e`
[INFO] [stdout]     |
[INFO] [stdout]     = note: `#[warn(unused_variables)]` on by default
[INFO] [stdout] 
[INFO] [stdout] 
[INFO] [stdout] warning: 3 warnings emitted
[INFO] [stdout] 
[INFO] [stdout] 
[INFO] [stdout] warning: unused import: `f32::consts::E`
[INFO] [stdout]  --> src/errors.rs:1:80
[INFO] [stdout]   |
[INFO] [stdout] 1 | use std::{error::Error as StdError, result::Result as StdResult, fmt::Display, f32::consts::E};
[INFO] [stdout]   |                                                                                ^^^^^^^^^^^^^^
[INFO] [stdout]   |
[INFO] [stdout]   = note: `#[warn(unused_imports)]` on by default
[INFO] [stdout] 
[INFO] [stdout] 
[INFO] [stdout] warning: unused import: `Deserialize`
[INFO] [stdout]  --> src/errors.rs:3:13
[INFO] [stdout]   |
[INFO] [stdout] 3 | use serde::{Deserialize, de::DeserializeOwned};
[INFO] [stdout]   |             ^^^^^^^^^^^
[INFO] [stdout] 
[INFO] [stdout] 
[INFO] [stdout] warning: unused variable: `e`
[INFO] [stdout]    --> src/core.rs:227:17
[INFO] [stdout]     |
[INFO] [stdout] 227 |             Err(e) => match NaiveDate::parse_from_str(v, "%Y-%m-%d") {
[INFO] [stdout]     |                 ^ help: if this is intentional, prefix it with an underscore: `_e`
[INFO] [stdout]     |
[INFO] [stdout]     = note: `#[warn(unused_variables)]` on by default
[INFO] [stdout] 
[INFO] [stdout] 
[INFO] [stdout] warning: 3 warnings emitted
[INFO] [stdout] 
[INFO] [stdout] 
[INFO] [stderr]     Finished test [unoptimized + debuginfo] target(s) in 28.48s
[INFO] [stderr] warning: the following packages contain code that will be rejected by a future version of Rust: rustc-serialize v0.3.24
[INFO] [stderr] note: to see what the problems were, use the option `--future-incompat-report`, or run `cargo report future-incompatibilities --id 1`
[INFO] running `Command { std: "docker" "inspect" "349851e866fb2419a189323671b8dd0ca411fdb844188337cbdca3e44323965e", kill_on_drop: false }`
[INFO] running `Command { std: "docker" "rm" "-f" "349851e866fb2419a189323671b8dd0ca411fdb844188337cbdca3e44323965e", kill_on_drop: false }`
[INFO] [stdout] 349851e866fb2419a189323671b8dd0ca411fdb844188337cbdca3e44323965e
[INFO] running `Command { std: "docker" "create" "-v" "/var/lib/crater-agent-workspace/builds/worker-0-tc1/target:/opt/rustwide/target:rw,Z" "-v" "/var/lib/crater-agent-workspace/builds/worker-0-tc1/source:/opt/rustwide/workdir:ro,Z" "-v" "/var/lib/crater-agent-workspace/cargo-home:/opt/rustwide/cargo-home:ro,Z" "-v" "/var/lib/crater-agent-workspace/rustup-home:/opt/rustwide/rustup-home:ro,Z" "-e" "SOURCE_DIR=/opt/rustwide/workdir" "-e" "CARGO_TARGET_DIR=/opt/rustwide/target" "-e" "CARGO_INCREMENTAL=0" "-e" "RUST_BACKTRACE=full" "-e" "RUSTFLAGS=--cap-lints=warn" "-e" "RUSTDOCFLAGS=--cap-lints=warn" "-e" "CARGO_HOME=/opt/rustwide/cargo-home" "-e" "RUSTUP_HOME=/opt/rustwide/rustup-home" "-w" "/opt/rustwide/workdir" "-m" "1610612736" "--user" "0:0" "--network" "none" "ghcr.io/rust-lang/crates-build-env/linux@sha256:2788e3201cd34a07e3172128adcd8b3090168a8e3bcc40d7c032b9dda1df7d1c" "/opt/rustwide/cargo-home/bin/cargo" "+1.75.0" "test" "--frozen", kill_on_drop: false }`
[INFO] [stdout] 921f340f68b8fbc1db60a0fcfd4eee9fa92b70f7d37472f73206c842cedec065
[INFO] running `Command { std: "docker" "start" "-a" "921f340f68b8fbc1db60a0fcfd4eee9fa92b70f7d37472f73206c842cedec065", kill_on_drop: false }`
[INFO] [stderr] warning: unused import: `f32::consts::E`
[INFO] [stderr]  --> src/errors.rs:1:80
[INFO] [stderr]   |
[INFO] [stderr] 1 | use std::{error::Error as StdError, result::Result as StdResult, fmt::Display, f32::consts::E};
[INFO] [stderr]   |                                                                                ^^^^^^^^^^^^^^
[INFO] [stderr]   |
[INFO] [stderr]   = note: `#[warn(unused_imports)]` on by default
[INFO] [stderr] 
[INFO] [stderr] warning: unused import: `Deserialize`
[INFO] [stderr]  --> src/errors.rs:3:13
[INFO] [stderr]   |
[INFO] [stderr] 3 | use serde::{Deserialize, de::DeserializeOwned};
[INFO] [stderr]   |             ^^^^^^^^^^^
[INFO] [stderr] 
[INFO] [stderr] warning: unused variable: `e`
[INFO] [stderr]    --> src/core.rs:227:17
[INFO] [stderr]     |
[INFO] [stderr] 227 |             Err(e) => match NaiveDate::parse_from_str(v, "%Y-%m-%d") {
[INFO] [stderr]     |                 ^ help: if this is intentional, prefix it with an underscore: `_e`
[INFO] [stderr]     |
[INFO] [stderr]     = note: `#[warn(unused_variables)]` on by default
[INFO] [stderr] 
[INFO] [stderr] warning: `twelve_data` (lib) generated 3 warnings (run `cargo fix --lib -p twelve_data` to apply 3 suggestions)
[INFO] [stderr] warning: `twelve_data` (lib test) generated 3 warnings (3 duplicates)
[INFO] [stderr]     Finished test [unoptimized + debuginfo] target(s) in 0.25s
[INFO] [stderr] warning: the following packages contain code that will be rejected by a future version of Rust: rustc-serialize v0.3.24
[INFO] [stderr] note: to see what the problems were, use the option `--future-incompat-report`, or run `cargo report future-incompatibilities --id 1`
[INFO] [stderr]      Running unittests src/lib.rs (/opt/rustwide/target/debug/deps/twelve_data-f953255d0fd38377)
[INFO] [stdout] 
[INFO] [stdout] running 3 tests
[INFO] [stdout] test core::test::test_timeseries_response ... ok
[INFO] [stdout] test core::test::test_quote_response ... ok
[INFO] [stdout] test test::time_series ... FAILED
[INFO] [stdout] 
[INFO] [stdout] failures:
[INFO] [stdout] 
[INFO] [stdout] ---- test::time_series stdout ----
[INFO] [stdout] thread 'test::time_series' panicked at src/lib.rs:228:41:
[INFO] [stdout] called `Result::unwrap()` on an `Err` value: NotPresent
[INFO] [stdout] stack backtrace:
[INFO] [stdout]    0:     0x561489a0c77c - std::backtrace_rs::backtrace::libunwind::trace::ha637c64ce894333a
[INFO] [stdout]                                at /rustc/82e1608dfa6e0b5569232559e3d385fea5a93112/library/std/src/../../backtrace/src/backtrace/libunwind.rs:104:5
[INFO] [stdout]    1:     0x561489a0c77c - std::backtrace_rs::backtrace::trace_unsynchronized::h47f62dea28e0c88d
[INFO] [stdout]                                at /rustc/82e1608dfa6e0b5569232559e3d385fea5a93112/library/std/src/../../backtrace/src/backtrace/mod.rs:66:5
[INFO] [stdout]    2:     0x561489a0c77c - std::sys_common::backtrace::_print_fmt::h9eef0abe20ede486
[INFO] [stdout]                                at /rustc/82e1608dfa6e0b5569232559e3d385fea5a93112/library/std/src/sys_common/backtrace.rs:67:5
[INFO] [stdout]    3:     0x561489a0c77c - <std::sys_common::backtrace::_print::DisplayBacktrace as core::fmt::Display>::fmt::hed7f999df88cc644
[INFO] [stdout]                                at /rustc/82e1608dfa6e0b5569232559e3d385fea5a93112/library/std/src/sys_common/backtrace.rs:44:22
[INFO] [stdout]    4:     0x561489a3a5c0 - core::fmt::rt::Argument::fmt::h1539a9308b8d058d
[INFO] [stdout]                                at /rustc/82e1608dfa6e0b5569232559e3d385fea5a93112/library/core/src/fmt/rt.rs:142:9
[INFO] [stdout]    5:     0x561489a3a5c0 - core::fmt::write::h3a39390d8560d9c9
[INFO] [stdout]                                at /rustc/82e1608dfa6e0b5569232559e3d385fea5a93112/library/core/src/fmt/mod.rs:1120:17
[INFO] [stdout]    6:     0x561489a095ef - std::io::Write::write_fmt::h040b369f3a0f9cbc
[INFO] [stdout]                                at /rustc/82e1608dfa6e0b5569232559e3d385fea5a93112/library/std/src/io/mod.rs:1762:15
[INFO] [stdout]    7:     0x561489a0c564 - std::sys_common::backtrace::_print::h894006fb5c6f3d45
[INFO] [stdout]                                at /rustc/82e1608dfa6e0b5569232559e3d385fea5a93112/library/std/src/sys_common/backtrace.rs:47:5
[INFO] [stdout]    8:     0x561489a0c564 - std::sys_common::backtrace::print::h23a2d212c6fff936
[INFO] [stdout]                                at /rustc/82e1608dfa6e0b5569232559e3d385fea5a93112/library/std/src/sys_common/backtrace.rs:34:9
[INFO] [stdout]    9:     0x561489a0e227 - std::panicking::default_hook::{{closure}}::h8a1d2ee00185001a
[INFO] [stdout]   10:     0x561489a0df13 - std::panicking::default_hook::h6038f2eba384e475
[INFO] [stdout]                                at /rustc/82e1608dfa6e0b5569232559e3d385fea5a93112/library/std/src/panicking.rs:289:9
[INFO] [stdout]   11:     0x5614898d9617 - <alloc::boxed::Box<F,A> as core::ops::function::Fn<Args>>::call::h0ad024c9bdc6d768
[INFO] [stdout]                                at /rustc/82e1608dfa6e0b5569232559e3d385fea5a93112/library/alloc/src/boxed.rs:2021:9
[INFO] [stdout]   12:     0x5614898d9617 - test::test_main::{{closure}}::h7500b54257359db6
[INFO] [stdout]                                at /rustc/82e1608dfa6e0b5569232559e3d385fea5a93112/library/test/src/lib.rs:138:21
[INFO] [stdout]   13:     0x561489a0e838 - <alloc::boxed::Box<F,A> as core::ops::function::Fn<Args>>::call::h1f8f335eaa9cfaee
[INFO] [stdout]                                at /rustc/82e1608dfa6e0b5569232559e3d385fea5a93112/library/alloc/src/boxed.rs:2021:9
[INFO] [stdout]   14:     0x561489a0e838 - std::panicking::rust_panic_with_hook::h2b5517d590cab22e
[INFO] [stdout]                                at /rustc/82e1608dfa6e0b5569232559e3d385fea5a93112/library/std/src/panicking.rs:783:13
[INFO] [stdout]   15:     0x561489a0e58e - std::panicking::begin_panic_handler::{{closure}}::h233112c06e0ef43e
[INFO] [stdout]                                at /rustc/82e1608dfa6e0b5569232559e3d385fea5a93112/library/std/src/panicking.rs:657:13
[INFO] [stdout]   16:     0x561489a0cc46 - std::sys_common::backtrace::__rust_end_short_backtrace::h6e893f24d7ebbff8
[INFO] [stdout]                                at /rustc/82e1608dfa6e0b5569232559e3d385fea5a93112/library/std/src/sys_common/backtrace.rs:170:18
[INFO] [stdout]   17:     0x561489a0e2f2 - rust_begin_unwind
[INFO] [stdout]                                at /rustc/82e1608dfa6e0b5569232559e3d385fea5a93112/library/std/src/panicking.rs:645:5
[INFO] [stdout]   18:     0x5614894cb605 - core::panicking::panic_fmt::hbf0e066aabfa482c
[INFO] [stdout]                                at /rustc/82e1608dfa6e0b5569232559e3d385fea5a93112/library/core/src/panicking.rs:72:14
[INFO] [stdout]   19:     0x5614894cbbd3 - core::result::unwrap_failed::hddb4fea594200c52
[INFO] [stdout]                                at /rustc/82e1608dfa6e0b5569232559e3d385fea5a93112/library/core/src/result.rs:1653:5
[INFO] [stdout]   20:     0x561489512b84 - core::result::Result<T,E>::unwrap::hae91a973ee916957
[INFO] [stdout]                                at /rustc/82e1608dfa6e0b5569232559e3d385fea5a93112/library/core/src/result.rs:1077:23
[INFO] [stdout]   21:     0x561489504bcb - twelve_data::test::get_api_key::h87c2530315097f5d
[INFO] [stdout]                                at /opt/rustwide/workdir/src/lib.rs:228:9
[INFO] [stdout]   22:     0x561489504c31 - twelve_data::test::time_series::hf3d4f51ffdf4f406
[INFO] [stdout]                                at /opt/rustwide/workdir/src/lib.rs:233:35
[INFO] [stdout]   23:     0x561489504bf7 - twelve_data::test::time_series::{{closure}}::h0ad20f5b3890519e
[INFO] [stdout]                                at /opt/rustwide/workdir/src/lib.rs:232:25
[INFO] [stdout]   24:     0x561489500aa6 - core::ops::function::FnOnce::call_once::hc28d7e3d92fb0362
[INFO] [stdout]                                at /rustc/82e1608dfa6e0b5569232559e3d385fea5a93112/library/core/src/ops/function.rs:250:5
[INFO] [stdout]   25:     0x5614898dec6f - core::ops::function::FnOnce::call_once::h2b5d431d5046312d
[INFO] [stdout]                                at /rustc/82e1608dfa6e0b5569232559e3d385fea5a93112/library/core/src/ops/function.rs:250:5
[INFO] [stdout]   26:     0x5614898dec6f - test::__rust_begin_short_backtrace::h7714669af176e207
[INFO] [stdout]                                at /rustc/82e1608dfa6e0b5569232559e3d385fea5a93112/library/test/src/lib.rs:628:18
[INFO] [stdout]   27:     0x5614898ddc85 - test::run_test_in_process::{{closure}}::h85218797dcbcec12
[INFO] [stdout]                                at /rustc/82e1608dfa6e0b5569232559e3d385fea5a93112/library/test/src/lib.rs:651:60
[INFO] [stdout]   28:     0x5614898ddc85 - <core::panic::unwind_safe::AssertUnwindSafe<F> as core::ops::function::FnOnce<()>>::call_once::h76c106ea31c14d7b
[INFO] [stdout]                                at /rustc/82e1608dfa6e0b5569232559e3d385fea5a93112/library/core/src/panic/unwind_safe.rs:272:9
[INFO] [stdout]   29:     0x5614898ddc85 - std::panicking::try::do_call::h3bd5d0f6620ee946
[INFO] [stdout]                                at /rustc/82e1608dfa6e0b5569232559e3d385fea5a93112/library/std/src/panicking.rs:552:40
[INFO] [stdout]   30:     0x5614898ddc85 - std::panicking::try::h232e535e4744fe31
[INFO] [stdout]                                at /rustc/82e1608dfa6e0b5569232559e3d385fea5a93112/library/std/src/panicking.rs:516:19
[INFO] [stdout]   31:     0x5614898ddc85 - std::panic::catch_unwind::h3ce3bd6ca8dbac68
[INFO] [stdout]                                at /rustc/82e1608dfa6e0b5569232559e3d385fea5a93112/library/std/src/panic.rs:142:14
[INFO] [stdout]   32:     0x5614898ddc85 - test::run_test_in_process::hc97b257c9621286a
[INFO] [stdout]                                at /rustc/82e1608dfa6e0b5569232559e3d385fea5a93112/library/test/src/lib.rs:651:27
[INFO] [stdout]   33:     0x5614898ddc85 - test::run_test::{{closure}}::h2aa798823a438d38
[INFO] [stdout]                                at /rustc/82e1608dfa6e0b5569232559e3d385fea5a93112/library/test/src/lib.rs:574:43
[INFO] [stdout]   34:     0x5614898a5f46 - test::run_test::{{closure}}::h87d231c78fb59832
[INFO] [stdout]                                at /rustc/82e1608dfa6e0b5569232559e3d385fea5a93112/library/test/src/lib.rs:602:41
[INFO] [stdout]   35:     0x5614898a5f46 - std::sys_common::backtrace::__rust_begin_short_backtrace::he6df152596625789
[INFO] [stdout]                                at /rustc/82e1608dfa6e0b5569232559e3d385fea5a93112/library/std/src/sys_common/backtrace.rs:154:18
[INFO] [stdout]   36:     0x5614898aaff7 - std::thread::Builder::spawn_unchecked_::{{closure}}::{{closure}}::ha94be15d1e0acf36
[INFO] [stdout]                                at /rustc/82e1608dfa6e0b5569232559e3d385fea5a93112/library/std/src/thread/mod.rs:529:17
[INFO] [stdout]   37:     0x5614898aaff7 - <core::panic::unwind_safe::AssertUnwindSafe<F> as core::ops::function::FnOnce<()>>::call_once::h9dc6bd6372f16606
[INFO] [stdout]                                at /rustc/82e1608dfa6e0b5569232559e3d385fea5a93112/library/core/src/panic/unwind_safe.rs:272:9
[INFO] [stdout]   38:     0x5614898aaff7 - std::panicking::try::do_call::h9057517f80303cd4
[INFO] [stdout]                                at /rustc/82e1608dfa6e0b5569232559e3d385fea5a93112/library/std/src/panicking.rs:552:40
[INFO] [stdout]   39:     0x5614898aaff7 - std::panicking::try::he3a30b11ee45340c
[INFO] [stdout]                                at /rustc/82e1608dfa6e0b5569232559e3d385fea5a93112/library/std/src/panicking.rs:516:19
[INFO] [stdout]   40:     0x5614898aaff7 - std::panic::catch_unwind::h410458cfd3528b8b
[INFO] [stdout]                                at /rustc/82e1608dfa6e0b5569232559e3d385fea5a93112/library/std/src/panic.rs:142:14
[INFO] [stdout]   41:     0x5614898aaff7 - std::thread::Builder::spawn_unchecked_::{{closure}}::h72ac3bdb567b737b
[INFO] [stdout]                                at /rustc/82e1608dfa6e0b5569232559e3d385fea5a93112/library/std/src/thread/mod.rs:528:30
[INFO] [stdout]   42:     0x5614898aaff7 - core::ops::function::FnOnce::call_once{{vtable.shim}}::h38f34da3654a8344
[INFO] [stdout]                                at /rustc/82e1608dfa6e0b5569232559e3d385fea5a93112/library/core/src/ops/function.rs:250:5
[INFO] [stdout]   43:     0x561489a13555 - <alloc::boxed::Box<F,A> as core::ops::function::FnOnce<Args>>::call_once::hc7eafaff61e32df9
[INFO] [stdout]                                at /rustc/82e1608dfa6e0b5569232559e3d385fea5a93112/library/alloc/src/boxed.rs:2007:9
[INFO] [stdout]   44:     0x561489a13555 - <alloc::boxed::Box<F,A> as core::ops::function::FnOnce<Args>>::call_once::h6ba4a5de48dd2304
[INFO] [stdout]                                at /rustc/82e1608dfa6e0b5569232559e3d385fea5a93112/library/alloc/src/boxed.rs:2007:9
[INFO] [stdout]   45:     0x561489a13555 - std::sys::unix::thread::Thread::new::thread_start::he469335aef763e45
[INFO] [stdout]                                at /rustc/82e1608dfa6e0b5569232559e3d385fea5a93112/library/std/src/sys/unix/thread.rs:108:17
[INFO] [stdout]   46:     0x7f8f7f264ac3 - <unknown>
[INFO] [stdout]   47:     0x7f8f7f2f5bf4 - __clone
[INFO] [stdout]   48:                0x0 - <unknown>
[INFO] [stdout] 
[INFO] [stdout] 
[INFO] [stdout] failures:
[INFO] [stdout]     test::time_series
[INFO] [stdout] 
[INFO] [stdout] test result: FAILED. 2 passed; 1 failed; 0 ignored; 0 measured; 0 filtered out; finished in 0.05s
[INFO] [stdout] 
[INFO] [stderr] error: test failed, to rerun pass `--lib`
[INFO] running `Command { std: "docker" "inspect" "921f340f68b8fbc1db60a0fcfd4eee9fa92b70f7d37472f73206c842cedec065", kill_on_drop: false }`
[INFO] running `Command { std: "docker" "rm" "-f" "921f340f68b8fbc1db60a0fcfd4eee9fa92b70f7d37472f73206c842cedec065", kill_on_drop: false }`
[INFO] [stdout] 921f340f68b8fbc1db60a0fcfd4eee9fa92b70f7d37472f73206c842cedec065
