[INFO] cloning repository https://github.com/kennoath/cata
[INFO] running `Command { std: "git" "-c" "credential.helper=" "-c" "credential.helper=/workspace/cargo-home/bin/git-credential-null" "clone" "--bare" "https://github.com/kennoath/cata" "/workspace/cache/git-repos/https%3A%2F%2Fgithub.com%2Fkennoath%2Fcata", kill_on_drop: false }`
[INFO] [stderr] Cloning into bare repository '/workspace/cache/git-repos/https%3A%2F%2Fgithub.com%2Fkennoath%2Fcata'...
[INFO] running `Command { std: "git" "rev-parse" "HEAD", kill_on_drop: false }`
[INFO] [stdout] ad4b900a5f0d58010933381cc51b821a706136af
[INFO] testing kennoath/cata against 1.75.0 for beta-1.76-3
[INFO] running `Command { std: "git" "clone" "/workspace/cache/git-repos/https%3A%2F%2Fgithub.com%2Fkennoath%2Fcata" "/workspace/builds/worker-1-tc1/source", kill_on_drop: false }`
[INFO] [stderr] Cloning into '/workspace/builds/worker-1-tc1/source'...
[INFO] [stderr] done.
[INFO] validating manifest of git repo https://github.com/kennoath/cata on toolchain 1.75.0
[INFO] running `Command { std: CARGO_HOME="/workspace/cargo-home" RUSTUP_HOME="/workspace/rustup-home" "/workspace/cargo-home/bin/cargo" "+1.75.0" "metadata" "--manifest-path" "Cargo.toml" "--no-deps", kill_on_drop: false }`
[INFO] started tweaking git repo https://github.com/kennoath/cata
[INFO] finished tweaking git repo https://github.com/kennoath/cata
[INFO] tweaked toml for git repo https://github.com/kennoath/cata written to /workspace/builds/worker-1-tc1/source/Cargo.toml
[INFO] crate git repo https://github.com/kennoath/cata already has a lockfile, it will not be regenerated
[INFO] running `Command { std: CARGO_HOME="/workspace/cargo-home" RUSTUP_HOME="/workspace/rustup-home" "/workspace/cargo-home/bin/cargo" "+1.75.0" "fetch" "--manifest-path" "Cargo.toml", kill_on_drop: false }`
[INFO] [stderr]     Blocking waiting for file lock on package cache
[INFO] [stderr]     Updating crates.io index
[INFO] [stderr]  Downloading crates ...
[INFO] [stderr]   Downloaded cexpr v0.6.0
[INFO] [stderr]   Downloaded wayland-commons v0.29.5
[INFO] [stderr]   Downloaded phf_codegen v0.7.24
[INFO] [stderr]   Downloaded once_cell v1.16.0
[INFO] [stderr]   Downloaded assert_hex v0.2.2
[INFO] [stderr]   Downloaded phf_shared v0.7.24
[INFO] [stderr]   Downloaded ndk-glue v0.6.2
[INFO] [stderr]   Downloaded shlex v1.1.0
[INFO] [stderr]   Downloaded phf v0.7.24
[INFO] [stderr]   Downloaded peeking_take_while v0.1.2
[INFO] [stderr]   Downloaded thiserror-impl v1.0.37
[INFO] [stderr]   Downloaded wayland-scanner v0.29.5
[INFO] [stderr]   Downloaded unicode-ident v1.0.5
[INFO] [stderr]   Downloaded parking_lot_core v0.8.5
[INFO] [stderr]   Downloaded libc v0.2.138
[INFO] [stderr]   Downloaded windows_i686_gnu v0.42.0
[INFO] [stderr]   Downloaded windows_i686_msvc v0.42.0
[INFO] [stderr]   Downloaded windows_x86_64_gnu v0.42.0
[INFO] [stderr]   Downloaded windows_x86_64_msvc v0.42.0
[INFO] [stderr]   Downloaded ndk-sys v0.3.0
[INFO] [stderr]   Downloaded windows_aarch64_msvc v0.42.0
[INFO] [stderr]   Downloaded nix v0.22.3
[INFO] [stderr]   Downloaded syn v1.0.105
[INFO] [stderr]   Downloaded wayland-protocols v0.29.5
[INFO] [stderr]   Downloaded winit v0.26.1
[INFO] [stderr]   Downloaded nom v7.1.1
[INFO] [stderr]   Downloaded nix v0.23.2
[INFO] [stderr]   Downloaded oboe-sys v0.4.5
[INFO] [stderr]   Downloaded itertools v0.4.19
[INFO] [stderr]   Downloaded windows_aarch64_gnullvm v0.42.0
[INFO] [stderr]   Downloaded windows_x86_64_gnullvm v0.42.0
[INFO] [stderr]   Downloaded toml v0.5.9
[INFO] [stderr]   Downloaded jni v0.19.0
[INFO] [stderr]   Downloaded stdweb v0.1.3
[INFO] [stderr]   Downloaded cpal v0.13.5
[INFO] [stderr]   Downloaded slotmap v1.0.6
[INFO] [stderr]   Downloaded glow v0.11.2
[INFO] [stderr]   Downloaded x11-dl v2.20.1
[INFO] [stderr]   Downloaded cc v1.0.77
[INFO] [stderr]   Downloaded nix v0.24.3
[INFO] [stderr]   Downloaded smithay-client-toolkit v0.15.4
[INFO] [stderr]   Downloaded alsa v0.6.0
[INFO] [stderr]   Downloaded regex v1.7.0
[INFO] [stderr]   Downloaded bindgen v0.61.0
[INFO] [stderr]   Downloaded bytes v1.3.0
[INFO] [stderr]   Downloaded glutin v0.28.0
[INFO] [stderr]   Downloaded mio v0.8.5
[INFO] [stderr]   Downloaded serde v1.0.149
[INFO] [stderr]   Downloaded calloop v0.9.3
[INFO] [stderr]   Downloaded wayland-client v0.29.5
[INFO] [stderr]   Downloaded proc-macro2 v1.0.47
[INFO] [stderr]   Downloaded anyhow v1.0.66
[INFO] [stderr]   Downloaded clang-sys v1.4.0
[INFO] [stderr]   Downloaded coreaudio-rs v0.10.0
[INFO] [stderr]   Downloaded ndk v0.5.0
[INFO] [stderr]   Downloaded bumpalo v3.11.1
[INFO] [stderr]   Downloaded alsa-sys v0.3.1
[INFO] [stderr]   Downloaded rustc-hash v1.1.0
[INFO] [stderr]   Downloaded mach v0.3.2
[INFO] [stderr]   Downloaded ndk-macro v0.3.0
[INFO] [stderr]   Downloaded num_enum v0.5.7
[INFO] [stderr]   Downloaded thiserror v1.0.37
[INFO] [stderr]   Downloaded proc-macro-crate v1.2.1
[INFO] [stderr]   Downloaded memmap2 v0.3.1
[INFO] [stderr]   Downloaded ndk v0.6.0
[INFO] [stderr]   Downloaded cache-padded v1.2.0
[INFO] [stderr]   Downloaded glob v0.3.0
[INFO] [stderr]   Downloaded num-derive v0.3.3
[INFO] [stderr]   Downloaded oboe v0.4.6
[INFO] [stderr]   Downloaded ordered-float v3.4.0
[INFO] [stderr]   Downloaded ringbuf v0.2.8
[INFO] [stderr]   Downloaded ndk-glue v0.5.2
[INFO] [stderr]   Downloaded jobserver v0.1.25
[INFO] [stderr]   Downloaded wayland-sys v0.29.5
[INFO] [stderr]   Downloaded num_enum_derive v0.5.7
[INFO] [stderr]   Downloaded siphasher v0.2.3
[INFO] [stderr]   Downloaded autocfg v0.1.8
[INFO] [stderr]   Downloaded phf_generator v0.7.24
[INFO] [stderr]   Downloaded coreaudio-sys v0.2.11
[INFO] [stderr]   Downloaded wayland-cursor v0.29.5
[INFO] [stderr]   Downloaded wayland-egl v0.29.5
[INFO] running `Command { std: "docker" "create" "-v" "/var/lib/crater-agent-workspace/builds/worker-1-tc1/target:/opt/rustwide/target:rw,Z" "-v" "/var/lib/crater-agent-workspace/builds/worker-1-tc1/source:/opt/rustwide/workdir:ro,Z" "-v" "/var/lib/crater-agent-workspace/cargo-home:/opt/rustwide/cargo-home:ro,Z" "-v" "/var/lib/crater-agent-workspace/rustup-home:/opt/rustwide/rustup-home:ro,Z" "-e" "SOURCE_DIR=/opt/rustwide/workdir" "-e" "CARGO_TARGET_DIR=/opt/rustwide/target" "-e" "CARGO_HOME=/opt/rustwide/cargo-home" "-e" "RUSTUP_HOME=/opt/rustwide/rustup-home" "-w" "/opt/rustwide/workdir" "-m" "1610612736" "--user" "0:0" "--network" "none" "ghcr.io/rust-lang/crates-build-env/linux@sha256:2788e3201cd34a07e3172128adcd8b3090168a8e3bcc40d7c032b9dda1df7d1c" "/opt/rustwide/cargo-home/bin/cargo" "+1.75.0" "metadata" "--no-deps" "--format-version=1", kill_on_drop: false }`
[INFO] [stdout] f6c34045701ef0a35d6e0a057892b5ee81552134b0c14e8b1d028e3ae9527eb5
[INFO] running `Command { std: "docker" "start" "-a" "f6c34045701ef0a35d6e0a057892b5ee81552134b0c14e8b1d028e3ae9527eb5", kill_on_drop: false }`
[INFO] running `Command { std: "docker" "inspect" "f6c34045701ef0a35d6e0a057892b5ee81552134b0c14e8b1d028e3ae9527eb5", kill_on_drop: false }`
[INFO] running `Command { std: "docker" "rm" "-f" "f6c34045701ef0a35d6e0a057892b5ee81552134b0c14e8b1d028e3ae9527eb5", kill_on_drop: false }`
[INFO] [stdout] f6c34045701ef0a35d6e0a057892b5ee81552134b0c14e8b1d028e3ae9527eb5
[INFO] running `Command { std: "docker" "create" "-v" "/var/lib/crater-agent-workspace/builds/worker-1-tc1/target:/opt/rustwide/target:rw,Z" "-v" "/var/lib/crater-agent-workspace/builds/worker-1-tc1/source:/opt/rustwide/workdir:ro,Z" "-v" "/var/lib/crater-agent-workspace/cargo-home:/opt/rustwide/cargo-home:ro,Z" "-v" "/var/lib/crater-agent-workspace/rustup-home:/opt/rustwide/rustup-home:ro,Z" "-e" "SOURCE_DIR=/opt/rustwide/workdir" "-e" "CARGO_TARGET_DIR=/opt/rustwide/target" "-e" "CARGO_INCREMENTAL=0" "-e" "RUST_BACKTRACE=full" "-e" "RUSTFLAGS=--cap-lints=warn" "-e" "RUSTDOCFLAGS=--cap-lints=warn" "-e" "CARGO_HOME=/opt/rustwide/cargo-home" "-e" "RUSTUP_HOME=/opt/rustwide/rustup-home" "-w" "/opt/rustwide/workdir" "-m" "1610612736" "--user" "0:0" "--network" "none" "ghcr.io/rust-lang/crates-build-env/linux@sha256:2788e3201cd34a07e3172128adcd8b3090168a8e3bcc40d7c032b9dda1df7d1c" "/opt/rustwide/cargo-home/bin/cargo" "+1.75.0" "build" "--frozen" "--message-format=json", kill_on_drop: false }`
[INFO] [stdout] 031fa475a66fb712436323290b75d14cb28fed8fd8b20f7dfb047024a18755cb
[INFO] running `Command { std: "docker" "start" "-a" "031fa475a66fb712436323290b75d14cb28fed8fd8b20f7dfb047024a18755cb", kill_on_drop: false }`
[INFO] [stderr]    Compiling libc v0.2.138
[INFO] [stderr]    Compiling cfg-if v1.0.0
[INFO] [stderr]    Compiling proc-macro2 v1.0.47
[INFO] [stderr]    Compiling xml-rs v0.8.4
[INFO] [stderr]    Compiling quote v1.0.21
[INFO] [stderr]    Compiling unicode-ident v1.0.5
[INFO] [stderr]    Compiling memoffset v0.6.5
[INFO] [stderr]    Compiling log v0.4.17
[INFO] [stderr]    Compiling bitflags v1.3.2
[INFO] [stderr]    Compiling autocfg v0.1.8
[INFO] [stderr]    Compiling rand_core v0.4.2
[INFO] [stderr]    Compiling lazy_static v1.4.0
[INFO] [stderr]    Compiling smallvec v1.10.0
[INFO] [stderr]    Compiling num-traits v0.2.15
[INFO] [stderr]    Compiling khronos_api v3.1.0
[INFO] [stderr]    Compiling wayland-sys v0.29.5
[INFO] [stderr]    Compiling libloading v0.7.4
[INFO] [stderr]    Compiling rand_pcg v0.1.2
[INFO] [stderr]    Compiling rand_chacha v0.1.1
[INFO] [stderr]    Compiling memchr v2.5.0
[INFO] [stderr]    Compiling rand_core v0.3.1
[INFO] [stderr]    Compiling dlib v0.5.0
[INFO] [stderr]    Compiling once_cell v1.16.0
[INFO] [stderr]    Compiling rand v0.6.5
[INFO] [stderr]    Compiling num-integer v0.1.45
[INFO] [stderr]    Compiling scoped-tls v1.0.1
[INFO] [stderr]    Compiling downcast-rs v1.2.0
[INFO] [stderr]    Compiling rand_hc v0.1.0
[INFO] [stderr]    Compiling rand_isaac v0.1.1
[INFO] [stderr]    Compiling rand_xorshift v0.1.1
[INFO] [stderr]    Compiling rand_jitter v0.1.4
[INFO] [stderr]    Compiling minimal-lexical v0.2.1
[INFO] [stderr]    Compiling siphasher v0.2.3
[INFO] [stderr]    Compiling parking_lot_core v0.8.5
[INFO] [stderr]    Compiling lock_api v0.4.9
[INFO] [stderr]    Compiling instant v0.1.12
[INFO] [stderr]    Compiling phf_shared v0.7.24
[INFO] [stderr]    Compiling x11-dl v2.20.1
[INFO] [stderr]    Compiling scopeguard v1.1.0
[INFO] [stderr]    Compiling rustc-serialize v0.3.24
[INFO] [stderr]    Compiling gl_generator v0.14.0
[INFO] [stderr]    Compiling syn v1.0.105
[INFO] [stderr]    Compiling alsa-sys v0.3.1
[INFO] [stderr]    Compiling smithay-client-toolkit v0.15.4
[INFO] [stderr]    Compiling num-iter v0.1.43
[INFO] [stderr]    Compiling crc32fast v1.3.2
[INFO] [stderr]    Compiling cty v0.2.2
[INFO] [stderr]    Compiling thiserror v1.0.37
[INFO] [stderr]    Compiling adler v1.0.2
[INFO] [stderr]    Compiling winit v0.26.1
[INFO] [stderr]    Compiling miniz_oxide v0.6.2
[INFO] [stderr]    Compiling nom v7.1.1
[INFO] [stderr]    Compiling raw-window-handle v0.4.3
[INFO] [stderr]    Compiling percent-encoding v2.2.0
[INFO] [stderr]    Compiling glutin_glx_sys v0.1.8
[INFO] [stderr]    Compiling glutin_egl_sys v0.1.6
[INFO] [stderr]    Compiling anyhow v1.0.66
[INFO] [stderr]    Compiling wayland-scanner v0.29.5
[INFO] [stderr]    Compiling rand_os v0.1.3
[INFO] [stderr]    Compiling cpal v0.13.5
[INFO] [stderr]    Compiling flate2 v1.0.25
[INFO] [stderr]    Compiling phf v0.7.24
[INFO] [stderr]    Compiling cache-padded v1.2.0
[INFO] [stderr]    Compiling approx v0.1.1
[INFO] [stderr]    Compiling ringbuf v0.2.8
[INFO] [stderr]    Compiling nix v0.24.3
[INFO] [stderr]    Compiling rand v0.4.6
[INFO] [stderr]    Compiling nix v0.22.3
[INFO] [stderr]    Compiling parking_lot v0.11.2
[INFO] [stderr]    Compiling phf_generator v0.7.24
[INFO] [stderr]    Compiling phf_codegen v0.7.24
[INFO] [stderr]    Compiling memmap2 v0.3.1
[INFO] [stderr]    Compiling palette v0.2.1
[INFO] [stderr]    Compiling nix v0.23.2
[INFO] [stderr]    Compiling mio v0.8.5
[INFO] [stderr]    Compiling shared_library v0.1.9
[INFO] [stderr]    Compiling wayland-client v0.29.5
[INFO] [stderr]    Compiling wayland-protocols v0.29.5
[INFO] [stderr]    Compiling num-bigint v0.1.44
[INFO] [stderr]    Compiling num-complex v0.1.43
[INFO] [stderr]    Compiling osmesa-sys v0.1.2
[INFO] [stderr]    Compiling xcursor v0.3.4
[INFO] [stderr]    Compiling png v0.17.7
[INFO] [stderr]    Compiling ordered-float v3.4.0
[INFO] [stderr]    Compiling glow v0.11.2
[INFO] [stderr]    Compiling num-rational v0.1.42
[INFO] [stderr]    Compiling wayland-commons v0.29.5
[INFO] [stderr]    Compiling num v0.1.42
[INFO] [stderr]    Compiling assert_hex v0.2.2
[INFO] [stderr]    Compiling thiserror-impl v1.0.37
[INFO] [stderr]    Compiling itertools v0.4.19
[INFO] [stderr]    Compiling calloop v0.9.3
[INFO] [stderr]    Compiling alsa v0.6.0
[INFO] [stderr]    Compiling wayland-cursor v0.29.5
[INFO] [stderr]    Compiling wayland-egl v0.29.5
[INFO] [stderr]    Compiling glutin v0.28.0
[INFO] [stderr]    Compiling cata v0.1.0 (/opt/rustwide/workdir)
[INFO] [stdout] warning: unused import: `std::f32::consts::SQRT_2`
[INFO] [stdout]  --> src/kmath.rs:2:9
[INFO] [stdout]   |
[INFO] [stdout] 2 | pub use std::f32::consts::SQRT_2;
[INFO] [stdout]   |         ^^^^^^^^^^^^^^^^^^^^^^^^
[INFO] [stdout]   |
[INFO] [stdout]   = note: `#[warn(unused_imports)]` on by default
[INFO] [stdout] 
[INFO] [stdout] 
[INFO] [stdout] warning: unnecessary parentheses around function argument
[INFO] [stdout]   --> src/kimg.rs:54:34
[INFO] [stdout]    |
[INFO] [stdout] 54 |         let mut data = vec![0u8; (3*self.w*self.h)];
[INFO] [stdout]    |                                  ^               ^
[INFO] [stdout]    |
[INFO] [stdout]    = note: `#[warn(unused_parens)]` on by default
[INFO] [stdout] help: remove these parentheses
[INFO] [stdout]    |
[INFO] [stdout] 54 -         let mut data = vec![0u8; (3*self.w*self.h)];
[INFO] [stdout] 54 +         let mut data = vec![0u8; 3*self.w*self.h];
[INFO] [stdout]    |
[INFO] [stdout] 
[INFO] [stdout] 
[INFO] [stdout] warning: unnecessary parentheses around function argument
[INFO] [stdout]    --> src/kimg.rs:159:34
[INFO] [stdout]     |
[INFO] [stdout] 159 |         let mut data = vec![0u8; (4*self.w*self.h)];
[INFO] [stdout]     |                                  ^               ^
[INFO] [stdout]     |
[INFO] [stdout] help: remove these parentheses
[INFO] [stdout]     |
[INFO] [stdout] 159 -         let mut data = vec![0u8; (4*self.w*self.h)];
[INFO] [stdout] 159 +         let mut data = vec![0u8; 4*self.w*self.h];
[INFO] [stdout]     |
[INFO] [stdout] 
[INFO] [stdout] 
[INFO] [stdout] warning: unused import: `std::iter::repeat`
[INFO] [stdout]  --> src/game.rs:2:5
[INFO] [stdout]   |
[INFO] [stdout] 2 | use std::iter::repeat;
[INFO] [stdout]   |     ^^^^^^^^^^^^^^^^^
[INFO] [stdout] 
[INFO] [stdout] 
[INFO] [stdout] warning: unused import: `crate::kimg::*`
[INFO] [stdout]  --> src/game.rs:6:5
[INFO] [stdout]   |
[INFO] [stdout] 6 | use crate::kimg::*;
[INFO] [stdout]   |     ^^^^^^^^^^^^^^
[INFO] [stdout] 
[INFO] [stdout] 
[INFO] [stdout] warning: unused import: `glutin::event::VirtualKeyCode`
[INFO] [stdout]  --> src/root_scene.rs:1:5
[INFO] [stdout]   |
[INFO] [stdout] 1 | use glutin::event::VirtualKeyCode;
[INFO] [stdout]   |     ^^^^^^^^^^^^^^^^^^^^^^^^^^^^^
[INFO] [stdout] 
[INFO] [stdout] 
[INFO] [stdout] warning: unused import: `crate::kmath::*`
[INFO] [stdout]  --> src/root_scene.rs:3:5
[INFO] [stdout]   |
[INFO] [stdout] 3 | use crate::kmath::*;
[INFO] [stdout]   |     ^^^^^^^^^^^^^^^
[INFO] [stdout] 
[INFO] [stdout] 
[INFO] [stdout] warning: unused import: `crate::priority_queue::*`
[INFO] [stdout]  --> src/level.rs:3:5
[INFO] [stdout]   |
[INFO] [stdout] 3 | use crate::priority_queue::*;
[INFO] [stdout]   |     ^^^^^^^^^^^^^^^^^^^^^^^^
[INFO] [stdout] 
[INFO] [stdout] 
[INFO] [stdout] warning: unused import: `std::collections::VecDeque`
[INFO] [stdout]   --> src/level.rs:10:5
[INFO] [stdout]    |
[INFO] [stdout] 10 | use std::collections::VecDeque;
[INFO] [stdout]    |     ^^^^^^^^^^^^^^^^^^^^^^^^^^
[INFO] [stdout] 
[INFO] [stdout] 
[INFO] [stdout] warning: unused import: `crate::kimg::*`
[INFO] [stdout]  --> src/distance_field.rs:6:5
[INFO] [stdout]   |
[INFO] [stdout] 6 | use crate::kimg::*;
[INFO] [stdout]   |     ^^^^^^^^^^^^^^
[INFO] [stdout] 
[INFO] [stdout] 
[INFO] [stdout] warning: variable does not need to be mutable
[INFO] [stdout]   --> src/audio.rs:15:14
[INFO] [stdout]    |
[INFO] [stdout] 15 |         let (mut prod, mut cons) = rb.split();
[INFO] [stdout]    |              ----^^^^
[INFO] [stdout]    |              |
[INFO] [stdout]    |              help: remove this `mut`
[INFO] [stdout]    |
[INFO] [stdout]    = note: `#[warn(unused_mut)]` on by default
[INFO] [stdout] 
[INFO] [stdout] 
[INFO] [stdout] warning: variable does not need to be mutable
[INFO] [stdout]   --> src/audio.rs:15:24
[INFO] [stdout]    |
[INFO] [stdout] 15 |         let (mut prod, mut cons) = rb.split();
[INFO] [stdout]    |                        ----^^^^
[INFO] [stdout]    |                        |
[INFO] [stdout]    |                        help: remove this `mut`
[INFO] [stdout] 
[INFO] [stdout] 
[INFO] [stdout] warning: variable does not need to be mutable
[INFO] [stdout]   --> src/audio.rs:16:13
[INFO] [stdout]    |
[INFO] [stdout] 16 |         let mut audio = Audio {
[INFO] [stdout]    |             ----^^^^^
[INFO] [stdout]    |             |
[INFO] [stdout]    |             help: remove this `mut`
[INFO] [stdout] 
[INFO] [stdout] 
[INFO] [stdout] warning: unused variable: `falling`
[INFO] [stdout]    --> src/game.rs:550:113
[INFO] [stdout]     |
[INFO] [stdout] 550 |     pub fn do_item(&mut self, inputs: &FrameInputs, outputs: &mut FrameOutputs, id: u32, dt: f32, rising: bool, falling: bool) {
[INFO] [stdout]     |                                                                                                                 ^^^^^^^ help: if this is intentional, prefix it with an underscore: `_falling`
[INFO] [stdout]     |
[INFO] [stdout]     = note: `#[warn(unused_variables)]` on by default
[INFO] [stdout] 
[INFO] [stdout] 
[INFO] [stdout] warning: unused variable: `basic_id`
[INFO] [stdout]   --> src/enemy_repo.rs:83:13
[INFO] [stdout]    |
[INFO] [stdout] 83 |         let basic_id = repo.push(basic);
[INFO] [stdout]    |             ^^^^^^^^ help: if this is intentional, prefix it with an underscore: `_basic_id`
[INFO] [stdout] 
[INFO] [stdout] 
[INFO] [stdout] warning: unused variable: `shooter_id`
[INFO] [stdout]    --> src/enemy_repo.rs:104:13
[INFO] [stdout]     |
[INFO] [stdout] 104 |         let shooter_id = repo.push(shooter);
[INFO] [stdout]     |             ^^^^^^^^^^ help: if this is intentional, prefix it with an underscore: `_shooter_id`
[INFO] [stdout] 
[INFO] [stdout] 
[INFO] [stdout] warning: unused variable: `stationary_shooter_id`
[INFO] [stdout]    --> src/enemy_repo.rs:114:13
[INFO] [stdout]     |
[INFO] [stdout] 114 |         let stationary_shooter_id = repo.push(stationary_shooter);
[INFO] [stdout]     |             ^^^^^^^^^^^^^^^^^^^^^ help: if this is intentional, prefix it with an underscore: `_stationary_shooter_id`
[INFO] [stdout] 
[INFO] [stdout] 
[INFO] [stdout] warning: variable does not need to be mutable
[INFO] [stdout]   --> src/enemy_repo.rs:77:13
[INFO] [stdout]    |
[INFO] [stdout] 77 |         let mut default = EnemyRecord::default();
[INFO] [stdout]    |             ----^^^^^^^
[INFO] [stdout]    |             |
[INFO] [stdout]    |             help: remove this `mut`
[INFO] [stdout] 
[INFO] [stdout] 
[INFO] [stdout] warning: unused variable: `iter`
[INFO] [stdout]    --> src/distance_field.rs:194:9
[INFO] [stdout]     |
[INFO] [stdout] 194 |     for iter in 0..4 {
[INFO] [stdout]     |         ^^^^ help: if this is intentional, prefix it with an underscore: `_iter`
[INFO] [stdout] 
[INFO] [stdout] 
[INFO] [stdout] warning: static `DEG_TO_RAD` is never used
[INFO] [stdout]  --> src/kmath.rs:3:12
[INFO] [stdout]   |
[INFO] [stdout] 3 | pub static DEG_TO_RAD: f32 = 180.0 / PI;
[INFO] [stdout]   |            ^^^^^^^^^^
[INFO] [stdout]   |
[INFO] [stdout]   = note: `#[warn(dead_code)]` on by default
[INFO] [stdout] 
[INFO] [stdout] 
[INFO] [stdout] warning: function `unlerp` is never used
[INFO] [stdout]   --> src/kmath.rs:12:8
[INFO] [stdout]    |
[INFO] [stdout] 12 | pub fn unlerp(x: f32, t1: f32, t2: f32) -> f32 {
[INFO] [stdout]    |        ^^^^^^
[INFO] [stdout] 
[INFO] [stdout] 
[INFO] [stdout] warning: function `remap` is never used
[INFO] [stdout]   --> src/kmath.rs:16:8
[INFO] [stdout]    |
[INFO] [stdout] 16 | pub fn remap(x: f32, from_low: f32, from_high: f32, to_low: f32, to_high: f32) -> f32 {
[INFO] [stdout]    |        ^^^^^
[INFO] [stdout] 
[INFO] [stdout] 
[INFO] [stdout] warning: function `cubic_bezier` is never used
[INFO] [stdout]   --> src/kmath.rs:20:8
[INFO] [stdout]    |
[INFO] [stdout] 20 | pub fn cubic_bezier(start: Vec2, c1: Vec2, c2: Vec2, end: Vec2, t: f32) -> Vec2 {
[INFO] [stdout]    |        ^^^^^^^^^^^^
[INFO] [stdout] 
[INFO] [stdout] 
[INFO] [stdout] warning: struct `ImageBuffer` is never constructed
[INFO] [stdout]  --> src/kimg.rs:6:12
[INFO] [stdout]   |
[INFO] [stdout] 6 | pub struct ImageBuffer {
[INFO] [stdout]   |            ^^^^^^^^^^^
[INFO] [stdout] 
[INFO] [stdout] 
[INFO] [stdout] warning: associated items `new`, `set_px`, `get_px`, `new_from_file`, and `dump_to_file` are never used
[INFO] [stdout]   --> src/kimg.rs:15:12
[INFO] [stdout]    |
[INFO] [stdout] 14 | impl ImageBuffer {
[INFO] [stdout]    | ---------------- associated items in this implementation
[INFO] [stdout] 15 |     pub fn new(w: usize, h: usize) -> ImageBuffer {
[INFO] [stdout]    |            ^^^
[INFO] [stdout] ...
[INFO] [stdout] 22 |     pub fn set_px(&mut self, x: usize, y: usize, val: (u8, u8, u8)) {
[INFO] [stdout]    |            ^^^^^^
[INFO] [stdout] ...
[INFO] [stdout] 25 |     pub fn get_px(&self, x: usize, y: usize) -> (u8, u8, u8) {
[INFO] [stdout]    |            ^^^^^^
[INFO] [stdout] ...
[INFO] [stdout] 29 |     pub fn new_from_file(path_str: &str) -> ImageBuffer {
[INFO] [stdout]    |            ^^^^^^^^^^^^^
[INFO] [stdout] ...
[INFO] [stdout] 49 |     pub fn dump_to_file(&self, path_str: &str) {
[INFO] [stdout]    |            ^^^^^^^^^^^^
[INFO] [stdout] 
[INFO] [stdout] 
[INFO] [stdout] warning: methods `get_px`, `bytes_transpose`, and `dump_to_file` are never used
[INFO] [stdout]    --> src/kimg.rs:103:12
[INFO] [stdout]     |
[INFO] [stdout] 92  | impl ImageBufferA {
[INFO] [stdout]     | ----------------- methods in this implementation
[INFO] [stdout] ...
[INFO] [stdout] 103 |     pub fn get_px(&self, x: usize, y: usize) -> (u8, u8, u8, u8) {
[INFO] [stdout]     |            ^^^^^^
[INFO] [stdout] ...
[INFO] [stdout] 141 |     pub fn bytes_transpose(&self) -> Vec<u8> {
[INFO] [stdout]     |            ^^^^^^^^^^^^^^^
[INFO] [stdout] ...
[INFO] [stdout] 154 |     pub fn dump_to_file(&self, path_str: &str) {
[INFO] [stdout]     |            ^^^^^^^^^^^^
[INFO] [stdout] 
[INFO] [stdout] 
[INFO] [stdout] warning: function `vol_to_db` is never used
[INFO] [stdout]   --> src/audio.rs:33:8
[INFO] [stdout]    |
[INFO] [stdout] 33 | pub fn vol_to_db(vol: f32) -> f32 {
[INFO] [stdout]    |        ^^^^^^^^^
[INFO] [stdout] 
[INFO] [stdout] 
[INFO] [stdout] warning: methods `push_center_str`, `pushl`, and `pushc` are never used
[INFO] [stdout]   --> src/renderers/font_rendering.rs:58:12
[INFO] [stdout]    |
[INFO] [stdout] 42 | impl GlyphBuffer {
[INFO] [stdout]    | ---------------- methods in this implementation
[INFO] [stdout] ...
[INFO] [stdout] 58 |     pub fn push_center_str(&mut self, s: &str, mut x: f32, y: f32, w: f32, h: f32, d: f32, colour: Vec4) {
[INFO] [stdout]    |            ^^^^^^^^^^^^^^^
[INFO] [stdout] ...
[INFO] [stdout] 68 |     pub fn pushl(&mut self, r: Rect, s: &str, a: f32, c: Vec4, d: f32) {
[INFO] [stdout]    |            ^^^^^
[INFO] [stdout] ...
[INFO] [stdout] 78 |     pub fn pushc(&mut self, mut r: Rect, s: &str, a: f32, c: Vec4, d: f32) {
[INFO] [stdout]    |            ^^^^^
[INFO] [stdout] 
[INFO] [stdout] 
[INFO] [stdout] warning: methods `key_pressed_or_repeating` and `key_released` are never used
[INFO] [stdout]   --> src/kapp.rs:57:12
[INFO] [stdout]    |
[INFO] [stdout] 50 | impl FrameInputs {
[INFO] [stdout]    | ---------------- methods in this implementation
[INFO] [stdout] ...
[INFO] [stdout] 57 |     pub fn key_pressed_or_repeating(&self, keycode: VirtualKeyCode) -> bool {
[INFO] [stdout]    |            ^^^^^^^^^^^^^^^^^^^^^^^^
[INFO] [stdout] ...
[INFO] [stdout] 60 |     pub fn key_released(&self, keycode: VirtualKeyCode) -> bool {
[INFO] [stdout]    |            ^^^^^^^^^^^^
[INFO] [stdout] 
[INFO] [stdout] 
[INFO] [stdout] warning: constant `STAIRS_UP` is never used
[INFO] [stdout]   --> src/level.rs:36:11
[INFO] [stdout]    |
[INFO] [stdout] 36 | pub const STAIRS_UP: u32 = 3;
[INFO] [stdout]    |           ^^^^^^^^^
[INFO] [stdout] 
[INFO] [stdout] 
[INFO] [stdout] warning: constant `ENEMY_SITE` is never used
[INFO] [stdout]   --> src/level.rs:37:11
[INFO] [stdout]    |
[INFO] [stdout] 37 | pub const ENEMY_SITE: u32 = 1;
[INFO] [stdout]    |           ^^^^^^^^^^
[INFO] [stdout] 
[INFO] [stdout] 
[INFO] [stdout] warning: constant `CLOSED` is never used
[INFO] [stdout]   --> src/level.rs:38:11
[INFO] [stdout]    |
[INFO] [stdout] 38 | pub const CLOSED: u32 = 0;
[INFO] [stdout]    |           ^^^^^^
[INFO] [stdout] 
[INFO] [stdout] 
[INFO] [stdout] warning: method `estimate_normal` is never used
[INFO] [stdout]    --> src/level.rs:246:12
[INFO] [stdout]     |
[INFO] [stdout] 40  | impl Level {
[INFO] [stdout]     | ---------- method in this implementation
[INFO] [stdout] ...
[INFO] [stdout] 246 |     pub fn estimate_normal(&self, p: Vec2, r: f32) -> Option<Vec2> {
[INFO] [stdout]     |            ^^^^^^^^^^^^^^^
[INFO] [stdout] 
[INFO] [stdout] 
[INFO] [stdout] warning: field `vec` is never read
[INFO] [stdout]  --> src/enemy_repo.rs:5:5
[INFO] [stdout]   |
[INFO] [stdout] 4 | pub struct PackRecord {
[INFO] [stdout]   |            ---------- field in this struct
[INFO] [stdout] 5 |     vec: Vec<(usize, usize)>,
[INFO] [stdout]   |     ^^^
[INFO] [stdout]   |
[INFO] [stdout]   = note: `PackRecord` has a derived impl for the trait `Clone`, but this is intentionally ignored during dead code analysis
[INFO] [stdout] 
[INFO] [stdout] 
[INFO] [stdout] warning: struct `PriorityQueue` is never constructed
[INFO] [stdout]  --> src/priority_queue.rs:4:12
[INFO] [stdout]   |
[INFO] [stdout] 4 | pub struct PriorityQueue<K: Ord + Clone, V: Clone + Eq + Hash,> {
[INFO] [stdout]   |            ^^^^^^^^^^^^^
[INFO] [stdout] 
[INFO] [stdout] 
[INFO] [stdout] warning: associated items `new`, `push`, `pop`, `downheap`, `upheap`, and `swap` are never used
[INFO] [stdout]   --> src/priority_queue.rs:10:12
[INFO] [stdout]    |
[INFO] [stdout] 9  | impl <K: Ord + Clone,V: Clone + Eq + Hash> PriorityQueue<K, V> {
[INFO] [stdout]    | -------------------------------------------------------------- associated items in this implementation
[INFO] [stdout] 10 |     pub fn new() -> PriorityQueue<K, V> {
[INFO] [stdout]    |            ^^^
[INFO] [stdout] ...
[INFO] [stdout] 14 |     pub fn push(&mut self, k: K, v: V) {
[INFO] [stdout]    |            ^^^^
[INFO] [stdout] ...
[INFO] [stdout] 29 |     pub fn pop(&mut self) -> Option<(K, V)> {
[INFO] [stdout]    |            ^^^
[INFO] [stdout] ...
[INFO] [stdout] 42 |     fn downheap(&mut self, mut idx: usize) {
[INFO] [stdout]    |        ^^^^^^^^
[INFO] [stdout] ...
[INFO] [stdout] 76 |     fn upheap(&mut self, mut idx: usize) {
[INFO] [stdout]    |        ^^^^^^
[INFO] [stdout] ...
[INFO] [stdout] 87 |     fn swap(&mut self, i: usize, j: usize) {
[INFO] [stdout]    |        ^^^^
[INFO] [stdout] 
[INFO] [stdout] 
[INFO] [stdout] warning: function `gen_distance_field_djikstra` is never used
[INFO] [stdout]   --> src/distance_field.rs:16:8
[INFO] [stdout]    |
[INFO] [stdout] 16 | pub fn gen_distance_field_djikstra<F>(f: F, w: usize, h: usize) -> Vec<f32> 
[INFO] [stdout]    |        ^^^^^^^^^^^^^^^^^^^^^^^^^^^
[INFO] [stdout] 
[INFO] [stdout] 
[INFO] [stdout] warning: function `gen_distance_field_shitty` is never used
[INFO] [stdout]   --> src/distance_field.rs:96:8
[INFO] [stdout]    |
[INFO] [stdout] 96 | pub fn gen_distance_field_shitty<F>(f: F, w: usize, h: usize) -> Vec<f32> 
[INFO] [stdout]    |        ^^^^^^^^^^^^^^^^^^^^^^^^^
[INFO] [stdout] 
[INFO] [stdout] 
[INFO] [stdout] warning: unused `Result` that must be used
[INFO] [stdout]   --> src/audio.rs:25:9
[INFO] [stdout]    |
[INFO] [stdout] 25 |         self.channel.push(sc);
[INFO] [stdout]    |         ^^^^^^^^^^^^^^^^^^^^^
[INFO] [stdout]    |
[INFO] [stdout]    = note: this `Result` may be an `Err` variant, which should be handled
[INFO] [stdout]    = note: `#[warn(unused_must_use)]` on by default
[INFO] [stdout] help: use `let _ = ...` to ignore the resulting value
[INFO] [stdout]    |
[INFO] [stdout] 25 |         let _ = self.channel.push(sc);
[INFO] [stdout]    |         +++++++
[INFO] [stdout] 
[INFO] [stdout] 
[INFO] [stdout] warning: constant `n_points` should have an upper case name
[INFO] [stdout]    --> src/level.rs:247:15
[INFO] [stdout]     |
[INFO] [stdout] 247 |         const n_points: usize = 8;
[INFO] [stdout]     |               ^^^^^^^^ help: convert the identifier to upper case: `N_POINTS`
[INFO] [stdout]     |
[INFO] [stdout]     = note: `#[warn(non_upper_case_globals)]` on by default
[INFO] [stdout] 
[INFO] [stdout] 
[INFO] [stdout] warning: 40 warnings emitted
[INFO] [stdout] 
[INFO] [stdout] 
[INFO] [stderr]     Finished dev [optimized + debuginfo] target(s) in 2m 18s
[INFO] [stderr] warning: the following packages contain code that will be rejected by a future version of Rust: rustc-serialize v0.3.24
[INFO] [stderr] note: to see what the problems were, use the option `--future-incompat-report`, or run `cargo report future-incompatibilities --id 1`
[INFO] running `Command { std: "docker" "inspect" "031fa475a66fb712436323290b75d14cb28fed8fd8b20f7dfb047024a18755cb", kill_on_drop: false }`
[INFO] running `Command { std: "docker" "rm" "-f" "031fa475a66fb712436323290b75d14cb28fed8fd8b20f7dfb047024a18755cb", kill_on_drop: false }`
[INFO] [stdout] 031fa475a66fb712436323290b75d14cb28fed8fd8b20f7dfb047024a18755cb
[INFO] running `Command { std: "docker" "create" "-v" "/var/lib/crater-agent-workspace/builds/worker-1-tc1/target:/opt/rustwide/target:rw,Z" "-v" "/var/lib/crater-agent-workspace/builds/worker-1-tc1/source:/opt/rustwide/workdir:ro,Z" "-v" "/var/lib/crater-agent-workspace/cargo-home:/opt/rustwide/cargo-home:ro,Z" "-v" "/var/lib/crater-agent-workspace/rustup-home:/opt/rustwide/rustup-home:ro,Z" "-e" "SOURCE_DIR=/opt/rustwide/workdir" "-e" "CARGO_TARGET_DIR=/opt/rustwide/target" "-e" "CARGO_INCREMENTAL=0" "-e" "RUST_BACKTRACE=full" "-e" "RUSTFLAGS=--cap-lints=warn" "-e" "RUSTDOCFLAGS=--cap-lints=warn" "-e" "CARGO_HOME=/opt/rustwide/cargo-home" "-e" "RUSTUP_HOME=/opt/rustwide/rustup-home" "-w" "/opt/rustwide/workdir" "-m" "1610612736" "--user" "0:0" "--network" "none" "ghcr.io/rust-lang/crates-build-env/linux@sha256:2788e3201cd34a07e3172128adcd8b3090168a8e3bcc40d7c032b9dda1df7d1c" "/opt/rustwide/cargo-home/bin/cargo" "+1.75.0" "test" "--frozen" "--no-run" "--message-format=json", kill_on_drop: false }`
[INFO] [stdout] baed98e2ab14362615f1ca29ce0701af5e2a1724adfe2389c46700a5c23b0f5d
[INFO] running `Command { std: "docker" "start" "-a" "baed98e2ab14362615f1ca29ce0701af5e2a1724adfe2389c46700a5c23b0f5d", kill_on_drop: false }`
[INFO] [stderr]    Compiling cata v0.1.0 (/opt/rustwide/workdir)
[INFO] [stdout] warning: unused import: `std::f32::consts::SQRT_2`
[INFO] [stdout]  --> src/kmath.rs:2:9
[INFO] [stdout]   |
[INFO] [stdout] 2 | pub use std::f32::consts::SQRT_2;
[INFO] [stdout]   |         ^^^^^^^^^^^^^^^^^^^^^^^^
[INFO] [stdout]   |
[INFO] [stdout]   = note: `#[warn(unused_imports)]` on by default
[INFO] [stdout] 
[INFO] [stdout] 
[INFO] [stdout] warning: unnecessary parentheses around function argument
[INFO] [stdout]   --> src/kimg.rs:54:34
[INFO] [stdout]    |
[INFO] [stdout] 54 |         let mut data = vec![0u8; (3*self.w*self.h)];
[INFO] [stdout]    |                                  ^               ^
[INFO] [stdout]    |
[INFO] [stdout]    = note: `#[warn(unused_parens)]` on by default
[INFO] [stdout] help: remove these parentheses
[INFO] [stdout]    |
[INFO] [stdout] 54 -         let mut data = vec![0u8; (3*self.w*self.h)];
[INFO] [stdout] 54 +         let mut data = vec![0u8; 3*self.w*self.h];
[INFO] [stdout]    |
[INFO] [stdout] 
[INFO] [stdout] 
[INFO] [stdout] warning: unnecessary parentheses around function argument
[INFO] [stdout]    --> src/kimg.rs:159:34
[INFO] [stdout]     |
[INFO] [stdout] 159 |         let mut data = vec![0u8; (4*self.w*self.h)];
[INFO] [stdout]     |                                  ^               ^
[INFO] [stdout]     |
[INFO] [stdout] help: remove these parentheses
[INFO] [stdout]     |
[INFO] [stdout] 159 -         let mut data = vec![0u8; (4*self.w*self.h)];
[INFO] [stdout] 159 +         let mut data = vec![0u8; 4*self.w*self.h];
[INFO] [stdout]     |
[INFO] [stdout] 
[INFO] [stdout] 
[INFO] [stdout] warning: unused import: `std::iter::repeat`
[INFO] [stdout]  --> src/game.rs:2:5
[INFO] [stdout]   |
[INFO] [stdout] 2 | use std::iter::repeat;
[INFO] [stdout]   |     ^^^^^^^^^^^^^^^^^
[INFO] [stdout] 
[INFO] [stdout] 
[INFO] [stdout] warning: unused import: `crate::kimg::*`
[INFO] [stdout]  --> src/game.rs:6:5
[INFO] [stdout]   |
[INFO] [stdout] 6 | use crate::kimg::*;
[INFO] [stdout]   |     ^^^^^^^^^^^^^^
[INFO] [stdout] 
[INFO] [stdout] 
[INFO] [stdout] warning: unused import: `glutin::event::VirtualKeyCode`
[INFO] [stdout]  --> src/root_scene.rs:1:5
[INFO] [stdout]   |
[INFO] [stdout] 1 | use glutin::event::VirtualKeyCode;
[INFO] [stdout]   |     ^^^^^^^^^^^^^^^^^^^^^^^^^^^^^
[INFO] [stdout] 
[INFO] [stdout] 
[INFO] [stdout] warning: unused import: `crate::kmath::*`
[INFO] [stdout]  --> src/root_scene.rs:3:5
[INFO] [stdout]   |
[INFO] [stdout] 3 | use crate::kmath::*;
[INFO] [stdout]   |     ^^^^^^^^^^^^^^^
[INFO] [stdout] 
[INFO] [stdout] 
[INFO] [stdout] warning: unused import: `crate::priority_queue::*`
[INFO] [stdout]  --> src/level.rs:3:5
[INFO] [stdout]   |
[INFO] [stdout] 3 | use crate::priority_queue::*;
[INFO] [stdout]   |     ^^^^^^^^^^^^^^^^^^^^^^^^
[INFO] [stdout] 
[INFO] [stdout] 
[INFO] [stdout] warning: unused import: `std::collections::VecDeque`
[INFO] [stdout]   --> src/level.rs:10:5
[INFO] [stdout]    |
[INFO] [stdout] 10 | use std::collections::VecDeque;
[INFO] [stdout]    |     ^^^^^^^^^^^^^^^^^^^^^^^^^^
[INFO] [stdout] 
[INFO] [stdout] 
[INFO] [stdout] warning: variable does not need to be mutable
[INFO] [stdout]   --> src/audio.rs:15:14
[INFO] [stdout]    |
[INFO] [stdout] 15 |         let (mut prod, mut cons) = rb.split();
[INFO] [stdout]    |              ----^^^^
[INFO] [stdout]    |              |
[INFO] [stdout]    |              help: remove this `mut`
[INFO] [stdout]    |
[INFO] [stdout]    = note: `#[warn(unused_mut)]` on by default
[INFO] [stdout] 
[INFO] [stdout] 
[INFO] [stdout] warning: variable does not need to be mutable
[INFO] [stdout]   --> src/audio.rs:15:24
[INFO] [stdout]    |
[INFO] [stdout] 15 |         let (mut prod, mut cons) = rb.split();
[INFO] [stdout]    |                        ----^^^^
[INFO] [stdout]    |                        |
[INFO] [stdout]    |                        help: remove this `mut`
[INFO] [stdout] 
[INFO] [stdout] 
[INFO] [stdout] warning: variable does not need to be mutable
[INFO] [stdout]   --> src/audio.rs:16:13
[INFO] [stdout]    |
[INFO] [stdout] 16 |         let mut audio = Audio {
[INFO] [stdout]    |             ----^^^^^
[INFO] [stdout]    |             |
[INFO] [stdout]    |             help: remove this `mut`
[INFO] [stdout] 
[INFO] [stdout] 
[INFO] [stdout] warning: unused variable: `falling`
[INFO] [stdout]    --> src/game.rs:550:113
[INFO] [stdout]     |
[INFO] [stdout] 550 |     pub fn do_item(&mut self, inputs: &FrameInputs, outputs: &mut FrameOutputs, id: u32, dt: f32, rising: bool, falling: bool) {
[INFO] [stdout]     |                                                                                                                 ^^^^^^^ help: if this is intentional, prefix it with an underscore: `_falling`
[INFO] [stdout]     |
[INFO] [stdout]     = note: `#[warn(unused_variables)]` on by default
[INFO] [stdout] 
[INFO] [stdout] 
[INFO] [stdout] warning: unused variable: `pp`
[INFO] [stdout]    --> src/level.rs:340:17
[INFO] [stdout]     |
[INFO] [stdout] 340 |             let pp = l.point(x, y);
[INFO] [stdout]     |                 ^^ help: if this is intentional, prefix it with an underscore: `_pp`
[INFO] [stdout] 
[INFO] [stdout] 
[INFO] [stdout] warning: unused variable: `basic_id`
[INFO] [stdout]   --> src/enemy_repo.rs:83:13
[INFO] [stdout]    |
[INFO] [stdout] 83 |         let basic_id = repo.push(basic);
[INFO] [stdout]    |             ^^^^^^^^ help: if this is intentional, prefix it with an underscore: `_basic_id`
[INFO] [stdout] 
[INFO] [stdout] 
[INFO] [stdout] warning: unused variable: `shooter_id`
[INFO] [stdout]    --> src/enemy_repo.rs:104:13
[INFO] [stdout]     |
[INFO] [stdout] 104 |         let shooter_id = repo.push(shooter);
[INFO] [stdout]     |             ^^^^^^^^^^ help: if this is intentional, prefix it with an underscore: `_shooter_id`
[INFO] [stdout] 
[INFO] [stdout] 
[INFO] [stdout] warning: unused variable: `stationary_shooter_id`
[INFO] [stdout]    --> src/enemy_repo.rs:114:13
[INFO] [stdout]     |
[INFO] [stdout] 114 |         let stationary_shooter_id = repo.push(stationary_shooter);
[INFO] [stdout]     |             ^^^^^^^^^^^^^^^^^^^^^ help: if this is intentional, prefix it with an underscore: `_stationary_shooter_id`
[INFO] [stdout] 
[INFO] [stdout] 
[INFO] [stdout] warning: variable does not need to be mutable
[INFO] [stdout]   --> src/enemy_repo.rs:77:13
[INFO] [stdout]    |
[INFO] [stdout] 77 |         let mut default = EnemyRecord::default();
[INFO] [stdout]    |             ----^^^^^^^
[INFO] [stdout]    |             |
[INFO] [stdout]    |             help: remove this `mut`
[INFO] [stdout] 
[INFO] [stdout] 
[INFO] [stdout] warning: unused variable: `iter`
[INFO] [stdout]    --> src/distance_field.rs:194:9
[INFO] [stdout]     |
[INFO] [stdout] 194 |     for iter in 0..4 {
[INFO] [stdout]     |         ^^^^ help: if this is intentional, prefix it with an underscore: `_iter`
[INFO] [stdout] 
[INFO] [stdout] 
[INFO] [stdout] warning: static `DEG_TO_RAD` is never used
[INFO] [stdout]  --> src/kmath.rs:3:12
[INFO] [stdout]   |
[INFO] [stdout] 3 | pub static DEG_TO_RAD: f32 = 180.0 / PI;
[INFO] [stdout]   |            ^^^^^^^^^^
[INFO] [stdout]   |
[INFO] [stdout]   = note: `#[warn(dead_code)]` on by default
[INFO] [stdout] 
[INFO] [stdout] 
[INFO] [stdout] warning: function `unlerp` is never used
[INFO] [stdout]   --> src/kmath.rs:12:8
[INFO] [stdout]    |
[INFO] [stdout] 12 | pub fn unlerp(x: f32, t1: f32, t2: f32) -> f32 {
[INFO] [stdout]    |        ^^^^^^
[INFO] [stdout] 
[INFO] [stdout] 
[INFO] [stdout] warning: function `remap` is never used
[INFO] [stdout]   --> src/kmath.rs:16:8
[INFO] [stdout]    |
[INFO] [stdout] 16 | pub fn remap(x: f32, from_low: f32, from_high: f32, to_low: f32, to_high: f32) -> f32 {
[INFO] [stdout]    |        ^^^^^
[INFO] [stdout] 
[INFO] [stdout] 
[INFO] [stdout] warning: function `cubic_bezier` is never used
[INFO] [stdout]   --> src/kmath.rs:20:8
[INFO] [stdout]    |
[INFO] [stdout] 20 | pub fn cubic_bezier(start: Vec2, c1: Vec2, c2: Vec2, end: Vec2, t: f32) -> Vec2 {
[INFO] [stdout]    |        ^^^^^^^^^^^^
[INFO] [stdout] 
[INFO] [stdout] 
[INFO] [stdout] warning: associated items `get_px` and `new_from_file` are never used
[INFO] [stdout]   --> src/kimg.rs:25:12
[INFO] [stdout]    |
[INFO] [stdout] 14 | impl ImageBuffer {
[INFO] [stdout]    | ---------------- associated items in this implementation
[INFO] [stdout] ...
[INFO] [stdout] 25 |     pub fn get_px(&self, x: usize, y: usize) -> (u8, u8, u8) {
[INFO] [stdout]    |            ^^^^^^
[INFO] [stdout] ...
[INFO] [stdout] 29 |     pub fn new_from_file(path_str: &str) -> ImageBuffer {
[INFO] [stdout]    |            ^^^^^^^^^^^^^
[INFO] [stdout] 
[INFO] [stdout] 
[INFO] [stdout] warning: methods `get_px`, `bytes_transpose`, and `dump_to_file` are never used
[INFO] [stdout]    --> src/kimg.rs:103:12
[INFO] [stdout]     |
[INFO] [stdout] 92  | impl ImageBufferA {
[INFO] [stdout]     | ----------------- methods in this implementation
[INFO] [stdout] ...
[INFO] [stdout] 103 |     pub fn get_px(&self, x: usize, y: usize) -> (u8, u8, u8, u8) {
[INFO] [stdout]     |            ^^^^^^
[INFO] [stdout] ...
[INFO] [stdout] 141 |     pub fn bytes_transpose(&self) -> Vec<u8> {
[INFO] [stdout]     |            ^^^^^^^^^^^^^^^
[INFO] [stdout] ...
[INFO] [stdout] 154 |     pub fn dump_to_file(&self, path_str: &str) {
[INFO] [stdout]     |            ^^^^^^^^^^^^
[INFO] [stdout] 
[INFO] [stdout] 
[INFO] [stdout] warning: function `vol_to_db` is never used
[INFO] [stdout]   --> src/audio.rs:33:8
[INFO] [stdout]    |
[INFO] [stdout] 33 | pub fn vol_to_db(vol: f32) -> f32 {
[INFO] [stdout]    |        ^^^^^^^^^
[INFO] [stdout] 
[INFO] [stdout] 
[INFO] [stdout] warning: methods `push_center_str`, `pushl`, and `pushc` are never used
[INFO] [stdout]   --> src/renderers/font_rendering.rs:58:12
[INFO] [stdout]    |
[INFO] [stdout] 42 | impl GlyphBuffer {
[INFO] [stdout]    | ---------------- methods in this implementation
[INFO] [stdout] ...
[INFO] [stdout] 58 |     pub fn push_center_str(&mut self, s: &str, mut x: f32, y: f32, w: f32, h: f32, d: f32, colour: Vec4) {
[INFO] [stdout]    |            ^^^^^^^^^^^^^^^
[INFO] [stdout] ...
[INFO] [stdout] 68 |     pub fn pushl(&mut self, r: Rect, s: &str, a: f32, c: Vec4, d: f32) {
[INFO] [stdout]    |            ^^^^^
[INFO] [stdout] ...
[INFO] [stdout] 78 |     pub fn pushc(&mut self, mut r: Rect, s: &str, a: f32, c: Vec4, d: f32) {
[INFO] [stdout]    |            ^^^^^
[INFO] [stdout] 
[INFO] [stdout] 
[INFO] [stdout] warning: methods `key_pressed_or_repeating` and `key_released` are never used
[INFO] [stdout]   --> src/kapp.rs:57:12
[INFO] [stdout]    |
[INFO] [stdout] 50 | impl FrameInputs {
[INFO] [stdout]    | ---------------- methods in this implementation
[INFO] [stdout] ...
[INFO] [stdout] 57 |     pub fn key_pressed_or_repeating(&self, keycode: VirtualKeyCode) -> bool {
[INFO] [stdout]    |            ^^^^^^^^^^^^^^^^^^^^^^^^
[INFO] [stdout] ...
[INFO] [stdout] 60 |     pub fn key_released(&self, keycode: VirtualKeyCode) -> bool {
[INFO] [stdout]    |            ^^^^^^^^^^^^
[INFO] [stdout] 
[INFO] [stdout] 
[INFO] [stdout] warning: constant `STAIRS_UP` is never used
[INFO] [stdout]   --> src/level.rs:36:11
[INFO] [stdout]    |
[INFO] [stdout] 36 | pub const STAIRS_UP: u32 = 3;
[INFO] [stdout]    |           ^^^^^^^^^
[INFO] [stdout] 
[INFO] [stdout] 
[INFO] [stdout] warning: constant `ENEMY_SITE` is never used
[INFO] [stdout]   --> src/level.rs:37:11
[INFO] [stdout]    |
[INFO] [stdout] 37 | pub const ENEMY_SITE: u32 = 1;
[INFO] [stdout]    |           ^^^^^^^^^^
[INFO] [stdout] 
[INFO] [stdout] 
[INFO] [stdout] warning: constant `CLOSED` is never used
[INFO] [stdout]   --> src/level.rs:38:11
[INFO] [stdout]    |
[INFO] [stdout] 38 | pub const CLOSED: u32 = 0;
[INFO] [stdout]    |           ^^^^^^
[INFO] [stdout] 
[INFO] [stdout] 
[INFO] [stdout] warning: method `estimate_normal` is never used
[INFO] [stdout]    --> src/level.rs:246:12
[INFO] [stdout]     |
[INFO] [stdout] 40  | impl Level {
[INFO] [stdout]     | ---------- method in this implementation
[INFO] [stdout] ...
[INFO] [stdout] 246 |     pub fn estimate_normal(&self, p: Vec2, r: f32) -> Option<Vec2> {
[INFO] [stdout]     |            ^^^^^^^^^^^^^^^
[INFO] [stdout] 
[INFO] [stdout] 
[INFO] [stdout] warning: field `vec` is never read
[INFO] [stdout]  --> src/enemy_repo.rs:5:5
[INFO] [stdout]   |
[INFO] [stdout] 4 | pub struct PackRecord {
[INFO] [stdout]   |            ---------- field in this struct
[INFO] [stdout] 5 |     vec: Vec<(usize, usize)>,
[INFO] [stdout]   |     ^^^
[INFO] [stdout]   |
[INFO] [stdout]   = note: `PackRecord` has a derived impl for the trait `Clone`, but this is intentionally ignored during dead code analysis
[INFO] [stdout] 
[INFO] [stdout] 
[INFO] [stdout] warning: unused `Result` that must be used
[INFO] [stdout]   --> src/audio.rs:25:9
[INFO] [stdout]    |
[INFO] [stdout] 25 |         self.channel.push(sc);
[INFO] [stdout]    |         ^^^^^^^^^^^^^^^^^^^^^
[INFO] [stdout]    |
[INFO] [stdout]    = note: this `Result` may be an `Err` variant, which should be handled
[INFO] [stdout]    = note: `#[warn(unused_must_use)]` on by default
[INFO] [stdout] help: use `let _ = ...` to ignore the resulting value
[INFO] [stdout]    |
[INFO] [stdout] 25 |         let _ = self.channel.push(sc);
[INFO] [stdout]    |         +++++++
[INFO] [stdout] 
[INFO] [stdout] 
[INFO] [stdout] warning: constant `n_points` should have an upper case name
[INFO] [stdout]    --> src/level.rs:247:15
[INFO] [stdout]     |
[INFO] [stdout] 247 |         const n_points: usize = 8;
[INFO] [stdout]     |               ^^^^^^^^ help: convert the identifier to upper case: `N_POINTS`
[INFO] [stdout]     |
[INFO] [stdout]     = note: `#[warn(non_upper_case_globals)]` on by default
[INFO] [stdout] 
[INFO] [stdout] 
[INFO] [stdout] warning: 35 warnings emitted
[INFO] [stdout] 
[INFO] [stdout] 
[INFO] [stderr]     Finished test [optimized + debuginfo] target(s) in 2.23s
[INFO] [stderr] warning: the following packages contain code that will be rejected by a future version of Rust: rustc-serialize v0.3.24
[INFO] [stderr] note: to see what the problems were, use the option `--future-incompat-report`, or run `cargo report future-incompatibilities --id 1`
[INFO] running `Command { std: "docker" "inspect" "baed98e2ab14362615f1ca29ce0701af5e2a1724adfe2389c46700a5c23b0f5d", kill_on_drop: false }`
[INFO] running `Command { std: "docker" "rm" "-f" "baed98e2ab14362615f1ca29ce0701af5e2a1724adfe2389c46700a5c23b0f5d", kill_on_drop: false }`
[INFO] [stdout] baed98e2ab14362615f1ca29ce0701af5e2a1724adfe2389c46700a5c23b0f5d
[INFO] running `Command { std: "docker" "create" "-v" "/var/lib/crater-agent-workspace/builds/worker-1-tc1/target:/opt/rustwide/target:rw,Z" "-v" "/var/lib/crater-agent-workspace/builds/worker-1-tc1/source:/opt/rustwide/workdir:ro,Z" "-v" "/var/lib/crater-agent-workspace/cargo-home:/opt/rustwide/cargo-home:ro,Z" "-v" "/var/lib/crater-agent-workspace/rustup-home:/opt/rustwide/rustup-home:ro,Z" "-e" "SOURCE_DIR=/opt/rustwide/workdir" "-e" "CARGO_TARGET_DIR=/opt/rustwide/target" "-e" "CARGO_INCREMENTAL=0" "-e" "RUST_BACKTRACE=full" "-e" "RUSTFLAGS=--cap-lints=warn" "-e" "RUSTDOCFLAGS=--cap-lints=warn" "-e" "CARGO_HOME=/opt/rustwide/cargo-home" "-e" "RUSTUP_HOME=/opt/rustwide/rustup-home" "-w" "/opt/rustwide/workdir" "-m" "1610612736" "--user" "0:0" "--network" "none" "ghcr.io/rust-lang/crates-build-env/linux@sha256:2788e3201cd34a07e3172128adcd8b3090168a8e3bcc40d7c032b9dda1df7d1c" "/opt/rustwide/cargo-home/bin/cargo" "+1.75.0" "test" "--frozen", kill_on_drop: false }`
[INFO] [stdout] 31a52d5d775e6263d5b63d29a86fb7f04d7c730207512be0f97268b9e6565a09
[INFO] running `Command { std: "docker" "start" "-a" "31a52d5d775e6263d5b63d29a86fb7f04d7c730207512be0f97268b9e6565a09", kill_on_drop: false }`
[INFO] [stderr] warning: unused import: `std::f32::consts::SQRT_2`
[INFO] [stderr]  --> src/kmath.rs:2:9
[INFO] [stderr]   |
[INFO] [stderr] 2 | pub use std::f32::consts::SQRT_2;
[INFO] [stderr]   |         ^^^^^^^^^^^^^^^^^^^^^^^^
[INFO] [stderr]   |
[INFO] [stderr]   = note: `#[warn(unused_imports)]` on by default
[INFO] [stderr] 
[INFO] [stderr] warning: unnecessary parentheses around function argument
[INFO] [stderr]   --> src/kimg.rs:54:34
[INFO] [stderr]    |
[INFO] [stderr] 54 |         let mut data = vec![0u8; (3*self.w*self.h)];
[INFO] [stderr]    |                                  ^               ^
[INFO] [stderr]    |
[INFO] [stderr]    = note: `#[warn(unused_parens)]` on by default
[INFO] [stderr] help: remove these parentheses
[INFO] [stderr]    |
[INFO] [stderr] 54 -         let mut data = vec![0u8; (3*self.w*self.h)];
[INFO] [stderr] 54 +         let mut data = vec![0u8; 3*self.w*self.h];
[INFO] [stderr]    |
[INFO] [stderr] 
[INFO] [stderr] warning: unnecessary parentheses around function argument
[INFO] [stderr]    --> src/kimg.rs:159:34
[INFO] [stderr]     |
[INFO] [stderr] 159 |         let mut data = vec![0u8; (4*self.w*self.h)];
[INFO] [stderr]     |                                  ^               ^
[INFO] [stderr]     |
[INFO] [stderr] help: remove these parentheses
[INFO] [stderr]     |
[INFO] [stderr] 159 -         let mut data = vec![0u8; (4*self.w*self.h)];
[INFO] [stderr] 159 +         let mut data = vec![0u8; 4*self.w*self.h];
[INFO] [stderr]     |
[INFO] [stderr] 
[INFO] [stderr] warning: unused import: `std::iter::repeat`
[INFO] [stderr]  --> src/game.rs:2:5
[INFO] [stderr]   |
[INFO] [stderr] 2 | use std::iter::repeat;
[INFO] [stderr]   |     ^^^^^^^^^^^^^^^^^
[INFO] [stderr] 
[INFO] [stderr] warning: unused import: `crate::kimg::*`
[INFO] [stderr]  --> src/game.rs:6:5
[INFO] [stderr]   |
[INFO] [stderr] 6 | use crate::kimg::*;
[INFO] [stderr]   |     ^^^^^^^^^^^^^^
[INFO] [stderr] 
[INFO] [stderr] warning: unused import: `glutin::event::VirtualKeyCode`
[INFO] [stderr]  --> src/root_scene.rs:1:5
[INFO] [stderr]   |
[INFO] [stderr] 1 | use glutin::event::VirtualKeyCode;
[INFO] [stderr]   |     ^^^^^^^^^^^^^^^^^^^^^^^^^^^^^
[INFO] [stderr] 
[INFO] [stderr] warning: unused import: `crate::kmath::*`
[INFO] [stderr]  --> src/root_scene.rs:3:5
[INFO] [stderr]   |
[INFO] [stderr] 3 | use crate::kmath::*;
[INFO] [stderr]   |     ^^^^^^^^^^^^^^^
[INFO] [stderr] 
[INFO] [stderr] warning: unused import: `crate::priority_queue::*`
[INFO] [stderr]  --> src/level.rs:3:5
[INFO] [stderr]   |
[INFO] [stderr] 3 | use crate::priority_queue::*;
[INFO] [stderr]   |     ^^^^^^^^^^^^^^^^^^^^^^^^
[INFO] [stderr] 
[INFO] [stderr] warning: unused import: `std::collections::VecDeque`
[INFO] [stderr]   --> src/level.rs:10:5
[INFO] [stderr]    |
[INFO] [stderr] 10 | use std::collections::VecDeque;
[INFO] [stderr]    |     ^^^^^^^^^^^^^^^^^^^^^^^^^^
[INFO] [stderr] 
[INFO] [stderr] warning: variable does not need to be mutable
[INFO] [stderr]   --> src/audio.rs:15:14
[INFO] [stderr]    |
[INFO] [stderr] 15 |         let (mut prod, mut cons) = rb.split();
[INFO] [stderr]    |              ----^^^^
[INFO] [stderr]    |              |
[INFO] [stderr]    |              help: remove this `mut`
[INFO] [stderr]    |
[INFO] [stderr]    = note: `#[warn(unused_mut)]` on by default
[INFO] [stderr] 
[INFO] [stderr] warning: variable does not need to be mutable
[INFO] [stderr]   --> src/audio.rs:15:24
[INFO] [stderr]    |
[INFO] [stderr] 15 |         let (mut prod, mut cons) = rb.split();
[INFO] [stderr]    |                        ----^^^^
[INFO] [stderr]    |                        |
[INFO] [stderr]    |                        help: remove this `mut`
[INFO] [stderr] 
[INFO] [stderr] warning: variable does not need to be mutable
[INFO] [stderr]   --> src/audio.rs:16:13
[INFO] [stderr]    |
[INFO] [stderr] 16 |         let mut audio = Audio {
[INFO] [stderr]    |             ----^^^^^
[INFO] [stderr]    |             |
[INFO] [stderr]    |             help: remove this `mut`
[INFO] [stderr] 
[INFO] [stderr] warning: unused variable: `falling`
[INFO] [stderr]    --> src/game.rs:550:113
[INFO] [stderr]     |
[INFO] [stderr] 550 |     pub fn do_item(&mut self, inputs: &FrameInputs, outputs: &mut FrameOutputs, id: u32, dt: f32, rising: bool, falling: bool) {
[INFO] [stderr]     |                                                                                                                 ^^^^^^^ help: if this is intentional, prefix it with an underscore: `_falling`
[INFO] [stderr]     |
[INFO] [stderr]     = note: `#[warn(unused_variables)]` on by default
[INFO] [stderr] 
[INFO] [stderr] warning: unused variable: `pp`
[INFO] [stderr]    --> src/level.rs:340:17
[INFO] [stderr]     |
[INFO] [stderr] 340 |             let pp = l.point(x, y);
[INFO] [stderr]     |                 ^^ help: if this is intentional, prefix it with an underscore: `_pp`
[INFO] [stderr] 
[INFO] [stderr] warning: unused variable: `basic_id`
[INFO] [stderr]   --> src/enemy_repo.rs:83:13
[INFO] [stderr]    |
[INFO] [stderr] 83 |         let basic_id = repo.push(basic);
[INFO] [stderr]    |             ^^^^^^^^ help: if this is intentional, prefix it with an underscore: `_basic_id`
[INFO] [stderr] 
[INFO] [stderr] warning: unused variable: `shooter_id`
[INFO] [stderr]    --> src/enemy_repo.rs:104:13
[INFO] [stderr]     |
[INFO] [stderr] 104 |         let shooter_id = repo.push(shooter);
[INFO] [stderr]     |             ^^^^^^^^^^ help: if this is intentional, prefix it with an underscore: `_shooter_id`
[INFO] [stderr] 
[INFO] [stderr] warning: unused variable: `stationary_shooter_id`
[INFO] [stderr]    --> src/enemy_repo.rs:114:13
[INFO] [stderr]     |
[INFO] [stderr] 114 |         let stationary_shooter_id = repo.push(stationary_shooter);
[INFO] [stderr]     |             ^^^^^^^^^^^^^^^^^^^^^ help: if this is intentional, prefix it with an underscore: `_stationary_shooter_id`
[INFO] [stderr] 
[INFO] [stderr] warning: variable does not need to be mutable
[INFO] [stderr]   --> src/enemy_repo.rs:77:13
[INFO] [stderr]    |
[INFO] [stderr] 77 |         let mut default = EnemyRecord::default();
[INFO] [stderr]    |             ----^^^^^^^
[INFO] [stderr]    |             |
[INFO] [stderr]    |             help: remove this `mut`
[INFO] [stderr] 
[INFO] [stderr] warning: unused variable: `iter`
[INFO] [stderr]    --> src/distance_field.rs:194:9
[INFO] [stderr]     |
[INFO] [stderr] 194 |     for iter in 0..4 {
[INFO] [stderr]     |         ^^^^ help: if this is intentional, prefix it with an underscore: `_iter`
[INFO] [stderr] 
[INFO] [stderr] warning: static `DEG_TO_RAD` is never used
[INFO] [stderr]  --> src/kmath.rs:3:12
[INFO] [stderr]   |
[INFO] [stderr] 3 | pub static DEG_TO_RAD: f32 = 180.0 / PI;
[INFO] [stderr]   |            ^^^^^^^^^^
[INFO] [stderr]   |
[INFO] [stderr]   = note: `#[warn(dead_code)]` on by default
[INFO] [stderr] 
[INFO] [stderr] warning: function `unlerp` is never used
[INFO] [stderr]   --> src/kmath.rs:12:8
[INFO] [stderr]    |
[INFO] [stderr] 12 | pub fn unlerp(x: f32, t1: f32, t2: f32) -> f32 {
[INFO] [stderr]    |        ^^^^^^
[INFO] [stderr] 
[INFO] [stderr] warning: function `remap` is never used
[INFO] [stderr]   --> src/kmath.rs:16:8
[INFO] [stderr]    |
[INFO] [stderr] 16 | pub fn remap(x: f32, from_low: f32, from_high: f32, to_low: f32, to_high: f32) -> f32 {
[INFO] [stderr]    |        ^^^^^
[INFO] [stderr] 
[INFO] [stderr] warning: function `cubic_bezier` is never used
[INFO] [stderr]   --> src/kmath.rs:20:8
[INFO] [stderr]    |
[INFO] [stderr] 20 | pub fn cubic_bezier(start: Vec2, c1: Vec2, c2: Vec2, end: Vec2, t: f32) -> Vec2 {
[INFO] [stderr]    |        ^^^^^^^^^^^^
[INFO] [stderr] 
[INFO] [stderr] warning: associated items `get_px` and `new_from_file` are never used
[INFO] [stderr]   --> src/kimg.rs:25:12
[INFO] [stderr]    |
[INFO] [stderr] 14 | impl ImageBuffer {
[INFO] [stderr]    | ---------------- associated items in this implementation
[INFO] [stderr] ...
[INFO] [stderr] 25 |     pub fn get_px(&self, x: usize, y: usize) -> (u8, u8, u8) {
[INFO] [stderr]    |            ^^^^^^
[INFO] [stderr] ...
[INFO] [stderr] 29 |     pub fn new_from_file(path_str: &str) -> ImageBuffer {
[INFO] [stderr]    |            ^^^^^^^^^^^^^
[INFO] [stderr] 
[INFO] [stderr] warning: methods `get_px`, `bytes_transpose`, and `dump_to_file` are never used
[INFO] [stderr]    --> src/kimg.rs:103:12
[INFO] [stderr]     |
[INFO] [stderr] 92  | impl ImageBufferA {
[INFO] [stderr]     | ----------------- methods in this implementation
[INFO] [stderr] ...
[INFO] [stderr] 103 |     pub fn get_px(&self, x: usize, y: usize) -> (u8, u8, u8, u8) {
[INFO] [stderr]     |            ^^^^^^
[INFO] [stderr] ...
[INFO] [stderr] 141 |     pub fn bytes_transpose(&self) -> Vec<u8> {
[INFO] [stderr]     |            ^^^^^^^^^^^^^^^
[INFO] [stderr] ...
[INFO] [stderr] 154 |     pub fn dump_to_file(&self, path_str: &str) {
[INFO] [stderr]     |            ^^^^^^^^^^^^
[INFO] [stderr] 
[INFO] [stderr] warning: function `vol_to_db` is never used
[INFO] [stderr]   --> src/audio.rs:33:8
[INFO] [stderr]    |
[INFO] [stderr] 33 | pub fn vol_to_db(vol: f32) -> f32 {
[INFO] [stderr]    |        ^^^^^^^^^
[INFO] [stderr] 
[INFO] [stderr] warning: methods `push_center_str`, `pushl`, and `pushc` are never used
[INFO] [stderr]   --> src/renderers/font_rendering.rs:58:12
[INFO] [stderr]    |
[INFO] [stderr] 42 | impl GlyphBuffer {
[INFO] [stderr]    | ---------------- methods in this implementation
[INFO] [stderr] ...
[INFO] [stderr] 58 |     pub fn push_center_str(&mut self, s: &str, mut x: f32, y: f32, w: f32, h: f32, d: f32, colour: Vec4) {
[INFO] [stderr]    |            ^^^^^^^^^^^^^^^
[INFO] [stderr] ...
[INFO] [stderr] 68 |     pub fn pushl(&mut self, r: Rect, s: &str, a: f32, c: Vec4, d: f32) {
[INFO] [stderr]    |            ^^^^^
[INFO] [stderr] ...
[INFO] [stderr] 78 |     pub fn pushc(&mut self, mut r: Rect, s: &str, a: f32, c: Vec4, d: f32) {
[INFO] [stderr]    |            ^^^^^
[INFO] [stderr] 
[INFO] [stderr] warning: methods `key_pressed_or_repeating` and `key_released` are never used
[INFO] [stderr]   --> src/kapp.rs:57:12
[INFO] [stderr]    |
[INFO] [stderr] 50 | impl FrameInputs {
[INFO] [stderr]    | ---------------- methods in this implementation
[INFO] [stderr] ...
[INFO] [stderr] 57 |     pub fn key_pressed_or_repeating(&self, keycode: VirtualKeyCode) -> bool {
[INFO] [stderr]    |            ^^^^^^^^^^^^^^^^^^^^^^^^
[INFO] [stderr] ...
[INFO] [stderr] 60 |     pub fn key_released(&self, keycode: VirtualKeyCode) -> bool {
[INFO] [stderr]    |            ^^^^^^^^^^^^
[INFO] [stderr] 
[INFO] [stderr] warning: constant `STAIRS_UP` is never used
[INFO] [stderr]   --> src/level.rs:36:11
[INFO] [stderr]    |
[INFO] [stderr] 36 | pub const STAIRS_UP: u32 = 3;
[INFO] [stderr]    |           ^^^^^^^^^
[INFO] [stderr] 
[INFO] [stderr] warning: constant `ENEMY_SITE` is never used
[INFO] [stderr]   --> src/level.rs:37:11
[INFO] [stderr]    |
[INFO] [stderr] 37 | pub const ENEMY_SITE: u32 = 1;
[INFO] [stderr]    |           ^^^^^^^^^^
[INFO] [stderr] 
[INFO] [stderr] warning: constant `CLOSED` is never used
[INFO] [stderr]   --> src/level.rs:38:11
[INFO] [stderr]    |
[INFO] [stderr] 38 | pub const CLOSED: u32 = 0;
[INFO] [stderr]    |           ^^^^^^
[INFO] [stderr] 
[INFO] [stderr] warning: method `estimate_normal` is never used
[INFO] [stderr]    --> src/level.rs:246:12
[INFO] [stderr]     |
[INFO] [stderr] 40  | impl Level {
[INFO] [stderr]     | ---------- method in this implementation
[INFO] [stderr] ...
[INFO] [stderr] 246 |     pub fn estimate_normal(&self, p: Vec2, r: f32) -> Option<Vec2> {
[INFO] [stderr]     |            ^^^^^^^^^^^^^^^
[INFO] [stderr] 
[INFO] [stderr] warning: field `vec` is never read
[INFO] [stderr]  --> src/enemy_repo.rs:5:5
[INFO] [stderr]   |
[INFO] [stderr] 4 | pub struct PackRecord {
[INFO] [stderr]   |            ---------- field in this struct
[INFO] [stderr] 5 |     vec: Vec<(usize, usize)>,
[INFO] [stderr]   |     ^^^
[INFO] [stderr]   |
[INFO] [stderr]   = note: `PackRecord` has a derived impl for the trait `Clone`, but this is intentionally ignored during dead code analysis
[INFO] [stderr] 
[INFO] [stderr] warning: unused `Result` that must be used
[INFO] [stderr]   --> src/audio.rs:25:9
[INFO] [stderr]    |
[INFO] [stderr] 25 |         self.channel.push(sc);
[INFO] [stderr]    |         ^^^^^^^^^^^^^^^^^^^^^
[INFO] [stderr]    |
[INFO] [stderr]    = note: this `Result` may be an `Err` variant, which should be handled
[INFO] [stderr]    = note: `#[warn(unused_must_use)]` on by default
[INFO] [stderr] help: use `let _ = ...` to ignore the resulting value
[INFO] [stderr]    |
[INFO] [stderr] 25 |         let _ = self.channel.push(sc);
[INFO] [stderr]    |         +++++++
[INFO] [stderr] 
[INFO] [stderr] warning: constant `n_points` should have an upper case name
[INFO] [stderr]    --> src/level.rs:247:15
[INFO] [stderr]     |
[INFO] [stderr] 247 |         const n_points: usize = 8;
[INFO] [stderr]     |               ^^^^^^^^ help: convert the identifier to upper case: `N_POINTS`
[INFO] [stderr]     |
[INFO] [stderr]     = note: `#[warn(non_upper_case_globals)]` on by default
[INFO] [stderr] 
[INFO] [stderr] warning: `cata` (bin "cata" test) generated 35 warnings (run `cargo fix --bin "cata" --tests` to apply 19 suggestions)
[INFO] [stderr]     Finished test [optimized + debuginfo] target(s) in 0.10s
[INFO] [stderr] warning: the following packages contain code that will be rejected by a future version of Rust: rustc-serialize v0.3.24
[INFO] [stderr] note: to see what the problems were, use the option `--future-incompat-report`, or run `cargo report future-incompatibilities --id 1`
[INFO] [stderr]      Running unittests src/main.rs (/opt/rustwide/target/debug/deps/cata-feb3a77404c5133b)
[INFO] [stdout] 
[INFO] [stdout] running 3 tests
[INFO] [stdout] test distance_field::test_dsep ... FAILED
[INFO] [stdout] test level::test_level ... FAILED
[INFO] [stdout] test distance_field::test_distance_field ... FAILED
[INFO] [stdout] 
[INFO] [stdout] failures:
[INFO] [stdout] 
[INFO] [stdout] ---- distance_field::test_dsep stdout ----
[INFO] [stdout] gen sep took 46.829377ms
[INFO] [stdout] thread 'distance_field::test_dsep' panicked at src/kimg.rs:51:39:
[INFO] [stdout] called `Result::unwrap()` on an `Err` value: Os { code: 30, kind: ReadOnlyFilesystem, message: "Read-only file system" }
[INFO] [stdout] stack backtrace:
[INFO] [stdout]    0:     0x5635c4b5efbc - std::backtrace_rs::backtrace::libunwind::trace::ha637c64ce894333a
[INFO] [stdout]                                at /rustc/82e1608dfa6e0b5569232559e3d385fea5a93112/library/std/src/../../backtrace/src/backtrace/libunwind.rs:104:5
[INFO] [stdout]    1:     0x5635c4b5efbc - std::backtrace_rs::backtrace::trace_unsynchronized::h47f62dea28e0c88d
[INFO] [stdout]                                at /rustc/82e1608dfa6e0b5569232559e3d385fea5a93112/library/std/src/../../backtrace/src/backtrace/mod.rs:66:5
[INFO] [stdout]    2:     0x5635c4b5efbc - std::sys_common::backtrace::_print_fmt::h9eef0abe20ede486
[INFO] [stdout]                                at /rustc/82e1608dfa6e0b5569232559e3d385fea5a93112/library/std/src/sys_common/backtrace.rs:67:5
[INFO] [stdout]    3:     0x5635c4b5efbc - <std::sys_common::backtrace::_print::DisplayBacktrace as core::fmt::Display>::fmt::hed7f999df88cc644
[INFO] [stdout]                                at /rustc/82e1608dfa6e0b5569232559e3d385fea5a93112/library/std/src/sys_common/backtrace.rs:44:22
[INFO] [stdout]    4:     0x5635c4b88b10 - core::fmt::rt::Argument::fmt::h1539a9308b8d058d
[INFO] [stdout]                                at /rustc/82e1608dfa6e0b5569232559e3d385fea5a93112/library/core/src/fmt/rt.rs:142:9
[INFO] [stdout]    5:     0x5635c4b88b10 - core::fmt::write::h3a39390d8560d9c9
[INFO] [stdout]                                at /rustc/82e1608dfa6e0b5569232559e3d385fea5a93112/library/core/src/fmt/mod.rs:1120:17
[INFO] [stdout]    6:     0x5635c4b5c96f - std::io::Write::write_fmt::h040b369f3a0f9cbc
[INFO] [stdout]                                at /rustc/82e1608dfa6e0b5569232559e3d385fea5a93112/library/std/src/io/mod.rs:1762:15
[INFO] [stdout]    7:     0x5635c4b5eda4 - std::sys_common::backtrace::_print::h894006fb5c6f3d45
[INFO] [stdout]                                at /rustc/82e1608dfa6e0b5569232559e3d385fea5a93112/library/std/src/sys_common/backtrace.rs:47:5
[INFO] [stdout]    8:     0x5635c4b5eda4 - std::sys_common::backtrace::print::h23a2d212c6fff936
[INFO] [stdout]                                at /rustc/82e1608dfa6e0b5569232559e3d385fea5a93112/library/std/src/sys_common/backtrace.rs:34:9
[INFO] [stdout]    9:     0x5635c4b60a67 - std::panicking::default_hook::{{closure}}::h8a1d2ee00185001a
[INFO] [stdout]   10:     0x5635c4b60753 - std::panicking::default_hook::h6038f2eba384e475
[INFO] [stdout]                                at /rustc/82e1608dfa6e0b5569232559e3d385fea5a93112/library/std/src/panicking.rs:289:9
[INFO] [stdout]   11:     0x5635c4b310d7 - <alloc::boxed::Box<F,A> as core::ops::function::Fn<Args>>::call::h0ad024c9bdc6d768
[INFO] [stdout]                                at /rustc/82e1608dfa6e0b5569232559e3d385fea5a93112/library/alloc/src/boxed.rs:2021:9
[INFO] [stdout]   12:     0x5635c4b310d7 - test::test_main::{{closure}}::h7500b54257359db6
[INFO] [stdout]                                at /rustc/82e1608dfa6e0b5569232559e3d385fea5a93112/library/test/src/lib.rs:138:21
[INFO] [stdout]   13:     0x5635c4b61078 - <alloc::boxed::Box<F,A> as core::ops::function::Fn<Args>>::call::h1f8f335eaa9cfaee
[INFO] [stdout]                                at /rustc/82e1608dfa6e0b5569232559e3d385fea5a93112/library/alloc/src/boxed.rs:2021:9
[INFO] [stdout]   14:     0x5635c4b61078 - std::panicking::rust_panic_with_hook::h2b5517d590cab22e
[INFO] [stdout]                                at /rustc/82e1608dfa6e0b5569232559e3d385fea5a93112/library/std/src/panicking.rs:783:13
[INFO] [stdout]   15:     0x5635c4b60dce - std::panicking::begin_panic_handler::{{closure}}::h233112c06e0ef43e
[INFO] [stdout]                                at /rustc/82e1608dfa6e0b5569232559e3d385fea5a93112/library/std/src/panicking.rs:657:13
[INFO] [stdout]   16:     0x5635c4b5f486 - std::sys_common::backtrace::__rust_end_short_backtrace::h6e893f24d7ebbff8
[INFO] [stdout]                                at /rustc/82e1608dfa6e0b5569232559e3d385fea5a93112/library/std/src/sys_common/backtrace.rs:170:18
[INFO] [stdout]   17:     0x5635c4b60b32 - rust_begin_unwind
[INFO] [stdout]                                at /rustc/82e1608dfa6e0b5569232559e3d385fea5a93112/library/std/src/panicking.rs:645:5
[INFO] [stdout]   18:     0x5635c4ae1b65 - core::panicking::panic_fmt::hbf0e066aabfa482c
[INFO] [stdout]                                at /rustc/82e1608dfa6e0b5569232559e3d385fea5a93112/library/core/src/panicking.rs:72:14
[INFO] [stdout]   19:     0x5635c4ae2003 - core::result::unwrap_failed::hddb4fea594200c52
[INFO] [stdout]                                at /rustc/82e1608dfa6e0b5569232559e3d385fea5a93112/library/core/src/result.rs:1653:5
[INFO] [stdout]   20:     0x5635c4aed4d8 - core::result::Result<T,E>::unwrap::h8ede9fc3f8265a9e
[INFO] [stdout]                                at /rustc/82e1608dfa6e0b5569232559e3d385fea5a93112/library/core/src/result.rs:1077:23
[INFO] [stdout]   21:     0x5635c4aed4d8 - cata::kimg::ImageBuffer::dump_to_file::h99e35f60501f6fcd
[INFO] [stdout]                                at /opt/rustwide/workdir/src/kimg.rs:51:20
[INFO] [stdout]   22:     0x5635c4ae6f6c - cata::distance_field::test_dsep::h1dd03850ab42e60e
[INFO] [stdout]                                at /opt/rustwide/workdir/src/distance_field.rs:387:5
[INFO] [stdout]   23:     0x5635c4aee4e9 - cata::distance_field::test_dsep::{{closure}}::hc48a5d63affc46fb
[INFO] [stdout]                                at /opt/rustwide/workdir/src/distance_field.rs:362:15
[INFO] [stdout]   24:     0x5635c4aee4e9 - core::ops::function::FnOnce::call_once::h70c25f99c2bb191f
[INFO] [stdout]                                at /rustc/82e1608dfa6e0b5569232559e3d385fea5a93112/library/core/src/ops/function.rs:250:5
[INFO] [stdout]   25:     0x5635c4b3672f - core::ops::function::FnOnce::call_once::h2b5d431d5046312d
[INFO] [stdout]                                at /rustc/82e1608dfa6e0b5569232559e3d385fea5a93112/library/core/src/ops/function.rs:250:5
[INFO] [stdout]   26:     0x5635c4b3672f - test::__rust_begin_short_backtrace::h7714669af176e207
[INFO] [stdout]                                at /rustc/82e1608dfa6e0b5569232559e3d385fea5a93112/library/test/src/lib.rs:628:18
[INFO] [stdout]   27:     0x5635c4b35745 - test::run_test_in_process::{{closure}}::h85218797dcbcec12
[INFO] [stdout]                                at /rustc/82e1608dfa6e0b5569232559e3d385fea5a93112/library/test/src/lib.rs:651:60
[INFO] [stdout]   28:     0x5635c4b35745 - <core::panic::unwind_safe::AssertUnwindSafe<F> as core::ops::function::FnOnce<()>>::call_once::h76c106ea31c14d7b
[INFO] [stdout]                                at /rustc/82e1608dfa6e0b5569232559e3d385fea5a93112/library/core/src/panic/unwind_safe.rs:272:9
[INFO] [stdout]   29:     0x5635c4b35745 - std::panicking::try::do_call::h3bd5d0f6620ee946
[INFO] [stdout]                                at /rustc/82e1608dfa6e0b5569232559e3d385fea5a93112/library/std/src/panicking.rs:552:40
[INFO] [stdout]   30:     0x5635c4b35745 - std::panicking::try::h232e535e4744fe31
[INFO] [stdout]                                at /rustc/82e1608dfa6e0b5569232559e3d385fea5a93112/library/std/src/panicking.rs:516:19
[INFO] [stdout]   31:     0x5635c4b35745 - std::panic::catch_unwind::h3ce3bd6ca8dbac68
[INFO] [stdout]                                at /rustc/82e1608dfa6e0b5569232559e3d385fea5a93112/library/std/src/panic.rs:142:14
[INFO] [stdout]   32:     0x5635c4b35745 - test::run_test_in_process::hc97b257c9621286a
[INFO] [stdout]                                at /rustc/82e1608dfa6e0b5569232559e3d385fea5a93112/library/test/src/lib.rs:651:27
[INFO] [stdout]   33:     0x5635c4b35745 - test::run_test::{{closure}}::h2aa798823a438d38
[INFO] [stdout]                                at /rustc/82e1608dfa6e0b5569232559e3d385fea5a93112/library/test/src/lib.rs:574:43
[INFO] [stdout]   34:     0x5635c4afda06 - test::run_test::{{closure}}::h87d231c78fb59832
[INFO] [stdout]                                at /rustc/82e1608dfa6e0b5569232559e3d385fea5a93112/library/test/src/lib.rs:602:41
[INFO] [stdout]   35:     0x5635c4afda06 - std::sys_common::backtrace::__rust_begin_short_backtrace::he6df152596625789
[INFO] [stdout]                                at /rustc/82e1608dfa6e0b5569232559e3d385fea5a93112/library/std/src/sys_common/backtrace.rs:154:18
[INFO] [stdout]   36:     0x5635c4b02ab7 - std::thread::Builder::spawn_unchecked_::{{closure}}::{{closure}}::ha94be15d1e0acf36
[INFO] [stdout]                                at /rustc/82e1608dfa6e0b5569232559e3d385fea5a93112/library/std/src/thread/mod.rs:529:17
[INFO] [stdout]   37:     0x5635c4b02ab7 - <core::panic::unwind_safe::AssertUnwindSafe<F> as core::ops::function::FnOnce<()>>::call_once::h9dc6bd6372f16606
[INFO] [stdout]                                at /rustc/82e1608dfa6e0b5569232559e3d385fea5a93112/library/core/src/panic/unwind_safe.rs:272:9
[INFO] [stdout]   38:     0x5635c4b02ab7 - std::panicking::try::do_call::h9057517f80303cd4
[INFO] [stdout]                                at /rustc/82e1608dfa6e0b5569232559e3d385fea5a93112/library/std/src/panicking.rs:552:40
[INFO] [stdout]   39:     0x5635c4b02ab7 - std::panicking::try::he3a30b11ee45340c
[INFO] [stdout]                                at /rustc/82e1608dfa6e0b5569232559e3d385fea5a93112/library/std/src/panicking.rs:516:19
[INFO] [stdout]   40:     0x5635c4b02ab7 - std::panic::catch_unwind::h410458cfd3528b8b
[INFO] [stdout]                                at /rustc/82e1608dfa6e0b5569232559e3d385fea5a93112/library/std/src/panic.rs:142:14
[INFO] [stdout]   41:     0x5635c4b02ab7 - std::thread::Builder::spawn_unchecked_::{{closure}}::h72ac3bdb567b737b
[INFO] [stdout]                                at /rustc/82e1608dfa6e0b5569232559e3d385fea5a93112/library/std/src/thread/mod.rs:528:30
[INFO] [stdout]   42:     0x5635c4b02ab7 - core::ops::function::FnOnce::call_once{{vtable.shim}}::h38f34da3654a8344
[INFO] [stdout]                                at /rustc/82e1608dfa6e0b5569232559e3d385fea5a93112/library/core/src/ops/function.rs:250:5
[INFO] [stdout]   43:     0x5635c4b65b05 - <alloc::boxed::Box<F,A> as core::ops::function::FnOnce<Args>>::call_once::hc7eafaff61e32df9
[INFO] [stdout]                                at /rustc/82e1608dfa6e0b5569232559e3d385fea5a93112/library/alloc/src/boxed.rs:2007:9
[INFO] [stdout]   44:     0x5635c4b65b05 - <alloc::boxed::Box<F,A> as core::ops::function::FnOnce<Args>>::call_once::h6ba4a5de48dd2304
[INFO] [stdout]                                at /rustc/82e1608dfa6e0b5569232559e3d385fea5a93112/library/alloc/src/boxed.rs:2007:9
[INFO] [stdout]   45:     0x5635c4b65b05 - std::sys::unix::thread::Thread::new::thread_start::he469335aef763e45
[INFO] [stdout]                                at /rustc/82e1608dfa6e0b5569232559e3d385fea5a93112/library/std/src/sys/unix/thread.rs:108:17
[INFO] [stdout]   46:     0x7efe95c1cac3 - <unknown>
[INFO] [stdout]   47:     0x7efe95cadbf4 - __clone
[INFO] [stdout]   48:                0x0 - <unknown>
[INFO] [stdout] 
[INFO] [stdout] ---- level::test_level stdout ----
[INFO] [stdout] gen sep took 1.156224139s
[INFO] [stdout] thread 'level::test_level' panicked at src/kimg.rs:51:39:
[INFO] [stdout] called `Result::unwrap()` on an `Err` value: Os { code: 30, kind: ReadOnlyFilesystem, message: "Read-only file system" }
[INFO] [stdout] stack backtrace:
[INFO] [stdout]    0:     0x5635c4b5efbc - std::backtrace_rs::backtrace::libunwind::trace::ha637c64ce894333a
[INFO] [stdout]                                at /rustc/82e1608dfa6e0b5569232559e3d385fea5a93112/library/std/src/../../backtrace/src/backtrace/libunwind.rs:104:5
[INFO] [stdout]    1:     0x5635c4b5efbc - std::backtrace_rs::backtrace::trace_unsynchronized::h47f62dea28e0c88d
[INFO] [stdout]                                at /rustc/82e1608dfa6e0b5569232559e3d385fea5a93112/library/std/src/../../backtrace/src/backtrace/mod.rs:66:5
[INFO] [stdout]    2:     0x5635c4b5efbc - std::sys_common::backtrace::_print_fmt::h9eef0abe20ede486
[INFO] [stdout]                                at /rustc/82e1608dfa6e0b5569232559e3d385fea5a93112/library/std/src/sys_common/backtrace.rs:67:5
[INFO] [stdout]    3:     0x5635c4b5efbc - <std::sys_common::backtrace::_print::DisplayBacktrace as core::fmt::Display>::fmt::hed7f999df88cc644
[INFO] [stdout]                                at /rustc/82e1608dfa6e0b5569232559e3d385fea5a93112/library/std/src/sys_common/backtrace.rs:44:22
[INFO] [stdout]    4:     0x5635c4b88b10 - core::fmt::rt::Argument::fmt::h1539a9308b8d058d
[INFO] [stdout]                                at /rustc/82e1608dfa6e0b5569232559e3d385fea5a93112/library/core/src/fmt/rt.rs:142:9
[INFO] [stdout]    5:     0x5635c4b88b10 - core::fmt::write::h3a39390d8560d9c9
[INFO] [stdout]                                at /rustc/82e1608dfa6e0b5569232559e3d385fea5a93112/library/core/src/fmt/mod.rs:1120:17
[INFO] [stdout]    6:     0x5635c4b5c96f - std::io::Write::write_fmt::h040b369f3a0f9cbc
[INFO] [stdout]                                at /rustc/82e1608dfa6e0b5569232559e3d385fea5a93112/library/std/src/io/mod.rs:1762:15
[INFO] [stdout]    7:     0x5635c4b5eda4 - std::sys_common::backtrace::_print::h894006fb5c6f3d45
[INFO] [stdout]                                at /rustc/82e1608dfa6e0b5569232559e3d385fea5a93112/library/std/src/sys_common/backtrace.rs:47:5
[INFO] [stdout]    8:     0x5635c4b5eda4 - std::sys_common::backtrace::print::h23a2d212c6fff936
[INFO] [stdout]                                at /rustc/82e1608dfa6e0b5569232559e3d385fea5a93112/library/std/src/sys_common/backtrace.rs:34:9
[INFO] [stdout]    9:     0x5635c4b60a67 - std::panicking::default_hook::{{closure}}::h8a1d2ee00185001a
[INFO] [stdout]   10:     0x5635c4b60753 - std::panicking::default_hook::h6038f2eba384e475
[INFO] [stdout]                                at /rustc/82e1608dfa6e0b5569232559e3d385fea5a93112/library/std/src/panicking.rs:289:9
[INFO] [stdout]   11:     0x5635c4b310d7 - <alloc::boxed::Box<F,A> as core::ops::function::Fn<Args>>::call::h0ad024c9bdc6d768
[INFO] [stdout]                                at /rustc/82e1608dfa6e0b5569232559e3d385fea5a93112/library/alloc/src/boxed.rs:2021:9
[INFO] [stdout]   12:     0x5635c4b310d7 - test::test_main::{{closure}}::h7500b54257359db6
[INFO] [stdout]                                at /rustc/82e1608dfa6e0b5569232559e3d385fea5a93112/library/test/src/lib.rs:138:21
[INFO] [stdout]   13:     0x5635c4b61078 - <alloc::boxed::Box<F,A> as core::ops::function::Fn<Args>>::call::h1f8f335eaa9cfaee
[INFO] [stdout]                                at /rustc/82e1608dfa6e0b5569232559e3d385fea5a93112/library/alloc/src/boxed.rs:2021:9
[INFO] [stdout]   14:     0x5635c4b61078 - std::panicking::rust_panic_with_hook::h2b5517d590cab22e
[INFO] [stdout]                                at /rustc/82e1608dfa6e0b5569232559e3d385fea5a93112/library/std/src/panicking.rs:783:13
[INFO] [stdout]   15:     0x5635c4b60dce - std::panicking::begin_panic_handler::{{closure}}::h233112c06e0ef43e
[INFO] [stdout]                                at /rustc/82e1608dfa6e0b5569232559e3d385fea5a93112/library/std/src/panicking.rs:657:13
[INFO] [stdout]   16:     0x5635c4b5f486 - std::sys_common::backtrace::__rust_end_short_backtrace::h6e893f24d7ebbff8
[INFO] [stdout]                                at /rustc/82e1608dfa6e0b5569232559e3d385fea5a93112/library/std/src/sys_common/backtrace.rs:170:18
[INFO] [stdout]   17:     0x5635c4b60b32 - rust_begin_unwind
[INFO] [stdout]                                at /rustc/82e1608dfa6e0b5569232559e3d385fea5a93112/library/std/src/panicking.rs:645:5
[INFO] [stdout]   18:     0x5635c4ae1b65 - core::panicking::panic_fmt::hbf0e066aabfa482c
[INFO] [stdout]                                at /rustc/82e1608dfa6e0b5569232559e3d385fea5a93112/library/core/src/panicking.rs:72:14
[INFO] [stdout]   19:     0x5635c4ae2003 - core::result::unwrap_failed::hddb4fea594200c52
[INFO] [stdout]                                at /rustc/82e1608dfa6e0b5569232559e3d385fea5a93112/library/core/src/result.rs:1653:5
[INFO] [stdout]   20:     0x5635c4aed4d8 - core::result::Result<T,E>::unwrap::h8ede9fc3f8265a9e
[INFO] [stdout]                                at /rustc/82e1608dfa6e0b5569232559e3d385fea5a93112/library/core/src/result.rs:1077:23
[INFO] [stdout]   21:     0x5635c4aed4d8 - cata::kimg::ImageBuffer::dump_to_file::h99e35f60501f6fcd
[INFO] [stdout]                                at /opt/rustwide/workdir/src/kimg.rs:51:20
[INFO] [stdout]   22:     0x5635c4aec17b - cata::level::test_level::h771246402d007b08
[INFO] [stdout]                                at /opt/rustwide/workdir/src/level.rs:332:5
[INFO] [stdout]   23:     0x5635c4aee509 - cata::level::test_level::{{closure}}::h67df79e48a200fb3
[INFO] [stdout]                                at /opt/rustwide/workdir/src/level.rs:298:16
[INFO] [stdout]   24:     0x5635c4aee509 - core::ops::function::FnOnce::call_once::hbbdd94f191846dc3
[INFO] [stdout]                                at /rustc/82e1608dfa6e0b5569232559e3d385fea5a93112/library/core/src/ops/function.rs:250:5
[INFO] [stdout]   25:     0x5635c4b3672f - core::ops::function::FnOnce::call_once::h2b5d431d5046312d
[INFO] [stdout]                                at /rustc/82e1608dfa6e0b5569232559e3d385fea5a93112/library/core/src/ops/function.rs:250:5
[INFO] [stdout]   26:     0x5635c4b3672f - test::__rust_begin_short_backtrace::h7714669af176e207
[INFO] [stdout]                                at /rustc/82e1608dfa6e0b5569232559e3d385fea5a93112/library/test/src/lib.rs:628:18
[INFO] [stdout]   27:     0x5635c4b35745 - test::run_test_in_process::{{closure}}::h85218797dcbcec12
[INFO] [stdout]                                at /rustc/82e1608dfa6e0b5569232559e3d385fea5a93112/library/test/src/lib.rs:651:60
[INFO] [stdout]   28:     0x5635c4b35745 - <core::panic::unwind_safe::AssertUnwindSafe<F> as core::ops::function::FnOnce<()>>::call_once::h76c106ea31c14d7b
[INFO] [stdout]                                at /rustc/82e1608dfa6e0b5569232559e3d385fea5a93112/library/core/src/panic/unwind_safe.rs:272:9
[INFO] [stdout]   29:     0x5635c4b35745 - std::panicking::try::do_call::h3bd5d0f6620ee946
[INFO] [stdout]                                at /rustc/82e1608dfa6e0b5569232559e3d385fea5a93112/library/std/src/panicking.rs:552:40
[INFO] [stdout]   30:     0x5635c4b35745 - std::panicking::try::h232e535e4744fe31
[INFO] [stdout]                                at /rustc/82e1608dfa6e0b5569232559e3d385fea5a93112/library/std/src/panicking.rs:516:19
[INFO] [stdout]   31:     0x5635c4b35745 - std::panic::catch_unwind::h3ce3bd6ca8dbac68
[INFO] [stdout]                                at /rustc/82e1608dfa6e0b5569232559e3d385fea5a93112/library/std/src/panic.rs:142:14
[INFO] [stdout]   32:     0x5635c4b35745 - test::run_test_in_process::hc97b257c9621286a
[INFO] [stdout]                                at /rustc/82e1608dfa6e0b5569232559e3d385fea5a93112/library/test/src/lib.rs:651:27
[INFO] [stdout]   33:     0x5635c4b35745 - test::run_test::{{closure}}::h2aa798823a438d38
[INFO] [stdout]                                at /rustc/82e1608dfa6e0b5569232559e3d385fea5a93112/library/test/src/lib.rs:574:43
[INFO] [stdout]   34:     0x5635c4afda06 - test::run_test::{{closure}}::h87d231c78fb59832
[INFO] [stdout]                                at /rustc/82e1608dfa6e0b5569232559e3d385fea5a93112/library/test/src/lib.rs:602:41
[INFO] [stdout]   35:     0x5635c4afda06 - std::sys_common::backtrace::__rust_begin_short_backtrace::he6df152596625789
[INFO] [stdout]                                at /rustc/82e1608dfa6e0b5569232559e3d385fea5a93112/library/std/src/sys_common/backtrace.rs:154:18
[INFO] [stdout]   36:     0x5635c4b02ab7 - std::thread::Builder::spawn_unchecked_::{{closure}}::{{closure}}::ha94be15d1e0acf36
[INFO] [stdout]                                at /rustc/82e1608dfa6e0b5569232559e3d385fea5a93112/library/std/src/thread/mod.rs:529:17
[INFO] [stdout]   37:     0x5635c4b02ab7 - <core::panic::unwind_safe::AssertUnwindSafe<F> as core::ops::function::FnOnce<()>>::call_once::h9dc6bd6372f16606
[INFO] [stdout]                                at /rustc/82e1608dfa6e0b5569232559e3d385fea5a93112/library/core/src/panic/unwind_safe.rs:272:9
[INFO] [stdout]   38:     0x5635c4b02ab7 - std::panicking::try::do_call::h9057517f80303cd4
[INFO] [stdout]                                at /rustc/82e1608dfa6e0b5569232559e3d385fea5a93112/library/std/src/panicking.rs:552:40
[INFO] [stdout]   39:     0x5635c4b02ab7 - std::panicking::try::he3a30b11ee45340c
[INFO] [stdout]                                at /rustc/82e1608dfa6e0b5569232559e3d385fea5a93112/library/std/src/panicking.rs:516:19
[INFO] [stdout]   40:     0x5635c4b02ab7 - std::panic::catch_unwind::h410458cfd3528b8b
[INFO] [stdout]                                at /rustc/82e1608dfa6e0b5569232559e3d385fea5a93112/library/std/src/panic.rs:142:14
[INFO] [stdout]   41:     0x5635c4b02ab7 - std::thread::Builder::spawn_unchecked_::{{closure}}::h72ac3bdb567b737b
[INFO] [stdout]                                at /rustc/82e1608dfa6e0b5569232559e3d385fea5a93112/library/std/src/thread/mod.rs:528:30
[INFO] [stdout]   42:     0x5635c4b02ab7 - core::ops::function::FnOnce::call_once{{vtable.shim}}::h38f34da3654a8344
[INFO] [stdout]                                at /rustc/82e1608dfa6e0b5569232559e3d385fea5a93112/library/core/src/ops/function.rs:250:5
[INFO] [stdout]   43:     0x5635c4b65b05 - <alloc::boxed::Box<F,A> as core::ops::function::FnOnce<Args>>::call_once::hc7eafaff61e32df9
[INFO] [stdout]                                at /rustc/82e1608dfa6e0b5569232559e3d385fea5a93112/library/alloc/src/boxed.rs:2007:9
[INFO] [stdout]   44:     0x5635c4b65b05 - <alloc::boxed::Box<F,A> as core::ops::function::FnOnce<Args>>::call_once::h6ba4a5de48dd2304
[INFO] [stdout]                                at /rustc/82e1608dfa6e0b5569232559e3d385fea5a93112/library/alloc/src/boxed.rs:2007:9
[INFO] [stdout]   45:     0x5635c4b65b05 - std::sys::unix::thread::Thread::new::thread_start::he469335aef763e45
[INFO] [stdout]                                at /rustc/82e1608dfa6e0b5569232559e3d385fea5a93112/library/std/src/sys/unix/thread.rs:108:17
[INFO] [stdout]   46:     0x7efe95c1cac3 - <unknown>
[INFO] [stdout]   47:     0x7efe95cadbf4 - __clone
[INFO] [stdout]   48:                0x0 - <unknown>
[INFO] [stdout] 
[INFO] [stdout] ---- distance_field::test_distance_field stdout ----
[INFO] [stdout] gen di took 3.255659431s, qops: 2480041, qmax: 20013
[INFO] [stdout] thread 'distance_field::test_distance_field' panicked at src/kimg.rs:51:39:
[INFO] [stdout] called `Result::unwrap()` on an `Err` value: Os { code: 30, kind: ReadOnlyFilesystem, message: "Read-only file system" }
[INFO] [stdout] stack backtrace:
[INFO] [stdout]    0:     0x5635c4b5efbc - std::backtrace_rs::backtrace::libunwind::trace::ha637c64ce894333a
[INFO] [stdout]                                at /rustc/82e1608dfa6e0b5569232559e3d385fea5a93112/library/std/src/../../backtrace/src/backtrace/libunwind.rs:104:5
[INFO] [stdout]    1:     0x5635c4b5efbc - std::backtrace_rs::backtrace::trace_unsynchronized::h47f62dea28e0c88d
[INFO] [stdout]                                at /rustc/82e1608dfa6e0b5569232559e3d385fea5a93112/library/std/src/../../backtrace/src/backtrace/mod.rs:66:5
[INFO] [stdout]    2:     0x5635c4b5efbc - std::sys_common::backtrace::_print_fmt::h9eef0abe20ede486
[INFO] [stdout]                                at /rustc/82e1608dfa6e0b5569232559e3d385fea5a93112/library/std/src/sys_common/backtrace.rs:67:5
[INFO] [stdout]    3:     0x5635c4b5efbc - <std::sys_common::backtrace::_print::DisplayBacktrace as core::fmt::Display>::fmt::hed7f999df88cc644
[INFO] [stdout]                                at /rustc/82e1608dfa6e0b5569232559e3d385fea5a93112/library/std/src/sys_common/backtrace.rs:44:22
[INFO] [stdout]    4:     0x5635c4b88b10 - core::fmt::rt::Argument::fmt::h1539a9308b8d058d
[INFO] [stdout]                                at /rustc/82e1608dfa6e0b5569232559e3d385fea5a93112/library/core/src/fmt/rt.rs:142:9
[INFO] [stdout]    5:     0x5635c4b88b10 - core::fmt::write::h3a39390d8560d9c9
[INFO] [stdout]                                at /rustc/82e1608dfa6e0b5569232559e3d385fea5a93112/library/core/src/fmt/mod.rs:1120:17
[INFO] [stdout]    6:     0x5635c4b5c96f - std::io::Write::write_fmt::h040b369f3a0f9cbc
[INFO] [stdout]                                at /rustc/82e1608dfa6e0b5569232559e3d385fea5a93112/library/std/src/io/mod.rs:1762:15
[INFO] [stdout]    7:     0x5635c4b5eda4 - std::sys_common::backtrace::_print::h894006fb5c6f3d45
[INFO] [stdout]                                at /rustc/82e1608dfa6e0b5569232559e3d385fea5a93112/library/std/src/sys_common/backtrace.rs:47:5
[INFO] [stdout]    8:     0x5635c4b5eda4 - std::sys_common::backtrace::print::h23a2d212c6fff936
[INFO] [stdout]                                at /rustc/82e1608dfa6e0b5569232559e3d385fea5a93112/library/std/src/sys_common/backtrace.rs:34:9
[INFO] [stdout]    9:     0x5635c4b60a67 - std::panicking::default_hook::{{closure}}::h8a1d2ee00185001a
[INFO] [stdout]   10:     0x5635c4b60753 - std::panicking::default_hook::h6038f2eba384e475
[INFO] [stdout]                                at /rustc/82e1608dfa6e0b5569232559e3d385fea5a93112/library/std/src/panicking.rs:289:9
[INFO] [stdout]   11:     0x5635c4b310d7 - <alloc::boxed::Box<F,A> as core::ops::function::Fn<Args>>::call::h0ad024c9bdc6d768
[INFO] [stdout]                                at /rustc/82e1608dfa6e0b5569232559e3d385fea5a93112/library/alloc/src/boxed.rs:2021:9
[INFO] [stdout]   12:     0x5635c4b310d7 - test::test_main::{{closure}}::h7500b54257359db6
[INFO] [stdout]                                at /rustc/82e1608dfa6e0b5569232559e3d385fea5a93112/library/test/src/lib.rs:138:21
[INFO] [stdout]   13:     0x5635c4b61078 - <alloc::boxed::Box<F,A> as core::ops::function::Fn<Args>>::call::h1f8f335eaa9cfaee
[INFO] [stdout]                                at /rustc/82e1608dfa6e0b5569232559e3d385fea5a93112/library/alloc/src/boxed.rs:2021:9
[INFO] [stdout]   14:     0x5635c4b61078 - std::panicking::rust_panic_with_hook::h2b5517d590cab22e
[INFO] [stdout]                                at /rustc/82e1608dfa6e0b5569232559e3d385fea5a93112/library/std/src/panicking.rs:783:13
[INFO] [stdout]   15:     0x5635c4b60dce - std::panicking::begin_panic_handler::{{closure}}::h233112c06e0ef43e
[INFO] [stdout]                                at /rustc/82e1608dfa6e0b5569232559e3d385fea5a93112/library/std/src/panicking.rs:657:13
[INFO] [stdout]   16:     0x5635c4b5f486 - std::sys_common::backtrace::__rust_end_short_backtrace::h6e893f24d7ebbff8
[INFO] [stdout]                                at /rustc/82e1608dfa6e0b5569232559e3d385fea5a93112/library/std/src/sys_common/backtrace.rs:170:18
[INFO] [stdout]   17:     0x5635c4b60b32 - rust_begin_unwind
[INFO] [stdout]                                at /rustc/82e1608dfa6e0b5569232559e3d385fea5a93112/library/std/src/panicking.rs:645:5
[INFO] [stdout]   18:     0x5635c4ae1b65 - core::panicking::panic_fmt::hbf0e066aabfa482c
[INFO] [stdout]                                at /rustc/82e1608dfa6e0b5569232559e3d385fea5a93112/library/core/src/panicking.rs:72:14
[INFO] [stdout]   19:     0x5635c4ae2003 - core::result::unwrap_failed::hddb4fea594200c52
[INFO] [stdout]                                at /rustc/82e1608dfa6e0b5569232559e3d385fea5a93112/library/core/src/result.rs:1653:5
[INFO] [stdout]   20:     0x5635c4aed4d8 - core::result::Result<T,E>::unwrap::h8ede9fc3f8265a9e
[INFO] [stdout]                                at /rustc/82e1608dfa6e0b5569232559e3d385fea5a93112/library/core/src/result.rs:1077:23
[INFO] [stdout]   21:     0x5635c4aed4d8 - cata::kimg::ImageBuffer::dump_to_file::h99e35f60501f6fcd
[INFO] [stdout]                                at /opt/rustwide/workdir/src/kimg.rs:51:20
[INFO] [stdout]   22:     0x5635c4ae4833 - cata::distance_field::test_distance_field::h60a6f10ef7300c44
[INFO] [stdout]                                at /opt/rustwide/workdir/src/distance_field.rs:328:5
[INFO] [stdout]   23:     0x5635c4aee529 - cata::distance_field::test_distance_field::{{closure}}::h6eeda2b3dc725434
[INFO] [stdout]                                at /opt/rustwide/workdir/src/distance_field.rs:309:25
[INFO] [stdout]   24:     0x5635c4aee529 - core::ops::function::FnOnce::call_once::he40c05f44900a2a8
[INFO] [stdout]                                at /rustc/82e1608dfa6e0b5569232559e3d385fea5a93112/library/core/src/ops/function.rs:250:5
[INFO] [stdout]   25:     0x5635c4b3672f - core::ops::function::FnOnce::call_once::h2b5d431d5046312d
[INFO] [stdout]                                at /rustc/82e1608dfa6e0b5569232559e3d385fea5a93112/library/core/src/ops/function.rs:250:5
[INFO] [stdout]   26:     0x5635c4b3672f - test::__rust_begin_short_backtrace::h7714669af176e207
[INFO] [stdout]                                at /rustc/82e1608dfa6e0b5569232559e3d385fea5a93112/library/test/src/lib.rs:628:18
[INFO] [stdout]   27:     0x5635c4b35745 - test::run_test_in_process::{{closure}}::h85218797dcbcec12
[INFO] [stdout]                                at /rustc/82e1608dfa6e0b5569232559e3d385fea5a93112/library/test/src/lib.rs:651:60
[INFO] [stdout]   28:     0x5635c4b35745 - <core::panic::unwind_safe::AssertUnwindSafe<F> as core::ops::function::FnOnce<()>>::call_once::h76c106ea31c14d7b
[INFO] [stdout]                                at /rustc/82e1608dfa6e0b5569232559e3d385fea5a93112/library/core/src/panic/unwind_safe.rs:272:9
[INFO] [stdout]   29:     0x5635c4b35745 - std::panicking::try::do_call::h3bd5d0f6620ee946
[INFO] [stdout]                                at /rustc/82e1608dfa6e0b5569232559e3d385fea5a93112/library/std/src/panicking.rs:552:40
[INFO] [stdout]   30:     0x5635c4b35745 - std::panicking::try::h232e535e4744fe31
[INFO] [stdout]                                at /rustc/82e1608dfa6e0b5569232559e3d385fea5a93112/library/std/src/panicking.rs:516:19
[INFO] [stdout]   31:     0x5635c4b35745 - std::panic::catch_unwind::h3ce3bd6ca8dbac68
[INFO] [stdout]                                at /rustc/82e1608dfa6e0b5569232559e3d385fea5a93112/library/std/src/panic.rs:142:14
[INFO] [stdout]   32:     0x5635c4b35745 - test::run_test_in_process::hc97b257c9621286a
[INFO] [stdout]                                at /rustc/82e1608dfa6e0b5569232559e3d385fea5a93112/library/test/src/lib.rs:651:27
[INFO] [stdout]   33:     0x5635c4b35745 - test::run_test::{{closure}}::h2aa798823a438d38
[INFO] [stdout]                                at /rustc/82e1608dfa6e0b5569232559e3d385fea5a93112/library/test/src/lib.rs:574:43
[INFO] [stdout]   34:     0x5635c4afda06 - test::run_test::{{closure}}::h87d231c78fb59832
[INFO] [stdout]                                at /rustc/82e1608dfa6e0b5569232559e3d385fea5a93112/library/test/src/lib.rs:602:41
[INFO] [stdout]   35:     0x5635c4afda06 - std::sys_common::backtrace::__rust_begin_short_backtrace::he6df152596625789
[INFO] [stdout]                                at /rustc/82e1608dfa6e0b5569232559e3d385fea5a93112/library/std/src/sys_common/backtrace.rs:154:18
[INFO] [stdout]   36:     0x5635c4b02ab7 - std::thread::Builder::spawn_unchecked_::{{closure}}::{{closure}}::ha94be15d1e0acf36
[INFO] [stdout]                                at /rustc/82e1608dfa6e0b5569232559e3d385fea5a93112/library/std/src/thread/mod.rs:529:17
[INFO] [stdout]   37:     0x5635c4b02ab7 - <core::panic::unwind_safe::AssertUnwindSafe<F> as core::ops::function::FnOnce<()>>::call_once::h9dc6bd6372f16606
[INFO] [stdout]                                at /rustc/82e1608dfa6e0b5569232559e3d385fea5a93112/library/core/src/panic/unwind_safe.rs:272:9
[INFO] [stdout]   38:     0x5635c4b02ab7 - std::panicking::try::do_call::h9057517f80303cd4
[INFO] [stdout]                                at /rustc/82e1608dfa6e0b5569232559e3d385fea5a93112/library/std/src/panicking.rs:552:40
[INFO] [stdout]   39:     0x5635c4b02ab7 - std::panicking::try::he3a30b11ee45340c
[INFO] [stdout]                                at /rustc/82e1608dfa6e0b5569232559e3d385fea5a93112/library/std/src/panicking.rs:516:19
[INFO] [stdout]   40:     0x5635c4b02ab7 - std::panic::catch_unwind::h410458cfd3528b8b
[INFO] [stdout]                                at /rustc/82e1608dfa6e0b5569232559e3d385fea5a93112/library/std/src/panic.rs:142:14
[INFO] [stdout]   41:     0x5635c4b02ab7 - std::thread::Builder::spawn_unchecked_::{{closure}}::h72ac3bdb567b737b
[INFO] [stdout]                                at /rustc/82e1608dfa6e0b5569232559e3d385fea5a93112/library/std/src/thread/mod.rs:528:30
[INFO] [stdout]   42:     0x5635c4b02ab7 - core::ops::function::FnOnce::call_once{{vtable.shim}}::h38f34da3654a8344
[INFO] [stdout]                                at /rustc/82e1608dfa6e0b5569232559e3d385fea5a93112/library/core/src/ops/function.rs:250:5
[INFO] [stdout]   43:     0x5635c4b65b05 - <alloc::boxed::Box<F,A> as core::ops::function::FnOnce<Args>>::call_once::hc7eafaff61e32df9
[INFO] [stdout]                                at /rustc/82e1608dfa6e0b5569232559e3d385fea5a93112/library/alloc/src/boxed.rs:2007:9
[INFO] [stdout]   44:     0x5635c4b65b05 - <alloc::boxed::Box<F,A> as core::ops::function::FnOnce<Args>>::call_once::h6ba4a5de48dd2304
[INFO] [stdout]                                at /rustc/82e1608dfa6e0b5569232559e3d385fea5a93112/library/alloc/src/boxed.rs:2007:9
[INFO] [stdout]   45:     0x5635c4b65b05 - std::sys::unix::thread::Thread::new::thread_start::he469335aef763e45
[INFO] [stdout]                                at /rustc/82e1608dfa6e0b5569232559e3d385fea5a93112/library/std/src/sys/unix/thread.rs:108:17
[INFO] [stdout]   46:     0x7efe95c1cac3 - <unknown>
[INFO] [stdout]   47:     0x7efe95cadbf4 - __clone
[INFO] [stdout]   48:                0x0 - <unknown>
[INFO] [stdout] 
[INFO] [stdout] 
[INFO] [stdout] failures:
[INFO] [stdout]     distance_field::test_distance_field
[INFO] [stdout]     distance_field::test_dsep
[INFO] [stdout]     level::test_level
[INFO] [stdout] 
[INFO] [stdout] test result: FAILED. 0 passed; 3 failed; 0 ignored; 0 measured; 0 filtered out; finished in 3.28s
[INFO] [stdout] 
[INFO] [stderr] error: test failed, to rerun pass `--bin cata`
[INFO] running `Command { std: "docker" "inspect" "31a52d5d775e6263d5b63d29a86fb7f04d7c730207512be0f97268b9e6565a09", kill_on_drop: false }`
[INFO] running `Command { std: "docker" "rm" "-f" "31a52d5d775e6263d5b63d29a86fb7f04d7c730207512be0f97268b9e6565a09", kill_on_drop: false }`
[INFO] [stdout] 31a52d5d775e6263d5b63d29a86fb7f04d7c730207512be0f97268b9e6565a09
[INFO] testing kennoath/cata against beta-2024-01-09 for beta-1.76-3
[INFO] running `Command { std: "git" "clone" "/workspace/cache/git-repos/https%3A%2F%2Fgithub.com%2Fkennoath%2Fcata" "/workspace/builds/worker-1-tc2/source", kill_on_drop: false }`
[INFO] [stderr] Cloning into '/workspace/builds/worker-1-tc2/source'...
[INFO] [stderr] done.
[INFO] validating manifest of git repo https://github.com/kennoath/cata on toolchain beta-2024-01-09
[INFO] running `Command { std: CARGO_HOME="/workspace/cargo-home" RUSTUP_HOME="/workspace/rustup-home" "/workspace/cargo-home/bin/cargo" "+beta-2024-01-09" "metadata" "--manifest-path" "Cargo.toml" "--no-deps", kill_on_drop: false }`
[INFO] started tweaking git repo https://github.com/kennoath/cata
[INFO] finished tweaking git repo https://github.com/kennoath/cata
[INFO] tweaked toml for git repo https://github.com/kennoath/cata written to /workspace/builds/worker-1-tc2/source/Cargo.toml
[INFO] crate git repo https://github.com/kennoath/cata already has a lockfile, it will not be regenerated
[INFO] running `Command { std: CARGO_HOME="/workspace/cargo-home" RUSTUP_HOME="/workspace/rustup-home" "/workspace/cargo-home/bin/cargo" "+beta-2024-01-09" "fetch" "--manifest-path" "Cargo.toml", kill_on_drop: false }`
[INFO] running `Command { std: "docker" "create" "-v" "/var/lib/crater-agent-workspace/builds/worker-1-tc2/target:/opt/rustwide/target:rw,Z" "-v" "/var/lib/crater-agent-workspace/builds/worker-1-tc2/source:/opt/rustwide/workdir:ro,Z" "-v" "/var/lib/crater-agent-workspace/cargo-home:/opt/rustwide/cargo-home:ro,Z" "-v" "/var/lib/crater-agent-workspace/rustup-home:/opt/rustwide/rustup-home:ro,Z" "-e" "SOURCE_DIR=/opt/rustwide/workdir" "-e" "CARGO_TARGET_DIR=/opt/rustwide/target" "-e" "CARGO_HOME=/opt/rustwide/cargo-home" "-e" "RUSTUP_HOME=/opt/rustwide/rustup-home" "-w" "/opt/rustwide/workdir" "-m" "1610612736" "--user" "0:0" "--network" "none" "ghcr.io/rust-lang/crates-build-env/linux@sha256:2788e3201cd34a07e3172128adcd8b3090168a8e3bcc40d7c032b9dda1df7d1c" "/opt/rustwide/cargo-home/bin/cargo" "+beta-2024-01-09" "metadata" "--no-deps" "--format-version=1", kill_on_drop: false }`
[INFO] [stdout] 2c7ac0d4904aa02bbad4b251097e483d1892701806c1baf95db3e99a75712dcc
[INFO] running `Command { std: "docker" "start" "-a" "2c7ac0d4904aa02bbad4b251097e483d1892701806c1baf95db3e99a75712dcc", kill_on_drop: false }`
[INFO] running `Command { std: "docker" "inspect" "2c7ac0d4904aa02bbad4b251097e483d1892701806c1baf95db3e99a75712dcc", kill_on_drop: false }`
[INFO] running `Command { std: "docker" "rm" "-f" "2c7ac0d4904aa02bbad4b251097e483d1892701806c1baf95db3e99a75712dcc", kill_on_drop: false }`
[INFO] [stdout] 2c7ac0d4904aa02bbad4b251097e483d1892701806c1baf95db3e99a75712dcc
[INFO] running `Command { std: "docker" "create" "-v" "/var/lib/crater-agent-workspace/builds/worker-1-tc2/target:/opt/rustwide/target:rw,Z" "-v" "/var/lib/crater-agent-workspace/builds/worker-1-tc2/source:/opt/rustwide/workdir:ro,Z" "-v" "/var/lib/crater-agent-workspace/cargo-home:/opt/rustwide/cargo-home:ro,Z" "-v" "/var/lib/crater-agent-workspace/rustup-home:/opt/rustwide/rustup-home:ro,Z" "-e" "SOURCE_DIR=/opt/rustwide/workdir" "-e" "CARGO_TARGET_DIR=/opt/rustwide/target" "-e" "CARGO_INCREMENTAL=0" "-e" "RUST_BACKTRACE=full" "-e" "RUSTFLAGS=--cap-lints=warn" "-e" "RUSTDOCFLAGS=--cap-lints=warn" "-e" "CARGO_HOME=/opt/rustwide/cargo-home" "-e" "RUSTUP_HOME=/opt/rustwide/rustup-home" "-w" "/opt/rustwide/workdir" "-m" "1610612736" "--user" "0:0" "--network" "none" "ghcr.io/rust-lang/crates-build-env/linux@sha256:2788e3201cd34a07e3172128adcd8b3090168a8e3bcc40d7c032b9dda1df7d1c" "/opt/rustwide/cargo-home/bin/cargo" "+beta-2024-01-09" "build" "--frozen" "--message-format=json", kill_on_drop: false }`
[INFO] [stdout] 95b39ac76c21090bf3d3a5fbd18687a979f874f1d1b1e33a8bd89897f96fb2a8
[INFO] running `Command { std: "docker" "start" "-a" "95b39ac76c21090bf3d3a5fbd18687a979f874f1d1b1e33a8bd89897f96fb2a8", kill_on_drop: false }`
[INFO] [stderr]    Compiling libc v0.2.138
[INFO] [stderr]    Compiling cfg-if v1.0.0
[INFO] [stderr]    Compiling xml-rs v0.8.4
[INFO] [stderr]    Compiling proc-macro2 v1.0.47
[INFO] [stderr]    Compiling quote v1.0.21
[INFO] [stderr]    Compiling unicode-ident v1.0.5
[INFO] [stderr]    Compiling memoffset v0.6.5
[INFO] [stderr]    Compiling log v0.4.17
[INFO] [stderr]    Compiling bitflags v1.3.2
[INFO] [stderr]    Compiling autocfg v0.1.8
[INFO] [stderr]    Compiling rand_core v0.4.2
[INFO] [stderr]    Compiling lazy_static v1.4.0
[INFO] [stderr]    Compiling smallvec v1.10.0
[INFO] [stderr]    Compiling num-traits v0.2.15
[INFO] [stderr]    Compiling khronos_api v3.1.0
[INFO] [stderr]    Compiling wayland-sys v0.29.5
[INFO] [stderr]    Compiling libloading v0.7.4
[INFO] [stderr]    Compiling rand_pcg v0.1.2
[INFO] [stderr]    Compiling rand_chacha v0.1.1
[INFO] [stderr]    Compiling memchr v2.5.0
[INFO] [stderr]    Compiling rand_core v0.3.1
[INFO] [stderr]    Compiling dlib v0.5.0
[INFO] [stderr]    Compiling once_cell v1.16.0
[INFO] [stderr]    Compiling rand v0.6.5
[INFO] [stderr]    Compiling num-integer v0.1.45
[INFO] [stderr]    Compiling scoped-tls v1.0.1
[INFO] [stderr]    Compiling downcast-rs v1.2.0
[INFO] [stderr]    Compiling rand_xorshift v0.1.1
[INFO] [stderr]    Compiling rand_isaac v0.1.1
[INFO] [stderr]    Compiling rand_hc v0.1.0
[INFO] [stderr]    Compiling rand_jitter v0.1.4
[INFO] [stderr]    Compiling gl_generator v0.14.0
[INFO] [stderr]    Compiling parking_lot_core v0.8.5
[INFO] [stderr]    Compiling minimal-lexical v0.2.1
[INFO] [stderr]    Compiling siphasher v0.2.3
[INFO] [stderr]    Compiling lock_api v0.4.9
[INFO] [stderr]    Compiling instant v0.1.12
[INFO] [stderr]    Compiling phf_shared v0.7.24
[INFO] [stderr]    Compiling x11-dl v2.20.1
[INFO] [stderr]    Compiling scopeguard v1.1.0
[INFO] [stderr]    Compiling syn v1.0.105
[INFO] [stderr]    Compiling rustc-serialize v0.3.24
[INFO] [stderr]    Compiling alsa-sys v0.3.1
[INFO] [stderr]    Compiling nom v7.1.1
[INFO] [stderr]    Compiling smithay-client-toolkit v0.15.4
[INFO] [stderr]    Compiling wayland-scanner v0.29.5
[INFO] [stderr]    Compiling num-iter v0.1.43
[INFO] [stderr]    Compiling crc32fast v1.3.2
[INFO] [stderr]    Compiling cty v0.2.2
[INFO] [stdout] error[E0310]: the parameter type `T` may not live long enough
[INFO] [stdout]     --> /opt/rustwide/cargo-home/registry/src/index.crates.io-6f17d22bba15001f/rustc-serialize-0.3.24/src/serialize.rs:1155:5
[INFO] [stdout]      |
[INFO] [stdout] 1155 |     fn decode<D: Decoder>(d: &mut D) -> Result<Cow<'static, T>, D::Error> {
[INFO] [stdout]      |     ^^^^^^^^^^^^^^^^^^^^^^^^^^^^^^^^^^^^^^^^^^^^^^^^^^^^^^^^^^^^^^^^^^^^^
[INFO] [stdout]      |     |
[INFO] [stdout]      |     the parameter type `T` must be valid for the static lifetime...
[INFO] [stdout]      |     ...so that the type `T` will meet its required lifetime bounds...
[INFO] [stdout]      |
[INFO] [stdout] note: ...that is required by this bound
[INFO] [stdout]     --> /rustc/650745ceb2ae60e04f8cd7bfb671fc37239533e4/library/alloc/src/borrow.rs:180:30
[INFO] [stdout] help: consider adding an explicit lifetime bound
[INFO] [stdout]      |
[INFO] [stdout] 1151 | impl<'a, T: ?Sized + 'static> Decodable for Cow<'a, T>
[INFO] [stdout]      |                    +++++++++
[INFO] [stdout] 
[INFO] [stdout] 
[INFO] [stderr]    Compiling rand_os v0.1.3
[INFO] [stderr]    Compiling adler v1.0.2
[INFO] [stderr]    Compiling thiserror v1.0.37
[INFO] [stderr]    Compiling winit v0.26.1
[INFO] [stderr]    Compiling miniz_oxide v0.6.2
[INFO] [stderr]    Compiling glutin_glx_sys v0.1.8
[INFO] [stderr]    Compiling glutin_egl_sys v0.1.6
[INFO] [stderr]    Compiling raw-window-handle v0.4.3
[INFO] [stderr]    Compiling percent-encoding v2.2.0
[INFO] [stderr]    Compiling cpal v0.13.5
[INFO] [stderr]    Compiling anyhow v1.0.66
[INFO] [stdout] error: aborting due to 1 previous error
[INFO] [stdout] 
[INFO] [stdout] 
[INFO] [stdout] For more information about this error, try `rustc --explain E0310`.
[INFO] [stdout] 
[INFO] [stderr] error: could not compile `rustc-serialize` (lib) due to 2 previous errors
[INFO] [stderr] warning: build failed, waiting for other jobs to finish...
[INFO] running `Command { std: "docker" "inspect" "95b39ac76c21090bf3d3a5fbd18687a979f874f1d1b1e33a8bd89897f96fb2a8", kill_on_drop: false }`
[INFO] running `Command { std: "docker" "rm" "-f" "95b39ac76c21090bf3d3a5fbd18687a979f874f1d1b1e33a8bd89897f96fb2a8", kill_on_drop: false }`
[INFO] [stdout] 95b39ac76c21090bf3d3a5fbd18687a979f874f1d1b1e33a8bd89897f96fb2a8
