[INFO] cloning repository https://github.com/jcoon97/swc-import-glob-array-plugin
[INFO] running `Command { std: "git" "-c" "credential.helper=" "-c" "credential.helper=/workspace/cargo-home/bin/git-credential-null" "clone" "--bare" "https://github.com/jcoon97/swc-import-glob-array-plugin" "/workspace/cache/git-repos/https%3A%2F%2Fgithub.com%2Fjcoon97%2Fswc-import-glob-array-plugin", kill_on_drop: false }`
[INFO] [stderr] Cloning into bare repository '/workspace/cache/git-repos/https%3A%2F%2Fgithub.com%2Fjcoon97%2Fswc-import-glob-array-plugin'...
[INFO] running `Command { std: "git" "rev-parse" "HEAD", kill_on_drop: false }`
[INFO] [stdout] b13c2bfd472cfd57a1ea287e9c81f20382a51664
[INFO] testing jcoon97/swc-import-glob-array-plugin against 1.75.0 for beta-1.76-3
[INFO] running `Command { std: "git" "clone" "/workspace/cache/git-repos/https%3A%2F%2Fgithub.com%2Fjcoon97%2Fswc-import-glob-array-plugin" "/workspace/builds/worker-4-tc1/source", kill_on_drop: false }`
[INFO] [stderr] Cloning into '/workspace/builds/worker-4-tc1/source'...
[INFO] [stderr] done.
[INFO] validating manifest of git repo https://github.com/jcoon97/swc-import-glob-array-plugin on toolchain 1.75.0
[INFO] running `Command { std: CARGO_HOME="/workspace/cargo-home" RUSTUP_HOME="/workspace/rustup-home" "/workspace/cargo-home/bin/cargo" "+1.75.0" "metadata" "--manifest-path" "Cargo.toml" "--no-deps", kill_on_drop: false }`
[INFO] removed /workspace/builds/worker-4-tc1/source/.cargo/config
[INFO] removed /workspace/builds/worker-4-tc1/source/rust-toolchain
[INFO] started tweaking git repo https://github.com/jcoon97/swc-import-glob-array-plugin
[INFO] finished tweaking git repo https://github.com/jcoon97/swc-import-glob-array-plugin
[INFO] tweaked toml for git repo https://github.com/jcoon97/swc-import-glob-array-plugin written to /workspace/builds/worker-4-tc1/source/Cargo.toml
[INFO] crate git repo https://github.com/jcoon97/swc-import-glob-array-plugin already has a lockfile, it will not be regenerated
[INFO] running `Command { std: CARGO_HOME="/workspace/cargo-home" RUSTUP_HOME="/workspace/rustup-home" "/workspace/cargo-home/bin/cargo" "+1.75.0" "fetch" "--manifest-path" "Cargo.toml", kill_on_drop: false }`
[INFO] [stderr]     Updating crates.io index
[INFO] [stderr]  Downloading crates ...
[INFO] [stderr]   Downloaded simdutf8 v0.1.4
[INFO] [stderr]   Downloaded ptr_meta_derive v0.1.4
[INFO] [stderr]   Downloaded ptr_meta v0.1.4
[INFO] [stderr]   Downloaded unicode-id v0.3.3
[INFO] [stderr]   Downloaded if_chain v1.0.2
[INFO] [stderr]   Downloaded supports-color v1.3.1
[INFO] [stderr]   Downloaded lexical-util v0.8.5
[INFO] [stderr]   Downloaded data-encoding v2.3.3
[INFO] [stderr]   Downloaded rustix v0.37.18
[INFO] [stderr]   Downloaded getset v0.1.2
[INFO] [stderr]   Downloaded sourcemap v6.2.3
[INFO] [stderr]   Downloaded object v0.30.3
[INFO] [stderr]   Downloaded linux-raw-sys v0.3.6
[INFO] [stderr]   Downloaded gimli v0.27.2
[INFO] [stderr]   Downloaded relative-path v1.8.0
[INFO] [stderr]   Downloaded lexical-write-integer v0.8.5
[INFO] [stderr]   Downloaded smartstring v1.0.1
[INFO] [stderr]   Downloaded bitflags v2.2.1
[INFO] [stderr]   Downloaded owo-colors v3.5.0
[INFO] [stderr]   Downloaded miette v4.7.1
[INFO] [stderr]   Downloaded rend v0.4.0
[INFO] [stderr]   Downloaded pretty_assertions v1.3.0
[INFO] [stderr]   Downloaded triomphe v0.1.8
[INFO] [stderr]   Downloaded lexical-parse-float v0.8.5
[INFO] [stderr]   Downloaded lexical-write-float v0.8.5
[INFO] [stderr]   Downloaded bytecheck_derive v0.6.10
[INFO] [stderr]   Downloaded swc_macros_common v0.3.7
[INFO] [stderr]   Downloaded time-macros v0.2.8
[INFO] [stderr]   Downloaded enum-iterator-derive v1.2.0
[INFO] [stderr]   Downloaded seahash v4.1.0
[INFO] [stderr]   Downloaded swc_eq_ignore_macros v0.1.1
[INFO] [stderr]   Downloaded typed-arena v2.0.2
[INFO] [stderr]   Downloaded is-macro v0.2.2
[INFO] [stderr]   Downloaded ctor v0.1.26
[INFO] [stderr]   Downloaded miette-derive v4.7.1
[INFO] [stderr]   Downloaded supports-hyperlinks v1.2.0
[INFO] [stderr]   Downloaded better_scoped_tls v0.1.0
[INFO] [stderr]   Downloaded rkyv_derive v0.7.41
[INFO] [stderr]   Downloaded time v0.3.20
[INFO] [stderr]   Downloaded testing v0.33.6
[INFO] [stderr]   Downloaded from_variant v0.1.5
[INFO] [stderr]   Downloaded swc_ecma_testing v0.20.8
[INFO] [stderr]   Downloaded phf_macros v0.10.0
[INFO] [stderr]   Downloaded lexical-parse-integer v0.8.6
[INFO] [stderr]   Downloaded psm v0.1.21
[INFO] [stderr]   Downloaded stacker v0.1.15
[INFO] [stderr]   Downloaded swc_trace_macro v0.1.2
[INFO] [stderr]   Downloaded output_vt100 v0.1.3
[INFO] [stderr]   Downloaded is_ci v1.1.1
[INFO] [stderr]   Downloaded textwrap v0.15.2
[INFO] [stderr]   Downloaded swc_visit_macros v0.5.6
[INFO] [stderr]   Downloaded pmutil v0.5.3
[INFO] [stderr]   Downloaded is-glob v0.1.0
[INFO] [stderr]   Downloaded swc_ecma_transforms_testing v0.129.18
[INFO] [stderr]   Downloaded swc_ecma_visit v0.89.5
[INFO] [stderr]   Downloaded enum-iterator v1.4.0
[INFO] [stderr]   Downloaded lexical-core v0.8.5
[INFO] [stderr]   Downloaded swc_error_reporters v0.15.5
[INFO] [stderr]   Downloaded swc_atoms v0.5.3
[INFO] [stderr]   Downloaded swc_ecma_codegen_macros v0.7.2
[INFO] [stderr]   Downloaded swc_plugin_macro v0.9.11
[INFO] [stderr]   Downloaded swc_plugin_proxy v0.32.5
[INFO] [stderr]   Downloaded lexical v6.1.1
[INFO] [stderr]   Downloaded testing_macros v0.2.9
[INFO] [stderr]   Downloaded string_enum v0.4.0
[INFO] [stderr]   Downloaded swc_plugin v0.90.0
[INFO] [stderr]   Downloaded swc_visit v0.5.5
[INFO] [stderr]   Downloaded swc_core v0.75.44
[INFO] [stderr]   Downloaded supports-unicode v1.0.2
[INFO] [stderr]   Downloaded ast_node v0.9.3
[INFO] [stderr]   Downloaded rkyv v0.7.41
[INFO] [stderr]   Downloaded vergen v7.5.1
[INFO] [stderr]   Downloaded bytecheck v0.6.10
[INFO] [stderr]   Downloaded swc_ecma_ast v0.103.5
[INFO] [stderr]   Downloaded swc_ecma_codegen v0.138.15
[INFO] [stderr]   Downloaded swc_ecma_utils v0.116.12
[INFO] [stderr]   Downloaded swc_ecma_transforms_base v0.126.18
[INFO] [stderr]   Downloaded swc_common v0.31.5
[INFO] [stderr]   Downloaded swc_ecma_parser v0.133.12
[INFO] running `Command { std: "docker" "create" "-v" "/var/lib/crater-agent-workspace/builds/worker-4-tc1/target:/opt/rustwide/target:rw,Z" "-v" "/var/lib/crater-agent-workspace/builds/worker-4-tc1/source:/opt/rustwide/workdir:ro,Z" "-v" "/var/lib/crater-agent-workspace/cargo-home:/opt/rustwide/cargo-home:ro,Z" "-v" "/var/lib/crater-agent-workspace/rustup-home:/opt/rustwide/rustup-home:ro,Z" "-e" "SOURCE_DIR=/opt/rustwide/workdir" "-e" "CARGO_TARGET_DIR=/opt/rustwide/target" "-e" "CARGO_HOME=/opt/rustwide/cargo-home" "-e" "RUSTUP_HOME=/opt/rustwide/rustup-home" "-w" "/opt/rustwide/workdir" "-m" "1610612736" "--user" "0:0" "--network" "none" "ghcr.io/rust-lang/crates-build-env/linux@sha256:2788e3201cd34a07e3172128adcd8b3090168a8e3bcc40d7c032b9dda1df7d1c" "/opt/rustwide/cargo-home/bin/cargo" "+1.75.0" "metadata" "--no-deps" "--format-version=1", kill_on_drop: false }`
[INFO] [stdout] 626ac08387d2b51ad6c7c70da389ca3f82c1b221961692c63b3fc99ba98410d3
[INFO] running `Command { std: "docker" "start" "-a" "626ac08387d2b51ad6c7c70da389ca3f82c1b221961692c63b3fc99ba98410d3", kill_on_drop: false }`
[INFO] running `Command { std: "docker" "inspect" "626ac08387d2b51ad6c7c70da389ca3f82c1b221961692c63b3fc99ba98410d3", kill_on_drop: false }`
[INFO] running `Command { std: "docker" "rm" "-f" "626ac08387d2b51ad6c7c70da389ca3f82c1b221961692c63b3fc99ba98410d3", kill_on_drop: false }`
[INFO] [stdout] 626ac08387d2b51ad6c7c70da389ca3f82c1b221961692c63b3fc99ba98410d3
[INFO] running `Command { std: "docker" "create" "-v" "/var/lib/crater-agent-workspace/builds/worker-4-tc1/target:/opt/rustwide/target:rw,Z" "-v" "/var/lib/crater-agent-workspace/builds/worker-4-tc1/source:/opt/rustwide/workdir:ro,Z" "-v" "/var/lib/crater-agent-workspace/cargo-home:/opt/rustwide/cargo-home:ro,Z" "-v" "/var/lib/crater-agent-workspace/rustup-home:/opt/rustwide/rustup-home:ro,Z" "-e" "SOURCE_DIR=/opt/rustwide/workdir" "-e" "CARGO_TARGET_DIR=/opt/rustwide/target" "-e" "CARGO_INCREMENTAL=0" "-e" "RUST_BACKTRACE=full" "-e" "RUSTFLAGS=--cap-lints=warn" "-e" "RUSTDOCFLAGS=--cap-lints=warn" "-e" "CARGO_HOME=/opt/rustwide/cargo-home" "-e" "RUSTUP_HOME=/opt/rustwide/rustup-home" "-w" "/opt/rustwide/workdir" "-m" "1610612736" "--user" "0:0" "--network" "none" "ghcr.io/rust-lang/crates-build-env/linux@sha256:2788e3201cd34a07e3172128adcd8b3090168a8e3bcc40d7c032b9dda1df7d1c" "/opt/rustwide/cargo-home/bin/cargo" "+1.75.0" "build" "--frozen" "--message-format=json", kill_on_drop: false }`
[INFO] [stdout] ee3be606924dfea8dc206431cde15021eaf5956ff66570d4c90212aca09579be
[INFO] running `Command { std: "docker" "start" "-a" "ee3be606924dfea8dc206431cde15021eaf5956ff66570d4c90212aca09579be", kill_on_drop: false }`
[INFO] [stderr]    Compiling proc-macro2 v1.0.56
[INFO] [stderr]    Compiling quote v1.0.26
[INFO] [stderr]    Compiling syn v1.0.109
[INFO] [stderr]    Compiling libc v0.2.142
[INFO] [stderr]    Compiling regex-syntax v0.7.1
[INFO] [stderr]    Compiling serde_derive v1.0.160
[INFO] [stderr]    Compiling anyhow v1.0.71
[INFO] [stderr]    Compiling siphasher v0.3.10
[INFO] [stderr]    Compiling ppv-lite86 v0.2.17
[INFO] [stderr]    Compiling itoa v1.0.6
[INFO] [stderr]    Compiling serde v1.0.160
[INFO] [stderr]    Compiling ahash v0.7.6
[INFO] [stderr]    Compiling lock_api v0.4.9
[INFO] [stderr]    Compiling parking_lot_core v0.9.7
[INFO] [stderr]    Compiling aho-corasick v1.0.1
[INFO] [stderr]    Compiling bytecheck v0.6.10
[INFO] [stderr]    Compiling smallvec v1.10.0
[INFO] [stderr]    Compiling tinyvec_macros v0.1.1
[INFO] [stderr]    Compiling phf_shared v0.10.0
[INFO] [stderr]    Compiling tinyvec v1.6.0
[INFO] [stderr]    Compiling num-traits v0.2.15
[INFO] [stderr]    Compiling tracing-core v0.1.30
[INFO] [stderr]    Compiling simdutf8 v0.1.4
[INFO] [stderr]    Compiling cc v1.0.79
[INFO] [stderr]    Compiling rend v0.4.0
[INFO] [stderr]    Compiling scopeguard v1.1.0
[INFO] [stderr]    Compiling num-integer v0.1.45
[INFO] [stderr]    Compiling rkyv v0.7.41
[INFO] [stderr]    Compiling unicode-bidi v0.3.13
[INFO] [stderr]    Compiling percent-encoding v2.2.0
[INFO] [stderr]    Compiling serde_json v1.0.96
[INFO] [stderr]    Compiling syn v2.0.15
[INFO] [stderr]    Compiling form_urlencoded v1.1.0
[INFO] [stderr]    Compiling num-bigint v0.4.3
[INFO] [stderr]    Compiling seahash v4.1.0
[INFO] [stderr]    Compiling unicode-width v0.1.10
[INFO] [stderr]    Compiling stable_deref_trait v1.2.0
[INFO] [stderr]    Compiling ryu v1.0.13
[INFO] [stderr]    Compiling scoped-tls v1.0.1
[INFO] [stderr]    Compiling rustc-hash v1.1.0
[INFO] [stderr]    Compiling either v1.8.1
[INFO] [stderr]    Compiling data-encoding v2.3.3
[INFO] [stderr]    Compiling unicode-id v0.3.3
[INFO] [stderr]    Compiling if_chain v1.0.2
[INFO] [stderr]    Compiling better_scoped_tls v0.1.0
[INFO] [stderr]    Compiling termcolor v1.2.0
[INFO] [stderr]    Compiling lexical-util v0.8.5
[INFO] [stderr]    Compiling bitflags v2.2.1
[INFO] [stderr]    Compiling proc-macro-error-attr v1.0.4
[INFO] [stderr]    Compiling rustversion v1.0.12
[INFO] [stderr]    Compiling proc-macro-error v1.0.4
[INFO] [stderr]    Compiling lexical-write-integer v0.8.5
[INFO] [stderr]    Compiling getrandom v0.2.9
[INFO] [stderr]    Compiling lexical-parse-integer v0.8.6
[INFO] [stderr]    Compiling time-core v0.1.0
[INFO] [stderr]    Compiling log v0.4.17
[INFO] [stderr]    Compiling unicode-normalization v0.1.22
[INFO] [stderr]    Compiling rand_core v0.6.4
[INFO] [stderr]    Compiling gimli v0.27.2
[INFO] [stderr]    Compiling proc-macro-hack v0.5.20+deprecated
[INFO] [stderr]    Compiling miniz_oxide v0.6.2
[INFO] [stderr]    Compiling rand_chacha v0.3.1
[INFO] [stderr]    Compiling atty v0.2.14
[INFO] [stderr]    Compiling idna v0.3.0
[INFO] [stderr]    Compiling hashbrown v0.12.3
[INFO] [stderr]    Compiling psm v0.1.21
[INFO] [stderr]    Compiling rand v0.8.5
[INFO] [stderr]    Compiling backtrace v0.3.67
[INFO] [stderr]    Compiling stacker v0.1.15
[INFO] [stderr]    Compiling url v2.3.1
[INFO] [stderr]    Compiling parking_lot v0.12.1
[INFO] [stderr]    Compiling lexical-parse-float v0.8.5
[INFO] [stderr]    Compiling regex v1.8.1
[INFO] [stderr]    Compiling lexical-write-float v0.8.5
[INFO] [stderr]    Compiling time v0.3.20
[INFO] [stderr]    Compiling phf_generator v0.10.0
[INFO] [stderr]    Compiling string_cache_codegen v0.5.2
[INFO] [stderr]    Compiling object v0.30.3
[INFO] [stderr]    Compiling indexmap v1.9.3
[INFO] [stderr]    Compiling smartstring v1.0.1
[INFO] [stderr]    Compiling rustc-demangle v0.1.23
[INFO] [stderr]    Compiling smawk v0.3.1
[INFO] [stderr]    Compiling regex-syntax v0.6.29
[INFO] [stderr]    Compiling is_ci v1.1.1
[INFO] [stderr]    Compiling lexical-core v0.8.5
[INFO] [stderr]    Compiling supports-color v1.3.1
[INFO] [stderr]    Compiling Inflector v0.11.4
[INFO] [stderr]    Compiling supports-hyperlinks v1.2.0
[INFO] [stderr]    Compiling supports-unicode v1.0.2
[INFO] [stderr]    Compiling terminal_size v0.1.17
[INFO] [stderr]    Compiling owo-colors v3.5.0
[INFO] [stderr]    Compiling rustix v0.37.18
[INFO] [stderr]    Compiling overload v0.1.1
[INFO] [stderr]    Compiling swc_atoms v0.5.3
[INFO] [stderr]    Compiling nu-ansi-term v0.46.0
[INFO] [stderr]    Compiling digest v0.10.6
[INFO] [stderr]    Compiling addr2line v0.19.0
[INFO] [stderr]    Compiling tracing-log v0.1.3
[INFO] [stderr]    Compiling lexical v6.1.1
[INFO] [stderr]    Compiling io-lifetimes v1.0.10
[INFO] [stderr]    Compiling num_cpus v1.15.0
[INFO] [stderr]    Compiling sharded-slab v0.1.4
[INFO] [stderr]    Compiling thread_local v1.1.7
[INFO] [stderr]    Compiling glob v0.3.1
[INFO] [stderr]    Compiling diff v0.1.13
[INFO] [stderr]    Compiling relative-path v1.8.0
[INFO] [stderr]    Compiling typed-arena v2.0.2
[INFO] [stderr]    Compiling yansi v0.5.1
[INFO] [stderr]    Compiling linux-raw-sys v0.3.6
[INFO] [stderr]    Compiling vergen v7.5.1
[INFO] [stderr]    Compiling sha-1 v0.10.1
[INFO] [stderr]    Compiling ansi_term v0.12.1
[INFO] [stderr]    Compiling pretty_assertions v1.3.0
[INFO] [stderr]    Compiling difference v2.0.0
[INFO] [stderr]    Compiling base64 v0.13.1
[INFO] [stderr]    Compiling swc_plugin v0.90.0
[INFO] [stderr]    Compiling is-glob v0.1.0
[INFO] [stderr]    Compiling regex-automata v0.1.10
[INFO] [stderr]    Compiling pmutil v0.5.3
[INFO] [stderr]    Compiling swc_macros_common v0.3.7
[INFO] [stderr]    Compiling unicode-linebreak v0.1.4
[INFO] [stderr]    Compiling matchers v0.1.0
[INFO] [stderr]    Compiling tracing-attributes v0.1.24
[INFO] [stderr]    Compiling thiserror-impl v1.0.40
[INFO] [stderr]    Compiling ptr_meta_derive v0.1.4
[INFO] [stderr]    Compiling bytecheck_derive v0.6.10
[INFO] [stderr]    Compiling rkyv_derive v0.7.41
[INFO] [stderr]    Compiling swc_visit_macros v0.5.6
[INFO] [stderr]    Compiling swc_eq_ignore_macros v0.1.1
[INFO] [stderr]    Compiling ast_node v0.9.3
[INFO] [stderr]    Compiling from_variant v0.1.5
[INFO] [stderr]    Compiling string_enum v0.4.0
[INFO] [stderr]    Compiling is-macro v0.2.2
[INFO] [stderr]    Compiling enum-iterator-derive v1.2.0
[INFO] [stderr]    Compiling ptr_meta v0.1.4
[INFO] [stderr]    Compiling miette-derive v4.7.1
[INFO] [stderr]    Compiling getset v0.1.2
[INFO] [stderr]    Compiling phf_macros v0.10.0
[INFO] [stderr]    Compiling testing_macros v0.2.9
[INFO] [stderr]    Compiling swc_ecma_codegen_macros v0.7.2
[INFO] [stderr]    Compiling tempfile v3.5.0
[INFO] [stderr]    Compiling thiserror v1.0.40
[INFO] [stderr]    Compiling swc_trace_macro v0.1.2
[INFO] [stderr]    Compiling enum-iterator v1.4.0
[INFO] [stderr]    Compiling textwrap v0.15.2
[INFO] [stderr]    Compiling swc_plugin_macro v0.9.11
[INFO] [stderr]    Compiling tracing v0.1.37
[INFO] [stderr]    Compiling tracing-subscriber v0.3.17
[INFO] [stderr]    Compiling miette v4.7.1
[INFO] [stderr]    Compiling swc_ecma_testing v0.20.8
[INFO] [stderr]    Compiling phf v0.10.1
[INFO] [stderr]    Compiling swc_visit v0.5.5
[INFO] [stderr]    Compiling swc_core v0.75.44
[INFO] [stderr]    Compiling triomphe v0.1.8
[INFO] [stderr]    Compiling string_cache v0.8.7
[INFO] [stderr]    Compiling sourcemap v6.2.3
[INFO] [stderr]    Compiling swc_common v0.31.5
[INFO] [stderr]    Compiling swc_ecma_ast v0.103.5
[INFO] [stderr]    Compiling swc_error_reporters v0.15.5
[INFO] [stderr]    Compiling testing v0.33.6
[INFO] [stderr]    Compiling swc_ecma_visit v0.89.5
[INFO] [stderr]    Compiling swc_ecma_parser v0.133.12
[INFO] [stderr]    Compiling swc_ecma_codegen v0.138.15
[INFO] [stderr]    Compiling swc_plugin_proxy v0.32.5
[INFO] [stderr]    Compiling swc_ecma_utils v0.116.12
[INFO] [stderr]    Compiling swc_ecma_transforms_base v0.126.18
[INFO] [stderr]    Compiling swc_ecma_transforms_testing v0.129.18
[INFO] [stderr]    Compiling swc-import-glob-array-plugin v1.0.2 (/opt/rustwide/workdir)
[INFO] [stderr]     Finished dev [unoptimized + debuginfo] target(s) in 1m 13s
[INFO] running `Command { std: "docker" "inspect" "ee3be606924dfea8dc206431cde15021eaf5956ff66570d4c90212aca09579be", kill_on_drop: false }`
[INFO] running `Command { std: "docker" "rm" "-f" "ee3be606924dfea8dc206431cde15021eaf5956ff66570d4c90212aca09579be", kill_on_drop: false }`
[INFO] [stdout] ee3be606924dfea8dc206431cde15021eaf5956ff66570d4c90212aca09579be
[INFO] running `Command { std: "docker" "create" "-v" "/var/lib/crater-agent-workspace/builds/worker-4-tc1/target:/opt/rustwide/target:rw,Z" "-v" "/var/lib/crater-agent-workspace/builds/worker-4-tc1/source:/opt/rustwide/workdir:ro,Z" "-v" "/var/lib/crater-agent-workspace/cargo-home:/opt/rustwide/cargo-home:ro,Z" "-v" "/var/lib/crater-agent-workspace/rustup-home:/opt/rustwide/rustup-home:ro,Z" "-e" "SOURCE_DIR=/opt/rustwide/workdir" "-e" "CARGO_TARGET_DIR=/opt/rustwide/target" "-e" "CARGO_INCREMENTAL=0" "-e" "RUST_BACKTRACE=full" "-e" "RUSTFLAGS=--cap-lints=warn" "-e" "RUSTDOCFLAGS=--cap-lints=warn" "-e" "CARGO_HOME=/opt/rustwide/cargo-home" "-e" "RUSTUP_HOME=/opt/rustwide/rustup-home" "-w" "/opt/rustwide/workdir" "-m" "1610612736" "--user" "0:0" "--network" "none" "ghcr.io/rust-lang/crates-build-env/linux@sha256:2788e3201cd34a07e3172128adcd8b3090168a8e3bcc40d7c032b9dda1df7d1c" "/opt/rustwide/cargo-home/bin/cargo" "+1.75.0" "test" "--frozen" "--no-run" "--message-format=json", kill_on_drop: false }`
[INFO] [stdout] d1f23767f914755f77d452228ddf8f527a515540d89525bc9ef73027360e128d
[INFO] running `Command { std: "docker" "start" "-a" "d1f23767f914755f77d452228ddf8f527a515540d89525bc9ef73027360e128d", kill_on_drop: false }`
[INFO] [stderr]    Compiling swc-import-glob-array-plugin v1.0.2 (/opt/rustwide/workdir)
[INFO] [stderr]     Finished test [unoptimized + debuginfo] target(s) in 8.52s
[INFO] running `Command { std: "docker" "inspect" "d1f23767f914755f77d452228ddf8f527a515540d89525bc9ef73027360e128d", kill_on_drop: false }`
[INFO] running `Command { std: "docker" "rm" "-f" "d1f23767f914755f77d452228ddf8f527a515540d89525bc9ef73027360e128d", kill_on_drop: false }`
[INFO] [stdout] d1f23767f914755f77d452228ddf8f527a515540d89525bc9ef73027360e128d
[INFO] running `Command { std: "docker" "create" "-v" "/var/lib/crater-agent-workspace/builds/worker-4-tc1/target:/opt/rustwide/target:rw,Z" "-v" "/var/lib/crater-agent-workspace/builds/worker-4-tc1/source:/opt/rustwide/workdir:ro,Z" "-v" "/var/lib/crater-agent-workspace/cargo-home:/opt/rustwide/cargo-home:ro,Z" "-v" "/var/lib/crater-agent-workspace/rustup-home:/opt/rustwide/rustup-home:ro,Z" "-e" "SOURCE_DIR=/opt/rustwide/workdir" "-e" "CARGO_TARGET_DIR=/opt/rustwide/target" "-e" "CARGO_INCREMENTAL=0" "-e" "RUST_BACKTRACE=full" "-e" "RUSTFLAGS=--cap-lints=warn" "-e" "RUSTDOCFLAGS=--cap-lints=warn" "-e" "CARGO_HOME=/opt/rustwide/cargo-home" "-e" "RUSTUP_HOME=/opt/rustwide/rustup-home" "-w" "/opt/rustwide/workdir" "-m" "1610612736" "--user" "0:0" "--network" "none" "ghcr.io/rust-lang/crates-build-env/linux@sha256:2788e3201cd34a07e3172128adcd8b3090168a8e3bcc40d7c032b9dda1df7d1c" "/opt/rustwide/cargo-home/bin/cargo" "+1.75.0" "test" "--frozen", kill_on_drop: false }`
[INFO] [stdout] 227bbde732f9a9f50f84d7446730dc74b4e1c856d87b45703299cae2ce364d28
[INFO] running `Command { std: "docker" "start" "-a" "227bbde732f9a9f50f84d7446730dc74b4e1c856d87b45703299cae2ce364d28", kill_on_drop: false }`
[INFO] [stderr]     Finished test [unoptimized + debuginfo] target(s) in 0.25s
[INFO] [stderr]      Running unittests src/lib.rs (/opt/rustwide/target/debug/deps/swc_import_glob_array_plugin-fd021aa16466a288)
[INFO] [stdout] 
[INFO] [stdout] running 1 test
[INFO] [stdout] test tests::fixture_tests__fixtures__basic__input_js ... ok
[INFO] [stdout] 
[INFO] [stdout] test result: ok. 1 passed; 0 failed; 0 ignored; 0 measured; 0 filtered out; finished in 0.03s
[INFO] [stdout] 
[INFO] running `Command { std: "docker" "inspect" "227bbde732f9a9f50f84d7446730dc74b4e1c856d87b45703299cae2ce364d28", kill_on_drop: false }`
[INFO] running `Command { std: "docker" "rm" "-f" "227bbde732f9a9f50f84d7446730dc74b4e1c856d87b45703299cae2ce364d28", kill_on_drop: false }`
[INFO] [stdout] 227bbde732f9a9f50f84d7446730dc74b4e1c856d87b45703299cae2ce364d28
[INFO] testing jcoon97/swc-import-glob-array-plugin against beta-2024-01-09 for beta-1.76-3
[INFO] running `Command { std: "git" "clone" "/workspace/cache/git-repos/https%3A%2F%2Fgithub.com%2Fjcoon97%2Fswc-import-glob-array-plugin" "/workspace/builds/worker-4-tc2/source", kill_on_drop: false }`
[INFO] [stderr] Cloning into '/workspace/builds/worker-4-tc2/source'...
[INFO] [stderr] done.
[INFO] validating manifest of git repo https://github.com/jcoon97/swc-import-glob-array-plugin on toolchain beta-2024-01-09
[INFO] running `Command { std: CARGO_HOME="/workspace/cargo-home" RUSTUP_HOME="/workspace/rustup-home" "/workspace/cargo-home/bin/cargo" "+beta-2024-01-09" "metadata" "--manifest-path" "Cargo.toml" "--no-deps", kill_on_drop: false }`
[INFO] removed /workspace/builds/worker-4-tc2/source/.cargo/config
[INFO] removed /workspace/builds/worker-4-tc2/source/rust-toolchain
[INFO] started tweaking git repo https://github.com/jcoon97/swc-import-glob-array-plugin
[INFO] finished tweaking git repo https://github.com/jcoon97/swc-import-glob-array-plugin
[INFO] tweaked toml for git repo https://github.com/jcoon97/swc-import-glob-array-plugin written to /workspace/builds/worker-4-tc2/source/Cargo.toml
[INFO] crate git repo https://github.com/jcoon97/swc-import-glob-array-plugin already has a lockfile, it will not be regenerated
[INFO] running `Command { std: CARGO_HOME="/workspace/cargo-home" RUSTUP_HOME="/workspace/rustup-home" "/workspace/cargo-home/bin/cargo" "+beta-2024-01-09" "fetch" "--manifest-path" "Cargo.toml", kill_on_drop: false }`
[INFO] running `Command { std: "docker" "create" "-v" "/var/lib/crater-agent-workspace/builds/worker-4-tc2/target:/opt/rustwide/target:rw,Z" "-v" "/var/lib/crater-agent-workspace/builds/worker-4-tc2/source:/opt/rustwide/workdir:ro,Z" "-v" "/var/lib/crater-agent-workspace/cargo-home:/opt/rustwide/cargo-home:ro,Z" "-v" "/var/lib/crater-agent-workspace/rustup-home:/opt/rustwide/rustup-home:ro,Z" "-e" "SOURCE_DIR=/opt/rustwide/workdir" "-e" "CARGO_TARGET_DIR=/opt/rustwide/target" "-e" "CARGO_HOME=/opt/rustwide/cargo-home" "-e" "RUSTUP_HOME=/opt/rustwide/rustup-home" "-w" "/opt/rustwide/workdir" "-m" "1610612736" "--user" "0:0" "--network" "none" "ghcr.io/rust-lang/crates-build-env/linux@sha256:2788e3201cd34a07e3172128adcd8b3090168a8e3bcc40d7c032b9dda1df7d1c" "/opt/rustwide/cargo-home/bin/cargo" "+beta-2024-01-09" "metadata" "--no-deps" "--format-version=1", kill_on_drop: false }`
[INFO] [stdout] 03f453dce53aae4df8aaba2698be8990bbcef3b98412b9518e116513648685d5
[INFO] running `Command { std: "docker" "start" "-a" "03f453dce53aae4df8aaba2698be8990bbcef3b98412b9518e116513648685d5", kill_on_drop: false }`
[INFO] running `Command { std: "docker" "inspect" "03f453dce53aae4df8aaba2698be8990bbcef3b98412b9518e116513648685d5", kill_on_drop: false }`
[INFO] running `Command { std: "docker" "rm" "-f" "03f453dce53aae4df8aaba2698be8990bbcef3b98412b9518e116513648685d5", kill_on_drop: false }`
[INFO] [stdout] 03f453dce53aae4df8aaba2698be8990bbcef3b98412b9518e116513648685d5
[INFO] running `Command { std: "docker" "create" "-v" "/var/lib/crater-agent-workspace/builds/worker-4-tc2/target:/opt/rustwide/target:rw,Z" "-v" "/var/lib/crater-agent-workspace/builds/worker-4-tc2/source:/opt/rustwide/workdir:ro,Z" "-v" "/var/lib/crater-agent-workspace/cargo-home:/opt/rustwide/cargo-home:ro,Z" "-v" "/var/lib/crater-agent-workspace/rustup-home:/opt/rustwide/rustup-home:ro,Z" "-e" "SOURCE_DIR=/opt/rustwide/workdir" "-e" "CARGO_TARGET_DIR=/opt/rustwide/target" "-e" "CARGO_INCREMENTAL=0" "-e" "RUST_BACKTRACE=full" "-e" "RUSTFLAGS=--cap-lints=warn" "-e" "RUSTDOCFLAGS=--cap-lints=warn" "-e" "CARGO_HOME=/opt/rustwide/cargo-home" "-e" "RUSTUP_HOME=/opt/rustwide/rustup-home" "-w" "/opt/rustwide/workdir" "-m" "1610612736" "--user" "0:0" "--network" "none" "ghcr.io/rust-lang/crates-build-env/linux@sha256:2788e3201cd34a07e3172128adcd8b3090168a8e3bcc40d7c032b9dda1df7d1c" "/opt/rustwide/cargo-home/bin/cargo" "+beta-2024-01-09" "build" "--frozen" "--message-format=json", kill_on_drop: false }`
[INFO] [stdout] f3d8011230f04dba0177836665e6e533b3ccc7223f1e228f49bc47b776f8afba
[INFO] running `Command { std: "docker" "start" "-a" "f3d8011230f04dba0177836665e6e533b3ccc7223f1e228f49bc47b776f8afba", kill_on_drop: false }`
[INFO] [stderr]    Compiling proc-macro2 v1.0.56
[INFO] [stderr]    Compiling quote v1.0.26
[INFO] [stderr]    Compiling syn v1.0.109
[INFO] [stderr]    Compiling libc v0.2.142
[INFO] [stderr]    Compiling regex-syntax v0.7.1
[INFO] [stderr]    Compiling siphasher v0.3.10
[INFO] [stderr]    Compiling ppv-lite86 v0.2.17
[INFO] [stderr]    Compiling anyhow v1.0.71
[INFO] [stderr]    Compiling serde_derive v1.0.160
[INFO] [stderr]    Compiling serde v1.0.160
[INFO] [stderr]    Compiling itoa v1.0.6
[INFO] [stderr]    Compiling ahash v0.7.6
[INFO] [stderr]    Compiling lock_api v0.4.9
[INFO] [stderr]    Compiling bytecheck v0.6.10
[INFO] [stderr]    Compiling aho-corasick v1.0.1
[INFO] [stderr]    Compiling phf_shared v0.10.0
[INFO] [stderr]    Compiling tinyvec_macros v0.1.1
[INFO] [stderr]    Compiling parking_lot_core v0.9.7
[INFO] [stderr]    Compiling smallvec v1.10.0
[INFO] [stderr]    Compiling tinyvec v1.6.0
[INFO] [stderr]    Compiling num-traits v0.2.15
[INFO] [stderr]    Compiling tracing-core v0.1.30
[INFO] [stderr]    Compiling scopeguard v1.1.0
[INFO] [stderr]    Compiling cc v1.0.79
[INFO] [stderr]    Compiling simdutf8 v0.1.4
[INFO] [stderr]    Compiling rend v0.4.0
[INFO] [stderr]    Compiling num-integer v0.1.45
[INFO] [stderr]    Compiling serde_json v1.0.96
[INFO] [stderr]    Compiling unicode-bidi v0.3.13
[INFO] [stderr]    Compiling rkyv v0.7.41
[INFO] [stderr]    Compiling percent-encoding v2.2.0
[INFO] [stderr]    Compiling form_urlencoded v1.1.0
[INFO] [stderr]    Compiling num-bigint v0.4.3
[INFO] [stderr]    Compiling ryu v1.0.13
[INFO] [stderr]    Compiling syn v2.0.15
[INFO] [stderr]    Compiling unicode-width v0.1.10
[INFO] [stderr]    Compiling stable_deref_trait v1.2.0
[INFO] [stderr]    Compiling getrandom v0.2.9
[INFO] [stderr]    Compiling seahash v4.1.0
[INFO] [stderr]    Compiling either v1.8.1
[INFO] [stderr]    Compiling unicode-normalization v0.1.22
[INFO] [stderr]    Compiling rustc-hash v1.1.0
[INFO] [stderr]    Compiling scoped-tls v1.0.1
[INFO] [stderr]    Compiling if_chain v1.0.2
[INFO] [stderr]    Compiling data-encoding v2.3.3
[INFO] [stderr]    Compiling unicode-id v0.3.3
[INFO] [stderr]    Compiling rand_core v0.6.4
[INFO] [stderr]    Compiling better_scoped_tls v0.1.0
[INFO] [stderr]    Compiling termcolor v1.2.0
[INFO] [stderr]    Compiling lexical-util v0.8.5
[INFO] [stderr]    Compiling bitflags v2.2.1
[INFO] [stderr]    Compiling rand_chacha v0.3.1
[INFO] [stderr]    Compiling proc-macro-error-attr v1.0.4
[INFO] [stderr]    Compiling regex v1.8.1
[INFO] [stderr]    Compiling rustversion v1.0.12
[INFO] [stderr]    Compiling rand v0.8.5
[INFO] [stderr]    Compiling atty v0.2.14
[INFO] [stderr]    Compiling idna v0.3.0
[INFO] [stderr]    Compiling parking_lot v0.12.1
[INFO] [stderr]    Compiling hashbrown v0.12.3
[INFO] [stderr]    Compiling lexical-parse-integer v0.8.6
[INFO] [stderr]    Compiling lexical-write-integer v0.8.5
[INFO] [stderr]    Compiling backtrace v0.3.67
[INFO] [stderr]    Compiling psm v0.1.21
[INFO] [stderr]    Compiling proc-macro-error v1.0.4
[INFO] [stderr]    Compiling phf_generator v0.10.0
[INFO] [stderr]    Compiling url v2.3.1
[INFO] [stderr]    Compiling string_cache_codegen v0.5.2
[INFO] [stderr]    Compiling Inflector v0.11.4
[INFO] [stderr]    Compiling log v0.4.17
[INFO] [stderr]    Compiling gimli v0.27.2
[INFO] [stderr]    Compiling proc-macro-hack v0.5.20+deprecated
[INFO] [stderr]    Compiling time-core v0.1.0
[INFO] [stderr]    Compiling miniz_oxide v0.6.2
[INFO] [stderr]    Compiling time v0.3.20
[INFO] [stderr]    Compiling lexical-write-float v0.8.5
[INFO] [stderr]    Compiling lexical-parse-float v0.8.5
[INFO] [stderr]    Compiling stacker v0.1.15
[INFO] [stderr]    Compiling object v0.30.3
[INFO] [stderr]    Compiling smartstring v1.0.1
[INFO] [stderr]    Compiling indexmap v1.9.3
[INFO] [stderr]    Compiling swc_atoms v0.5.3
[INFO] [stderr]    Compiling is_ci v1.1.1
[INFO] [stderr]    Compiling rustc-demangle v0.1.23
[INFO] [stderr]    Compiling smawk v0.3.1
[INFO] [stderr]    Compiling regex-syntax v0.6.29
[INFO] [stderr]    Compiling supports-color v1.3.1
[INFO] [stderr]    Compiling lexical-core v0.8.5
[INFO] [stderr]    Compiling supports-unicode v1.0.2
[INFO] [stderr]    Compiling supports-hyperlinks v1.2.0
[INFO] [stderr]    Compiling terminal_size v0.1.17
[INFO] [stderr]    Compiling rustix v0.37.18
[INFO] [stderr]    Compiling owo-colors v3.5.0
[INFO] [stderr]    Compiling overload v0.1.1
[INFO] [stderr]    Compiling tracing-log v0.1.3
[INFO] [stderr]    Compiling nu-ansi-term v0.46.0
[INFO] [stderr]    Compiling digest v0.10.6
[INFO] [stderr]    Compiling lexical v6.1.1
[INFO] [stderr]    Compiling io-lifetimes v1.0.10
[INFO] [stderr]    Compiling num_cpus v1.15.0
[INFO] [stderr]    Compiling sharded-slab v0.1.4
[INFO] [stderr]    Compiling thread_local v1.1.7
[INFO] [stderr]    Compiling linux-raw-sys v0.3.6
[INFO] [stderr]    Compiling yansi v0.5.1
[INFO] [stderr]    Compiling diff v0.1.13
[INFO] [stderr]    Compiling relative-path v1.8.0
[INFO] [stderr]    Compiling vergen v7.5.1
[INFO] [stderr]    Compiling glob v0.3.1
[INFO] [stderr]    Compiling typed-arena v2.0.2
[INFO] [stderr]    Compiling sha-1 v0.10.1
[INFO] [stderr]    Compiling pretty_assertions v1.3.0
[INFO] [stderr]    Compiling difference v2.0.0
[INFO] [stderr]    Compiling pmutil v0.5.3
[INFO] [stderr]    Compiling ansi_term v0.12.1
[INFO] [stderr]    Compiling swc_macros_common v0.3.7
[INFO] [stderr]    Compiling base64 v0.13.1
[INFO] [stderr]    Compiling swc_plugin v0.90.0
[INFO] [stderr]    Compiling addr2line v0.19.0
[INFO] [stderr]    Compiling is-glob v0.1.0
[INFO] [stderr]    Compiling regex-automata v0.1.10
[INFO] [stderr]    Compiling unicode-linebreak v0.1.4
[INFO] [stderr]    Compiling tracing-attributes v0.1.24
[INFO] [stderr]    Compiling thiserror-impl v1.0.40
[INFO] [stderr]    Compiling matchers v0.1.0
[INFO] [stderr]    Compiling ptr_meta_derive v0.1.4
[INFO] [stderr]    Compiling bytecheck_derive v0.6.10
[INFO] [stderr]    Compiling rkyv_derive v0.7.41
[INFO] [stderr]    Compiling swc_visit_macros v0.5.6
[INFO] [stderr]    Compiling from_variant v0.1.5
[INFO] [stderr]    Compiling ast_node v0.9.3
[INFO] [stderr]    Compiling swc_eq_ignore_macros v0.1.1
[INFO] [stderr]    Compiling string_enum v0.4.0
[INFO] [stderr]    Compiling is-macro v0.2.2
[INFO] [stderr]    Compiling ptr_meta v0.1.4
[INFO] [stderr]    Compiling enum-iterator-derive v1.2.0
[INFO] [stderr]    Compiling miette-derive v4.7.1
[INFO] [stderr]    Compiling getset v0.1.2
[INFO] [stderr]    Compiling phf_macros v0.10.0
[INFO] [stderr]    Compiling swc_ecma_codegen_macros v0.7.2
[INFO] [stderr]    Compiling testing_macros v0.2.9
[INFO] [stderr]    Compiling textwrap v0.15.2
[INFO] [stderr]    Compiling thiserror v1.0.40
[INFO] [stderr]    Compiling tracing v0.1.37
[INFO] [stderr]    Compiling tempfile v3.5.0
[INFO] [stderr]    Compiling swc_trace_macro v0.1.2
[INFO] [stderr]    Compiling swc_plugin_macro v0.9.11
[INFO] [stderr]    Compiling phf v0.10.1
[INFO] [stderr]    Compiling enum-iterator v1.4.0
[INFO] [stderr]    Compiling tracing-subscriber v0.3.17
[INFO] [stderr]    Compiling swc_ecma_testing v0.20.8
[INFO] [stderr]    Compiling miette v4.7.1
[INFO] [stderr]    Compiling swc_core v0.75.44
[INFO] [stderr]    Compiling swc_visit v0.5.5
[INFO] [stderr]    Compiling triomphe v0.1.8
[INFO] [stderr]    Compiling string_cache v0.8.7
[INFO] [stderr]    Compiling sourcemap v6.2.3
[INFO] [stderr]    Compiling swc_common v0.31.5
[INFO] [stderr]    Compiling swc_ecma_ast v0.103.5
[INFO] [stderr]    Compiling swc_error_reporters v0.15.5
[INFO] [stderr]    Compiling testing v0.33.6
[INFO] [stderr]    Compiling swc_ecma_visit v0.89.5
[INFO] [stderr]    Compiling swc_ecma_parser v0.133.12
[INFO] [stderr]    Compiling swc_ecma_codegen v0.138.15
[INFO] [stderr]    Compiling swc_plugin_proxy v0.32.5
[INFO] [stderr]    Compiling swc_ecma_utils v0.116.12
[INFO] [stderr]    Compiling swc_ecma_transforms_base v0.126.18
[INFO] [stderr]    Compiling swc_ecma_transforms_testing v0.129.18
[INFO] [stderr]    Compiling swc-import-glob-array-plugin v1.0.2 (/opt/rustwide/workdir)
[INFO] [stderr]     Finished dev [unoptimized + debuginfo] target(s) in 1m 12s
[INFO] running `Command { std: "docker" "inspect" "f3d8011230f04dba0177836665e6e533b3ccc7223f1e228f49bc47b776f8afba", kill_on_drop: false }`
[INFO] running `Command { std: "docker" "rm" "-f" "f3d8011230f04dba0177836665e6e533b3ccc7223f1e228f49bc47b776f8afba", kill_on_drop: false }`
[INFO] [stdout] f3d8011230f04dba0177836665e6e533b3ccc7223f1e228f49bc47b776f8afba
[INFO] running `Command { std: "docker" "create" "-v" "/var/lib/crater-agent-workspace/builds/worker-4-tc2/target:/opt/rustwide/target:rw,Z" "-v" "/var/lib/crater-agent-workspace/builds/worker-4-tc2/source:/opt/rustwide/workdir:ro,Z" "-v" "/var/lib/crater-agent-workspace/cargo-home:/opt/rustwide/cargo-home:ro,Z" "-v" "/var/lib/crater-agent-workspace/rustup-home:/opt/rustwide/rustup-home:ro,Z" "-e" "SOURCE_DIR=/opt/rustwide/workdir" "-e" "CARGO_TARGET_DIR=/opt/rustwide/target" "-e" "CARGO_INCREMENTAL=0" "-e" "RUST_BACKTRACE=full" "-e" "RUSTFLAGS=--cap-lints=warn" "-e" "RUSTDOCFLAGS=--cap-lints=warn" "-e" "CARGO_HOME=/opt/rustwide/cargo-home" "-e" "RUSTUP_HOME=/opt/rustwide/rustup-home" "-w" "/opt/rustwide/workdir" "-m" "1610612736" "--user" "0:0" "--network" "none" "ghcr.io/rust-lang/crates-build-env/linux@sha256:2788e3201cd34a07e3172128adcd8b3090168a8e3bcc40d7c032b9dda1df7d1c" "/opt/rustwide/cargo-home/bin/cargo" "+beta-2024-01-09" "test" "--frozen" "--no-run" "--message-format=json", kill_on_drop: false }`
[INFO] [stdout] ae4d0f566fa5c520d2a357b995d07984583d45fbd6f2ee8ddcb1df2a928ab067
[INFO] running `Command { std: "docker" "start" "-a" "ae4d0f566fa5c520d2a357b995d07984583d45fbd6f2ee8ddcb1df2a928ab067", kill_on_drop: false }`
[INFO] [stderr]    Compiling swc-import-glob-array-plugin v1.0.2 (/opt/rustwide/workdir)
[INFO] [stderr]     Finished test [unoptimized + debuginfo] target(s) in 5.66s
[INFO] running `Command { std: "docker" "inspect" "ae4d0f566fa5c520d2a357b995d07984583d45fbd6f2ee8ddcb1df2a928ab067", kill_on_drop: false }`
[INFO] running `Command { std: "docker" "rm" "-f" "ae4d0f566fa5c520d2a357b995d07984583d45fbd6f2ee8ddcb1df2a928ab067", kill_on_drop: false }`
[INFO] [stdout] ae4d0f566fa5c520d2a357b995d07984583d45fbd6f2ee8ddcb1df2a928ab067
[INFO] running `Command { std: "docker" "create" "-v" "/var/lib/crater-agent-workspace/builds/worker-4-tc2/target:/opt/rustwide/target:rw,Z" "-v" "/var/lib/crater-agent-workspace/builds/worker-4-tc2/source:/opt/rustwide/workdir:ro,Z" "-v" "/var/lib/crater-agent-workspace/cargo-home:/opt/rustwide/cargo-home:ro,Z" "-v" "/var/lib/crater-agent-workspace/rustup-home:/opt/rustwide/rustup-home:ro,Z" "-e" "SOURCE_DIR=/opt/rustwide/workdir" "-e" "CARGO_TARGET_DIR=/opt/rustwide/target" "-e" "CARGO_INCREMENTAL=0" "-e" "RUST_BACKTRACE=full" "-e" "RUSTFLAGS=--cap-lints=warn" "-e" "RUSTDOCFLAGS=--cap-lints=warn" "-e" "CARGO_HOME=/opt/rustwide/cargo-home" "-e" "RUSTUP_HOME=/opt/rustwide/rustup-home" "-w" "/opt/rustwide/workdir" "-m" "1610612736" "--user" "0:0" "--network" "none" "ghcr.io/rust-lang/crates-build-env/linux@sha256:2788e3201cd34a07e3172128adcd8b3090168a8e3bcc40d7c032b9dda1df7d1c" "/opt/rustwide/cargo-home/bin/cargo" "+beta-2024-01-09" "test" "--frozen", kill_on_drop: false }`
[INFO] [stdout] f97c143ba27872f3ae3eea01810d3260e301ac6dff22cc80fb1f66c69d5f4f5b
[INFO] running `Command { std: "docker" "start" "-a" "f97c143ba27872f3ae3eea01810d3260e301ac6dff22cc80fb1f66c69d5f4f5b", kill_on_drop: false }`
[INFO] [stderr]     Finished test [unoptimized + debuginfo] target(s) in 0.13s
[INFO] [stderr]      Running unittests src/lib.rs (/opt/rustwide/target/debug/deps/swc_import_glob_array_plugin-b3fa207c2635c87f)
[INFO] [stdout] 
[INFO] [stdout] running 1 test
[INFO] [stdout] test tests::fixture_tests__fixtures__basic__input_js ... FAILED
[INFO] [stdout] 
[INFO] [stdout] failures:
[INFO] [stdout] 
[INFO] [stdout] ---- tests::fixture_tests__fixtures__basic__input_js stdout ----
[INFO] [stdout] Input: /opt/rustwide/workdir/tests/fixtures/basic/input.js
[INFO] [stdout]   [32m INFO[0m  [32mDiagnostics will be printed to stderr as logging level is trace or debug[0m
[INFO] [stdout]     [2;3mat[0m /opt/rustwide/cargo-home/registry/src/index.crates.io-6f17d22bba15001f/testing-0.33.6/src/errors/stderr.rs:17
[INFO] [stdout] 
[INFO] [stdout] ----- [32mExpected[0m -----
[INFO] [stdout] import md from "marked";
[INFO] [stdout] import { dir as _iga1 } from "./docs/hello.mdx";
[INFO] [stdout] import { dir as _iga2 } from "./docs/world.mdx";
[INFO] [stdout] const foo = [
[INFO] [stdout]     _iga1,
[INFO] [stdout]     _iga2
[INFO] [stdout] ];
[INFO] [stdout] import _iga3, { foo as _iga4 } from "./docs/hello.mdx";
[INFO] [stdout] import _iga5, { foo as _iga6 } from "./docs/world.mdx";
[INFO] [stdout] const bar = [
[INFO] [stdout]     _iga4,
[INFO] [stdout]     _iga6
[INFO] [stdout] ];
[INFO] [stdout] const wow = [
[INFO] [stdout]     _iga3,
[INFO] [stdout]     _iga5
[INFO] [stdout] ];
[INFO] [stdout] const meta = [
[INFO] [stdout]     {
[INFO] [stdout]         absolutePath: "$DIR/tests/fixtures/basic/docs/hello.mdx",
[INFO] [stdout]         importedPath: "./docs/hello.mdx"
[INFO] [stdout]     },
[INFO] [stdout]     {
[INFO] [stdout]         absolutePath: "$DIR/tests/fixtures/basic/docs/world.mdx",
[INFO] [stdout]         importedPath: "./docs/world.mdx"
[INFO] [stdout]     }
[INFO] [stdout] ];
[INFO] [stdout] 
[INFO] [stdout]   [32m INFO[0m  [32mDiagnostics will be printed to stderr as logging level is trace or debug[0m
[INFO] [stdout]     [2;3mat[0m /opt/rustwide/cargo-home/registry/src/index.crates.io-6f17d22bba15001f/testing-0.33.6/src/errors/stderr.rs:17
[INFO] [stdout] 
[INFO] [stdout] ----- [32mInput[0m -----
[INFO] [stdout] import md from "marked";
[INFO] [stdout] import { dir as foo } from "./docs/*";
[INFO] [stdout] import wow, { _importMeta as meta, foo as bar } from "./docs/*";
[INFO] [stdout] 
[INFO] [stdout] ----- [32mActual[0m -----
[INFO] [stdout]   [34mDEBUG[0m  [34mRenaming `md#0` to `md`[0m
[INFO] [stdout]     [2;3mat[0m /opt/rustwide/cargo-home/registry/src/index.crates.io-6f17d22bba15001f/swc_ecma_transforms_base-0.126.18/src/rename/analyzer/scope.rs:183
[INFO] [stdout] 
[INFO] [stdout]   [34mDEBUG[0m  [34mRenaming `_iga1#0` to `_iga1`[0m
[INFO] [stdout]     [2;3mat[0m /opt/rustwide/cargo-home/registry/src/index.crates.io-6f17d22bba15001f/swc_ecma_transforms_base-0.126.18/src/rename/analyzer/scope.rs:183
[INFO] [stdout] 
[INFO] [stdout]   [34mDEBUG[0m  [34mRenaming `_iga2#0` to `_iga2`[0m
[INFO] [stdout]     [2;3mat[0m /opt/rustwide/cargo-home/registry/src/index.crates.io-6f17d22bba15001f/swc_ecma_transforms_base-0.126.18/src/rename/analyzer/scope.rs:183
[INFO] [stdout] 
[INFO] [stdout]   [34mDEBUG[0m  [34mRenaming `foo#0` to `foo`[0m
[INFO] [stdout]     [2;3mat[0m /opt/rustwide/cargo-home/registry/src/index.crates.io-6f17d22bba15001f/swc_ecma_transforms_base-0.126.18/src/rename/analyzer/scope.rs:183
[INFO] [stdout] 
[INFO] [stdout]   [34mDEBUG[0m  [34mRenaming `_iga3#0` to `_iga3`[0m
[INFO] [stdout]     [2;3mat[0m /opt/rustwide/cargo-home/registry/src/index.crates.io-6f17d22bba15001f/swc_ecma_transforms_base-0.126.18/src/rename/analyzer/scope.rs:183
[INFO] [stdout] 
[INFO] [stdout]   [34mDEBUG[0m  [34mRenaming `_iga4#0` to `_iga4`[0m
[INFO] [stdout]     [2;3mat[0m /opt/rustwide/cargo-home/registry/src/index.crates.io-6f17d22bba15001f/swc_ecma_transforms_base-0.126.18/src/rename/analyzer/scope.rs:183
[INFO] [stdout] 
[INFO] [stdout]   [34mDEBUG[0m  [34mRenaming `_iga5#0` to `_iga5`[0m
[INFO] [stdout]     [2;3mat[0m /opt/rustwide/cargo-home/registry/src/index.crates.io-6f17d22bba15001f/swc_ecma_transforms_base-0.126.18/src/rename/analyzer/scope.rs:183
[INFO] [stdout] 
[INFO] [stdout]   [34mDEBUG[0m  [34mRenaming `_iga6#0` to `_iga6`[0m
[INFO] [stdout]     [2;3mat[0m /opt/rustwide/cargo-home/registry/src/index.crates.io-6f17d22bba15001f/swc_ecma_transforms_base-0.126.18/src/rename/analyzer/scope.rs:183
[INFO] [stdout] 
[INFO] [stdout]   [34mDEBUG[0m  [34mRenaming `wow#0` to `wow`[0m
[INFO] [stdout]     [2;3mat[0m /opt/rustwide/cargo-home/registry/src/index.crates.io-6f17d22bba15001f/swc_ecma_transforms_base-0.126.18/src/rename/analyzer/scope.rs:183
[INFO] [stdout] 
[INFO] [stdout]   [34mDEBUG[0m  [34mRenaming `bar#0` to `bar`[0m
[INFO] [stdout]     [2;3mat[0m /opt/rustwide/cargo-home/registry/src/index.crates.io-6f17d22bba15001f/swc_ecma_transforms_base-0.126.18/src/rename/analyzer/scope.rs:183
[INFO] [stdout] 
[INFO] [stdout]   [34mDEBUG[0m  [34mRenaming `meta#0` to `meta`[0m
[INFO] [stdout]     [2;3mat[0m /opt/rustwide/cargo-home/registry/src/index.crates.io-6f17d22bba15001f/swc_ecma_transforms_base-0.126.18/src/rename/analyzer/scope.rs:183
[INFO] [stdout] 
[INFO] [stdout] import md from "marked";
[INFO] [stdout] import { dir as _iga1 } from "./docs/hello.mdx";
[INFO] [stdout] import { dir as _iga2 } from "./docs/world.mdx";
[INFO] [stdout] const foo = [
[INFO] [stdout]     _iga1,
[INFO] [stdout]     _iga2
[INFO] [stdout] ];
[INFO] [stdout] import _iga3, { foo as _iga4 } from "./docs/hello.mdx";
[INFO] [stdout] import _iga5, { foo as _iga6 } from "./docs/world.mdx";
[INFO] [stdout] const wow = [
[INFO] [stdout]     _iga3,
[INFO] [stdout]     _iga5
[INFO] [stdout] ];
[INFO] [stdout] const bar = [
[INFO] [stdout]     _iga4,
[INFO] [stdout]     _iga6
[INFO] [stdout] ];
[INFO] [stdout] const meta = [
[INFO] [stdout]     {
[INFO] [stdout]         absolutePath: "/opt/rustwide/workdir/tests/fixtures/basic/docs/hello.mdx",
[INFO] [stdout]         importedPath: "./docs/hello.mdx"
[INFO] [stdout]     },
[INFO] [stdout]     {
[INFO] [stdout]         absolutePath: "/opt/rustwide/workdir/tests/fixtures/basic/docs/world.mdx",
[INFO] [stdout]         importedPath: "./docs/world.mdx"
[INFO] [stdout]     }
[INFO] [stdout] ];
[INFO] [stdout] 
[INFO] [stdout]   [34mDEBUG[0m  [34mComparing output to /opt/rustwide/workdir/tests/fixtures/basic/output.js[0m
[INFO] [stdout]     [2;3mat[0m /opt/rustwide/cargo-home/registry/src/index.crates.io-6f17d22bba15001f/testing-0.33.6/src/output.rs:140
[INFO] [stdout] 
[INFO] [stdout] thread 'tests::fixture_tests__fixtures__basic__input_js' panicked at /opt/rustwide/cargo-home/registry/src/index.crates.io-6f17d22bba15001f/testing-0.33.6/src/output.rs:164:13:
[INFO] [stdout] assertion failed: `(left == right)`: Actual:
[INFO] [stdout] import md from "marked";
[INFO] [stdout] import { dir as _iga1 } from "./docs/hello.mdx";
[INFO] [stdout] import { dir as _iga2 } from "./docs/world.mdx";
[INFO] [stdout] const foo = [
[INFO] [stdout]     _iga1,
[INFO] [stdout]     _iga2
[INFO] [stdout] ];
[INFO] [stdout] import _iga3, { foo as _iga4 } from "./docs/hello.mdx";
[INFO] [stdout] import _iga5, { foo as _iga6 } from "./docs/world.mdx";
[INFO] [stdout] const wow = [
[INFO] [stdout]     _iga3,
[INFO] [stdout]     _iga5
[INFO] [stdout] ];
[INFO] [stdout] const bar = [
[INFO] [stdout]     _iga4,
[INFO] [stdout]     _iga6
[INFO] [stdout] ];
[INFO] [stdout] const meta = [
[INFO] [stdout]     {
[INFO] [stdout]         absolutePath: "$DIR/tests/fixtures/basic/docs/hello.mdx",
[INFO] [stdout]         importedPath: "./docs/hello.mdx"
[INFO] [stdout]     },
[INFO] [stdout]     {
[INFO] [stdout]         absolutePath: "$DIR/tests/fixtures/basic/docs/world.mdx",
[INFO] [stdout]         importedPath: "./docs/world.mdx"
[INFO] [stdout]     }
[INFO] [stdout] ];
[INFO] [stdout] 
[INFO] [stdout] 
[INFO] [stdout] [1mDiff[0m [31m< left[0m / [32mright >[0m :
[INFO] [stdout]  import md from "marked";
[INFO] [stdout]  import { dir as _iga1 } from "./docs/hello.mdx";
[INFO] [stdout]  import { dir as _iga2 } from "./docs/world.mdx";
[INFO] [stdout]  const foo = [
[INFO] [stdout]      _iga1,
[INFO] [stdout]      _iga2
[INFO] [stdout]  ];
[INFO] [stdout]  import _iga3, { foo as _iga4 } from "./docs/hello.mdx";
[INFO] [stdout]  import _iga5, { foo as _iga6 } from "./docs/world.mdx";
[INFO] [stdout] [31m<const bar = [[0m
[INFO] [stdout] [31m<    _iga4,[0m
[INFO] [stdout] [31m<    _iga6[0m
[INFO] [stdout] [31m<];[0m
[INFO] [stdout]  const wow = [
[INFO] [stdout]      _iga3,
[INFO] [stdout]      _iga5
[INFO] [stdout] [32m>];[0m
[INFO] [stdout] [32m>const bar = [[0m
[INFO] [stdout] [32m>    _iga4,[0m
[INFO] [stdout] [32m>    _iga6[0m
[INFO] [stdout]  ];
[INFO] [stdout]  const meta = [
[INFO] [stdout]      {
[INFO] [stdout]          absolutePath: "$DIR/tests/fixtures/basic/docs/hello.mdx",
[INFO] [stdout]          importedPath: "./docs/hello.mdx"
[INFO] [stdout]      },
[INFO] [stdout]      {
[INFO] [stdout]          absolutePath: "$DIR/tests/fixtures/basic/docs/world.mdx",
[INFO] [stdout]          importedPath: "./docs/world.mdx"
[INFO] [stdout]      }
[INFO] [stdout]  ];
[INFO] [stdout]  
[INFO] [stdout] 
[INFO] [stdout] 
[INFO] [stdout] stack backtrace:
[INFO] [stdout]    0:     0x5599938bb9c6 - std::backtrace_rs::backtrace::libunwind::trace::h03effc2488ffeadf
[INFO] [stdout]                                at /rustc/650745ceb2ae60e04f8cd7bfb671fc37239533e4/library/std/src/../../backtrace/src/backtrace/libunwind.rs:104:5
[INFO] [stdout]    1:     0x5599938bb9c6 - std::backtrace_rs::backtrace::trace_unsynchronized::h006ca25a07988d2f
[INFO] [stdout]                                at /rustc/650745ceb2ae60e04f8cd7bfb671fc37239533e4/library/std/src/../../backtrace/src/backtrace/mod.rs:66:5
[INFO] [stdout]    2:     0x5599938bb9c6 - std::sys_common::backtrace::_print_fmt::h4e3552f7b93352b1
[INFO] [stdout]                                at /rustc/650745ceb2ae60e04f8cd7bfb671fc37239533e4/library/std/src/sys_common/backtrace.rs:68:5
[INFO] [stdout]    3:     0x5599938bb9c6 - <std::sys_common::backtrace::_print::DisplayBacktrace as core::fmt::Display>::fmt::h9fe510a7d5cbe2d5
[INFO] [stdout]                                at /rustc/650745ceb2ae60e04f8cd7bfb671fc37239533e4/library/std/src/sys_common/backtrace.rs:44:22
[INFO] [stdout]    4:     0x5599938e69d0 - core::fmt::rt::Argument::fmt::h74b18c7a7e637710
[INFO] [stdout]                                at /rustc/650745ceb2ae60e04f8cd7bfb671fc37239533e4/library/core/src/fmt/rt.rs:142:9
[INFO] [stdout]    5:     0x5599938e69d0 - core::fmt::write::h8f8030c94ead45fd
[INFO] [stdout]                                at /rustc/650745ceb2ae60e04f8cd7bfb671fc37239533e4/library/core/src/fmt/mod.rs:1120:17
[INFO] [stdout]    6:     0x5599938b8ddf - std::io::Write::write_fmt::hd5dc84d51b55db4d
[INFO] [stdout]                                at /rustc/650745ceb2ae60e04f8cd7bfb671fc37239533e4/library/std/src/io/mod.rs:1810:15
[INFO] [stdout]    7:     0x5599938bb7a4 - std::sys_common::backtrace::_print::h9804e7b18da25ce0
[INFO] [stdout]                                at /rustc/650745ceb2ae60e04f8cd7bfb671fc37239533e4/library/std/src/sys_common/backtrace.rs:47:5
[INFO] [stdout]    8:     0x5599938bb7a4 - std::sys_common::backtrace::print::h88277d710d09094a
[INFO] [stdout]                                at /rustc/650745ceb2ae60e04f8cd7bfb671fc37239533e4/library/std/src/sys_common/backtrace.rs:34:9
[INFO] [stdout]    9:     0x5599938bd517 - std::panicking::default_hook::{{closure}}::hdbdcf066fe677727
[INFO] [stdout]   10:     0x5599938bd1fd - std::panicking::default_hook::h23a1b51cb553f858
[INFO] [stdout]                                at /rustc/650745ceb2ae60e04f8cd7bfb671fc37239533e4/library/std/src/panicking.rs:289:9
[INFO] [stdout]   11:     0x559992f10657 - <alloc::boxed::Box<F,A> as core::ops::function::Fn<Args>>::call::hb97b3d5e50e8f668
[INFO] [stdout]                                at /rustc/650745ceb2ae60e04f8cd7bfb671fc37239533e4/library/alloc/src/boxed.rs:2029:9
[INFO] [stdout]   12:     0x559992f10657 - test::test_main::{{closure}}::h08dcb42f9689ad1d
[INFO] [stdout]                                at /rustc/650745ceb2ae60e04f8cd7bfb671fc37239533e4/library/test/src/lib.rs:138:21
[INFO] [stdout]   13:     0x5599938bdb36 - <alloc::boxed::Box<F,A> as core::ops::function::Fn<Args>>::call::he29ab032578fbb20
[INFO] [stdout]                                at /rustc/650745ceb2ae60e04f8cd7bfb671fc37239533e4/library/alloc/src/boxed.rs:2029:9
[INFO] [stdout]   14:     0x5599938bdb36 - std::panicking::rust_panic_with_hook::hee41672977842e8f
[INFO] [stdout]                                at /rustc/650745ceb2ae60e04f8cd7bfb671fc37239533e4/library/std/src/panicking.rs:783:13
[INFO] [stdout]   15:     0x5599938bd882 - std::panicking::begin_panic_handler::{{closure}}::h6e390f49bfce6eb3
[INFO] [stdout]                                at /rustc/650745ceb2ae60e04f8cd7bfb671fc37239533e4/library/std/src/panicking.rs:657:13
[INFO] [stdout]   16:     0x5599938bbec6 - std::sys_common::backtrace::__rust_end_short_backtrace::h72ee75b447321fc6
[INFO] [stdout]                                at /rustc/650745ceb2ae60e04f8cd7bfb671fc37239533e4/library/std/src/sys_common/backtrace.rs:171:18
[INFO] [stdout]   17:     0x5599938bd5e0 - rust_begin_unwind
[INFO] [stdout]                                at /rustc/650745ceb2ae60e04f8cd7bfb671fc37239533e4/library/std/src/panicking.rs:645:5
[INFO] [stdout]   18:     0x559992e04455 - core::panicking::panic_fmt::hf7ebce36d1a084ab
[INFO] [stdout]                                at /rustc/650745ceb2ae60e04f8cd7bfb671fc37239533e4/library/core/src/panicking.rs:72:14
[INFO] [stdout]   19:     0x559992ebfb98 - testing::output::NormalizedOutput::compare_to_file::h7b7044cbbc316714
[INFO] [stdout]                                at /opt/rustwide/cargo-home/registry/src/index.crates.io-6f17d22bba15001f/testing-0.33.6/src/output.rs:164:13
[INFO] [stdout]   20:     0x559992e7c747 - swc_ecma_transforms_testing::test_fixture::h8edc255129ce322e
[INFO] [stdout]                                at /opt/rustwide/cargo-home/registry/src/index.crates.io-6f17d22bba15001f/swc_ecma_transforms_testing-0.129.18/src/lib.rs:802:13
[INFO] [stdout]   21:     0x559992ec2a2f - swc_import_glob_array_plugin::tests::fixture::h94fab23faba4fa9a
[INFO] [stdout]                                at /opt/rustwide/workdir/src/lib.rs:138:9
[INFO] [stdout]   22:     0x559992ec2bb0 - swc_import_glob_array_plugin::tests::fixture_tests__fixtures__basic__input_js::hbffa675abaac92f6
[INFO] [stdout]                                at /opt/rustwide/workdir/src/lib.rs:133:5
[INFO] [stdout]   23:     0x559992ec2b47 - swc_import_glob_array_plugin::tests::fixture_tests__fixtures__basic__input_js::{{closure}}::hff5f3d32b6c8ea27
[INFO] [stdout]                                at /opt/rustwide/workdir/src/lib.rs:133:45
[INFO] [stdout]   24:     0x559992ed72d6 - core::ops::function::FnOnce::call_once::hbefad2c7816122b8
[INFO] [stdout]                                at /rustc/650745ceb2ae60e04f8cd7bfb671fc37239533e4/library/core/src/ops/function.rs:250:5
[INFO] [stdout]   25:     0x559992f15e8f - core::ops::function::FnOnce::call_once::h06047d416fab4738
[INFO] [stdout]                                at /rustc/650745ceb2ae60e04f8cd7bfb671fc37239533e4/library/core/src/ops/function.rs:250:5
[INFO] [stdout]   26:     0x559992f15e8f - test::__rust_begin_short_backtrace::hcb5713adfb060771
[INFO] [stdout]                                at /rustc/650745ceb2ae60e04f8cd7bfb671fc37239533e4/library/test/src/lib.rs:627:18
[INFO] [stdout]   27:     0x559992f14cb1 - test::run_test_in_process::{{closure}}::h6861e3633d7c9c27
[INFO] [stdout]                                at /rustc/650745ceb2ae60e04f8cd7bfb671fc37239533e4/library/test/src/lib.rs:650:60
[INFO] [stdout]   28:     0x559992f14cb1 - <core::panic::unwind_safe::AssertUnwindSafe<F> as core::ops::function::FnOnce<()>>::call_once::hb64fe2246fb8da62
[INFO] [stdout]                                at /rustc/650745ceb2ae60e04f8cd7bfb671fc37239533e4/library/core/src/panic/unwind_safe.rs:272:9
[INFO] [stdout]   29:     0x559992f14cb1 - std::panicking::try::do_call::h298b24dc8da96ba0
[INFO] [stdout]                                at /rustc/650745ceb2ae60e04f8cd7bfb671fc37239533e4/library/std/src/panicking.rs:552:40
[INFO] [stdout]   30:     0x559992f14cb1 - std::panicking::try::h69c2bfb52fabb772
[INFO] [stdout]                                at /rustc/650745ceb2ae60e04f8cd7bfb671fc37239533e4/library/std/src/panicking.rs:516:19
[INFO] [stdout]   31:     0x559992f14cb1 - std::panic::catch_unwind::hc0f23ff16cc28725
[INFO] [stdout]                                at /rustc/650745ceb2ae60e04f8cd7bfb671fc37239533e4/library/std/src/panic.rs:142:14
[INFO] [stdout]   32:     0x559992f14cb1 - test::run_test_in_process::hddee0506ec75925f
[INFO] [stdout]                                at /rustc/650745ceb2ae60e04f8cd7bfb671fc37239533e4/library/test/src/lib.rs:650:27
[INFO] [stdout]   33:     0x559992f14cb1 - test::run_test::{{closure}}::h5cfb204228607716
[INFO] [stdout]                                at /rustc/650745ceb2ae60e04f8cd7bfb671fc37239533e4/library/test/src/lib.rs:573:43
[INFO] [stdout]   34:     0x559992edbfe6 - test::run_test::{{closure}}::hd4d5602ef13205a5
[INFO] [stdout]                                at /rustc/650745ceb2ae60e04f8cd7bfb671fc37239533e4/library/test/src/lib.rs:601:41
[INFO] [stdout]   35:     0x559992edbfe6 - std::sys_common::backtrace::__rust_begin_short_backtrace::h5ccc5cff5923f06c
[INFO] [stdout]                                at /rustc/650745ceb2ae60e04f8cd7bfb671fc37239533e4/library/std/src/sys_common/backtrace.rs:155:18
[INFO] [stdout]   36:     0x559992ee10e7 - std::thread::Builder::spawn_unchecked_::{{closure}}::{{closure}}::hafc0d76dcef09eee
[INFO] [stdout]                                at /rustc/650745ceb2ae60e04f8cd7bfb671fc37239533e4/library/std/src/thread/mod.rs:529:17
[INFO] [stdout]   37:     0x559992ee10e7 - <core::panic::unwind_safe::AssertUnwindSafe<F> as core::ops::function::FnOnce<()>>::call_once::hb8ad16fe24e3ea09
[INFO] [stdout]                                at /rustc/650745ceb2ae60e04f8cd7bfb671fc37239533e4/library/core/src/panic/unwind_safe.rs:272:9
[INFO] [stdout]   38:     0x559992ee10e7 - std::panicking::try::do_call::h42f15bc08f3d28df
[INFO] [stdout]                                at /rustc/650745ceb2ae60e04f8cd7bfb671fc37239533e4/library/std/src/panicking.rs:552:40
[INFO] [stdout]   39:     0x559992ee10e7 - std::panicking::try::h81546958e5901712
[INFO] [stdout]                                at /rustc/650745ceb2ae60e04f8cd7bfb671fc37239533e4/library/std/src/panicking.rs:516:19
[INFO] [stdout]   40:     0x559992ee10e7 - std::panic::catch_unwind::hc4c7cd89a2f03e29
[INFO] [stdout]                                at /rustc/650745ceb2ae60e04f8cd7bfb671fc37239533e4/library/std/src/panic.rs:142:14
[INFO] [stdout]   41:     0x559992ee10e7 - std::thread::Builder::spawn_unchecked_::{{closure}}::h45ad00093b802d53
[INFO] [stdout]                                at /rustc/650745ceb2ae60e04f8cd7bfb671fc37239533e4/library/std/src/thread/mod.rs:528:30
[INFO] [stdout]   42:     0x559992ee10e7 - core::ops::function::FnOnce::call_once{{vtable.shim}}::heec906b8862c0a30
[INFO] [stdout]                                at /rustc/650745ceb2ae60e04f8cd7bfb671fc37239533e4/library/core/src/ops/function.rs:250:5
[INFO] [stdout]   43:     0x5599938c2c15 - <alloc::boxed::Box<F,A> as core::ops::function::FnOnce<Args>>::call_once::he271a8e9b4ffec7b
[INFO] [stdout]                                at /rustc/650745ceb2ae60e04f8cd7bfb671fc37239533e4/library/alloc/src/boxed.rs:2015:9
[INFO] [stdout]   44:     0x5599938c2c15 - <alloc::boxed::Box<F,A> as core::ops::function::FnOnce<Args>>::call_once::heeb272d5c498a02f
[INFO] [stdout]                                at /rustc/650745ceb2ae60e04f8cd7bfb671fc37239533e4/library/alloc/src/boxed.rs:2015:9
[INFO] [stdout]   45:     0x5599938c2c15 - std::sys::unix::thread::Thread::new::thread_start::h1fcefdf404730fa7
[INFO] [stdout]                                at /rustc/650745ceb2ae60e04f8cd7bfb671fc37239533e4/library/std/src/sys/unix/thread.rs:108:17
[INFO] [stdout]   46:     0x7fbbe5c79ac3 - <unknown>
[INFO] [stdout]   47:     0x7fbbe5d0abf4 - __clone
[INFO] [stdout]   48:                0x0 - <unknown>
[INFO] [stdout] 
[INFO] [stdout] 
[INFO] [stdout] failures:
[INFO] [stdout]     tests::fixture_tests__fixtures__basic__input_js
[INFO] [stdout] 
[INFO] [stdout] test result: FAILED. 0 passed; 1 failed; 0 ignored; 0 measured; 0 filtered out; finished in 0.08s
[INFO] [stdout] 
[INFO] [stderr] error: test failed, to rerun pass `--lib`
[INFO] running `Command { std: "docker" "inspect" "f97c143ba27872f3ae3eea01810d3260e301ac6dff22cc80fb1f66c69d5f4f5b", kill_on_drop: false }`
[INFO] running `Command { std: "docker" "rm" "-f" "f97c143ba27872f3ae3eea01810d3260e301ac6dff22cc80fb1f66c69d5f4f5b", kill_on_drop: false }`
[INFO] [stdout] f97c143ba27872f3ae3eea01810d3260e301ac6dff22cc80fb1f66c69d5f4f5b
