[INFO] cloning repository https://github.com/Mageas/twitch_recover
[INFO] running `Command { std: "git" "-c" "credential.helper=" "-c" "credential.helper=/workspace/cargo-home/bin/git-credential-null" "clone" "--bare" "https://github.com/Mageas/twitch_recover" "/workspace/cache/git-repos/https%3A%2F%2Fgithub.com%2FMageas%2Ftwitch_recover", kill_on_drop: false }`
[INFO] [stderr] Cloning into bare repository '/workspace/cache/git-repos/https%3A%2F%2Fgithub.com%2FMageas%2Ftwitch_recover'...
[INFO] running `Command { std: "git" "rev-parse" "HEAD", kill_on_drop: false }`
[INFO] [stdout] 64d7a2c384ef2601d4d2f6da89c14286e8bb0cbc
[INFO] testing Mageas/twitch_recover against 1.75.0 for beta-1.76-3
[INFO] running `Command { std: "git" "clone" "/workspace/cache/git-repos/https%3A%2F%2Fgithub.com%2FMageas%2Ftwitch_recover" "/workspace/builds/worker-7-tc1/source", kill_on_drop: false }`
[INFO] [stderr] Cloning into '/workspace/builds/worker-7-tc1/source'...
[INFO] [stderr] done.
[INFO] validating manifest of git repo https://github.com/Mageas/twitch_recover on toolchain 1.75.0
[INFO] running `Command { std: CARGO_HOME="/workspace/cargo-home" RUSTUP_HOME="/workspace/rustup-home" "/workspace/cargo-home/bin/cargo" "+1.75.0" "metadata" "--manifest-path" "Cargo.toml" "--no-deps", kill_on_drop: false }`
[INFO] started tweaking git repo https://github.com/Mageas/twitch_recover
[INFO] finished tweaking git repo https://github.com/Mageas/twitch_recover
[INFO] tweaked toml for git repo https://github.com/Mageas/twitch_recover written to /workspace/builds/worker-7-tc1/source/Cargo.toml
[INFO] crate git repo https://github.com/Mageas/twitch_recover already has a lockfile, it will not be regenerated
[INFO] running `Command { std: CARGO_HOME="/workspace/cargo-home" RUSTUP_HOME="/workspace/rustup-home" "/workspace/cargo-home/bin/cargo" "+1.75.0" "fetch" "--manifest-path" "Cargo.toml", kill_on_drop: false }`
[INFO] [stderr]     Blocking waiting for file lock on package cache
[INFO] [stderr]     Blocking waiting for file lock on package cache
[INFO] [stderr]  Downloading crates ...
[INFO] [stderr]   Downloaded cxxbridge-flags v1.0.79
[INFO] [stderr]   Downloaded cxxbridge-macro v1.0.79
[INFO] [stderr]   Downloaded cxx-build v1.0.79
[INFO] [stderr]   Downloaded cxx v1.0.79
[INFO] running `Command { std: "docker" "create" "-v" "/var/lib/crater-agent-workspace/builds/worker-7-tc1/target:/opt/rustwide/target:rw,Z" "-v" "/var/lib/crater-agent-workspace/builds/worker-7-tc1/source:/opt/rustwide/workdir:ro,Z" "-v" "/var/lib/crater-agent-workspace/cargo-home:/opt/rustwide/cargo-home:ro,Z" "-v" "/var/lib/crater-agent-workspace/rustup-home:/opt/rustwide/rustup-home:ro,Z" "-e" "SOURCE_DIR=/opt/rustwide/workdir" "-e" "CARGO_TARGET_DIR=/opt/rustwide/target" "-e" "CARGO_HOME=/opt/rustwide/cargo-home" "-e" "RUSTUP_HOME=/opt/rustwide/rustup-home" "-w" "/opt/rustwide/workdir" "-m" "1610612736" "--user" "0:0" "--network" "none" "ghcr.io/rust-lang/crates-build-env/linux@sha256:2788e3201cd34a07e3172128adcd8b3090168a8e3bcc40d7c032b9dda1df7d1c" "/opt/rustwide/cargo-home/bin/cargo" "+1.75.0" "metadata" "--no-deps" "--format-version=1", kill_on_drop: false }`
[INFO] [stdout] e06be0f5323d4867178a567adea89b999649185ed66a999501a7f1047aec9a53
[INFO] running `Command { std: "docker" "start" "-a" "e06be0f5323d4867178a567adea89b999649185ed66a999501a7f1047aec9a53", kill_on_drop: false }`
[INFO] running `Command { std: "docker" "inspect" "e06be0f5323d4867178a567adea89b999649185ed66a999501a7f1047aec9a53", kill_on_drop: false }`
[INFO] running `Command { std: "docker" "rm" "-f" "e06be0f5323d4867178a567adea89b999649185ed66a999501a7f1047aec9a53", kill_on_drop: false }`
[INFO] [stdout] e06be0f5323d4867178a567adea89b999649185ed66a999501a7f1047aec9a53
[INFO] running `Command { std: "docker" "create" "-v" "/var/lib/crater-agent-workspace/builds/worker-7-tc1/target:/opt/rustwide/target:rw,Z" "-v" "/var/lib/crater-agent-workspace/builds/worker-7-tc1/source:/opt/rustwide/workdir:ro,Z" "-v" "/var/lib/crater-agent-workspace/cargo-home:/opt/rustwide/cargo-home:ro,Z" "-v" "/var/lib/crater-agent-workspace/rustup-home:/opt/rustwide/rustup-home:ro,Z" "-e" "SOURCE_DIR=/opt/rustwide/workdir" "-e" "CARGO_TARGET_DIR=/opt/rustwide/target" "-e" "CARGO_INCREMENTAL=0" "-e" "RUST_BACKTRACE=full" "-e" "RUSTFLAGS=--cap-lints=warn" "-e" "RUSTDOCFLAGS=--cap-lints=warn" "-e" "CARGO_HOME=/opt/rustwide/cargo-home" "-e" "RUSTUP_HOME=/opt/rustwide/rustup-home" "-w" "/opt/rustwide/workdir" "-m" "1610612736" "--user" "0:0" "--network" "none" "ghcr.io/rust-lang/crates-build-env/linux@sha256:2788e3201cd34a07e3172128adcd8b3090168a8e3bcc40d7c032b9dda1df7d1c" "/opt/rustwide/cargo-home/bin/cargo" "+1.75.0" "build" "--frozen" "--message-format=json", kill_on_drop: false }`
[INFO] [stdout] ac63459a47d94ea7234ad30cf32c4235c53d92130e475d0e8f5678184642628a
[INFO] running `Command { std: "docker" "start" "-a" "ac63459a47d94ea7234ad30cf32c4235c53d92130e475d0e8f5678184642628a", kill_on_drop: false }`
[INFO] [stderr]    Compiling autocfg v1.1.0
[INFO] [stderr]    Compiling libc v0.2.135
[INFO] [stderr]    Compiling cfg-if v1.0.0
[INFO] [stderr]    Compiling proc-macro2 v1.0.47
[INFO] [stderr]    Compiling unicode-ident v1.0.5
[INFO] [stderr]    Compiling quote v1.0.21
[INFO] [stderr]    Compiling syn v1.0.102
[INFO] [stderr]    Compiling log v0.4.17
[INFO] [stderr]    Compiling memchr v2.5.0
[INFO] [stderr]    Compiling pkg-config v0.3.25
[INFO] [stderr]    Compiling once_cell v1.15.0
[INFO] [stderr]    Compiling pin-project-lite v0.2.9
[INFO] [stderr]    Compiling cc v1.0.73
[INFO] [stderr]    Compiling bytes v1.2.1
[INFO] [stderr]    Compiling futures-core v0.3.25
[INFO] [stderr]    Compiling futures-task v0.3.25
[INFO] [stderr]    Compiling itoa v1.0.4
[INFO] [stderr]    Compiling foreign-types-shared v0.1.1
[INFO] [stderr]    Compiling fnv v1.0.7
[INFO] [stderr]    Compiling futures-util v0.3.25
[INFO] [stderr]    Compiling tracing-core v0.1.30
[INFO] [stderr]    Compiling openssl v0.10.42
[INFO] [stderr]    Compiling foreign-types v0.3.2
[INFO] [stderr]    Compiling futures-io v0.3.25
[INFO] [stderr]    Compiling tinyvec_macros v0.1.0
[INFO] [stderr]    Compiling hashbrown v0.12.3
[INFO] [stderr]    Compiling futures-channel v0.3.25
[INFO] [stderr]    Compiling pin-utils v0.1.0
[INFO] [stderr]    Compiling tokio v1.21.2
[INFO] [stderr]    Compiling slab v0.4.7
[INFO] [stderr]    Compiling indexmap v1.9.1
[INFO] [stderr]    Compiling http v0.2.8
[INFO] [stderr]    Compiling tracing v0.1.37
[INFO] [stderr]    Compiling bitflags v1.3.2
[INFO] [stderr]    Compiling httparse v1.8.0
[INFO] [stderr]    Compiling futures-sink v0.3.25
[INFO] [stderr]    Compiling native-tls v0.2.10
[INFO] [stderr]    Compiling num-traits v0.2.15
[INFO] [stderr]    Compiling tinyvec v1.6.0
[INFO] [stderr]    Compiling openssl-probe v0.1.5
[INFO] [stderr]    Compiling try-lock v0.2.3
[INFO] [stderr]    Compiling serde v1.0.145
[INFO] [stderr]    Compiling percent-encoding v2.2.0
[INFO] [stderr]    Compiling want v0.3.0
[INFO] [stderr]    Compiling num-integer v0.1.45
[INFO] [stderr]    Compiling form_urlencoded v1.1.0
[INFO] [stderr]    Compiling encoding_rs v0.8.31
[INFO] [stderr]    Compiling httpdate v1.0.2
[INFO] [stderr]    Compiling num_cpus v1.13.1
[INFO] [stderr]    Compiling socket2 v0.4.7
[INFO] [stderr]    Compiling mio v0.8.4
[INFO] [stderr]    Compiling openssl-sys v0.9.76
[INFO] [stderr]    Compiling getrandom v0.2.7
[INFO] [stderr]    Compiling tower-service v0.3.2
[INFO] [stderr]    Compiling unicode-bidi v0.3.8
[INFO] [stderr]    Compiling gcc v0.3.55
[INFO] [stderr]    Compiling rand_core v0.6.4
[INFO] [stderr]    Compiling time v0.1.44
[INFO] [stderr]    Compiling rand v0.4.6
[INFO] [stderr]    Compiling ryu v1.0.11
[INFO] [stderr]    Compiling http-body v0.4.5
[INFO] [stderr]    Compiling ppv-lite86 v0.2.16
[INFO] [stderr]    Compiling thiserror v1.0.37
[INFO] [stderr]    Compiling rand v0.3.23
[INFO] [stderr]    Compiling aho-corasick v0.7.19
[INFO] [stderr]    Compiling iana-time-zone v0.1.51
[INFO] [stderr]    Compiling base64 v0.13.0
[INFO] [stderr]    Compiling rust-crypto v0.2.36
[INFO] [stderr]    Compiling unicode-normalization v0.1.22
[INFO] [stderr]    Compiling rustc-serialize v0.3.24
[INFO] [stderr]    Compiling rand_chacha v0.3.1
[INFO] [stderr]    Compiling ipnet v2.5.0
[INFO] [stderr]    Compiling mime v0.3.16
[INFO] [stderr]    Compiling regex-syntax v0.6.27
[INFO] [stderr]    Compiling chrono v0.4.22
[INFO] [stderr]    Compiling idna v0.3.0
[INFO] [stderr]    Compiling rand v0.8.5
[INFO] [stderr]    Compiling url v2.3.1
[INFO] [stderr]    Compiling regex v1.6.0
[INFO] [stderr]    Compiling tokio-macros v1.8.0
[INFO] [stderr]    Compiling openssl-macros v0.1.0
[INFO] [stderr]    Compiling thiserror-impl v1.0.37
[INFO] [stderr]    Compiling serde_urlencoded v0.7.1
[INFO] [stderr]    Compiling tokio-util v0.7.4
[INFO] [stderr]    Compiling tokio-native-tls v0.3.0
[INFO] [stderr]    Compiling h2 v0.3.14
[INFO] [stderr]    Compiling hyper v0.14.20
[INFO] [stderr]    Compiling hyper-tls v0.5.0
[INFO] [stderr]    Compiling reqwest v0.11.12
[INFO] [stderr]    Compiling twitch_recover v0.2.1 (/opt/rustwide/workdir)
[INFO] [stderr]     Finished dev [unoptimized + debuginfo] target(s) in 44.45s
[INFO] [stderr] warning: the following packages contain code that will be rejected by a future version of Rust: rustc-serialize v0.3.24
[INFO] [stderr] note: to see what the problems were, use the option `--future-incompat-report`, or run `cargo report future-incompatibilities --id 1`
[INFO] running `Command { std: "docker" "inspect" "ac63459a47d94ea7234ad30cf32c4235c53d92130e475d0e8f5678184642628a", kill_on_drop: false }`
[INFO] running `Command { std: "docker" "rm" "-f" "ac63459a47d94ea7234ad30cf32c4235c53d92130e475d0e8f5678184642628a", kill_on_drop: false }`
[INFO] [stdout] ac63459a47d94ea7234ad30cf32c4235c53d92130e475d0e8f5678184642628a
[INFO] running `Command { std: "docker" "create" "-v" "/var/lib/crater-agent-workspace/builds/worker-7-tc1/target:/opt/rustwide/target:rw,Z" "-v" "/var/lib/crater-agent-workspace/builds/worker-7-tc1/source:/opt/rustwide/workdir:ro,Z" "-v" "/var/lib/crater-agent-workspace/cargo-home:/opt/rustwide/cargo-home:ro,Z" "-v" "/var/lib/crater-agent-workspace/rustup-home:/opt/rustwide/rustup-home:ro,Z" "-e" "SOURCE_DIR=/opt/rustwide/workdir" "-e" "CARGO_TARGET_DIR=/opt/rustwide/target" "-e" "CARGO_INCREMENTAL=0" "-e" "RUST_BACKTRACE=full" "-e" "RUSTFLAGS=--cap-lints=warn" "-e" "RUSTDOCFLAGS=--cap-lints=warn" "-e" "CARGO_HOME=/opt/rustwide/cargo-home" "-e" "RUSTUP_HOME=/opt/rustwide/rustup-home" "-w" "/opt/rustwide/workdir" "-m" "1610612736" "--user" "0:0" "--network" "none" "ghcr.io/rust-lang/crates-build-env/linux@sha256:2788e3201cd34a07e3172128adcd8b3090168a8e3bcc40d7c032b9dda1df7d1c" "/opt/rustwide/cargo-home/bin/cargo" "+1.75.0" "test" "--frozen" "--no-run" "--message-format=json", kill_on_drop: false }`
[INFO] [stdout] 7cd8f8c884eb9152163bfc06295017f490e91a4370b94122652b545bb27f70dd
[INFO] running `Command { std: "docker" "start" "-a" "7cd8f8c884eb9152163bfc06295017f490e91a4370b94122652b545bb27f70dd", kill_on_drop: false }`
[INFO] [stderr]    Compiling twitch_recover v0.2.1 (/opt/rustwide/workdir)
[INFO] [stderr]     Finished test [unoptimized + debuginfo] target(s) in 3.73s
[INFO] [stderr] warning: the following packages contain code that will be rejected by a future version of Rust: rustc-serialize v0.3.24
[INFO] [stderr] note: to see what the problems were, use the option `--future-incompat-report`, or run `cargo report future-incompatibilities --id 1`
[INFO] running `Command { std: "docker" "inspect" "7cd8f8c884eb9152163bfc06295017f490e91a4370b94122652b545bb27f70dd", kill_on_drop: false }`
[INFO] running `Command { std: "docker" "rm" "-f" "7cd8f8c884eb9152163bfc06295017f490e91a4370b94122652b545bb27f70dd", kill_on_drop: false }`
[INFO] [stdout] 7cd8f8c884eb9152163bfc06295017f490e91a4370b94122652b545bb27f70dd
[INFO] running `Command { std: "docker" "create" "-v" "/var/lib/crater-agent-workspace/builds/worker-7-tc1/target:/opt/rustwide/target:rw,Z" "-v" "/var/lib/crater-agent-workspace/builds/worker-7-tc1/source:/opt/rustwide/workdir:ro,Z" "-v" "/var/lib/crater-agent-workspace/cargo-home:/opt/rustwide/cargo-home:ro,Z" "-v" "/var/lib/crater-agent-workspace/rustup-home:/opt/rustwide/rustup-home:ro,Z" "-e" "SOURCE_DIR=/opt/rustwide/workdir" "-e" "CARGO_TARGET_DIR=/opt/rustwide/target" "-e" "CARGO_INCREMENTAL=0" "-e" "RUST_BACKTRACE=full" "-e" "RUSTFLAGS=--cap-lints=warn" "-e" "RUSTDOCFLAGS=--cap-lints=warn" "-e" "CARGO_HOME=/opt/rustwide/cargo-home" "-e" "RUSTUP_HOME=/opt/rustwide/rustup-home" "-w" "/opt/rustwide/workdir" "-m" "1610612736" "--user" "0:0" "--network" "none" "ghcr.io/rust-lang/crates-build-env/linux@sha256:2788e3201cd34a07e3172128adcd8b3090168a8e3bcc40d7c032b9dda1df7d1c" "/opt/rustwide/cargo-home/bin/cargo" "+1.75.0" "test" "--frozen", kill_on_drop: false }`
[INFO] [stdout] 554ee0f86237d0ee2bd757fd910072cc96baeac6971d0d8864a6f18d3e683871
[INFO] running `Command { std: "docker" "start" "-a" "554ee0f86237d0ee2bd757fd910072cc96baeac6971d0d8864a6f18d3e683871", kill_on_drop: false }`
[INFO] [stderr]     Finished test [unoptimized + debuginfo] target(s) in 0.12s
[INFO] [stderr] warning: the following packages contain code that will be rejected by a future version of Rust: rustc-serialize v0.3.24
[INFO] [stderr] note: to see what the problems were, use the option `--future-incompat-report`, or run `cargo report future-incompatibilities --id 1`
[INFO] [stderr]      Running unittests src/lib.rs (/opt/rustwide/target/debug/deps/twitch_recover-c9b65ad027d20752)
[INFO] [stdout] 
[INFO] [stdout] running 6 tests
[INFO] [stdout] test vod_recover::tests::test_split_urls_in_chunks ... ok
[INFO] [stdout] test vod_recover::tests::test_parse_twitchtracker_url ... ok
[INFO] [stdout] test vod_recover::tests::test_generate_all_urls ... ok
[INFO] [stdout] test vod_recover::tests::test_parse_twitchtracker_timestamp ... ok
[INFO] [stdout] test vod_recover::tests::fail_streamer_name_parse_twitchtracker_url - should panic ... ok
[INFO] [stdout] test vod_recover::tests::fail_vod_id_parse_twitchtracker_url - should panic ... ok
[INFO] [stdout] 
[INFO] [stdout] test result: ok. 6 passed; 0 failed; 0 ignored; 0 measured; 0 filtered out; finished in 0.06s
[INFO] [stdout] 
[INFO] [stderr]    Doc-tests twitch_recover
[INFO] [stdout] 
[INFO] [stdout] running 6 tests
[INFO] [stdout] test src/lib.rs - (line 26) ... FAILED
[INFO] [stdout] test src/lib.rs - (line 11) ... FAILED
[INFO] [stdout] test src/vod_recover.rs - vod_recover::VodRecoverOptions (line 143) ... ok
[INFO] [stdout] test src/vod_recover.rs - vod_recover::VodRecover<'a>::from_manual (line 108) ... ok
[INFO] [stdout] test src/vod_recover.rs - vod_recover::VodRecoverOptions (line 135) ... ok
[INFO] [stdout] test src/vod_recover.rs - vod_recover::VodRecover<'_>::from_twitchtracker (line 35) ... ok
[INFO] [stdout] 
[INFO] [stdout] failures:
[INFO] [stdout] 
[INFO] [stdout] ---- src/lib.rs - (line 26) stdout ----
[INFO] [stdout] error[E0433]: failed to resolve: use of undeclared type `NaiveDateTime`
[INFO] [stdout]  --> src/lib.rs:28:17
[INFO] [stdout]   |
[INFO] [stdout] 4 | let timestamp = NaiveDateTime::parse_from_str(date, "%Y-%m-%d %H:%M")
[INFO] [stdout]   |                 ^^^^^^^^^^^^^ use of undeclared type `NaiveDateTime`
[INFO] [stdout]   |
[INFO] [stdout] help: consider importing this struct
[INFO] [stdout]   |
[INFO] [stdout] 2 + use chrono::NaiveDateTime;
[INFO] [stdout]   |
[INFO] [stdout] 
[INFO] [stdout] error[E0422]: cannot find struct, variant or union type `VodRecoverOptions` in this scope
[INFO] [stdout]  --> src/lib.rs:32:15
[INFO] [stdout]   |
[INFO] [stdout] 8 | let options = VodRecoverOptions {
[INFO] [stdout]   |               ^^^^^^^^^^^^^^^^^ not found in this scope
[INFO] [stdout]   |
[INFO] [stdout] help: consider importing this struct
[INFO] [stdout]   |
[INFO] [stdout] 2 + use twitch_recover::VodRecoverOptions;
[INFO] [stdout]   |
[INFO] [stdout] 
[INFO] [stdout] error[E0433]: failed to resolve: use of undeclared type `VodRecover`
[INFO] [stdout]   --> src/lib.rs:36:11
[INFO] [stdout]    |
[INFO] [stdout] 12 | let vod = VodRecover::from_manual("streamer_name", "vod_id", timestamp);
[INFO] [stdout]    |           ^^^^^^^^^^ use of undeclared type `VodRecover`
[INFO] [stdout]    |
[INFO] [stdout] help: consider importing this struct
[INFO] [stdout]    |
[INFO] [stdout] 2  + use twitch_recover::VodRecover;
[INFO] [stdout]    |
[INFO] [stdout] 
[INFO] [stdout] error[E0728]: `await` is only allowed inside `async` functions and blocks
[INFO] [stdout]   --> src/lib.rs:38:33
[INFO] [stdout]    |
[INFO] [stdout] 2  | fn main() { #[allow(non_snake_case)] fn _doctest_main_src_lib_rs_26_0() {
[INFO] [stdout]    |                                         ----------------------------- this is not `async`
[INFO] [stdout] ...
[INFO] [stdout] 14 | let url = vod.get_url(&options).await.unwrap();
[INFO] [stdout]    |                                 ^^^^^ only allowed inside `async` functions and blocks
[INFO] [stdout] 
[INFO] [stdout] error: aborting due to 4 previous errors
[INFO] [stdout] 
[INFO] [stdout] Some errors have detailed explanations: E0422, E0433, E0728.
[INFO] [stdout] For more information about an error, try `rustc --explain E0422`.
[INFO] [stdout] Couldn't compile the test.
[INFO] [stdout] ---- src/lib.rs - (line 11) stdout ----
[INFO] [stdout] error[E0422]: cannot find struct, variant or union type `VodRecoverOptions` in this scope
[INFO] [stdout]  --> src/lib.rs:12:15
[INFO] [stdout]   |
[INFO] [stdout] 3 | let options = VodRecoverOptions {
[INFO] [stdout]   |               ^^^^^^^^^^^^^^^^^ not found in this scope
[INFO] [stdout]   |
[INFO] [stdout] help: consider importing this struct
[INFO] [stdout]   |
[INFO] [stdout] 2 + use twitch_recover::VodRecoverOptions;
[INFO] [stdout]   |
[INFO] [stdout] 
[INFO] [stdout] error[E0433]: failed to resolve: use of undeclared type `VodRecover`
[INFO] [stdout]  --> src/lib.rs:17:11
[INFO] [stdout]   |
[INFO] [stdout] 8 | let vod = VodRecover::from_twitchtracker(url).await.unwrap();
[INFO] [stdout]   |           ^^^^^^^^^^ use of undeclared type `VodRecover`
[INFO] [stdout]   |
[INFO] [stdout] help: consider importing this struct
[INFO] [stdout]   |
[INFO] [stdout] 2 + use twitch_recover::VodRecover;
[INFO] [stdout]   |
[INFO] [stdout] 
[INFO] [stdout] error[E0728]: `await` is only allowed inside `async` functions and blocks
[INFO] [stdout]  --> src/lib.rs:17:47
[INFO] [stdout]   |
[INFO] [stdout] 2 | fn main() { #[allow(non_snake_case)] fn _doctest_main_src_lib_rs_11_0() {
[INFO] [stdout]   |                                         ----------------------------- this is not `async`
[INFO] [stdout] ...
[INFO] [stdout] 8 | let vod = VodRecover::from_twitchtracker(url).await.unwrap();
[INFO] [stdout]   |                                               ^^^^^ only allowed inside `async` functions and blocks
[INFO] [stdout] 
[INFO] [stdout] error[E0728]: `await` is only allowed inside `async` functions and blocks
[INFO] [stdout]   --> src/lib.rs:19:33
[INFO] [stdout]    |
[INFO] [stdout] 2  | fn main() { #[allow(non_snake_case)] fn _doctest_main_src_lib_rs_11_0() {
[INFO] [stdout]    |                                         ----------------------------- this is not `async`
[INFO] [stdout] ...
[INFO] [stdout] 10 | let url = vod.get_url(&options).await.unwrap();
[INFO] [stdout]    |                                 ^^^^^ only allowed inside `async` functions and blocks
[INFO] [stdout] 
[INFO] [stdout] error: aborting due to 4 previous errors
[INFO] [stdout] 
[INFO] [stdout] Some errors have detailed explanations: E0422, E0433, E0728.
[INFO] [stdout] For more information about an error, try `rustc --explain E0422`.
[INFO] [stdout] Couldn't compile the test.
[INFO] [stdout] 
[INFO] [stdout] failures:
[INFO] [stdout]     src/lib.rs - (line 11)
[INFO] [stdout]     src/lib.rs - (line 26)
[INFO] [stdout] 
[INFO] [stdout] test result: FAILED. 4 passed; 2 failed; 0 ignored; 0 measured; 0 filtered out; finished in 5.56s
[INFO] [stdout] 
[INFO] [stderr] error: doctest failed, to rerun pass `--doc`
[INFO] running `Command { std: "docker" "inspect" "554ee0f86237d0ee2bd757fd910072cc96baeac6971d0d8864a6f18d3e683871", kill_on_drop: false }`
[INFO] running `Command { std: "docker" "rm" "-f" "554ee0f86237d0ee2bd757fd910072cc96baeac6971d0d8864a6f18d3e683871", kill_on_drop: false }`
[INFO] [stdout] 554ee0f86237d0ee2bd757fd910072cc96baeac6971d0d8864a6f18d3e683871
[INFO] testing Mageas/twitch_recover against beta-2024-01-09 for beta-1.76-3
[INFO] running `Command { std: "git" "clone" "/workspace/cache/git-repos/https%3A%2F%2Fgithub.com%2FMageas%2Ftwitch_recover" "/workspace/builds/worker-7-tc2/source", kill_on_drop: false }`
[INFO] [stderr] Cloning into '/workspace/builds/worker-7-tc2/source'...
[INFO] [stderr] done.
[INFO] validating manifest of git repo https://github.com/Mageas/twitch_recover on toolchain beta-2024-01-09
[INFO] running `Command { std: CARGO_HOME="/workspace/cargo-home" RUSTUP_HOME="/workspace/rustup-home" "/workspace/cargo-home/bin/cargo" "+beta-2024-01-09" "metadata" "--manifest-path" "Cargo.toml" "--no-deps", kill_on_drop: false }`
[INFO] started tweaking git repo https://github.com/Mageas/twitch_recover
[INFO] finished tweaking git repo https://github.com/Mageas/twitch_recover
[INFO] tweaked toml for git repo https://github.com/Mageas/twitch_recover written to /workspace/builds/worker-7-tc2/source/Cargo.toml
[INFO] crate git repo https://github.com/Mageas/twitch_recover already has a lockfile, it will not be regenerated
[INFO] running `Command { std: CARGO_HOME="/workspace/cargo-home" RUSTUP_HOME="/workspace/rustup-home" "/workspace/cargo-home/bin/cargo" "+beta-2024-01-09" "fetch" "--manifest-path" "Cargo.toml", kill_on_drop: false }`
[INFO] running `Command { std: "docker" "create" "-v" "/var/lib/crater-agent-workspace/builds/worker-7-tc2/target:/opt/rustwide/target:rw,Z" "-v" "/var/lib/crater-agent-workspace/builds/worker-7-tc2/source:/opt/rustwide/workdir:ro,Z" "-v" "/var/lib/crater-agent-workspace/cargo-home:/opt/rustwide/cargo-home:ro,Z" "-v" "/var/lib/crater-agent-workspace/rustup-home:/opt/rustwide/rustup-home:ro,Z" "-e" "SOURCE_DIR=/opt/rustwide/workdir" "-e" "CARGO_TARGET_DIR=/opt/rustwide/target" "-e" "CARGO_HOME=/opt/rustwide/cargo-home" "-e" "RUSTUP_HOME=/opt/rustwide/rustup-home" "-w" "/opt/rustwide/workdir" "-m" "1610612736" "--user" "0:0" "--network" "none" "ghcr.io/rust-lang/crates-build-env/linux@sha256:2788e3201cd34a07e3172128adcd8b3090168a8e3bcc40d7c032b9dda1df7d1c" "/opt/rustwide/cargo-home/bin/cargo" "+beta-2024-01-09" "metadata" "--no-deps" "--format-version=1", kill_on_drop: false }`
[INFO] [stdout] 92ca3433b4d62380cbe635410079997ca2d3207374124383f7405374ca30de84
[INFO] running `Command { std: "docker" "start" "-a" "92ca3433b4d62380cbe635410079997ca2d3207374124383f7405374ca30de84", kill_on_drop: false }`
[INFO] running `Command { std: "docker" "inspect" "92ca3433b4d62380cbe635410079997ca2d3207374124383f7405374ca30de84", kill_on_drop: false }`
[INFO] running `Command { std: "docker" "rm" "-f" "92ca3433b4d62380cbe635410079997ca2d3207374124383f7405374ca30de84", kill_on_drop: false }`
[INFO] [stdout] 92ca3433b4d62380cbe635410079997ca2d3207374124383f7405374ca30de84
[INFO] running `Command { std: "docker" "create" "-v" "/var/lib/crater-agent-workspace/builds/worker-7-tc2/target:/opt/rustwide/target:rw,Z" "-v" "/var/lib/crater-agent-workspace/builds/worker-7-tc2/source:/opt/rustwide/workdir:ro,Z" "-v" "/var/lib/crater-agent-workspace/cargo-home:/opt/rustwide/cargo-home:ro,Z" "-v" "/var/lib/crater-agent-workspace/rustup-home:/opt/rustwide/rustup-home:ro,Z" "-e" "SOURCE_DIR=/opt/rustwide/workdir" "-e" "CARGO_TARGET_DIR=/opt/rustwide/target" "-e" "CARGO_INCREMENTAL=0" "-e" "RUST_BACKTRACE=full" "-e" "RUSTFLAGS=--cap-lints=warn" "-e" "RUSTDOCFLAGS=--cap-lints=warn" "-e" "CARGO_HOME=/opt/rustwide/cargo-home" "-e" "RUSTUP_HOME=/opt/rustwide/rustup-home" "-w" "/opt/rustwide/workdir" "-m" "1610612736" "--user" "0:0" "--network" "none" "ghcr.io/rust-lang/crates-build-env/linux@sha256:2788e3201cd34a07e3172128adcd8b3090168a8e3bcc40d7c032b9dda1df7d1c" "/opt/rustwide/cargo-home/bin/cargo" "+beta-2024-01-09" "build" "--frozen" "--message-format=json", kill_on_drop: false }`
[INFO] [stdout] e677c5f77bb64bdb8a9823dc2952e96a611ff0e32055367e45e7a60c579b5ecd
[INFO] running `Command { std: "docker" "start" "-a" "e677c5f77bb64bdb8a9823dc2952e96a611ff0e32055367e45e7a60c579b5ecd", kill_on_drop: false }`
[INFO] [stderr]    Compiling autocfg v1.1.0
[INFO] [stderr]    Compiling libc v0.2.135
[INFO] [stderr]    Compiling cfg-if v1.0.0
[INFO] [stderr]    Compiling proc-macro2 v1.0.47
[INFO] [stderr]    Compiling unicode-ident v1.0.5
[INFO] [stderr]    Compiling quote v1.0.21
[INFO] [stderr]    Compiling syn v1.0.102
[INFO] [stderr]    Compiling memchr v2.5.0
[INFO] [stderr]    Compiling log v0.4.17
[INFO] [stderr]    Compiling pkg-config v0.3.25
[INFO] [stderr]    Compiling cc v1.0.73
[INFO] [stderr]    Compiling once_cell v1.15.0
[INFO] [stderr]    Compiling pin-project-lite v0.2.9
[INFO] [stderr]    Compiling bytes v1.2.1
[INFO] [stderr]    Compiling futures-core v0.3.25
[INFO] [stderr]    Compiling futures-task v0.3.25
[INFO] [stderr]    Compiling itoa v1.0.4
[INFO] [stderr]    Compiling openssl v0.10.42
[INFO] [stderr]    Compiling fnv v1.0.7
[INFO] [stderr]    Compiling foreign-types-shared v0.1.1
[INFO] [stderr]    Compiling futures-util v0.3.25
[INFO] [stderr]    Compiling tracing-core v0.1.30
[INFO] [stderr]    Compiling pin-utils v0.1.0
[INFO] [stderr]    Compiling foreign-types v0.3.2
[INFO] [stderr]    Compiling futures-channel v0.3.25
[INFO] [stderr]    Compiling bitflags v1.3.2
[INFO] [stderr]    Compiling hashbrown v0.12.3
[INFO] [stderr]    Compiling futures-sink v0.3.25
[INFO] [stderr]    Compiling native-tls v0.2.10
[INFO] [stderr]    Compiling tinyvec_macros v0.1.0
[INFO] [stderr]    Compiling futures-io v0.3.25
[INFO] [stderr]    Compiling httparse v1.8.0
[INFO] [stderr]    Compiling tinyvec v1.6.0
[INFO] [stderr]    Compiling openssl-probe v0.1.5
[INFO] [stderr]    Compiling serde v1.0.145
[INFO] [stderr]    Compiling tokio v1.21.2
[INFO] [stderr]    Compiling socket2 v0.4.7
[INFO] [stderr]    Compiling num_cpus v1.13.1
[INFO] [stderr]    Compiling mio v0.8.4
[INFO] [stderr]    Compiling slab v0.4.7
[INFO] [stderr]    Compiling indexmap v1.9.1
[INFO] [stderr]    Compiling http v0.2.8
[INFO] [stderr]    Compiling num-traits v0.2.15
[INFO] [stderr]    Compiling tracing v0.1.37
[INFO] [stderr]    Compiling percent-encoding v2.2.0
[INFO] [stderr]    Compiling try-lock v0.2.3
[INFO] [stderr]    Compiling want v0.3.0
[INFO] [stderr]    Compiling form_urlencoded v1.1.0
[INFO] [stderr]    Compiling getrandom v0.2.7
[INFO] [stderr]    Compiling unicode-normalization v0.1.22
[INFO] [stderr]    Compiling num-integer v0.1.45
[INFO] [stderr]    Compiling httpdate v1.0.2
[INFO] [stderr]    Compiling gcc v0.3.55
[INFO] [stderr]    Compiling openssl-sys v0.9.76
[INFO] [stderr]    Compiling http-body v0.4.5
[INFO] [stderr]    Compiling tower-service v0.3.2
[INFO] [stderr]    Compiling unicode-bidi v0.3.8
[INFO] [stderr]    Compiling encoding_rs v0.8.31
[INFO] [stderr]    Compiling rand_core v0.6.4
[INFO] [stderr]    Compiling time v0.1.44
[INFO] [stderr]    Compiling rand v0.4.6
[INFO] [stderr]    Compiling thiserror v1.0.37
[INFO] [stderr]    Compiling idna v0.3.0
[INFO] [stderr]    Compiling ryu v1.0.11
[INFO] [stderr]    Compiling ppv-lite86 v0.2.16
[INFO] [stderr]    Compiling aho-corasick v0.7.19
[INFO] [stderr]    Compiling regex-syntax v0.6.27
[INFO] [stderr]    Compiling ipnet v2.5.0
[INFO] [stderr]    Compiling base64 v0.13.0
[INFO] [stderr]    Compiling url v2.3.1
[INFO] [stderr]    Compiling rand_chacha v0.3.1
[INFO] [stderr]    Compiling rust-crypto v0.2.36
[INFO] [stderr]    Compiling rustc-serialize v0.3.24
[INFO] [stderr]    Compiling iana-time-zone v0.1.51
[INFO] [stdout] error[E0310]: the parameter type `T` may not live long enough
[INFO] [stdout]     --> /opt/rustwide/cargo-home/registry/src/index.crates.io-6f17d22bba15001f/rustc-serialize-0.3.24/src/serialize.rs:1155:5
[INFO] [stdout]      |
[INFO] [stdout] 1155 |     fn decode<D: Decoder>(d: &mut D) -> Result<Cow<'static, T>, D::Error> {
[INFO] [stdout]      |     ^^^^^^^^^^^^^^^^^^^^^^^^^^^^^^^^^^^^^^^^^^^^^^^^^^^^^^^^^^^^^^^^^^^^^
[INFO] [stdout]      |     |
[INFO] [stdout]      |     the parameter type `T` must be valid for the static lifetime...
[INFO] [stdout]      |     ...so that the type `T` will meet its required lifetime bounds...
[INFO] [stdout]      |
[INFO] [stdout] note: ...that is required by this bound
[INFO] [stdout]     --> /rustc/650745ceb2ae60e04f8cd7bfb671fc37239533e4/library/alloc/src/borrow.rs:180:30
[INFO] [stdout] help: consider adding an explicit lifetime bound
[INFO] [stdout]      |
[INFO] [stdout] 1151 | impl<'a, T: ?Sized + 'static> Decodable for Cow<'a, T>
[INFO] [stdout]      |                    +++++++++
[INFO] [stdout] 
[INFO] [stdout] 
[INFO] [stderr]    Compiling rand v0.3.23
[INFO] [stderr]    Compiling mime v0.3.16
[INFO] [stderr]    Compiling chrono v0.4.22
[INFO] [stderr]    Compiling rand v0.8.5
[INFO] [stdout] error: aborting due to 1 previous error
[INFO] [stdout] 
[INFO] [stdout] 
[INFO] [stdout] For more information about this error, try `rustc --explain E0310`.
[INFO] [stdout] 
[INFO] [stderr] error: could not compile `rustc-serialize` (lib) due to 2 previous errors
[INFO] [stderr] warning: build failed, waiting for other jobs to finish...
[INFO] running `Command { std: "docker" "inspect" "e677c5f77bb64bdb8a9823dc2952e96a611ff0e32055367e45e7a60c579b5ecd", kill_on_drop: false }`
[INFO] running `Command { std: "docker" "rm" "-f" "e677c5f77bb64bdb8a9823dc2952e96a611ff0e32055367e45e7a60c579b5ecd", kill_on_drop: false }`
[INFO] [stdout] e677c5f77bb64bdb8a9823dc2952e96a611ff0e32055367e45e7a60c579b5ecd
