[INFO] cloning repository https://github.com/Godones/rust-downloader [INFO] running `Command { std: "git" "-c" "credential.helper=" "-c" "credential.helper=/workspace/cargo-home/bin/git-credential-null" "clone" "--bare" "https://github.com/Godones/rust-downloader" "/workspace/cache/git-repos/https%3A%2F%2Fgithub.com%2FGodones%2Frust-downloader", kill_on_drop: false }` [INFO] [stderr] Cloning into bare repository '/workspace/cache/git-repos/https%3A%2F%2Fgithub.com%2FGodones%2Frust-downloader'... [INFO] running `Command { std: "git" "rev-parse" "HEAD", kill_on_drop: false }` [INFO] [stdout] 7acece4c90e3a766f39c17b291f37060ad0739ff [INFO] testing Godones/rust-downloader against 1.75.0 for beta-1.76-3 [INFO] running `Command { std: "git" "clone" "/workspace/cache/git-repos/https%3A%2F%2Fgithub.com%2FGodones%2Frust-downloader" "/workspace/builds/worker-7-tc1/source", kill_on_drop: false }` [INFO] [stderr] Cloning into '/workspace/builds/worker-7-tc1/source'... [INFO] [stderr] done. [INFO] validating manifest of git repo https://github.com/Godones/rust-downloader on toolchain 1.75.0 [INFO] running `Command { std: CARGO_HOME="/workspace/cargo-home" RUSTUP_HOME="/workspace/rustup-home" "/workspace/cargo-home/bin/cargo" "+1.75.0" "metadata" "--manifest-path" "Cargo.toml" "--no-deps", kill_on_drop: false }` [INFO] started tweaking git repo https://github.com/Godones/rust-downloader [INFO] finished tweaking git repo https://github.com/Godones/rust-downloader [INFO] tweaked toml for git repo https://github.com/Godones/rust-downloader written to /workspace/builds/worker-7-tc1/source/Cargo.toml [INFO] crate git repo https://github.com/Godones/rust-downloader already has a lockfile, it will not be regenerated [INFO] running `Command { std: CARGO_HOME="/workspace/cargo-home" RUSTUP_HOME="/workspace/rustup-home" "/workspace/cargo-home/bin/cargo" "+1.75.0" "fetch" "--manifest-path" "Cargo.toml", kill_on_drop: false }` [INFO] [stderr] Updating crates.io index [INFO] [stderr] Downloading crates ... [INFO] [stderr] Downloaded pretty_env_logger v0.4.0 [INFO] [stderr] Downloaded instant v0.1.12 [INFO] [stderr] Downloaded humantime v1.3.0 [INFO] [stderr] Downloaded async-stream v0.3.2 [INFO] [stderr] Downloaded async-stream-impl v0.3.2 [INFO] [stderr] Downloaded want v0.3.0 [INFO] [stderr] Downloaded rand_chacha v0.3.1 [INFO] [stderr] Downloaded bytes v1.1.0 [INFO] [stderr] Downloaded cache-padded v1.2.0 [INFO] [stderr] Downloaded tinyvec_macros v0.1.0 [INFO] [stderr] Downloaded waker-fn v1.1.0 [INFO] [stderr] Downloaded tracing-core v0.1.21 [INFO] [stderr] Downloaded number_prefix v0.4.0 [INFO] [stderr] Downloaded tokio v1.15.0 [INFO] [stderr] Downloaded console v0.15.0 [INFO] [stderr] Downloaded wasm-bindgen-macro-support v0.2.78 [INFO] [stderr] Downloaded http-body v0.4.4 [INFO] [stderr] Downloaded ring v0.16.20 [INFO] [stderr] Downloaded async_ftp v5.1.0 [INFO] [stderr] Downloaded serde_derive v1.0.133 [INFO] [stderr] Downloaded num-integer v0.1.44 [INFO] [stderr] Downloaded pin-project v1.0.10 [INFO] [stderr] Downloaded cfg-if v1.0.0 [INFO] [stderr] Downloaded webpki v0.21.4 [INFO] [stderr] Downloaded parking_lot_core v0.8.5 [INFO] [stderr] Downloaded tokio-stream v0.1.8 [INFO] [stderr] Downloaded unicode-bidi v0.3.7 [INFO] [stderr] Downloaded unicode-xid v0.2.2 [INFO] [stderr] Downloaded url v2.2.2 [INFO] [stderr] Downloaded libc v0.2.112 [INFO] [stderr] Downloaded pin-project-lite v0.2.8 [INFO] [stderr] Downloaded syn v1.0.85 [INFO] [stderr] Downloaded tinyvec v1.5.1 [INFO] [stderr] Downloaded serde_json v1.0.74 [INFO] [stderr] Downloaded cc v1.0.72 [INFO] [stderr] Downloaded schannel v0.1.19 [INFO] [stderr] Downloaded security-framework v2.4.2 [INFO] [stderr] Downloaded security-framework-sys v2.4.2 [INFO] [stderr] Downloaded futures-channel v0.3.19 [INFO] [stderr] Downloaded futures-io v0.3.19 [INFO] [stderr] Downloaded futures-util v0.3.19 [INFO] [stderr] Downloaded anyhow v1.0.53 [INFO] [stderr] Downloaded async-executor v1.4.1 [INFO] [stderr] Downloaded async-channel v1.6.1 [INFO] [stderr] Downloaded atomic-waker v1.0.0 [INFO] [stderr] Downloaded futures-lite v1.12.0 [INFO] [stderr] Downloaded kv-log-macro v1.0.7 [INFO] [stderr] Downloaded async-std v1.10.0 [INFO] [stderr] Downloaded num-traits v0.2.14 [INFO] [stderr] Downloaded pin-project-internal v1.0.10 [INFO] [stderr] Downloaded sct v0.6.1 [INFO] [stderr] Downloaded rand_core v0.6.3 [INFO] [stderr] Downloaded rand_hc v0.3.1 [INFO] [stderr] Downloaded aho-corasick v0.7.18 [INFO] [stderr] Downloaded regex v1.5.4 [INFO] [stderr] Downloaded futures-task v0.3.19 [INFO] [stderr] Downloaded indexmap v1.8.0 [INFO] [stderr] Downloaded httparse v1.5.1 [INFO] [stderr] Downloaded httpdate v1.0.2 [INFO] [stderr] Downloaded socket2 v0.4.2 [INFO] [stderr] Downloaded openssl v0.10.38 [INFO] [stderr] Downloaded form_urlencoded v1.0.1 [INFO] [stderr] Downloaded matches v0.1.9 [INFO] [stderr] Downloaded foreign-types v0.3.2 [INFO] [stderr] Downloaded async-mutex v1.4.0 [INFO] [stderr] Downloaded parking v2.0.0 [INFO] [stderr] Downloaded ppv-lite86 v0.2.16 [INFO] [stderr] Downloaded pin-utils v0.1.0 [INFO] [stderr] Downloaded tokio-util v0.6.9 [INFO] [stderr] Downloaded chrono v0.4.19 [INFO] [stderr] Downloaded rustls v0.19.1 [INFO] [stderr] Downloaded clap v3.0.10 [INFO] [stderr] Downloaded encoding_rs v0.8.30 [INFO] [stderr] Downloaded bumpalo v3.9.1 [INFO] [stderr] Downloaded vcpkg v0.2.15 [INFO] [stderr] Downloaded web-sys v0.3.55 [INFO] [stderr] Downloaded reqwest v0.11.9 [INFO] [stderr] Downloaded serde v1.0.133 [INFO] [stderr] Downloaded hyper v0.14.16 [INFO] [stderr] Downloaded memchr v2.4.1 [INFO] [stderr] Downloaded textwrap v0.14.2 [INFO] [stderr] Downloaded crossbeam-channel v0.5.2 [INFO] [stderr] Downloaded regex-syntax v0.6.25 [INFO] [stderr] Downloaded http v0.2.6 [INFO] [stderr] Downloaded tracing v0.1.29 [INFO] [stderr] Downloaded js-sys v0.3.55 [INFO] [stderr] Downloaded wasm-bindgen v0.2.78 [INFO] [stderr] Downloaded idna v0.2.3 [INFO] [stderr] Downloaded unicode-normalization v0.1.19 [INFO] [stderr] Downloaded ntapi v0.3.6 [INFO] [stderr] Downloaded mio v0.7.14 [INFO] [stderr] Downloaded serde_urlencoded v0.7.0 [INFO] [stderr] Downloaded blocking v1.1.0 [INFO] [stderr] Downloaded wepoll-ffi v0.1.2 [INFO] [stderr] Downloaded polling v2.2.0 [INFO] [stderr] Downloaded async-io v1.6.0 [INFO] [stderr] Downloaded event-listener v2.5.2 [INFO] [stderr] Downloaded async-lock v2.4.0 [INFO] [stderr] Downloaded log v0.4.14 [INFO] [stderr] Downloaded quote v1.0.14 [INFO] [stderr] Downloaded colorful v0.2.1 [INFO] [stderr] Downloaded tokio-test v0.4.2 [INFO] [stderr] Downloaded remove_dir_all v0.5.3 [INFO] [stderr] Downloaded native-tls v0.2.8 [INFO] [stderr] Downloaded fnv v1.0.7 [INFO] [stderr] Downloaded serde_bytes v0.11.5 [INFO] [stderr] Downloaded futures-macro v0.3.19 [INFO] [stderr] Downloaded wasm-bindgen-futures v0.4.28 [INFO] [stderr] Downloaded base64 v0.13.0 [INFO] [stderr] Downloaded redox_syscall v0.2.10 [INFO] [stderr] Downloaded winreg v0.7.0 [INFO] [stderr] Downloaded ryu v1.0.9 [INFO] [stderr] Downloaded core-foundation v0.9.2 [INFO] [stderr] Downloaded ctor v0.1.21 [INFO] [stderr] Downloaded value-bag v1.0.0-alpha.8 [INFO] [stderr] Downloaded num_cpus v1.13.1 [INFO] [stderr] Downloaded once_cell v1.9.0 [INFO] [stderr] Downloaded lock_api v0.4.5 [INFO] [stderr] Downloaded smallvec v1.8.0 [INFO] [stderr] Downloaded parking_lot v0.11.2 [INFO] [stderr] Downloaded spin v0.5.2 [INFO] [stderr] Downloaded untrusted v0.7.1 [INFO] [stderr] Downloaded byteorder v1.4.3 [INFO] [stderr] Downloaded os_str_bytes v6.0.0 [INFO] [stderr] Downloaded terminal_size v0.1.17 [INFO] [stderr] Downloaded indicatif v0.16.2 [INFO] [stderr] Downloaded termcolor v1.1.2 [INFO] [stderr] Downloaded env_logger v0.7.1 [INFO] [stderr] Downloaded getrandom v0.2.4 [INFO] [stderr] Downloaded rand v0.8.4 [INFO] [stderr] Downloaded slab v0.4.5 [INFO] [stderr] Downloaded ipnet v2.3.1 [INFO] [stderr] Downloaded autocfg v1.0.1 [INFO] [stderr] Downloaded openssl-sys v0.9.72 [INFO] [stderr] Downloaded core-foundation-sys v0.8.3 [INFO] [stderr] Downloaded tempfile v3.3.0 [INFO] [stderr] Downloaded wasm-bindgen-backend v0.2.78 [INFO] [stderr] Downloaded time v0.1.44 [INFO] [stderr] Downloaded proc-macro2 v1.0.36 [INFO] [stderr] Downloaded crossbeam-utils v0.8.6 [INFO] [stderr] Downloaded hyper-tls v0.5.0 [INFO] [stderr] Downloaded h2 v0.3.10 [INFO] [stderr] Downloaded concurrent-queue v1.2.2 [INFO] [stderr] Downloaded tokio-native-tls v0.3.0 [INFO] [stderr] Downloaded futures-sink v0.3.19 [INFO] [stderr] Downloaded wasm-bindgen-shared v0.2.78 [INFO] [stderr] Downloaded wasm-bindgen-macro v0.2.78 [INFO] [stderr] Downloaded foreign-types-shared v0.1.1 [INFO] [stderr] Downloaded openssl-probe v0.1.5 [INFO] [stderr] Downloaded futures-core v0.3.19 [INFO] [stderr] Downloaded hex v0.4.3 [INFO] [stderr] Downloaded itoa v1.0.1 [INFO] [stderr] Downloaded fastrand v1.6.0 [INFO] [stderr] Downloaded itoa v0.4.8 [INFO] [stderr] Downloaded try-lock v0.2.3 [INFO] [stderr] Downloaded serde_bencode v0.2.3 [INFO] [stderr] Downloaded tower-service v0.3.1 [INFO] [stderr] Downloaded mime v0.3.16 [INFO] [stderr] Downloaded pkg-config v0.3.24 [INFO] [stderr] Downloaded miow v0.3.7 [INFO] [stderr] Downloaded scopeguard v1.1.0 [INFO] [stderr] Downloaded quick-error v1.2.3 [INFO] [stderr] Downloaded signal-hook-registry v1.4.0 [INFO] [stderr] Downloaded async-global-executor v2.0.2 [INFO] [stderr] Downloaded tokio-rustls v0.22.0 [INFO] [stderr] Downloaded tokio-macros v1.7.0 [INFO] [stderr] Downloaded async-task v4.0.3 [INFO] [stderr] Downloaded gloo-timers v0.2.2 [INFO] [stderr] Downloaded percent-encoding v2.1.0 [INFO] running `Command { std: "docker" "create" "-v" "/var/lib/crater-agent-workspace/builds/worker-7-tc1/target:/opt/rustwide/target:rw,Z" "-v" "/var/lib/crater-agent-workspace/builds/worker-7-tc1/source:/opt/rustwide/workdir:ro,Z" "-v" "/var/lib/crater-agent-workspace/cargo-home:/opt/rustwide/cargo-home:ro,Z" "-v" "/var/lib/crater-agent-workspace/rustup-home:/opt/rustwide/rustup-home:ro,Z" "-e" "SOURCE_DIR=/opt/rustwide/workdir" "-e" "CARGO_TARGET_DIR=/opt/rustwide/target" "-e" "CARGO_HOME=/opt/rustwide/cargo-home" "-e" "RUSTUP_HOME=/opt/rustwide/rustup-home" "-w" "/opt/rustwide/workdir" "-m" "1610612736" "--user" "0:0" "--network" "none" "ghcr.io/rust-lang/crates-build-env/linux@sha256:2788e3201cd34a07e3172128adcd8b3090168a8e3bcc40d7c032b9dda1df7d1c" "/opt/rustwide/cargo-home/bin/cargo" "+1.75.0" "metadata" "--no-deps" "--format-version=1", kill_on_drop: false }` [INFO] [stdout] 16a6c47aa14da44f878cac735b294bd8ce727e63e215fb0c5940d000910ad2c1 [INFO] running `Command { std: "docker" "start" "-a" "16a6c47aa14da44f878cac735b294bd8ce727e63e215fb0c5940d000910ad2c1", kill_on_drop: false }` [INFO] running `Command { std: "docker" "inspect" "16a6c47aa14da44f878cac735b294bd8ce727e63e215fb0c5940d000910ad2c1", kill_on_drop: false }` [INFO] running `Command { std: "docker" "rm" "-f" "16a6c47aa14da44f878cac735b294bd8ce727e63e215fb0c5940d000910ad2c1", kill_on_drop: false }` [INFO] [stdout] 16a6c47aa14da44f878cac735b294bd8ce727e63e215fb0c5940d000910ad2c1 [INFO] running `Command { std: "docker" "create" "-v" "/var/lib/crater-agent-workspace/builds/worker-7-tc1/target:/opt/rustwide/target:rw,Z" "-v" "/var/lib/crater-agent-workspace/builds/worker-7-tc1/source:/opt/rustwide/workdir:ro,Z" "-v" "/var/lib/crater-agent-workspace/cargo-home:/opt/rustwide/cargo-home:ro,Z" "-v" "/var/lib/crater-agent-workspace/rustup-home:/opt/rustwide/rustup-home:ro,Z" "-e" "SOURCE_DIR=/opt/rustwide/workdir" "-e" "CARGO_TARGET_DIR=/opt/rustwide/target" "-e" "CARGO_INCREMENTAL=0" "-e" "RUST_BACKTRACE=full" "-e" "RUSTFLAGS=--cap-lints=warn" "-e" "RUSTDOCFLAGS=--cap-lints=warn" "-e" "CARGO_HOME=/opt/rustwide/cargo-home" "-e" "RUSTUP_HOME=/opt/rustwide/rustup-home" "-w" "/opt/rustwide/workdir" "-m" "1610612736" "--user" "0:0" "--network" "none" "ghcr.io/rust-lang/crates-build-env/linux@sha256:2788e3201cd34a07e3172128adcd8b3090168a8e3bcc40d7c032b9dda1df7d1c" "/opt/rustwide/cargo-home/bin/cargo" "+1.75.0" "build" "--frozen" "--message-format=json", kill_on_drop: false }` [INFO] [stdout] c87c486bea1a61db053c2f6f9ade5414d5fae9e565497a1282a55d70d031eb1a [INFO] running `Command { std: "docker" "start" "-a" "c87c486bea1a61db053c2f6f9ade5414d5fae9e565497a1282a55d70d031eb1a", kill_on_drop: false }` [INFO] [stderr] Compiling libc v0.2.112 [INFO] [stderr] Compiling proc-macro2 v1.0.36 [INFO] [stderr] Compiling unicode-xid v0.2.2 [INFO] [stderr] Compiling syn v1.0.85 [INFO] [stderr] Compiling cfg-if v1.0.0 [INFO] [stderr] Compiling memchr v2.4.1 [INFO] [stderr] Compiling autocfg v1.0.1 [INFO] [stderr] Compiling version_check v0.9.4 [INFO] [stderr] Compiling once_cell v1.9.0 [INFO] [stderr] Compiling log v0.4.14 [INFO] [stderr] Compiling cc v1.0.72 [INFO] [stderr] Compiling pin-project-lite v0.2.8 [INFO] [stderr] Compiling futures-core v0.3.19 [INFO] [stderr] Compiling value-bag v1.0.0-alpha.8 [INFO] [stderr] Compiling parking_lot_core v0.8.5 [INFO] [stderr] Compiling instant v0.1.12 [INFO] [stderr] Compiling bytes v1.1.0 [INFO] [stderr] Compiling lazy_static v1.4.0 [INFO] [stderr] Compiling scopeguard v1.1.0 [INFO] [stderr] Compiling futures-io v0.3.19 [INFO] [stderr] Compiling smallvec v1.8.0 [INFO] [stderr] Compiling lock_api v0.4.5 [INFO] [stderr] Compiling quote v1.0.14 [INFO] [stderr] Compiling num_cpus v1.13.1 [INFO] [stderr] Compiling pkg-config v0.3.24 [INFO] [stderr] Compiling parking_lot v0.11.2 [INFO] [stderr] Compiling signal-hook-registry v1.4.0 [INFO] [stderr] Compiling slab v0.4.5 [INFO] [stderr] Compiling indexmap v1.8.0 [INFO] [stderr] Compiling ring v0.16.20 [INFO] [stderr] Compiling cache-padded v1.2.0 [INFO] [stderr] Compiling openssl-sys v0.9.72 [INFO] [stderr] Compiling futures-task v0.3.19 [INFO] [stderr] Compiling serde_derive v1.0.133 [INFO] [stderr] Compiling concurrent-queue v1.2.2 [INFO] [stderr] Compiling socket2 v0.4.2 [INFO] [stderr] Compiling event-listener v2.5.2 [INFO] [stderr] Compiling bitflags v1.3.2 [INFO] [stderr] Compiling spin v0.5.2 [INFO] [stderr] Compiling fnv v1.0.7 [INFO] [stderr] Compiling openssl v0.10.38 [INFO] [stderr] Compiling fastrand v1.6.0 [INFO] [stderr] Compiling foreign-types-shared v0.1.1 [INFO] [stderr] Compiling serde v1.0.133 [INFO] [stderr] Compiling waker-fn v1.1.0 [INFO] [stderr] Compiling hashbrown v0.11.2 [INFO] [stderr] Compiling pin-utils v0.1.0 [INFO] [stderr] Compiling untrusted v0.7.1 [INFO] [stderr] Compiling parking v2.0.0 [INFO] [stderr] Compiling futures-util v0.3.19 [INFO] [stderr] Compiling itoa v1.0.1 [INFO] [stderr] Compiling futures-lite v1.12.0 [INFO] [stderr] Compiling foreign-types v0.3.2 [INFO] [stderr] Compiling http v0.2.6 [INFO] [stderr] Compiling aho-corasick v0.7.18 [INFO] [stderr] Compiling tracing-core v0.1.21 [INFO] [stderr] Compiling num-traits v0.2.14 [INFO] [stderr] Compiling futures-sink v0.3.19 [INFO] [stderr] Compiling native-tls v0.2.8 [INFO] [stderr] Compiling httparse v1.5.1 [INFO] [stderr] Compiling matches v0.1.9 [INFO] [stderr] Compiling regex-syntax v0.6.25 [INFO] [stderr] Compiling tinyvec_macros v0.1.0 [INFO] [stderr] Compiling futures-channel v0.3.19 [INFO] [stderr] Compiling tinyvec v1.5.1 [INFO] [stderr] Compiling tracing v0.1.29 [INFO] [stderr] Compiling num-integer v0.1.44 [INFO] [stderr] Compiling itoa v0.4.8 [INFO] [stderr] Compiling openssl-probe v0.1.5 [INFO] [stderr] Compiling base64 v0.13.0 [INFO] [stderr] Compiling percent-encoding v2.1.0 [INFO] [stderr] Compiling crossbeam-utils v0.8.6 [INFO] [stderr] Compiling async-task v4.0.3 [INFO] [stderr] Compiling try-lock v0.2.3 [INFO] [stderr] Compiling unicode-normalization v0.1.19 [INFO] [stderr] Compiling form_urlencoded v1.0.1 [INFO] [stderr] Compiling http-body v0.4.4 [INFO] [stderr] Compiling regex v1.5.4 [INFO] [stderr] Compiling sct v0.6.1 [INFO] [stderr] Compiling webpki v0.21.4 [INFO] [stderr] Compiling async-channel v1.6.1 [INFO] [stderr] Compiling atty v0.2.14 [INFO] [stderr] Compiling time v0.1.44 [INFO] [stderr] Compiling getrandom v0.2.4 [INFO] [stderr] Compiling encoding_rs v0.8.30 [INFO] [stderr] Compiling tower-service v0.3.1 [INFO] [stderr] Compiling unicode-bidi v0.3.7 [INFO] [stderr] Compiling httpdate v1.0.2 [INFO] [stderr] Compiling quick-error v1.2.3 [INFO] [stderr] Compiling atomic-waker v1.0.0 [INFO] [stderr] Compiling termcolor v1.1.2 [INFO] [stderr] Compiling blocking v1.1.0 [INFO] [stderr] Compiling ctor v0.1.21 [INFO] [stderr] Compiling tokio-macros v1.7.0 [INFO] [stderr] Compiling futures-macro v0.3.19 [INFO] [stderr] Compiling pin-project-internal v1.0.10 [INFO] [stderr] Compiling idna v0.2.3 [INFO] [stderr] Compiling humantime v1.3.0 [INFO] [stderr] Compiling rand_core v0.6.3 [INFO] [stderr] Compiling mio v0.7.14 [INFO] [stderr] Compiling want v0.3.0 [INFO] [stderr] Compiling polling v2.2.0 [INFO] [stderr] Compiling rustls v0.19.1 [INFO] [stderr] Compiling tokio v1.15.0 [INFO] [stderr] Compiling async-io v1.6.0 [INFO] [stderr] Compiling async-executor v1.4.1 [INFO] [stderr] Compiling async-mutex v1.4.0 [INFO] [stderr] Compiling terminal_size v0.1.17 [INFO] [stderr] Compiling rand v0.4.6 [INFO] [stderr] Compiling ppv-lite86 v0.2.16 [INFO] [stderr] Compiling ryu v1.0.9 [INFO] [stderr] Compiling anyhow v1.0.53 [INFO] [stderr] Compiling rand v0.3.23 [INFO] [stderr] Compiling rand_chacha v0.3.1 [INFO] [stderr] Compiling async-global-executor v2.0.2 [INFO] [stderr] Compiling console v0.15.0 [INFO] [stderr] Compiling pin-project v1.0.10 [INFO] [stderr] Compiling chrono v0.4.19 [INFO] [stderr] Compiling kv-log-macro v1.0.7 [INFO] [stderr] Compiling env_logger v0.7.1 [INFO] [stderr] Compiling url v2.2.2 [INFO] [stderr] Compiling async-lock v2.4.0 [INFO] [stderr] Compiling os_str_bytes v6.0.0 [INFO] [stderr] Compiling ipnet v2.3.1 [INFO] [stderr] Compiling strsim v0.10.0 [INFO] [stderr] Compiling number_prefix v0.4.0 [INFO] [stderr] Compiling mime v0.3.16 [INFO] [stderr] Compiling textwrap v0.14.2 [INFO] [stderr] Compiling indicatif v0.16.2 [INFO] [stderr] Compiling rust-crypto v0.2.36 [INFO] [stderr] Compiling async-std v1.10.0 [INFO] [stderr] Compiling clap v3.0.10 [INFO] [stderr] Compiling pretty_env_logger v0.4.0 [INFO] [stderr] Compiling rand v0.8.4 [INFO] [stderr] Compiling tokio-util v0.6.9 [INFO] [stderr] Compiling tokio-native-tls v0.3.0 [INFO] [stderr] Compiling tokio-rustls v0.22.0 [INFO] [stderr] Compiling async_ftp v5.1.0 [INFO] [stderr] Compiling h2 v0.3.10 [INFO] [stderr] Compiling crossbeam-channel v0.5.2 [INFO] [stderr] Compiling byteorder v1.4.3 [INFO] [stderr] Compiling hex v0.4.3 [INFO] [stderr] Compiling colorful v0.2.1 [INFO] [stderr] Compiling serde_urlencoded v0.7.0 [INFO] [stderr] Compiling serde_bytes v0.11.5 [INFO] [stderr] Compiling serde_bencode v0.2.3 [INFO] [stderr] Compiling hyper v0.14.16 [INFO] [stderr] Compiling hyper-tls v0.5.0 [INFO] [stderr] Compiling reqwest v0.11.9 [INFO] [stderr] Compiling lib v0.1.0 (/opt/rustwide/workdir) [INFO] [stdout] warning: unused import: `crate::bittorrent::torrent::Torrent` [INFO] [stdout] --> src/bittorrent/peer.rs:74:9 [INFO] [stdout] | [INFO] [stdout] 74 | use crate::bittorrent::torrent::Torrent; [INFO] [stdout] | ^^^^^^^^^^^^^^^^^^^^^^^^^^^^^^^^^^^ [INFO] [stdout] | [INFO] [stdout] help: consider adding a `#[cfg(test)]` to the containing module [INFO] [stdout] --> src/bittorrent/peer.rs:73:1 [INFO] [stdout] | [INFO] [stdout] 73 | mod peer_test { [INFO] [stdout] | ^^^^^^^^^^^^^ [INFO] [stdout] = note: `#[warn(unused_imports)]` on by default [INFO] [stdout] [INFO] [stdout] [INFO] [stdout] warning: call to `.clone()` on a reference in this situation does nothing [INFO] [stdout] --> src/http/parser.rs:142:45 [INFO] [stdout] | [INFO] [stdout] 142 | ... let source = url.clone(); [INFO] [stdout] | ^^^^^^^^ help: remove this redundant call [INFO] [stdout] | [INFO] [stdout] = note: the type `str` does not implement `Clone`, so calling `clone` on `&str` copies the reference, which does not do anything and can be removed [INFO] [stdout] = note: `#[warn(noop_method_call)]` on by default [INFO] [stdout] [INFO] [stdout] [INFO] [stdout] warning: call to `.clone()` on a reference in this situation does nothing [INFO] [stdout] --> src/http/parser.rs:159:37 [INFO] [stdout] | [INFO] [stdout] 159 | let source = url.clone(); [INFO] [stdout] | ^^^^^^^^ help: remove this redundant call [INFO] [stdout] | [INFO] [stdout] = note: the type `str` does not implement `Clone`, so calling `clone` on `&str` copies the reference, which does not do anything and can be removed [INFO] [stdout] [INFO] [stdout] [INFO] [stdout] warning: 3 warnings emitted [INFO] [stdout] [INFO] [stdout] [INFO] [stderr] Finished dev [unoptimized + debuginfo] target(s) in 2m 17s [INFO] [stderr] warning: the following packages contain code that will be rejected by a future version of Rust: rustc-serialize v0.3.24 [INFO] [stderr] note: to see what the problems were, use the option `--future-incompat-report`, or run `cargo report future-incompatibilities --id 1` [INFO] running `Command { std: "docker" "inspect" "c87c486bea1a61db053c2f6f9ade5414d5fae9e565497a1282a55d70d031eb1a", kill_on_drop: false }` [INFO] running `Command { std: "docker" "rm" "-f" "c87c486bea1a61db053c2f6f9ade5414d5fae9e565497a1282a55d70d031eb1a", kill_on_drop: false }` [INFO] [stdout] c87c486bea1a61db053c2f6f9ade5414d5fae9e565497a1282a55d70d031eb1a [INFO] running `Command { std: "docker" "create" "-v" "/var/lib/crater-agent-workspace/builds/worker-7-tc1/target:/opt/rustwide/target:rw,Z" "-v" "/var/lib/crater-agent-workspace/builds/worker-7-tc1/source:/opt/rustwide/workdir:ro,Z" "-v" "/var/lib/crater-agent-workspace/cargo-home:/opt/rustwide/cargo-home:ro,Z" "-v" "/var/lib/crater-agent-workspace/rustup-home:/opt/rustwide/rustup-home:ro,Z" "-e" "SOURCE_DIR=/opt/rustwide/workdir" "-e" "CARGO_TARGET_DIR=/opt/rustwide/target" "-e" "CARGO_INCREMENTAL=0" "-e" "RUST_BACKTRACE=full" "-e" "RUSTFLAGS=--cap-lints=warn" "-e" "RUSTDOCFLAGS=--cap-lints=warn" "-e" "CARGO_HOME=/opt/rustwide/cargo-home" "-e" "RUSTUP_HOME=/opt/rustwide/rustup-home" "-w" "/opt/rustwide/workdir" "-m" "1610612736" "--user" "0:0" "--network" "none" "ghcr.io/rust-lang/crates-build-env/linux@sha256:2788e3201cd34a07e3172128adcd8b3090168a8e3bcc40d7c032b9dda1df7d1c" "/opt/rustwide/cargo-home/bin/cargo" "+1.75.0" "test" "--frozen" "--no-run" "--message-format=json", kill_on_drop: false }` [INFO] [stdout] e96d0fede20024d36e67575dff92e9169082ce68bd2fb5756ac980bbed101d03 [INFO] running `Command { std: "docker" "start" "-a" "e96d0fede20024d36e67575dff92e9169082ce68bd2fb5756ac980bbed101d03", kill_on_drop: false }` [INFO] [stderr] Compiling syn v1.0.85 [INFO] [stderr] Compiling ctor v0.1.21 [INFO] [stderr] Compiling tokio-macros v1.7.0 [INFO] [stderr] Compiling futures-macro v0.3.19 [INFO] [stderr] Compiling serde_derive v1.0.133 [INFO] [stderr] Compiling pin-project-internal v1.0.10 [INFO] [stderr] Compiling async-stream-impl v0.3.2 [INFO] [stderr] Compiling value-bag v1.0.0-alpha.8 [INFO] [stderr] Compiling async-stream v0.3.2 [INFO] [stderr] Compiling futures-util v0.3.19 [INFO] [stderr] Compiling log v0.4.14 [INFO] [stderr] Compiling mio v0.7.14 [INFO] [stderr] Compiling native-tls v0.2.8 [INFO] [stderr] Compiling want v0.3.0 [INFO] [stderr] Compiling polling v2.2.0 [INFO] [stderr] Compiling rustls v0.19.1 [INFO] [stderr] Compiling async-io v1.6.0 [INFO] [stderr] Compiling pin-project v1.0.10 [INFO] [stderr] Compiling kv-log-macro v1.0.7 [INFO] [stderr] Compiling env_logger v0.7.1 [INFO] [stderr] Compiling async-global-executor v2.0.2 [INFO] [stderr] Compiling tokio v1.15.0 [INFO] [stderr] Compiling async-std v1.10.0 [INFO] [stderr] Compiling pretty_env_logger v0.4.0 [INFO] [stderr] Compiling serde v1.0.133 [INFO] [stderr] Compiling tokio-util v0.6.9 [INFO] [stderr] Compiling tokio-native-tls v0.3.0 [INFO] [stderr] Compiling tokio-rustls v0.22.0 [INFO] [stderr] Compiling tokio-stream v0.1.8 [INFO] [stderr] Compiling async_ftp v5.1.0 [INFO] [stderr] Compiling tokio-test v0.4.2 [INFO] [stderr] Compiling h2 v0.3.10 [INFO] [stderr] Compiling serde_urlencoded v0.7.0 [INFO] [stderr] Compiling serde_bytes v0.11.5 [INFO] [stderr] Compiling serde_bencode v0.2.3 [INFO] [stderr] Compiling hyper v0.14.16 [INFO] [stderr] Compiling hyper-tls v0.5.0 [INFO] [stderr] Compiling reqwest v0.11.9 [INFO] [stderr] Compiling lib v0.1.0 (/opt/rustwide/workdir) [INFO] [stdout] warning: unused import: `crate::bittorrent::torrent::Torrent` [INFO] [stdout] --> src/bittorrent/peer.rs:74:9 [INFO] [stdout] | [INFO] [stdout] 74 | use crate::bittorrent::torrent::Torrent; [INFO] [stdout] | ^^^^^^^^^^^^^^^^^^^^^^^^^^^^^^^^^^^ [INFO] [stdout] | [INFO] [stdout] help: consider adding a `#[cfg(test)]` to the containing module [INFO] [stdout] --> src/bittorrent/peer.rs:73:1 [INFO] [stdout] | [INFO] [stdout] 73 | mod peer_test { [INFO] [stdout] | ^^^^^^^^^^^^^ [INFO] [stdout] = note: `#[warn(unused_imports)]` on by default [INFO] [stdout] [INFO] [stdout] [INFO] [stdout] warning: call to `.clone()` on a reference in this situation does nothing [INFO] [stdout] --> src/http/parser.rs:142:45 [INFO] [stdout] | [INFO] [stdout] 142 | ... let source = url.clone(); [INFO] [stdout] | ^^^^^^^^ help: remove this redundant call [INFO] [stdout] | [INFO] [stdout] = note: the type `str` does not implement `Clone`, so calling `clone` on `&str` copies the reference, which does not do anything and can be removed [INFO] [stdout] = note: `#[warn(noop_method_call)]` on by default [INFO] [stdout] [INFO] [stdout] [INFO] [stdout] warning: call to `.clone()` on a reference in this situation does nothing [INFO] [stdout] --> src/http/parser.rs:159:37 [INFO] [stdout] | [INFO] [stdout] 159 | let source = url.clone(); [INFO] [stdout] | ^^^^^^^^ help: remove this redundant call [INFO] [stdout] | [INFO] [stdout] = note: the type `str` does not implement `Clone`, so calling `clone` on `&str` copies the reference, which does not do anything and can be removed [INFO] [stdout] [INFO] [stdout] [INFO] [stdout] warning: 3 warnings emitted [INFO] [stdout] [INFO] [stdout] [INFO] [stdout] warning: unused variable: `matcher` [INFO] [stdout] --> src/ftp/parser.rs:113:13 [INFO] [stdout] | [INFO] [stdout] 113 | let matcher = App::new("commandParser") [INFO] [stdout] | ^^^^^^^ help: if this is intentional, prefix it with an underscore: `_matcher` [INFO] [stdout] | [INFO] [stdout] = note: `#[warn(unused_variables)]` on by default [INFO] [stdout] [INFO] [stdout] [INFO] [stdout] warning: call to `.clone()` on a reference in this situation does nothing [INFO] [stdout] --> src/http/parser.rs:142:45 [INFO] [stdout] | [INFO] [stdout] 142 | ... let source = url.clone(); [INFO] [stdout] | ^^^^^^^^ help: remove this redundant call [INFO] [stdout] | [INFO] [stdout] = note: the type `str` does not implement `Clone`, so calling `clone` on `&str` copies the reference, which does not do anything and can be removed [INFO] [stdout] = note: `#[warn(noop_method_call)]` on by default [INFO] [stdout] [INFO] [stdout] [INFO] [stdout] warning: call to `.clone()` on a reference in this situation does nothing [INFO] [stdout] --> src/http/parser.rs:159:37 [INFO] [stdout] | [INFO] [stdout] 159 | let source = url.clone(); [INFO] [stdout] | ^^^^^^^^ help: remove this redundant call [INFO] [stdout] | [INFO] [stdout] = note: the type `str` does not implement `Clone`, so calling `clone` on `&str` copies the reference, which does not do anything and can be removed [INFO] [stdout] [INFO] [stdout] [INFO] [stdout] warning: 3 warnings emitted [INFO] [stdout] [INFO] [stdout] [INFO] [stderr] Finished test [unoptimized + debuginfo] target(s) in 1m 10s [INFO] [stderr] warning: the following packages contain code that will be rejected by a future version of Rust: rustc-serialize v0.3.24 [INFO] [stderr] note: to see what the problems were, use the option `--future-incompat-report`, or run `cargo report future-incompatibilities --id 1` [INFO] running `Command { std: "docker" "inspect" "e96d0fede20024d36e67575dff92e9169082ce68bd2fb5756ac980bbed101d03", kill_on_drop: false }` [INFO] running `Command { std: "docker" "rm" "-f" "e96d0fede20024d36e67575dff92e9169082ce68bd2fb5756ac980bbed101d03", kill_on_drop: false }` [INFO] [stdout] e96d0fede20024d36e67575dff92e9169082ce68bd2fb5756ac980bbed101d03 [INFO] running `Command { std: "docker" "create" "-v" "/var/lib/crater-agent-workspace/builds/worker-7-tc1/target:/opt/rustwide/target:rw,Z" "-v" "/var/lib/crater-agent-workspace/builds/worker-7-tc1/source:/opt/rustwide/workdir:ro,Z" "-v" "/var/lib/crater-agent-workspace/cargo-home:/opt/rustwide/cargo-home:ro,Z" "-v" "/var/lib/crater-agent-workspace/rustup-home:/opt/rustwide/rustup-home:ro,Z" "-e" "SOURCE_DIR=/opt/rustwide/workdir" "-e" "CARGO_TARGET_DIR=/opt/rustwide/target" "-e" "CARGO_INCREMENTAL=0" "-e" "RUST_BACKTRACE=full" "-e" "RUSTFLAGS=--cap-lints=warn" "-e" "RUSTDOCFLAGS=--cap-lints=warn" "-e" "CARGO_HOME=/opt/rustwide/cargo-home" "-e" "RUSTUP_HOME=/opt/rustwide/rustup-home" "-w" "/opt/rustwide/workdir" "-m" "1610612736" "--user" "0:0" "--network" "none" "ghcr.io/rust-lang/crates-build-env/linux@sha256:2788e3201cd34a07e3172128adcd8b3090168a8e3bcc40d7c032b9dda1df7d1c" "/opt/rustwide/cargo-home/bin/cargo" "+1.75.0" "test" "--frozen", kill_on_drop: false }` [INFO] [stdout] f4134e4889e95c64f18195ef4699808679fcaffba907be1b462b62776411d7e4 [INFO] running `Command { std: "docker" "start" "-a" "f4134e4889e95c64f18195ef4699808679fcaffba907be1b462b62776411d7e4", kill_on_drop: false }` [INFO] [stderr] warning: unused import: `crate::bittorrent::torrent::Torrent` [INFO] [stderr] --> src/bittorrent/peer.rs:74:9 [INFO] [stderr] | [INFO] [stderr] 74 | use crate::bittorrent::torrent::Torrent; [INFO] [stderr] | ^^^^^^^^^^^^^^^^^^^^^^^^^^^^^^^^^^^ [INFO] [stderr] | [INFO] [stderr] help: consider adding a `#[cfg(test)]` to the containing module [INFO] [stderr] --> src/bittorrent/peer.rs:73:1 [INFO] [stderr] | [INFO] [stderr] 73 | mod peer_test { [INFO] [stderr] | ^^^^^^^^^^^^^ [INFO] [stderr] = note: `#[warn(unused_imports)]` on by default [INFO] [stderr] [INFO] [stderr] warning: call to `.clone()` on a reference in this situation does nothing [INFO] [stderr] --> src/http/parser.rs:142:45 [INFO] [stderr] | [INFO] [stderr] 142 | ... let source = url.clone(); [INFO] [stderr] | ^^^^^^^^ help: remove this redundant call [INFO] [stderr] | [INFO] [stderr] = note: the type `str` does not implement `Clone`, so calling `clone` on `&str` copies the reference, which does not do anything and can be removed [INFO] [stderr] = note: `#[warn(noop_method_call)]` on by default [INFO] [stderr] [INFO] [stderr] warning: call to `.clone()` on a reference in this situation does nothing [INFO] [stderr] --> src/http/parser.rs:159:37 [INFO] [stderr] | [INFO] [stderr] 159 | let source = url.clone(); [INFO] [stderr] | ^^^^^^^^ help: remove this redundant call [INFO] [stderr] | [INFO] [stderr] = note: the type `str` does not implement `Clone`, so calling `clone` on `&str` copies the reference, which does not do anything and can be removed [INFO] [stderr] [INFO] [stderr] warning: unused variable: `matcher` [INFO] [stderr] --> src/ftp/parser.rs:113:13 [INFO] [stderr] | [INFO] [stderr] 113 | let matcher = App::new("commandParser") [INFO] [stderr] | ^^^^^^^ help: if this is intentional, prefix it with an underscore: `_matcher` [INFO] [stderr] | [INFO] [stderr] = note: `#[warn(unused_variables)]` on by default [INFO] [stderr] [INFO] [stderr] warning: `lib` (lib) generated 3 warnings (run `cargo fix --lib -p lib` to apply 3 suggestions) [INFO] [stderr] warning: `lib` (lib test) generated 3 warnings (2 duplicates) (run `cargo fix --lib -p lib --tests` to apply 1 suggestion) [INFO] [stderr] Finished test [unoptimized + debuginfo] target(s) in 0.43s [INFO] [stderr] warning: the following packages contain code that will be rejected by a future version of Rust: rustc-serialize v0.3.24 [INFO] [stderr] note: to see what the problems were, use the option `--future-incompat-report`, or run `cargo report future-incompatibilities --id 1` [INFO] [stderr] Running unittests src/lib.rs (/opt/rustwide/target/debug/deps/lib-fd0165e58a125ad8) [INFO] [stdout] [INFO] [stdout] running 15 tests [INFO] [stdout] test bittorrent::handshake::handshake_test::test_serialize_and_deserialize_correct ... ok [INFO] [stdout] test bittorrent::peer::peer_test::test_build_peer_success ... ok [INFO] [stdout] test ftp::parser::ftp_parse_test::test_ftp_parse_correct ... ok [INFO] [stdout] test bittorrent::message::message_test::test_serialize_and_deserialize_correct ... ok [INFO] [stdout] test http::parser::parse_test::test_command_correct ... ok [INFO] [stdout] test http::parser::parse_test::test_command_parser_unparse ... ok [INFO] [stdout] test http::parser::parse_test::test_get_url_from_file ... ok [INFO] [stdout] test http::parser::parse_test::test_regex_correct ... ok [INFO] [stdout] test bittorrent::peer::peer_test::test_build_peer_fail - should panic ... ok [INFO] [stdout] test ftp::myftp::ftptest::test_ftp_download ... FAILED [INFO] [stdout] test ftp::myftp::ftptest::test_ftp_login ... FAILED [INFO] [stdout] test ftp::myftp::ftptest::test_ftp_list ... FAILED [INFO] [stdout] test http::parser::parse_test::test_regex_fail - should panic ... ok [INFO] [stdout] test http::http::HttpDownloadTest::test_download_fail - should panic ... ok [INFO] [stdout] test http::http::HttpDownloadTest::test_download_success ... FAILED [INFO] [stdout] [INFO] [stdout] failures: [INFO] [stdout] [INFO] [stdout] ---- ftp::myftp::ftptest::test_ftp_download stdout ---- [INFO] [stdout] thread 'ftp::myftp::ftptest::test_ftp_download' panicked at src/ftp/myftp.rs:15:64: [INFO] [stdout] called `Result::unwrap()` on an `Err` value: ConnectionError(Os { code: 101, kind: NetworkUnreachable, message: "Network is unreachable" }) [INFO] [stdout] stack backtrace: [INFO] [stdout] 0: 0x55c0b45b799c - std::backtrace_rs::backtrace::libunwind::trace::ha637c64ce894333a [INFO] [stdout] at /rustc/82e1608dfa6e0b5569232559e3d385fea5a93112/library/std/src/../../backtrace/src/backtrace/libunwind.rs:104:5 [INFO] [stdout] 1: 0x55c0b45b799c - std::backtrace_rs::backtrace::trace_unsynchronized::h47f62dea28e0c88d [INFO] [stdout] at /rustc/82e1608dfa6e0b5569232559e3d385fea5a93112/library/std/src/../../backtrace/src/backtrace/mod.rs:66:5 [INFO] [stdout] 2: 0x55c0b45b799c - std::sys_common::backtrace::_print_fmt::h9eef0abe20ede486 [INFO] [stdout] at /rustc/82e1608dfa6e0b5569232559e3d385fea5a93112/library/std/src/sys_common/backtrace.rs:67:5 [INFO] [stdout] 3: 0x55c0b45b799c - ::fmt::hed7f999df88cc644 [INFO] [stdout] at /rustc/82e1608dfa6e0b5569232559e3d385fea5a93112/library/std/src/sys_common/backtrace.rs:44:22 [INFO] [stdout] 4: 0x55c0b45e6e30 - core::fmt::rt::Argument::fmt::h1539a9308b8d058d [INFO] [stdout] at /rustc/82e1608dfa6e0b5569232559e3d385fea5a93112/library/core/src/fmt/rt.rs:142:9 [INFO] [stdout] 5: 0x55c0b45e6e30 - core::fmt::write::h3a39390d8560d9c9 [INFO] [stdout] at /rustc/82e1608dfa6e0b5569232559e3d385fea5a93112/library/core/src/fmt/mod.rs:1120:17 [INFO] [stdout] 6: 0x55c0b45b435f - std::io::Write::write_fmt::h040b369f3a0f9cbc [INFO] [stdout] at /rustc/82e1608dfa6e0b5569232559e3d385fea5a93112/library/std/src/io/mod.rs:1762:15 [INFO] [stdout] 7: 0x55c0b45b7784 - std::sys_common::backtrace::_print::h894006fb5c6f3d45 [INFO] [stdout] at /rustc/82e1608dfa6e0b5569232559e3d385fea5a93112/library/std/src/sys_common/backtrace.rs:47:5 [INFO] [stdout] 8: 0x55c0b45b7784 - std::sys_common::backtrace::print::h23a2d212c6fff936 [INFO] [stdout] at /rustc/82e1608dfa6e0b5569232559e3d385fea5a93112/library/std/src/sys_common/backtrace.rs:34:9 [INFO] [stdout] 9: 0x55c0b45b9447 - std::panicking::default_hook::{{closure}}::h8a1d2ee00185001a [INFO] [stdout] 10: 0x55c0b45b9133 - std::panicking::default_hook::h6038f2eba384e475 [INFO] [stdout] at /rustc/82e1608dfa6e0b5569232559e3d385fea5a93112/library/std/src/panicking.rs:289:9 [INFO] [stdout] 11: 0x55c0b3c62997 - as core::ops::function::Fn>::call::h0ad024c9bdc6d768 [INFO] [stdout] at /rustc/82e1608dfa6e0b5569232559e3d385fea5a93112/library/alloc/src/boxed.rs:2021:9 [INFO] [stdout] 12: 0x55c0b3c62997 - test::test_main::{{closure}}::h7500b54257359db6 [INFO] [stdout] at /rustc/82e1608dfa6e0b5569232559e3d385fea5a93112/library/test/src/lib.rs:138:21 [INFO] [stdout] 13: 0x55c0b45b9a58 - as core::ops::function::Fn>::call::h1f8f335eaa9cfaee [INFO] [stdout] at /rustc/82e1608dfa6e0b5569232559e3d385fea5a93112/library/alloc/src/boxed.rs:2021:9 [INFO] [stdout] 14: 0x55c0b45b9a58 - std::panicking::rust_panic_with_hook::h2b5517d590cab22e [INFO] [stdout] at /rustc/82e1608dfa6e0b5569232559e3d385fea5a93112/library/std/src/panicking.rs:783:13 [INFO] [stdout] 15: 0x55c0b45b97ae - std::panicking::begin_panic_handler::{{closure}}::h233112c06e0ef43e [INFO] [stdout] at /rustc/82e1608dfa6e0b5569232559e3d385fea5a93112/library/std/src/panicking.rs:657:13 [INFO] [stdout] 16: 0x55c0b45b7e66 - std::sys_common::backtrace::__rust_end_short_backtrace::h6e893f24d7ebbff8 [INFO] [stdout] at /rustc/82e1608dfa6e0b5569232559e3d385fea5a93112/library/std/src/sys_common/backtrace.rs:170:18 [INFO] [stdout] 17: 0x55c0b45b9512 - rust_begin_unwind [INFO] [stdout] at /rustc/82e1608dfa6e0b5569232559e3d385fea5a93112/library/std/src/panicking.rs:645:5 [INFO] [stdout] 18: 0x55c0b3bc5995 - core::panicking::panic_fmt::hbf0e066aabfa482c [INFO] [stdout] at /rustc/82e1608dfa6e0b5569232559e3d385fea5a93112/library/core/src/panicking.rs:72:14 [INFO] [stdout] 19: 0x55c0b3bc5f63 - core::result::unwrap_failed::hddb4fea594200c52 [INFO] [stdout] at /rustc/82e1608dfa6e0b5569232559e3d385fea5a93112/library/core/src/result.rs:1653:5 [INFO] [stdout] 20: 0x55c0b3bdd086 - core::result::Result::unwrap::hb5beac481f7884c2 [INFO] [stdout] at /rustc/82e1608dfa6e0b5569232559e3d385fea5a93112/library/core/src/result.rs:1077:23 [INFO] [stdout] 21: 0x55c0b3bea85d - lib::ftp::myftp::FTP::login::{{closure}}::h37232c81661b54e9 [INFO] [stdout] at /opt/rustwide/workdir/src/ftp/myftp.rs:15:30 [INFO] [stdout] 22: 0x55c0b3c2e8d7 - lib::ftp::myftp::ftptest::async_ftp_download::{{closure}}::h9c34699ed1a20c89 [INFO] [stdout] at /opt/rustwide/workdir/src/ftp/myftp.rs:88:59 [INFO] [stdout] 23: 0x55c0b3bf6f0b - as core::future::future::Future>::poll::hdce8a00ae2f53be7 [INFO] [stdout] at /rustc/82e1608dfa6e0b5569232559e3d385fea5a93112/library/core/src/future/future.rs:125:9 [INFO] [stdout] 24: 0x55c0b3c22514 - tokio::runtime::basic_scheduler::Inner

::block_on::{{closure}}::{{closure}}::h5c175b0c6d3d73d9 [INFO] [stdout] at /opt/rustwide/cargo-home/registry/src/index.crates.io-6f17d22bba15001f/tokio-1.15.0/src/runtime/basic_scheduler.rs:240:62 [INFO] [stdout] 25: 0x55c0b3bfeb30 - tokio::coop::with_budget::{{closure}}::h2de0b6870cdfaf58 [INFO] [stdout] at /opt/rustwide/cargo-home/registry/src/index.crates.io-6f17d22bba15001f/tokio-1.15.0/src/coop.rs:102:9 [INFO] [stdout] 26: 0x55c0b3c0a9ce - std::thread::local::LocalKey::try_with::h6cbee21bd64cb837 [INFO] [stdout] at /rustc/82e1608dfa6e0b5569232559e3d385fea5a93112/library/std/src/thread/local.rs:270:16 [INFO] [stdout] 27: 0x55c0b3c093da - std::thread::local::LocalKey::with::h890cb753184c03e8 [INFO] [stdout] at /rustc/82e1608dfa6e0b5569232559e3d385fea5a93112/library/std/src/thread/local.rs:246:9 [INFO] [stdout] 28: 0x55c0b3c1eb9c - tokio::coop::with_budget::hea74bad0ac865b75 [INFO] [stdout] at /opt/rustwide/cargo-home/registry/src/index.crates.io-6f17d22bba15001f/tokio-1.15.0/src/coop.rs:95:5 [INFO] [stdout] 29: 0x55c0b3c1eb9c - tokio::coop::budget::hc44ca7dec95c0820 [INFO] [stdout] at /opt/rustwide/cargo-home/registry/src/index.crates.io-6f17d22bba15001f/tokio-1.15.0/src/coop.rs:72:5 [INFO] [stdout] 30: 0x55c0b3c1eb9c - tokio::runtime::basic_scheduler::Inner

::block_on::{{closure}}::h40719f786ac966b9 [INFO] [stdout] at /opt/rustwide/cargo-home/registry/src/index.crates.io-6f17d22bba15001f/tokio-1.15.0/src/runtime/basic_scheduler.rs:240:39 [INFO] [stdout] 31: 0x55c0b3c25211 - tokio::runtime::basic_scheduler::enter::{{closure}}::h016dbca65b5c77ea [INFO] [stdout] at /opt/rustwide/cargo-home/registry/src/index.crates.io-6f17d22bba15001f/tokio-1.15.0/src/runtime/basic_scheduler.rs:349:29 [INFO] [stdout] 32: 0x55c0b3c003d7 - tokio::macros::scoped_tls::ScopedKey::set::h9c3e0ead1d5ed7f0 [INFO] [stdout] at /opt/rustwide/cargo-home/registry/src/index.crates.io-6f17d22bba15001f/tokio-1.15.0/src/macros/scoped_tls.rs:61:9 [INFO] [stdout] 33: 0x55c0b3c2518a - tokio::runtime::basic_scheduler::enter::hffb6ba29175ac8e7 [INFO] [stdout] at /opt/rustwide/cargo-home/registry/src/index.crates.io-6f17d22bba15001f/tokio-1.15.0/src/runtime/basic_scheduler.rs:349:5 [INFO] [stdout] 34: 0x55c0b3c1e81b - tokio::runtime::basic_scheduler::Inner

::block_on::hf53424802c8193c5 [INFO] [stdout] at /opt/rustwide/cargo-home/registry/src/index.crates.io-6f17d22bba15001f/tokio-1.15.0/src/runtime/basic_scheduler.rs:230:9 [INFO] [stdout] 35: 0x55c0b3c229aa - tokio::runtime::basic_scheduler::InnerGuard

::block_on::h84345f42db39538d [INFO] [stdout] at /opt/rustwide/cargo-home/registry/src/index.crates.io-6f17d22bba15001f/tokio-1.15.0/src/runtime/basic_scheduler.rs:501:9 [INFO] [stdout] 36: 0x55c0b3c22c47 - tokio::runtime::basic_scheduler::BasicScheduler

::block_on::h799c97eaa530c9a2 [INFO] [stdout] at /opt/rustwide/cargo-home/registry/src/index.crates.io-6f17d22bba15001f/tokio-1.15.0/src/runtime/basic_scheduler.rs:186:24 [INFO] [stdout] 37: 0x55c0b3c0d022 - tokio::runtime::Runtime::block_on::hf6d9effc8e584dd7 [INFO] [stdout] at /opt/rustwide/cargo-home/registry/src/index.crates.io-6f17d22bba15001f/tokio-1.15.0/src/runtime/mod.rs:461:46 [INFO] [stdout] 38: 0x55c0b3c08c42 - tokio_test::block_on::h2bfc3858eac7e774 [INFO] [stdout] at /opt/rustwide/cargo-home/registry/src/index.crates.io-6f17d22bba15001f/tokio-test-0.4.2/src/lib.rs:35:5 [INFO] [stdout] 39: 0x55c0b3c2ef7b - lib::ftp::myftp::ftptest::test_ftp_download::hc09daf33af4d3fc0 [INFO] [stdout] at /opt/rustwide/workdir/src/ftp/myftp.rs:104:9 [INFO] [stdout] 40: 0x55c0b3c2ef47 - lib::ftp::myftp::ftptest::test_ftp_download::{{closure}}::h0abd5d11bf5c6589 [INFO] [stdout] at /opt/rustwide/workdir/src/ftp/myftp.rs:103:27 [INFO] [stdout] 41: 0x55c0b3bc7596 - core::ops::function::FnOnce::call_once::hd9f619fbaf94ea2e [INFO] [stdout] at /rustc/82e1608dfa6e0b5569232559e3d385fea5a93112/library/core/src/ops/function.rs:250:5 [INFO] [stdout] 42: 0x55c0b3c67fef - core::ops::function::FnOnce::call_once::h2b5d431d5046312d [INFO] [stdout] at /rustc/82e1608dfa6e0b5569232559e3d385fea5a93112/library/core/src/ops/function.rs:250:5 [INFO] [stdout] 43: 0x55c0b3c67fef - test::__rust_begin_short_backtrace::h7714669af176e207 [INFO] [stdout] at /rustc/82e1608dfa6e0b5569232559e3d385fea5a93112/library/test/src/lib.rs:628:18 [INFO] [stdout] 44: 0x55c0b3c67005 - test::run_test_in_process::{{closure}}::h85218797dcbcec12 [INFO] [stdout] at /rustc/82e1608dfa6e0b5569232559e3d385fea5a93112/library/test/src/lib.rs:651:60 [INFO] [stdout] 45: 0x55c0b3c67005 - as core::ops::function::FnOnce<()>>::call_once::h76c106ea31c14d7b [INFO] [stdout] at /rustc/82e1608dfa6e0b5569232559e3d385fea5a93112/library/core/src/panic/unwind_safe.rs:272:9 [INFO] [stdout] 46: 0x55c0b3c67005 - std::panicking::try::do_call::h3bd5d0f6620ee946 [INFO] [stdout] at /rustc/82e1608dfa6e0b5569232559e3d385fea5a93112/library/std/src/panicking.rs:552:40 [INFO] [stdout] 47: 0x55c0b3c67005 - std::panicking::try::h232e535e4744fe31 [INFO] [stdout] at /rustc/82e1608dfa6e0b5569232559e3d385fea5a93112/library/std/src/panicking.rs:516:19 [INFO] [stdout] 48: 0x55c0b3c67005 - std::panic::catch_unwind::h3ce3bd6ca8dbac68 [INFO] [stdout] at /rustc/82e1608dfa6e0b5569232559e3d385fea5a93112/library/std/src/panic.rs:142:14 [INFO] [stdout] 49: 0x55c0b3c67005 - test::run_test_in_process::hc97b257c9621286a [INFO] [stdout] at /rustc/82e1608dfa6e0b5569232559e3d385fea5a93112/library/test/src/lib.rs:651:27 [INFO] [stdout] 50: 0x55c0b3c67005 - test::run_test::{{closure}}::h2aa798823a438d38 [INFO] [stdout] at /rustc/82e1608dfa6e0b5569232559e3d385fea5a93112/library/test/src/lib.rs:574:43 [INFO] [stdout] 51: 0x55c0b3c2f2c6 - test::run_test::{{closure}}::h87d231c78fb59832 [INFO] [stdout] at /rustc/82e1608dfa6e0b5569232559e3d385fea5a93112/library/test/src/lib.rs:602:41 [INFO] [stdout] 52: 0x55c0b3c2f2c6 - std::sys_common::backtrace::__rust_begin_short_backtrace::he6df152596625789 [INFO] [stdout] at /rustc/82e1608dfa6e0b5569232559e3d385fea5a93112/library/std/src/sys_common/backtrace.rs:154:18 [INFO] [stdout] 53: 0x55c0b3c34377 - std::thread::Builder::spawn_unchecked_::{{closure}}::{{closure}}::ha94be15d1e0acf36 [INFO] [stdout] at /rustc/82e1608dfa6e0b5569232559e3d385fea5a93112/library/std/src/thread/mod.rs:529:17 [INFO] [stdout] 54: 0x55c0b3c34377 - as core::ops::function::FnOnce<()>>::call_once::h9dc6bd6372f16606 [INFO] [stdout] at /rustc/82e1608dfa6e0b5569232559e3d385fea5a93112/library/core/src/panic/unwind_safe.rs:272:9 [INFO] [stdout] 55: 0x55c0b3c34377 - std::panicking::try::do_call::h9057517f80303cd4 [INFO] [stdout] at /rustc/82e1608dfa6e0b5569232559e3d385fea5a93112/library/std/src/panicking.rs:552:40 [INFO] [stdout] 56: 0x55c0b3c34377 - std::panicking::try::he3a30b11ee45340c [INFO] [stdout] at /rustc/82e1608dfa6e0b5569232559e3d385fea5a93112/library/std/src/panicking.rs:516:19 [INFO] [stdout] 57: 0x55c0b3c34377 - std::panic::catch_unwind::h410458cfd3528b8b [INFO] [stdout] at /rustc/82e1608dfa6e0b5569232559e3d385fea5a93112/library/std/src/panic.rs:142:14 [INFO] [stdout] 58: 0x55c0b3c34377 - std::thread::Builder::spawn_unchecked_::{{closure}}::h72ac3bdb567b737b [INFO] [stdout] at /rustc/82e1608dfa6e0b5569232559e3d385fea5a93112/library/std/src/thread/mod.rs:528:30 [INFO] [stdout] 59: 0x55c0b3c34377 - core::ops::function::FnOnce::call_once{{vtable.shim}}::h38f34da3654a8344 [INFO] [stdout] at /rustc/82e1608dfa6e0b5569232559e3d385fea5a93112/library/core/src/ops/function.rs:250:5 [INFO] [stdout] 60: 0x55c0b45bec85 - as core::ops::function::FnOnce>::call_once::hc7eafaff61e32df9 [INFO] [stdout] at /rustc/82e1608dfa6e0b5569232559e3d385fea5a93112/library/alloc/src/boxed.rs:2007:9 [INFO] [stdout] 61: 0x55c0b45bec85 - as core::ops::function::FnOnce>::call_once::h6ba4a5de48dd2304 [INFO] [stdout] at /rustc/82e1608dfa6e0b5569232559e3d385fea5a93112/library/alloc/src/boxed.rs:2007:9 [INFO] [stdout] 62: 0x55c0b45bec85 - std::sys::unix::thread::Thread::new::thread_start::he469335aef763e45 [INFO] [stdout] at /rustc/82e1608dfa6e0b5569232559e3d385fea5a93112/library/std/src/sys/unix/thread.rs:108:17 [INFO] [stdout] 63: 0x7fb3cd79aac3 - [INFO] [stdout] 64: 0x7fb3cd82bbf4 - __clone [INFO] [stdout] 65: 0x0 - [INFO] [stdout] [INFO] [stdout] ---- ftp::myftp::ftptest::test_ftp_login stdout ---- [INFO] [stdout] thread 'ftp::myftp::ftptest::test_ftp_login' panicked at src/ftp/myftp.rs:15:64: [INFO] [stdout] called `Result::unwrap()` on an `Err` value: ConnectionError(Os { code: 101, kind: NetworkUnreachable, message: "Network is unreachable" }) [INFO] [stdout] stack backtrace: [INFO] [stdout] 0: 0x55c0b45b799c - std::backtrace_rs::backtrace::libunwind::trace::ha637c64ce894333a [INFO] [stdout] at /rustc/82e1608dfa6e0b5569232559e3d385fea5a93112/library/std/src/../../backtrace/src/backtrace/libunwind.rs:104:5 [INFO] [stdout] 1: 0x55c0b45b799c - std::backtrace_rs::backtrace::trace_unsynchronized::h47f62dea28e0c88d [INFO] [stdout] at /rustc/82e1608dfa6e0b5569232559e3d385fea5a93112/library/std/src/../../backtrace/src/backtrace/mod.rs:66:5 [INFO] [stdout] 2: 0x55c0b45b799c - std::sys_common::backtrace::_print_fmt::h9eef0abe20ede486 [INFO] [stdout] at /rustc/82e1608dfa6e0b5569232559e3d385fea5a93112/library/std/src/sys_common/backtrace.rs:67:5 [INFO] [stdout] 3: 0x55c0b45b799c - ::fmt::hed7f999df88cc644 [INFO] [stdout] at /rustc/82e1608dfa6e0b5569232559e3d385fea5a93112/library/std/src/sys_common/backtrace.rs:44:22 [INFO] [stdout] 4: 0x55c0b45e6e30 - core::fmt::rt::Argument::fmt::h1539a9308b8d058d [INFO] [stdout] at /rustc/82e1608dfa6e0b5569232559e3d385fea5a93112/library/core/src/fmt/rt.rs:142:9 [INFO] [stdout] 5: 0x55c0b45e6e30 - core::fmt::write::h3a39390d8560d9c9 [INFO] [stdout] at /rustc/82e1608dfa6e0b5569232559e3d385fea5a93112/library/core/src/fmt/mod.rs:1120:17 [INFO] [stdout] 6: 0x55c0b45b435f - std::io::Write::write_fmt::h040b369f3a0f9cbc [INFO] [stdout] at /rustc/82e1608dfa6e0b5569232559e3d385fea5a93112/library/std/src/io/mod.rs:1762:15 [INFO] [stdout] 7: 0x55c0b45b7784 - std::sys_common::backtrace::_print::h894006fb5c6f3d45 [INFO] [stdout] at /rustc/82e1608dfa6e0b5569232559e3d385fea5a93112/library/std/src/sys_common/backtrace.rs:47:5 [INFO] [stdout] 8: 0x55c0b45b7784 - std::sys_common::backtrace::print::h23a2d212c6fff936 [INFO] [stdout] at /rustc/82e1608dfa6e0b5569232559e3d385fea5a93112/library/std/src/sys_common/backtrace.rs:34:9 [INFO] [stdout] 9: 0x55c0b45b9447 - std::panicking::default_hook::{{closure}}::h8a1d2ee00185001a [INFO] [stdout] 10: 0x55c0b45b9133 - std::panicking::default_hook::h6038f2eba384e475 [INFO] [stdout] at /rustc/82e1608dfa6e0b5569232559e3d385fea5a93112/library/std/src/panicking.rs:289:9 [INFO] [stdout] 11: 0x55c0b3c62997 - as core::ops::function::Fn>::call::h0ad024c9bdc6d768 [INFO] [stdout] at /rustc/82e1608dfa6e0b5569232559e3d385fea5a93112/library/alloc/src/boxed.rs:2021:9 [INFO] [stdout] 12: 0x55c0b3c62997 - test::test_main::{{closure}}::h7500b54257359db6 [INFO] [stdout] at /rustc/82e1608dfa6e0b5569232559e3d385fea5a93112/library/test/src/lib.rs:138:21 [INFO] [stdout] 13: 0x55c0b45b9a58 - as core::ops::function::Fn>::call::h1f8f335eaa9cfaee [INFO] [stdout] at /rustc/82e1608dfa6e0b5569232559e3d385fea5a93112/library/alloc/src/boxed.rs:2021:9 [INFO] [stdout] 14: 0x55c0b45b9a58 - std::panicking::rust_panic_with_hook::h2b5517d590cab22e [INFO] [stdout] at /rustc/82e1608dfa6e0b5569232559e3d385fea5a93112/library/std/src/panicking.rs:783:13 [INFO] [stdout] 15: 0x55c0b45b97ae - std::panicking::begin_panic_handler::{{closure}}::h233112c06e0ef43e [INFO] [stdout] at /rustc/82e1608dfa6e0b5569232559e3d385fea5a93112/library/std/src/panicking.rs:657:13 [INFO] [stdout] 16: 0x55c0b45b7e66 - std::sys_common::backtrace::__rust_end_short_backtrace::h6e893f24d7ebbff8 [INFO] [stdout] at /rustc/82e1608dfa6e0b5569232559e3d385fea5a93112/library/std/src/sys_common/backtrace.rs:170:18 [INFO] [stdout] 17: 0x55c0b45b9512 - rust_begin_unwind [INFO] [stdout] at /rustc/82e1608dfa6e0b5569232559e3d385fea5a93112/library/std/src/panicking.rs:645:5 [INFO] [stdout] 18: 0x55c0b3bc5995 - core::panicking::panic_fmt::hbf0e066aabfa482c [INFO] [stdout] at /rustc/82e1608dfa6e0b5569232559e3d385fea5a93112/library/core/src/panicking.rs:72:14 [INFO] [stdout] 19: 0x55c0b3bc5f63 - core::result::unwrap_failed::hddb4fea594200c52 [INFO] [stdout] at /rustc/82e1608dfa6e0b5569232559e3d385fea5a93112/library/core/src/result.rs:1653:5 [INFO] [stdout] 20: 0x55c0b3bdd086 - core::result::Result::unwrap::hb5beac481f7884c2 [INFO] [stdout] at /rustc/82e1608dfa6e0b5569232559e3d385fea5a93112/library/core/src/result.rs:1077:23 [INFO] [stdout] 21: 0x55c0b3bea85d - lib::ftp::myftp::FTP::login::{{closure}}::h37232c81661b54e9 [INFO] [stdout] at /opt/rustwide/workdir/src/ftp/myftp.rs:15:30 [INFO] [stdout] 22: 0x55c0b3c2de8e - lib::ftp::myftp::ftptest::async_ftp_login::{{closure}}::h81f030729126ade2 [INFO] [stdout] at /opt/rustwide/workdir/src/ftp/myftp.rs:71:59 [INFO] [stdout] 23: 0x55c0b3bf6d6b - as core::future::future::Future>::poll::h0f480b742e50b511 [INFO] [stdout] at /rustc/82e1608dfa6e0b5569232559e3d385fea5a93112/library/core/src/future/future.rs:125:9 [INFO] [stdout] 24: 0x55c0b3c224d4 - tokio::runtime::basic_scheduler::Inner

::block_on::{{closure}}::{{closure}}::h5bc680097a7e4029 [INFO] [stdout] at /opt/rustwide/cargo-home/registry/src/index.crates.io-6f17d22bba15001f/tokio-1.15.0/src/runtime/basic_scheduler.rs:240:62 [INFO] [stdout] 25: 0x55c0b3bff120 - tokio::coop::with_budget::{{closure}}::h6fce3d4fdd643dd7 [INFO] [stdout] at /opt/rustwide/cargo-home/registry/src/index.crates.io-6f17d22bba15001f/tokio-1.15.0/src/coop.rs:102:9 [INFO] [stdout] 26: 0x55c0b3c0ab1e - std::thread::local::LocalKey::try_with::h7268f72055e520f4 [INFO] [stdout] at /rustc/82e1608dfa6e0b5569232559e3d385fea5a93112/library/std/src/thread/local.rs:270:16 [INFO] [stdout] 27: 0x55c0b3c094da - std::thread::local::LocalKey::with::ha5b89b8f873fc580 [INFO] [stdout] at /rustc/82e1608dfa6e0b5569232559e3d385fea5a93112/library/std/src/thread/local.rs:246:9 [INFO] [stdout] 28: 0x55c0b3c20eac - tokio::coop::with_budget::h65f47acafe77c1b8 [INFO] [stdout] at /opt/rustwide/cargo-home/registry/src/index.crates.io-6f17d22bba15001f/tokio-1.15.0/src/coop.rs:95:5 [INFO] [stdout] 29: 0x55c0b3c20eac - tokio::coop::budget::h2a93e797e954caf5 [INFO] [stdout] at /opt/rustwide/cargo-home/registry/src/index.crates.io-6f17d22bba15001f/tokio-1.15.0/src/coop.rs:72:5 [INFO] [stdout] 30: 0x55c0b3c20eac - tokio::runtime::basic_scheduler::Inner

::block_on::{{closure}}::hdef936e56e28090c [INFO] [stdout] at /opt/rustwide/cargo-home/registry/src/index.crates.io-6f17d22bba15001f/tokio-1.15.0/src/runtime/basic_scheduler.rs:240:39 [INFO] [stdout] 31: 0x55c0b3c25311 - tokio::runtime::basic_scheduler::enter::{{closure}}::he19d2c8a96d8809e [INFO] [stdout] at /opt/rustwide/cargo-home/registry/src/index.crates.io-6f17d22bba15001f/tokio-1.15.0/src/runtime/basic_scheduler.rs:349:29 [INFO] [stdout] 32: 0x55c0b3bfffd7 - tokio::macros::scoped_tls::ScopedKey::set::h54c27fb0a979d0ec [INFO] [stdout] at /opt/rustwide/cargo-home/registry/src/index.crates.io-6f17d22bba15001f/tokio-1.15.0/src/macros/scoped_tls.rs:61:9 [INFO] [stdout] 33: 0x55c0b3c24b4a - tokio::runtime::basic_scheduler::enter::h71e49d730dd56b1f [INFO] [stdout] at /opt/rustwide/cargo-home/registry/src/index.crates.io-6f17d22bba15001f/tokio-1.15.0/src/runtime/basic_scheduler.rs:349:5 [INFO] [stdout] 34: 0x55c0b3c1e7fb - tokio::runtime::basic_scheduler::Inner

::block_on::h74823621b55cd5fa [INFO] [stdout] at /opt/rustwide/cargo-home/registry/src/index.crates.io-6f17d22bba15001f/tokio-1.15.0/src/runtime/basic_scheduler.rs:230:9 [INFO] [stdout] 35: 0x55c0b3c2291a - tokio::runtime::basic_scheduler::InnerGuard

::block_on::h183194e25045d316 [INFO] [stdout] at /opt/rustwide/cargo-home/registry/src/index.crates.io-6f17d22bba15001f/tokio-1.15.0/src/runtime/basic_scheduler.rs:501:9 [INFO] [stdout] 36: 0x55c0b3c23007 - tokio::runtime::basic_scheduler::BasicScheduler

::block_on::h7e6edfa18bf7efb2 [INFO] [stdout] at /opt/rustwide/cargo-home/registry/src/index.crates.io-6f17d22bba15001f/tokio-1.15.0/src/runtime/basic_scheduler.rs:186:24 [INFO] [stdout] 37: 0x55c0b3c0c9c3 - tokio::runtime::Runtime::block_on::h1d22e4c02ff61474 [INFO] [stdout] at /opt/rustwide/cargo-home/registry/src/index.crates.io-6f17d22bba15001f/tokio-1.15.0/src/runtime/mod.rs:461:46 [INFO] [stdout] 38: 0x55c0b3c09106 - tokio_test::block_on::hc10109b6a380ce6b [INFO] [stdout] at /opt/rustwide/cargo-home/registry/src/index.crates.io-6f17d22bba15001f/tokio-test-0.4.2/src/lib.rs:35:5 [INFO] [stdout] 39: 0x55c0b3c2efdb - lib::ftp::myftp::ftptest::test_ftp_login::hba8a26be79d5e013 [INFO] [stdout] at /opt/rustwide/workdir/src/ftp/myftp.rs:108:9 [INFO] [stdout] 40: 0x55c0b3c2efa7 - lib::ftp::myftp::ftptest::test_ftp_login::{{closure}}::he6c340e4e6a30cfb [INFO] [stdout] at /opt/rustwide/workdir/src/ftp/myftp.rs:107:24 [INFO] [stdout] 41: 0x55c0b3bc7456 - core::ops::function::FnOnce::call_once::habe3a36cbd7d9bb7 [INFO] [stdout] at /rustc/82e1608dfa6e0b5569232559e3d385fea5a93112/library/core/src/ops/function.rs:250:5 [INFO] [stdout] 42: 0x55c0b3c67fef - core::ops::function::FnOnce::call_once::h2b5d431d5046312d [INFO] [stdout] at /rustc/82e1608dfa6e0b5569232559e3d385fea5a93112/library/core/src/ops/function.rs:250:5 [INFO] [stdout] 43: 0x55c0b3c67fef - test::__rust_begin_short_backtrace::h7714669af176e207 [INFO] [stdout] at /rustc/82e1608dfa6e0b5569232559e3d385fea5a93112/library/test/src/lib.rs:628:18 [INFO] [stdout] 44: 0x55c0b3c67005 - test::run_test_in_process::{{closure}}::h85218797dcbcec12 [INFO] [stdout] at /rustc/82e1608dfa6e0b5569232559e3d385fea5a93112/library/test/src/lib.rs:651:60 [INFO] [stdout] 45: 0x55c0b3c67005 - as core::ops::function::FnOnce<()>>::call_once::h76c106ea31c14d7b [INFO] [stdout] at /rustc/82e1608dfa6e0b5569232559e3d385fea5a93112/library/core/src/panic/unwind_safe.rs:272:9 [INFO] [stdout] 46: 0x55c0b3c67005 - std::panicking::try::do_call::h3bd5d0f6620ee946 [INFO] [stdout] at /rustc/82e1608dfa6e0b5569232559e3d385fea5a93112/library/std/src/panicking.rs:552:40 [INFO] [stdout] 47: 0x55c0b3c67005 - std::panicking::try::h232e535e4744fe31 [INFO] [stdout] at /rustc/82e1608dfa6e0b5569232559e3d385fea5a93112/library/std/src/panicking.rs:516:19 [INFO] [stdout] 48: 0x55c0b3c67005 - std::panic::catch_unwind::h3ce3bd6ca8dbac68 [INFO] [stdout] at /rustc/82e1608dfa6e0b5569232559e3d385fea5a93112/library/std/src/panic.rs:142:14 [INFO] [stdout] 49: 0x55c0b3c67005 - test::run_test_in_process::hc97b257c9621286a [INFO] [stdout] at /rustc/82e1608dfa6e0b5569232559e3d385fea5a93112/library/test/src/lib.rs:651:27 [INFO] [stdout] 50: 0x55c0b3c67005 - test::run_test::{{closure}}::h2aa798823a438d38 [INFO] [stdout] at /rustc/82e1608dfa6e0b5569232559e3d385fea5a93112/library/test/src/lib.rs:574:43 [INFO] [stdout] 51: 0x55c0b3c2f2c6 - test::run_test::{{closure}}::h87d231c78fb59832 [INFO] [stdout] at /rustc/82e1608dfa6e0b5569232559e3d385fea5a93112/library/test/src/lib.rs:602:41 [INFO] [stdout] 52: 0x55c0b3c2f2c6 - std::sys_common::backtrace::__rust_begin_short_backtrace::he6df152596625789 [INFO] [stdout] at /rustc/82e1608dfa6e0b5569232559e3d385fea5a93112/library/std/src/sys_common/backtrace.rs:154:18 [INFO] [stdout] 53: 0x55c0b3c34377 - std::thread::Builder::spawn_unchecked_::{{closure}}::{{closure}}::ha94be15d1e0acf36 [INFO] [stdout] at /rustc/82e1608dfa6e0b5569232559e3d385fea5a93112/library/std/src/thread/mod.rs:529:17 [INFO] [stdout] 54: 0x55c0b3c34377 - as core::ops::function::FnOnce<()>>::call_once::h9dc6bd6372f16606 [INFO] [stdout] at /rustc/82e1608dfa6e0b5569232559e3d385fea5a93112/library/core/src/panic/unwind_safe.rs:272:9 [INFO] [stdout] 55: 0x55c0b3c34377 - std::panicking::try::do_call::h9057517f80303cd4 [INFO] [stdout] at /rustc/82e1608dfa6e0b5569232559e3d385fea5a93112/library/std/src/panicking.rs:552:40 [INFO] [stdout] 56: 0x55c0b3c34377 - std::panicking::try::he3a30b11ee45340c [INFO] [stdout] at /rustc/82e1608dfa6e0b5569232559e3d385fea5a93112/library/std/src/panicking.rs:516:19 [INFO] [stdout] 57: 0x55c0b3c34377 - std::panic::catch_unwind::h410458cfd3528b8b [INFO] [stdout] at /rustc/82e1608dfa6e0b5569232559e3d385fea5a93112/library/std/src/panic.rs:142:14 [INFO] [stdout] 58: 0x55c0b3c34377 - std::thread::Builder::spawn_unchecked_::{{closure}}::h72ac3bdb567b737b [INFO] [stdout] at /rustc/82e1608dfa6e0b5569232559e3d385fea5a93112/library/std/src/thread/mod.rs:528:30 [INFO] [stdout] 59: 0x55c0b3c34377 - core::ops::function::FnOnce::call_once{{vtable.shim}}::h38f34da3654a8344 [INFO] [stdout] at /rustc/82e1608dfa6e0b5569232559e3d385fea5a93112/library/core/src/ops/function.rs:250:5 [INFO] [stdout] 60: 0x55c0b45bec85 - as core::ops::function::FnOnce>::call_once::hc7eafaff61e32df9 [INFO] [stdout] at /rustc/82e1608dfa6e0b5569232559e3d385fea5a93112/library/alloc/src/boxed.rs:2007:9 [INFO] [stdout] 61: 0x55c0b45bec85 - as core::ops::function::FnOnce>::call_once::h6ba4a5de48dd2304 [INFO] [stdout] at /rustc/82e1608dfa6e0b5569232559e3d385fea5a93112/library/alloc/src/boxed.rs:2007:9 [INFO] [stdout] 62: 0x55c0b45bec85 - std::sys::unix::thread::Thread::new::thread_start::he469335aef763e45 [INFO] [stdout] at /rustc/82e1608dfa6e0b5569232559e3d385fea5a93112/library/std/src/sys/unix/thread.rs:108:17 [INFO] [stdout] 63: 0x7fb3cd79aac3 - [INFO] [stdout] 64: 0x7fb3cd82bbf4 - __clone [INFO] [stdout] 65: 0x0 - [INFO] [stdout] [INFO] [stdout] ---- ftp::myftp::ftptest::test_ftp_list stdout ---- [INFO] [stdout] thread 'ftp::myftp::ftptest::test_ftp_list' panicked at src/ftp/myftp.rs:15:64: [INFO] [stdout] called `Result::unwrap()` on an `Err` value: ConnectionError(Os { code: 101, kind: NetworkUnreachable, message: "Network is unreachable" }) [INFO] [stdout] stack backtrace: [INFO] [stdout] 0: 0x55c0b45b799c - std::backtrace_rs::backtrace::libunwind::trace::ha637c64ce894333a [INFO] [stdout] at /rustc/82e1608dfa6e0b5569232559e3d385fea5a93112/library/std/src/../../backtrace/src/backtrace/libunwind.rs:104:5 [INFO] [stdout] 1: 0x55c0b45b799c - std::backtrace_rs::backtrace::trace_unsynchronized::h47f62dea28e0c88d [INFO] [stdout] at /rustc/82e1608dfa6e0b5569232559e3d385fea5a93112/library/std/src/../../backtrace/src/backtrace/mod.rs:66:5 [INFO] [stdout] 2: 0x55c0b45b799c - std::sys_common::backtrace::_print_fmt::h9eef0abe20ede486 [INFO] [stdout] at /rustc/82e1608dfa6e0b5569232559e3d385fea5a93112/library/std/src/sys_common/backtrace.rs:67:5 [INFO] [stdout] 3: 0x55c0b45b799c - ::fmt::hed7f999df88cc644 [INFO] [stdout] at /rustc/82e1608dfa6e0b5569232559e3d385fea5a93112/library/std/src/sys_common/backtrace.rs:44:22 [INFO] [stdout] 4: 0x55c0b45e6e30 - core::fmt::rt::Argument::fmt::h1539a9308b8d058d [INFO] [stdout] at /rustc/82e1608dfa6e0b5569232559e3d385fea5a93112/library/core/src/fmt/rt.rs:142:9 [INFO] [stdout] 5: 0x55c0b45e6e30 - core::fmt::write::h3a39390d8560d9c9 [INFO] [stdout] at /rustc/82e1608dfa6e0b5569232559e3d385fea5a93112/library/core/src/fmt/mod.rs:1120:17 [INFO] [stdout] 6: 0x55c0b45b435f - std::io::Write::write_fmt::h040b369f3a0f9cbc [INFO] [stdout] at /rustc/82e1608dfa6e0b5569232559e3d385fea5a93112/library/std/src/io/mod.rs:1762:15 [INFO] [stdout] 7: 0x55c0b45b7784 - std::sys_common::backtrace::_print::h894006fb5c6f3d45 [INFO] [stdout] at /rustc/82e1608dfa6e0b5569232559e3d385fea5a93112/library/std/src/sys_common/backtrace.rs:47:5 [INFO] [stdout] 8: 0x55c0b45b7784 - std::sys_common::backtrace::print::h23a2d212c6fff936 [INFO] [stdout] at /rustc/82e1608dfa6e0b5569232559e3d385fea5a93112/library/std/src/sys_common/backtrace.rs:34:9 [INFO] [stdout] 9: 0x55c0b45b9447 - std::panicking::default_hook::{{closure}}::h8a1d2ee00185001a [INFO] [stdout] 10: 0x55c0b45b9133 - std::panicking::default_hook::h6038f2eba384e475 [INFO] [stdout] at /rustc/82e1608dfa6e0b5569232559e3d385fea5a93112/library/std/src/panicking.rs:289:9 [INFO] [stdout] 11: 0x55c0b3c62997 - as core::ops::function::Fn>::call::h0ad024c9bdc6d768 [INFO] [stdout] at /rustc/82e1608dfa6e0b5569232559e3d385fea5a93112/library/alloc/src/boxed.rs:2021:9 [INFO] [stdout] 12: 0x55c0b3c62997 - test::test_main::{{closure}}::h7500b54257359db6 [INFO] [stdout] at /rustc/82e1608dfa6e0b5569232559e3d385fea5a93112/library/test/src/lib.rs:138:21 [INFO] [stdout] 13: 0x55c0b45b9a58 - as core::ops::function::Fn>::call::h1f8f335eaa9cfaee [INFO] [stdout] at /rustc/82e1608dfa6e0b5569232559e3d385fea5a93112/library/alloc/src/boxed.rs:2021:9 [INFO] [stdout] 14: 0x55c0b45b9a58 - std::panicking::rust_panic_with_hook::h2b5517d590cab22e [INFO] [stdout] at /rustc/82e1608dfa6e0b5569232559e3d385fea5a93112/library/std/src/panicking.rs:783:13 [INFO] [stdout] 15: 0x55c0b45b97ae - std::panicking::begin_panic_handler::{{closure}}::h233112c06e0ef43e [INFO] [stdout] at /rustc/82e1608dfa6e0b5569232559e3d385fea5a93112/library/std/src/panicking.rs:657:13 [INFO] [stdout] 16: 0x55c0b45b7e66 - std::sys_common::backtrace::__rust_end_short_backtrace::h6e893f24d7ebbff8 [INFO] [stdout] at /rustc/82e1608dfa6e0b5569232559e3d385fea5a93112/library/std/src/sys_common/backtrace.rs:170:18 [INFO] [stdout] 17: 0x55c0b45b9512 - rust_begin_unwind [INFO] [stdout] at /rustc/82e1608dfa6e0b5569232559e3d385fea5a93112/library/std/src/panicking.rs:645:5 [INFO] [stdout] 18: 0x55c0b3bc5995 - core::panicking::panic_fmt::hbf0e066aabfa482c [INFO] [stdout] at /rustc/82e1608dfa6e0b5569232559e3d385fea5a93112/library/core/src/panicking.rs:72:14 [INFO] [stdout] 19: 0x55c0b3bc5f63 - core::result::unwrap_failed::hddb4fea594200c52 [INFO] [stdout] at /rustc/82e1608dfa6e0b5569232559e3d385fea5a93112/library/core/src/result.rs:1653:5 [INFO] [stdout] 20: 0x55c0b3bdd086 - core::result::Result::unwrap::hb5beac481f7884c2 [INFO] [stdout] at /rustc/82e1608dfa6e0b5569232559e3d385fea5a93112/library/core/src/result.rs:1077:23 [INFO] [stdout] 21: 0x55c0b3bea85d - lib::ftp::myftp::FTP::login::{{closure}}::h37232c81661b54e9 [INFO] [stdout] at /opt/rustwide/workdir/src/ftp/myftp.rs:15:30 [INFO] [stdout] 22: 0x55c0b3c2e2fe - lib::ftp::myftp::ftptest::async_ftp_list::{{closure}}::h3ca25cb4241d65b2 [INFO] [stdout] at /opt/rustwide/workdir/src/ftp/myftp.rs:79:59 [INFO] [stdout] 23: 0x55c0b3bf6dbb - as core::future::future::Future>::poll::h508556ce00d6f4bd [INFO] [stdout] at /rustc/82e1608dfa6e0b5569232559e3d385fea5a93112/library/core/src/future/future.rs:125:9 [INFO] [stdout] 24: 0x55c0b3c22874 - tokio::runtime::basic_scheduler::Inner

::block_on::{{closure}}::{{closure}}::he7d4c94f3f2816dc [INFO] [stdout] at /opt/rustwide/cargo-home/registry/src/index.crates.io-6f17d22bba15001f/tokio-1.15.0/src/runtime/basic_scheduler.rs:240:62 [INFO] [stdout] 25: 0x55c0b3bfe7a0 - tokio::coop::with_budget::{{closure}}::h1107b23524bd9eab [INFO] [stdout] at /opt/rustwide/cargo-home/registry/src/index.crates.io-6f17d22bba15001f/tokio-1.15.0/src/coop.rs:102:9 [INFO] [stdout] 26: 0x55c0b3c0a03e - std::thread::local::LocalKey::try_with::h3ab201341a3120cb [INFO] [stdout] at /rustc/82e1608dfa6e0b5569232559e3d385fea5a93112/library/std/src/thread/local.rs:270:16 [INFO] [stdout] 27: 0x55c0b3c0937a - std::thread::local::LocalKey::with::h688440f9a797b63d [INFO] [stdout] at /rustc/82e1608dfa6e0b5569232559e3d385fea5a93112/library/std/src/thread/local.rs:246:9 [INFO] [stdout] 28: 0x55c0b3c21a5c - tokio::coop::with_budget::h084fd5e194f973ac [INFO] [stdout] at /opt/rustwide/cargo-home/registry/src/index.crates.io-6f17d22bba15001f/tokio-1.15.0/src/coop.rs:95:5 [INFO] [stdout] 29: 0x55c0b3c21a5c - tokio::coop::budget::hd9a55bf8145158ec [INFO] [stdout] at /opt/rustwide/cargo-home/registry/src/index.crates.io-6f17d22bba15001f/tokio-1.15.0/src/coop.rs:72:5 [INFO] [stdout] 30: 0x55c0b3c21a5c - tokio::runtime::basic_scheduler::Inner

::block_on::{{closure}}::hf59b27cfe92602f2 [INFO] [stdout] at /opt/rustwide/cargo-home/registry/src/index.crates.io-6f17d22bba15001f/tokio-1.15.0/src/runtime/basic_scheduler.rs:240:39 [INFO] [stdout] 31: 0x55c0b3c252d1 - tokio::runtime::basic_scheduler::enter::{{closure}}::hd02968ee3f06b6b7 [INFO] [stdout] at /opt/rustwide/cargo-home/registry/src/index.crates.io-6f17d22bba15001f/tokio-1.15.0/src/runtime/basic_scheduler.rs:349:29 [INFO] [stdout] 32: 0x55c0b3c000d7 - tokio::macros::scoped_tls::ScopedKey::set::h5f7626ccca69cbb1 [INFO] [stdout] at /opt/rustwide/cargo-home/registry/src/index.crates.io-6f17d22bba15001f/tokio-1.15.0/src/macros/scoped_tls.rs:61:9 [INFO] [stdout] 33: 0x55c0b3c2482a - tokio::runtime::basic_scheduler::enter::h6222b63eefbf482c [INFO] [stdout] at /opt/rustwide/cargo-home/registry/src/index.crates.io-6f17d22bba15001f/tokio-1.15.0/src/runtime/basic_scheduler.rs:349:5 [INFO] [stdout] 34: 0x55c0b3c1e7db - tokio::runtime::basic_scheduler::Inner

::block_on::h6a9cadfe254479ea [INFO] [stdout] at /opt/rustwide/cargo-home/registry/src/index.crates.io-6f17d22bba15001f/tokio-1.15.0/src/runtime/basic_scheduler.rs:230:9 [INFO] [stdout] 35: 0x55c0b3c22b5a - tokio::runtime::basic_scheduler::InnerGuard

::block_on::hd5d3587d6861b90d [INFO] [stdout] at /opt/rustwide/cargo-home/registry/src/index.crates.io-6f17d22bba15001f/tokio-1.15.0/src/runtime/basic_scheduler.rs:501:9 [INFO] [stdout] 36: 0x55c0b3c23787 - tokio::runtime::basic_scheduler::BasicScheduler

::block_on::ha4a3dd19abd02b13 [INFO] [stdout] at /opt/rustwide/cargo-home/registry/src/index.crates.io-6f17d22bba15001f/tokio-1.15.0/src/runtime/basic_scheduler.rs:186:24 [INFO] [stdout] 37: 0x55c0b3c0cb62 - tokio::runtime::Runtime::block_on::h6bedd69c0dd5b90c [INFO] [stdout] at /opt/rustwide/cargo-home/registry/src/index.crates.io-6f17d22bba15001f/tokio-1.15.0/src/runtime/mod.rs:461:46 [INFO] [stdout] 38: 0x55c0b3c08f75 - tokio_test::block_on::hb6b69adaf4028857 [INFO] [stdout] at /opt/rustwide/cargo-home/registry/src/index.crates.io-6f17d22bba15001f/tokio-test-0.4.2/src/lib.rs:35:5 [INFO] [stdout] 39: 0x55c0b3c2ef1b - lib::ftp::myftp::ftptest::test_ftp_list::h15636508cc06a0c6 [INFO] [stdout] at /opt/rustwide/workdir/src/ftp/myftp.rs:100:9 [INFO] [stdout] 40: 0x55c0b3c2eee7 - lib::ftp::myftp::ftptest::test_ftp_list::{{closure}}::h7aad68d8ee1c68d1 [INFO] [stdout] at /opt/rustwide/workdir/src/ftp/myftp.rs:99:23 [INFO] [stdout] 41: 0x55c0b3bc71c6 - core::ops::function::FnOnce::call_once::h3216cced69360597 [INFO] [stdout] at /rustc/82e1608dfa6e0b5569232559e3d385fea5a93112/library/core/src/ops/function.rs:250:5 [INFO] [stdout] 42: 0x55c0b3c67fef - core::ops::function::FnOnce::call_once::h2b5d431d5046312d [INFO] [stdout] at /rustc/82e1608dfa6e0b5569232559e3d385fea5a93112/library/core/src/ops/function.rs:250:5 [INFO] [stdout] 43: 0x55c0b3c67fef - test::__rust_begin_short_backtrace::h7714669af176e207 [INFO] [stdout] at /rustc/82e1608dfa6e0b5569232559e3d385fea5a93112/library/test/src/lib.rs:628:18 [INFO] [stdout] 44: 0x55c0b3c67005 - test::run_test_in_process::{{closure}}::h85218797dcbcec12 [INFO] [stdout] at /rustc/82e1608dfa6e0b5569232559e3d385fea5a93112/library/test/src/lib.rs:651:60 [INFO] [stdout] 45: 0x55c0b3c67005 - as core::ops::function::FnOnce<()>>::call_once::h76c106ea31c14d7b [INFO] [stdout] at /rustc/82e1608dfa6e0b5569232559e3d385fea5a93112/library/core/src/panic/unwind_safe.rs:272:9 [INFO] [stdout] 46: 0x55c0b3c67005 - std::panicking::try::do_call::h3bd5d0f6620ee946 [INFO] [stdout] at /rustc/82e1608dfa6e0b5569232559e3d385fea5a93112/library/std/src/panicking.rs:552:40 [INFO] [stdout] 47: 0x55c0b3c67005 - std::panicking::try::h232e535e4744fe31 [INFO] [stdout] at /rustc/82e1608dfa6e0b5569232559e3d385fea5a93112/library/std/src/panicking.rs:516:19 [INFO] [stdout] 48: 0x55c0b3c67005 - std::panic::catch_unwind::h3ce3bd6ca8dbac68 [INFO] [stdout] at /rustc/82e1608dfa6e0b5569232559e3d385fea5a93112/library/std/src/panic.rs:142:14 [INFO] [stdout] 49: 0x55c0b3c67005 - test::run_test_in_process::hc97b257c9621286a [INFO] [stdout] at /rustc/82e1608dfa6e0b5569232559e3d385fea5a93112/library/test/src/lib.rs:651:27 [INFO] [stdout] 50: 0x55c0b3c67005 - test::run_test::{{closure}}::h2aa798823a438d38 [INFO] [stdout] at /rustc/82e1608dfa6e0b5569232559e3d385fea5a93112/library/test/src/lib.rs:574:43 [INFO] [stdout] 51: 0x55c0b3c2f2c6 - test::run_test::{{closure}}::h87d231c78fb59832 [INFO] [stdout] at /rustc/82e1608dfa6e0b5569232559e3d385fea5a93112/library/test/src/lib.rs:602:41 [INFO] [stdout] 52: 0x55c0b3c2f2c6 - std::sys_common::backtrace::__rust_begin_short_backtrace::he6df152596625789 [INFO] [stdout] at /rustc/82e1608dfa6e0b5569232559e3d385fea5a93112/library/std/src/sys_common/backtrace.rs:154:18 [INFO] [stdout] 53: 0x55c0b3c34377 - std::thread::Builder::spawn_unchecked_::{{closure}}::{{closure}}::ha94be15d1e0acf36 [INFO] [stdout] at /rustc/82e1608dfa6e0b5569232559e3d385fea5a93112/library/std/src/thread/mod.rs:529:17 [INFO] [stdout] 54: 0x55c0b3c34377 - as core::ops::function::FnOnce<()>>::call_once::h9dc6bd6372f16606 [INFO] [stdout] at /rustc/82e1608dfa6e0b5569232559e3d385fea5a93112/library/core/src/panic/unwind_safe.rs:272:9 [INFO] [stdout] 55: 0x55c0b3c34377 - std::panicking::try::do_call::h9057517f80303cd4 [INFO] [stdout] at /rustc/82e1608dfa6e0b5569232559e3d385fea5a93112/library/std/src/panicking.rs:552:40 [INFO] [stdout] 56: 0x55c0b3c34377 - std::panicking::try::he3a30b11ee45340c [INFO] [stdout] at /rustc/82e1608dfa6e0b5569232559e3d385fea5a93112/library/std/src/panicking.rs:516:19 [INFO] [stdout] 57: 0x55c0b3c34377 - std::panic::catch_unwind::h410458cfd3528b8b [INFO] [stdout] at /rustc/82e1608dfa6e0b5569232559e3d385fea5a93112/library/std/src/panic.rs:142:14 [INFO] [stdout] 58: 0x55c0b3c34377 - std::thread::Builder::spawn_unchecked_::{{closure}}::h72ac3bdb567b737b [INFO] [stdout] at /rustc/82e1608dfa6e0b5569232559e3d385fea5a93112/library/std/src/thread/mod.rs:528:30 [INFO] [stdout] 59: 0x55c0b3c34377 - core::ops::function::FnOnce::call_once{{vtable.shim}}::h38f34da3654a8344 [INFO] [stdout] at /rustc/82e1608dfa6e0b5569232559e3d385fea5a93112/library/core/src/ops/function.rs:250:5 [INFO] [stdout] 60: 0x55c0b45bec85 - as core::ops::function::FnOnce>::call_once::hc7eafaff61e32df9 [INFO] [stdout] at /rustc/82e1608dfa6e0b5569232559e3d385fea5a93112/library/alloc/src/boxed.rs:2007:9 [INFO] [stdout] 61: 0x55c0b45bec85 - as core::ops::function::FnOnce>::call_once::h6ba4a5de48dd2304 [INFO] [stdout] at /rustc/82e1608dfa6e0b5569232559e3d385fea5a93112/library/alloc/src/boxed.rs:2007:9 [INFO] [stdout] 62: 0x55c0b45bec85 - std::sys::unix::thread::Thread::new::thread_start::he469335aef763e45 [INFO] [stdout] at /rustc/82e1608dfa6e0b5569232559e3d385fea5a93112/library/std/src/sys/unix/thread.rs:108:17 [INFO] [stdout] 63: 0x7fb3cd79aac3 - [INFO] [stdout] 64: 0x7fb3cd82bbf4 - __clone [INFO] [stdout] 65: 0x0 - [INFO] [stdout] [INFO] [stdout] ---- http::http::HttpDownloadTest::test_download_success stdout ---- [INFO] [stdout] thread 'http::http::HttpDownloadTest::test_download_success' panicked at src/http/http.rs:94:14: [INFO] [stdout] Can't Request ok: reqwest::Error { kind: Request, url: Url { scheme: "https", cannot_be_a_base: false, username: "", password: None, host: Some(Domain("issuecdn.baidupcs.com")), port: None, path: "/issue/netdisk/yunguanjia/BaiduNetdisk_7.2.8.9.exe", query: None, fragment: None }, source: hyper::Error(Connect, ConnectError("dns error", Custom { kind: Uncategorized, error: "failed to lookup address information: Temporary failure in name resolution" })) } [INFO] [stdout] stack backtrace: [INFO] [stdout] 0: 0x55c0b45b799c - std::backtrace_rs::backtrace::libunwind::trace::ha637c64ce894333a [INFO] [stdout] at /rustc/82e1608dfa6e0b5569232559e3d385fea5a93112/library/std/src/../../backtrace/src/backtrace/libunwind.rs:104:5 [INFO] [stdout] 1: 0x55c0b45b799c - std::backtrace_rs::backtrace::trace_unsynchronized::h47f62dea28e0c88d [INFO] [stdout] at /rustc/82e1608dfa6e0b5569232559e3d385fea5a93112/library/std/src/../../backtrace/src/backtrace/mod.rs:66:5 [INFO] [stdout] 2: 0x55c0b45b799c - std::sys_common::backtrace::_print_fmt::h9eef0abe20ede486 [INFO] [stdout] at /rustc/82e1608dfa6e0b5569232559e3d385fea5a93112/library/std/src/sys_common/backtrace.rs:67:5 [INFO] [stdout] 3: 0x55c0b45b799c - ::fmt::hed7f999df88cc644 [INFO] [stdout] at /rustc/82e1608dfa6e0b5569232559e3d385fea5a93112/library/std/src/sys_common/backtrace.rs:44:22 [INFO] [stdout] 4: 0x55c0b45e6e30 - core::fmt::rt::Argument::fmt::h1539a9308b8d058d [INFO] [stdout] at /rustc/82e1608dfa6e0b5569232559e3d385fea5a93112/library/core/src/fmt/rt.rs:142:9 [INFO] [stdout] 5: 0x55c0b45e6e30 - core::fmt::write::h3a39390d8560d9c9 [INFO] [stdout] at /rustc/82e1608dfa6e0b5569232559e3d385fea5a93112/library/core/src/fmt/mod.rs:1120:17 [INFO] [stdout] 6: 0x55c0b45b435f - std::io::Write::write_fmt::h040b369f3a0f9cbc [INFO] [stdout] at /rustc/82e1608dfa6e0b5569232559e3d385fea5a93112/library/std/src/io/mod.rs:1762:15 [INFO] [stdout] 7: 0x55c0b45b7784 - std::sys_common::backtrace::_print::h894006fb5c6f3d45 [INFO] [stdout] at /rustc/82e1608dfa6e0b5569232559e3d385fea5a93112/library/std/src/sys_common/backtrace.rs:47:5 [INFO] [stdout] 8: 0x55c0b45b7784 - std::sys_common::backtrace::print::h23a2d212c6fff936 [INFO] [stdout] at /rustc/82e1608dfa6e0b5569232559e3d385fea5a93112/library/std/src/sys_common/backtrace.rs:34:9 [INFO] [stdout] 9: 0x55c0b45b9447 - std::panicking::default_hook::{{closure}}::h8a1d2ee00185001a [INFO] [stdout] 10: 0x55c0b45b9133 - std::panicking::default_hook::h6038f2eba384e475 [INFO] [stdout] at /rustc/82e1608dfa6e0b5569232559e3d385fea5a93112/library/std/src/panicking.rs:289:9 [INFO] [stdout] 11: 0x55c0b3c62997 - as core::ops::function::Fn>::call::h0ad024c9bdc6d768 [INFO] [stdout] at /rustc/82e1608dfa6e0b5569232559e3d385fea5a93112/library/alloc/src/boxed.rs:2021:9 [INFO] [stdout] 12: 0x55c0b3c62997 - test::test_main::{{closure}}::h7500b54257359db6 [INFO] [stdout] at /rustc/82e1608dfa6e0b5569232559e3d385fea5a93112/library/test/src/lib.rs:138:21 [INFO] [stdout] 13: 0x55c0b45b9a58 - as core::ops::function::Fn>::call::h1f8f335eaa9cfaee [INFO] [stdout] at /rustc/82e1608dfa6e0b5569232559e3d385fea5a93112/library/alloc/src/boxed.rs:2021:9 [INFO] [stdout] 14: 0x55c0b45b9a58 - std::panicking::rust_panic_with_hook::h2b5517d590cab22e [INFO] [stdout] at /rustc/82e1608dfa6e0b5569232559e3d385fea5a93112/library/std/src/panicking.rs:783:13 [INFO] [stdout] 15: 0x55c0b45b97ae - std::panicking::begin_panic_handler::{{closure}}::h233112c06e0ef43e [INFO] [stdout] at /rustc/82e1608dfa6e0b5569232559e3d385fea5a93112/library/std/src/panicking.rs:657:13 [INFO] [stdout] 16: 0x55c0b45b7e66 - std::sys_common::backtrace::__rust_end_short_backtrace::h6e893f24d7ebbff8 [INFO] [stdout] at /rustc/82e1608dfa6e0b5569232559e3d385fea5a93112/library/std/src/sys_common/backtrace.rs:170:18 [INFO] [stdout] 17: 0x55c0b45b9512 - rust_begin_unwind [INFO] [stdout] at /rustc/82e1608dfa6e0b5569232559e3d385fea5a93112/library/std/src/panicking.rs:645:5 [INFO] [stdout] 18: 0x55c0b3bc5995 - core::panicking::panic_fmt::hbf0e066aabfa482c [INFO] [stdout] at /rustc/82e1608dfa6e0b5569232559e3d385fea5a93112/library/core/src/panicking.rs:72:14 [INFO] [stdout] 19: 0x55c0b3bc5f63 - core::result::unwrap_failed::hddb4fea594200c52 [INFO] [stdout] at /rustc/82e1608dfa6e0b5569232559e3d385fea5a93112/library/core/src/result.rs:1653:5 [INFO] [stdout] 20: 0x55c0b3bdc55f - core::result::Result::expect::hdb0623ee38b29c36 [INFO] [stdout] at /rustc/82e1608dfa6e0b5569232559e3d385fea5a93112/library/core/src/result.rs:1034:23 [INFO] [stdout] 21: 0x55c0b3beca6a - lib::http::http::HttpDownloader::send_request_for_head::{{closure}}::h03a7aa3e81b7bad8 [INFO] [stdout] at /opt/rustwide/workdir/src/http/http.rs:89:22 [INFO] [stdout] 22: 0x55c0b3beebdc - lib::http::http::HttpDownloader::download::{{closure}}::h5f349bf1b08c34ea [INFO] [stdout] at /opt/rustwide/workdir/src/http/http.rs:200:49 [INFO] [stdout] 23: 0x55c0b3c25c21 - lib::http::http::HttpDownloadTest::test_httpdownload_success::{{closure}}::h7396ec4f9c3b3ce2 [INFO] [stdout] at /opt/rustwide/workdir/src/http/http.rs:257:29 [INFO] [stdout] 24: 0x55c0b3bf6e0b - as core::future::future::Future>::poll::h5731afd303e512a7 [INFO] [stdout] at /rustc/82e1608dfa6e0b5569232559e3d385fea5a93112/library/core/src/future/future.rs:125:9 [INFO] [stdout] 25: 0x55c0b3c225b4 - tokio::runtime::basic_scheduler::Inner

::block_on::{{closure}}::{{closure}}::h90c016e16e267329 [INFO] [stdout] at /opt/rustwide/cargo-home/registry/src/index.crates.io-6f17d22bba15001f/tokio-1.15.0/src/runtime/basic_scheduler.rs:240:62 [INFO] [stdout] 26: 0x55c0b3bffd00 - tokio::coop::with_budget::{{closure}}::hf40903c74b942eb2 [INFO] [stdout] at /opt/rustwide/cargo-home/registry/src/index.crates.io-6f17d22bba15001f/tokio-1.15.0/src/coop.rs:102:9 [INFO] [stdout] 27: 0x55c0b3c0b1ee - std::thread::local::LocalKey::try_with::hcb744a05dcdcb361 [INFO] [stdout] at /rustc/82e1608dfa6e0b5569232559e3d385fea5a93112/library/std/src/thread/local.rs:270:16 [INFO] [stdout] 28: 0x55c0b3c093aa - std::thread::local::LocalKey::with::h7824c59f88c310fc [INFO] [stdout] at /rustc/82e1608dfa6e0b5569232559e3d385fea5a93112/library/std/src/thread/local.rs:246:9 [INFO] [stdout] 29: 0x55c0b3c1f74c - tokio::coop::with_budget::hf684a007eb371040 [INFO] [stdout] at /opt/rustwide/cargo-home/registry/src/index.crates.io-6f17d22bba15001f/tokio-1.15.0/src/coop.rs:95:5 [INFO] [stdout] 30: 0x55c0b3c1f74c - tokio::coop::budget::h17fcc61585527b6d [INFO] [stdout] at /opt/rustwide/cargo-home/registry/src/index.crates.io-6f17d22bba15001f/tokio-1.15.0/src/coop.rs:72:5 [INFO] [stdout] 31: 0x55c0b3c1f74c - tokio::runtime::basic_scheduler::Inner

::block_on::{{closure}}::h8727b5fdd384f28a [INFO] [stdout] at /opt/rustwide/cargo-home/registry/src/index.crates.io-6f17d22bba15001f/tokio-1.15.0/src/runtime/basic_scheduler.rs:240:39 [INFO] [stdout] 32: 0x55c0b3c25291 - tokio::runtime::basic_scheduler::enter::{{closure}}::h5f99afe47b447d31 [INFO] [stdout] at /opt/rustwide/cargo-home/registry/src/index.crates.io-6f17d22bba15001f/tokio-1.15.0/src/runtime/basic_scheduler.rs:349:29 [INFO] [stdout] 33: 0x55c0b3c002d7 - tokio::macros::scoped_tls::ScopedKey::set::h8e31df5ebe8a501f [INFO] [stdout] at /opt/rustwide/cargo-home/registry/src/index.crates.io-6f17d22bba15001f/tokio-1.15.0/src/macros/scoped_tls.rs:61:9 [INFO] [stdout] 34: 0x55c0b3c2450a - tokio::runtime::basic_scheduler::enter::h57798c2d5744047f [INFO] [stdout] at /opt/rustwide/cargo-home/registry/src/index.crates.io-6f17d22bba15001f/tokio-1.15.0/src/runtime/basic_scheduler.rs:349:5 [INFO] [stdout] 35: 0x55c0b3c1e83b - tokio::runtime::basic_scheduler::Inner

::block_on::hf64d9614893a7938 [INFO] [stdout] at /opt/rustwide/cargo-home/registry/src/index.crates.io-6f17d22bba15001f/tokio-1.15.0/src/runtime/basic_scheduler.rs:230:9 [INFO] [stdout] 36: 0x55c0b3c22a3a - tokio::runtime::basic_scheduler::InnerGuard

::block_on::h8852f33973da72f4 [INFO] [stdout] at /opt/rustwide/cargo-home/registry/src/index.crates.io-6f17d22bba15001f/tokio-1.15.0/src/runtime/basic_scheduler.rs:501:9 [INFO] [stdout] 37: 0x55c0b3c233c7 - tokio::runtime::basic_scheduler::BasicScheduler

::block_on::h97a4523118966687 [INFO] [stdout] at /opt/rustwide/cargo-home/registry/src/index.crates.io-6f17d22bba15001f/tokio-1.15.0/src/runtime/basic_scheduler.rs:186:24 [INFO] [stdout] 38: 0x55c0b3c0ccf3 - tokio::runtime::Runtime::block_on::he0e8ad673b51a76d [INFO] [stdout] at /opt/rustwide/cargo-home/registry/src/index.crates.io-6f17d22bba15001f/tokio-1.15.0/src/runtime/mod.rs:461:46 [INFO] [stdout] 39: 0x55c0b3c08dd4 - tokio_test::block_on::haa02d91d6d6f0980 [INFO] [stdout] at /opt/rustwide/cargo-home/registry/src/index.crates.io-6f17d22bba15001f/tokio-test-0.4.2/src/lib.rs:35:5 [INFO] [stdout] 40: 0x55c0b3c26187 - lib::http::http::HttpDownloadTest::test_download_success::h593f37d8c58b94df [INFO] [stdout] at /opt/rustwide/workdir/src/http/http.rs:262:9 [INFO] [stdout] 41: 0x55c0b3c26157 - lib::http::http::HttpDownloadTest::test_download_success::{{closure}}::h6f674e9b637bf668 [INFO] [stdout] at /opt/rustwide/workdir/src/http/http.rs:261:31 [INFO] [stdout] 42: 0x55c0b3bc70c6 - core::ops::function::FnOnce::call_once::h0d6935bc04e90ff2 [INFO] [stdout] at /rustc/82e1608dfa6e0b5569232559e3d385fea5a93112/library/core/src/ops/function.rs:250:5 [INFO] [stdout] 43: 0x55c0b3c67fef - core::ops::function::FnOnce::call_once::h2b5d431d5046312d [INFO] [stdout] at /rustc/82e1608dfa6e0b5569232559e3d385fea5a93112/library/core/src/ops/function.rs:250:5 [INFO] [stdout] 44: 0x55c0b3c67fef - test::__rust_begin_short_backtrace::h7714669af176e207 [INFO] [stdout] at /rustc/82e1608dfa6e0b5569232559e3d385fea5a93112/library/test/src/lib.rs:628:18 [INFO] [stdout] 45: 0x55c0b3c67005 - test::run_test_in_process::{{closure}}::h85218797dcbcec12 [INFO] [stdout] at /rustc/82e1608dfa6e0b5569232559e3d385fea5a93112/library/test/src/lib.rs:651:60 [INFO] [stdout] 46: 0x55c0b3c67005 - as core::ops::function::FnOnce<()>>::call_once::h76c106ea31c14d7b [INFO] [stdout] at /rustc/82e1608dfa6e0b5569232559e3d385fea5a93112/library/core/src/panic/unwind_safe.rs:272:9 [INFO] [stdout] 47: 0x55c0b3c67005 - std::panicking::try::do_call::h3bd5d0f6620ee946 [INFO] [stdout] at /rustc/82e1608dfa6e0b5569232559e3d385fea5a93112/library/std/src/panicking.rs:552:40 [INFO] [stdout] 48: 0x55c0b3c67005 - std::panicking::try::h232e535e4744fe31 [INFO] [stdout] at /rustc/82e1608dfa6e0b5569232559e3d385fea5a93112/library/std/src/panicking.rs:516:19 [INFO] [stdout] 49: 0x55c0b3c67005 - std::panic::catch_unwind::h3ce3bd6ca8dbac68 [INFO] [stdout] at /rustc/82e1608dfa6e0b5569232559e3d385fea5a93112/library/std/src/panic.rs:142:14 [INFO] [stdout] 50: 0x55c0b3c67005 - test::run_test_in_process::hc97b257c9621286a [INFO] [stdout] at /rustc/82e1608dfa6e0b5569232559e3d385fea5a93112/library/test/src/lib.rs:651:27 [INFO] [stdout] 51: 0x55c0b3c67005 - test::run_test::{{closure}}::h2aa798823a438d38 [INFO] [stdout] at /rustc/82e1608dfa6e0b5569232559e3d385fea5a93112/library/test/src/lib.rs:574:43 [INFO] [stdout] 52: 0x55c0b3c2f2c6 - test::run_test::{{closure}}::h87d231c78fb59832 [INFO] [stdout] at /rustc/82e1608dfa6e0b5569232559e3d385fea5a93112/library/test/src/lib.rs:602:41 [INFO] [stdout] 53: 0x55c0b3c2f2c6 - std::sys_common::backtrace::__rust_begin_short_backtrace::he6df152596625789 [INFO] [stdout] at /rustc/82e1608dfa6e0b5569232559e3d385fea5a93112/library/std/src/sys_common/backtrace.rs:154:18 [INFO] [stdout] 54: 0x55c0b3c34377 - std::thread::Builder::spawn_unchecked_::{{closure}}::{{closure}}::ha94be15d1e0acf36 [INFO] [stdout] at /rustc/82e1608dfa6e0b5569232559e3d385fea5a93112/library/std/src/thread/mod.rs:529:17 [INFO] [stdout] 55: 0x55c0b3c34377 - as core::ops::function::FnOnce<()>>::call_once::h9dc6bd6372f16606 [INFO] [stdout] at /rustc/82e1608dfa6e0b5569232559e3d385fea5a93112/library/core/src/panic/unwind_safe.rs:272:9 [INFO] [stdout] 56: 0x55c0b3c34377 - std::panicking::try::do_call::h9057517f80303cd4 [INFO] [stdout] at /rustc/82e1608dfa6e0b5569232559e3d385fea5a93112/library/std/src/panicking.rs:552:40 [INFO] [stdout] 57: 0x55c0b3c34377 - std::panicking::try::he3a30b11ee45340c [INFO] [stdout] at /rustc/82e1608dfa6e0b5569232559e3d385fea5a93112/library/std/src/panicking.rs:516:19 [INFO] [stdout] 58: 0x55c0b3c34377 - std::panic::catch_unwind::h410458cfd3528b8b [INFO] [stdout] at /rustc/82e1608dfa6e0b5569232559e3d385fea5a93112/library/std/src/panic.rs:142:14 [INFO] [stdout] 59: 0x55c0b3c34377 - std::thread::Builder::spawn_unchecked_::{{closure}}::h72ac3bdb567b737b [INFO] [stdout] at /rustc/82e1608dfa6e0b5569232559e3d385fea5a93112/library/std/src/thread/mod.rs:528:30 [INFO] [stdout] 60: 0x55c0b3c34377 - core::ops::function::FnOnce::call_once{{vtable.shim}}::h38f34da3654a8344 [INFO] [stdout] at /rustc/82e1608dfa6e0b5569232559e3d385fea5a93112/library/core/src/ops/function.rs:250:5 [INFO] [stdout] 61: 0x55c0b45bec85 - as core::ops::function::FnOnce>::call_once::hc7eafaff61e32df9 [INFO] [stdout] at /rustc/82e1608dfa6e0b5569232559e3d385fea5a93112/library/alloc/src/boxed.rs:2007:9 [INFO] [stdout] 62: 0x55c0b45bec85 - as core::ops::function::FnOnce>::call_once::h6ba4a5de48dd2304 [INFO] [stdout] at /rustc/82e1608dfa6e0b5569232559e3d385fea5a93112/library/alloc/src/boxed.rs:2007:9 [INFO] [stdout] 63: 0x55c0b45bec85 - std::sys::unix::thread::Thread::new::thread_start::he469335aef763e45 [INFO] [stdout] at /rustc/82e1608dfa6e0b5569232559e3d385fea5a93112/library/std/src/sys/unix/thread.rs:108:17 [INFO] [stdout] 64: 0x7fb3cd79aac3 - [INFO] [stdout] 65: 0x7fb3cd82bbf4 - __clone [INFO] [stdout] 66: 0x0 - [INFO] [stdout] [INFO] [stdout] [INFO] [stdout] failures: [INFO] [stdout] ftp::myftp::ftptest::test_ftp_download [INFO] [stdout] ftp::myftp::ftptest::test_ftp_list [INFO] [stdout] ftp::myftp::ftptest::test_ftp_login [INFO] [stdout] http::http::HttpDownloadTest::test_download_success [INFO] [stdout] [INFO] [stdout] test result: FAILED. 11 passed; 4 failed; 0 ignored; 0 measured; 0 filtered out; finished in 0.36s [INFO] [stdout] [INFO] [stderr] error: test failed, to rerun pass `--lib` [INFO] running `Command { std: "docker" "inspect" "f4134e4889e95c64f18195ef4699808679fcaffba907be1b462b62776411d7e4", kill_on_drop: false }` [INFO] running `Command { std: "docker" "rm" "-f" "f4134e4889e95c64f18195ef4699808679fcaffba907be1b462b62776411d7e4", kill_on_drop: false }` [INFO] [stdout] f4134e4889e95c64f18195ef4699808679fcaffba907be1b462b62776411d7e4 [INFO] testing Godones/rust-downloader against beta-2024-01-09 for beta-1.76-3 [INFO] running `Command { std: "git" "clone" "/workspace/cache/git-repos/https%3A%2F%2Fgithub.com%2FGodones%2Frust-downloader" "/workspace/builds/worker-7-tc2/source", kill_on_drop: false }` [INFO] [stderr] Cloning into '/workspace/builds/worker-7-tc2/source'... [INFO] [stderr] done. [INFO] validating manifest of git repo https://github.com/Godones/rust-downloader on toolchain beta-2024-01-09 [INFO] running `Command { std: CARGO_HOME="/workspace/cargo-home" RUSTUP_HOME="/workspace/rustup-home" "/workspace/cargo-home/bin/cargo" "+beta-2024-01-09" "metadata" "--manifest-path" "Cargo.toml" "--no-deps", kill_on_drop: false }` [INFO] started tweaking git repo https://github.com/Godones/rust-downloader [INFO] finished tweaking git repo https://github.com/Godones/rust-downloader [INFO] tweaked toml for git repo https://github.com/Godones/rust-downloader written to /workspace/builds/worker-7-tc2/source/Cargo.toml [INFO] crate git repo https://github.com/Godones/rust-downloader already has a lockfile, it will not be regenerated [INFO] running `Command { std: CARGO_HOME="/workspace/cargo-home" RUSTUP_HOME="/workspace/rustup-home" "/workspace/cargo-home/bin/cargo" "+beta-2024-01-09" "fetch" "--manifest-path" "Cargo.toml", kill_on_drop: false }` [INFO] running `Command { std: "docker" "create" "-v" "/var/lib/crater-agent-workspace/builds/worker-7-tc2/target:/opt/rustwide/target:rw,Z" "-v" "/var/lib/crater-agent-workspace/builds/worker-7-tc2/source:/opt/rustwide/workdir:ro,Z" "-v" "/var/lib/crater-agent-workspace/cargo-home:/opt/rustwide/cargo-home:ro,Z" "-v" "/var/lib/crater-agent-workspace/rustup-home:/opt/rustwide/rustup-home:ro,Z" "-e" "SOURCE_DIR=/opt/rustwide/workdir" "-e" "CARGO_TARGET_DIR=/opt/rustwide/target" "-e" "CARGO_HOME=/opt/rustwide/cargo-home" "-e" "RUSTUP_HOME=/opt/rustwide/rustup-home" "-w" "/opt/rustwide/workdir" "-m" "1610612736" "--user" "0:0" "--network" "none" "ghcr.io/rust-lang/crates-build-env/linux@sha256:2788e3201cd34a07e3172128adcd8b3090168a8e3bcc40d7c032b9dda1df7d1c" "/opt/rustwide/cargo-home/bin/cargo" "+beta-2024-01-09" "metadata" "--no-deps" "--format-version=1", kill_on_drop: false }` [INFO] [stdout] ad1d9a52fcbffdae1624da589ea8def72cd2553b5af94810f0e8be33559afa97 [INFO] running `Command { std: "docker" "start" "-a" "ad1d9a52fcbffdae1624da589ea8def72cd2553b5af94810f0e8be33559afa97", kill_on_drop: false }` [INFO] running `Command { std: "docker" "inspect" "ad1d9a52fcbffdae1624da589ea8def72cd2553b5af94810f0e8be33559afa97", kill_on_drop: false }` [INFO] running `Command { std: "docker" "rm" "-f" "ad1d9a52fcbffdae1624da589ea8def72cd2553b5af94810f0e8be33559afa97", kill_on_drop: false }` [INFO] [stdout] ad1d9a52fcbffdae1624da589ea8def72cd2553b5af94810f0e8be33559afa97 [INFO] running `Command { std: "docker" "create" "-v" "/var/lib/crater-agent-workspace/builds/worker-7-tc2/target:/opt/rustwide/target:rw,Z" "-v" "/var/lib/crater-agent-workspace/builds/worker-7-tc2/source:/opt/rustwide/workdir:ro,Z" "-v" "/var/lib/crater-agent-workspace/cargo-home:/opt/rustwide/cargo-home:ro,Z" "-v" "/var/lib/crater-agent-workspace/rustup-home:/opt/rustwide/rustup-home:ro,Z" "-e" "SOURCE_DIR=/opt/rustwide/workdir" "-e" "CARGO_TARGET_DIR=/opt/rustwide/target" "-e" "CARGO_INCREMENTAL=0" "-e" "RUST_BACKTRACE=full" "-e" "RUSTFLAGS=--cap-lints=warn" "-e" "RUSTDOCFLAGS=--cap-lints=warn" "-e" "CARGO_HOME=/opt/rustwide/cargo-home" "-e" "RUSTUP_HOME=/opt/rustwide/rustup-home" "-w" "/opt/rustwide/workdir" "-m" "1610612736" "--user" "0:0" "--network" "none" "ghcr.io/rust-lang/crates-build-env/linux@sha256:2788e3201cd34a07e3172128adcd8b3090168a8e3bcc40d7c032b9dda1df7d1c" "/opt/rustwide/cargo-home/bin/cargo" "+beta-2024-01-09" "build" "--frozen" "--message-format=json", kill_on_drop: false }` [INFO] [stdout] f3fad7054445d1ed13bd9c4a1a27f9f4cc56a206cf9655c845b179ee9b633e77 [INFO] running `Command { std: "docker" "start" "-a" "f3fad7054445d1ed13bd9c4a1a27f9f4cc56a206cf9655c845b179ee9b633e77", kill_on_drop: false }` [INFO] [stderr] Compiling libc v0.2.112 [INFO] [stderr] Compiling proc-macro2 v1.0.36 [INFO] [stderr] Compiling unicode-xid v0.2.2 [INFO] [stderr] Compiling syn v1.0.85 [INFO] [stderr] Compiling cfg-if v1.0.0 [INFO] [stderr] Compiling memchr v2.4.1 [INFO] [stderr] Compiling version_check v0.9.4 [INFO] [stderr] Compiling autocfg v1.0.1 [INFO] [stderr] Compiling log v0.4.14 [INFO] [stderr] Compiling once_cell v1.9.0 [INFO] [stderr] Compiling cc v1.0.72 [INFO] [stderr] Compiling pin-project-lite v0.2.8 [INFO] [stderr] Compiling futures-core v0.3.19 [INFO] [stderr] Compiling parking_lot_core v0.8.5 [INFO] [stderr] Compiling value-bag v1.0.0-alpha.8 [INFO] [stderr] Compiling instant v0.1.12 [INFO] [stderr] Compiling futures-io v0.3.19 [INFO] [stderr] Compiling scopeguard v1.1.0 [INFO] [stderr] Compiling lazy_static v1.4.0 [INFO] [stderr] Compiling bytes v1.1.0 [INFO] [stderr] Compiling smallvec v1.8.0 [INFO] [stderr] Compiling lock_api v0.4.5 [INFO] [stderr] Compiling pkg-config v0.3.24 [INFO] [stderr] Compiling quote v1.0.14 [INFO] [stderr] Compiling slab v0.4.5 [INFO] [stderr] Compiling num_cpus v1.13.1 [INFO] [stderr] Compiling signal-hook-registry v1.4.0 [INFO] [stderr] Compiling indexmap v1.8.0 [INFO] [stderr] Compiling futures-task v0.3.19 [INFO] [stderr] Compiling parking_lot v0.11.2 [INFO] [stderr] Compiling cache-padded v1.2.0 [INFO] [stderr] Compiling serde_derive v1.0.133 [INFO] [stderr] Compiling concurrent-queue v1.2.2 [INFO] [stderr] Compiling openssl-sys v0.9.72 [INFO] [stderr] Compiling ring v0.16.20 [INFO] [stderr] Compiling socket2 v0.4.2 [INFO] [stderr] Compiling bitflags v1.3.2 [INFO] [stderr] Compiling openssl v0.10.38 [INFO] [stderr] Compiling fastrand v1.6.0 [INFO] [stderr] Compiling untrusted v0.7.1 [INFO] [stderr] Compiling pin-utils v0.1.0 [INFO] [stderr] Compiling futures-util v0.3.19 [INFO] [stderr] Compiling fnv v1.0.7 [INFO] [stderr] Compiling itoa v1.0.1 [INFO] [stderr] Compiling waker-fn v1.1.0 [INFO] [stderr] Compiling spin v0.5.2 [INFO] [stderr] Compiling parking v2.0.0 [INFO] [stderr] Compiling event-listener v2.5.2 [INFO] [stderr] Compiling hashbrown v0.11.2 [INFO] [stderr] Compiling foreign-types-shared v0.1.1 [INFO] [stderr] Compiling serde v1.0.133 [INFO] [stderr] Compiling foreign-types v0.3.2 [INFO] [stderr] Compiling futures-lite v1.12.0 [INFO] [stderr] Compiling http v0.2.6 [INFO] [stderr] Compiling aho-corasick v0.7.18 [INFO] [stderr] Compiling tracing-core v0.1.21 [INFO] [stderr] Compiling num-traits v0.2.14 [INFO] [stderr] Compiling futures-channel v0.3.19 [INFO] [stderr] Compiling tinyvec_macros v0.1.0 [INFO] [stderr] Compiling matches v0.1.9 [INFO] [stderr] Compiling httparse v1.5.1 [INFO] [stderr] Compiling regex-syntax v0.6.25 [INFO] [stderr] Compiling native-tls v0.2.8 [INFO] [stderr] Compiling futures-sink v0.3.19 [INFO] [stderr] Compiling tinyvec v1.5.1 [INFO] [stderr] Compiling tracing v0.1.29 [INFO] [stderr] Compiling num-integer v0.1.44 [INFO] [stderr] Compiling openssl-probe v0.1.5 [INFO] [stderr] Compiling crossbeam-utils v0.8.6 [INFO] [stderr] Compiling itoa v0.4.8 [INFO] [stderr] Compiling try-lock v0.2.3 [INFO] [stderr] Compiling base64 v0.13.0 [INFO] [stderr] Compiling async-task v4.0.3 [INFO] [stderr] Compiling percent-encoding v2.1.0 [INFO] [stderr] Compiling form_urlencoded v1.0.1 [INFO] [stderr] Compiling unicode-normalization v0.1.19 [INFO] [stderr] Compiling webpki v0.21.4 [INFO] [stderr] Compiling sct v0.6.1 [INFO] [stderr] Compiling http-body v0.4.4 [INFO] [stderr] Compiling regex v1.5.4 [INFO] [stderr] Compiling async-channel v1.6.1 [INFO] [stderr] Compiling getrandom v0.2.4 [INFO] [stderr] Compiling time v0.1.44 [INFO] [stderr] Compiling atty v0.2.14 [INFO] [stderr] Compiling quick-error v1.2.3 [INFO] [stderr] Compiling tower-service v0.3.1 [INFO] [stderr] Compiling httpdate v1.0.2 [INFO] [stderr] Compiling atomic-waker v1.0.0 [INFO] [stderr] Compiling encoding_rs v0.8.30 [INFO] [stderr] Compiling termcolor v1.1.2 [INFO] [stderr] Compiling unicode-bidi v0.3.7 [INFO] [stderr] Compiling blocking v1.1.0 [INFO] [stderr] Compiling idna v0.2.3 [INFO] [stderr] Compiling humantime v1.3.0 [INFO] [stderr] Compiling rand_core v0.6.3 [INFO] [stderr] Compiling async-executor v1.4.1 [INFO] [stderr] Compiling async-mutex v1.4.0 [INFO] [stderr] Compiling terminal_size v0.1.17 [INFO] [stderr] Compiling rand v0.4.6 [INFO] [stderr] Compiling ryu v1.0.9 [INFO] [stderr] Compiling ppv-lite86 v0.2.16 [INFO] [stderr] Compiling anyhow v1.0.53 [INFO] [stderr] Compiling console v0.15.0 [INFO] [stderr] Compiling ctor v0.1.21 [INFO] [stderr] Compiling tokio-macros v1.7.0 [INFO] [stderr] Compiling futures-macro v0.3.19 [INFO] [stderr] Compiling pin-project-internal v1.0.10 [INFO] [stderr] Compiling rand v0.3.23 [INFO] [stderr] Compiling rand_chacha v0.3.1 [INFO] [stderr] Compiling url v2.2.2 [INFO] [stderr] Compiling chrono v0.4.19 [INFO] [stderr] Compiling mio v0.7.14 [INFO] [stderr] Compiling want v0.3.0 [INFO] [stderr] Compiling polling v2.2.0 [INFO] [stderr] Compiling async-io v1.6.0 [INFO] [stderr] Compiling rustls v0.19.1 [INFO] [stderr] Compiling tokio v1.15.0 [INFO] [stderr] Compiling pin-project v1.0.10 [INFO] [stderr] Compiling async-global-executor v2.0.2 [INFO] [stderr] Compiling kv-log-macro v1.0.7 [INFO] [stderr] Compiling env_logger v0.7.1 [INFO] [stderr] Compiling async-lock v2.4.0 [INFO] [stderr] Compiling os_str_bytes v6.0.0 [INFO] [stderr] Compiling rustc-serialize v0.3.24 [INFO] [stderr] Compiling number_prefix v0.4.0 [INFO] [stderr] Compiling textwrap v0.14.2 [INFO] [stderr] Compiling strsim v0.10.0 [INFO] [stdout] error[E0310]: the parameter type `T` may not live long enough [INFO] [stdout] --> /opt/rustwide/cargo-home/registry/src/index.crates.io-6f17d22bba15001f/rustc-serialize-0.3.24/src/serialize.rs:1155:5 [INFO] [stdout] | [INFO] [stdout] 1155 | fn decode(d: &mut D) -> Result, D::Error> { [INFO] [stdout] | ^^^^^^^^^^^^^^^^^^^^^^^^^^^^^^^^^^^^^^^^^^^^^^^^^^^^^^^^^^^^^^^^^^^^^ [INFO] [stdout] | | [INFO] [stdout] | the parameter type `T` must be valid for the static lifetime... [INFO] [stdout] | ...so that the type `T` will meet its required lifetime bounds... [INFO] [stdout] | [INFO] [stdout] note: ...that is required by this bound [INFO] [stdout] --> /rustc/650745ceb2ae60e04f8cd7bfb671fc37239533e4/library/alloc/src/borrow.rs:180:30 [INFO] [stdout] help: consider adding an explicit lifetime bound [INFO] [stdout] | [INFO] [stdout] 1151 | impl<'a, T: ?Sized + 'static> Decodable for Cow<'a, T> [INFO] [stdout] | +++++++++ [INFO] [stdout] [INFO] [stdout] [INFO] [stderr] Compiling ipnet v2.3.1 [INFO] [stderr] Compiling mime v0.3.16 [INFO] [stderr] Compiling clap v3.0.10 [INFO] [stdout] error: aborting due to 1 previous error [INFO] [stdout] [INFO] [stdout] [INFO] [stdout] For more information about this error, try `rustc --explain E0310`. [INFO] [stdout] [INFO] [stderr] error: could not compile `rustc-serialize` (lib) due to 2 previous errors [INFO] [stderr] warning: build failed, waiting for other jobs to finish... [INFO] running `Command { std: "docker" "inspect" "f3fad7054445d1ed13bd9c4a1a27f9f4cc56a206cf9655c845b179ee9b633e77", kill_on_drop: false }` [INFO] running `Command { std: "docker" "rm" "-f" "f3fad7054445d1ed13bd9c4a1a27f9f4cc56a206cf9655c845b179ee9b633e77", kill_on_drop: false }` [INFO] [stdout] f3fad7054445d1ed13bd9c4a1a27f9f4cc56a206cf9655c845b179ee9b633e77