[INFO] fetching crate zydis-sys 0.1.0...
[INFO] testing zydis-sys-0.1.0 against 1.75.0 for beta-1.76-1
[INFO] extracting crate zydis-sys 0.1.0 into /workspace/builds/worker-3-tc1/source
[INFO] validating manifest of crates.io crate zydis-sys 0.1.0 on toolchain 1.75.0
[INFO] running `Command { std: CARGO_HOME="/workspace/cargo-home" RUSTUP_HOME="/workspace/rustup-home" "/workspace/cargo-home/bin/cargo" "+1.75.0" "metadata" "--manifest-path" "Cargo.toml" "--no-deps", kill_on_drop: false }`
[INFO] started tweaking crates.io crate zydis-sys 0.1.0
[INFO] finished tweaking crates.io crate zydis-sys 0.1.0
[INFO] tweaked toml for crates.io crate zydis-sys 0.1.0 written to /workspace/builds/worker-3-tc1/source/Cargo.toml
[INFO] running `Command { std: CARGO_HOME="/workspace/cargo-home" RUSTUP_HOME="/workspace/rustup-home" "/workspace/cargo-home/bin/cargo" "+1.75.0" "generate-lockfile" "--manifest-path" "Cargo.toml", kill_on_drop: false }`
[INFO] [stderr]     Updating crates.io index
[INFO] running `Command { std: CARGO_HOME="/workspace/cargo-home" RUSTUP_HOME="/workspace/rustup-home" "/workspace/cargo-home/bin/cargo" "+1.75.0" "fetch" "--manifest-path" "Cargo.toml", kill_on_drop: false }`
[INFO] running `Command { std: "docker" "create" "-v" "/var/lib/crater-agent-workspace/builds/worker-3-tc1/target:/opt/rustwide/target:rw,Z" "-v" "/var/lib/crater-agent-workspace/builds/worker-3-tc1/source:/opt/rustwide/workdir:ro,Z" "-v" "/var/lib/crater-agent-workspace/cargo-home:/opt/rustwide/cargo-home:ro,Z" "-v" "/var/lib/crater-agent-workspace/rustup-home:/opt/rustwide/rustup-home:ro,Z" "-e" "SOURCE_DIR=/opt/rustwide/workdir" "-e" "CARGO_TARGET_DIR=/opt/rustwide/target" "-e" "CARGO_HOME=/opt/rustwide/cargo-home" "-e" "RUSTUP_HOME=/opt/rustwide/rustup-home" "-w" "/opt/rustwide/workdir" "-m" "1610612736" "--user" "0:0" "--network" "none" "ghcr.io/rust-lang/crates-build-env/linux@sha256:2788e3201cd34a07e3172128adcd8b3090168a8e3bcc40d7c032b9dda1df7d1c" "/opt/rustwide/cargo-home/bin/cargo" "+1.75.0" "metadata" "--no-deps" "--format-version=1", kill_on_drop: false }`
[INFO] [stdout] a8718f50c57b171f940527fb874dc8220eaec2bbc0491805081b8cc63bb51379
[INFO] running `Command { std: "docker" "start" "-a" "a8718f50c57b171f940527fb874dc8220eaec2bbc0491805081b8cc63bb51379", kill_on_drop: false }`
[INFO] running `Command { std: "docker" "inspect" "a8718f50c57b171f940527fb874dc8220eaec2bbc0491805081b8cc63bb51379", kill_on_drop: false }`
[INFO] running `Command { std: "docker" "rm" "-f" "a8718f50c57b171f940527fb874dc8220eaec2bbc0491805081b8cc63bb51379", kill_on_drop: false }`
[INFO] [stdout] a8718f50c57b171f940527fb874dc8220eaec2bbc0491805081b8cc63bb51379
[INFO] running `Command { std: "docker" "create" "-v" "/var/lib/crater-agent-workspace/builds/worker-3-tc1/target:/opt/rustwide/target:rw,Z" "-v" "/var/lib/crater-agent-workspace/builds/worker-3-tc1/source:/opt/rustwide/workdir:ro,Z" "-v" "/var/lib/crater-agent-workspace/cargo-home:/opt/rustwide/cargo-home:ro,Z" "-v" "/var/lib/crater-agent-workspace/rustup-home:/opt/rustwide/rustup-home:ro,Z" "-e" "SOURCE_DIR=/opt/rustwide/workdir" "-e" "CARGO_TARGET_DIR=/opt/rustwide/target" "-e" "CARGO_INCREMENTAL=0" "-e" "RUST_BACKTRACE=full" "-e" "RUSTFLAGS=--cap-lints=warn" "-e" "RUSTDOCFLAGS=--cap-lints=warn" "-e" "CARGO_HOME=/opt/rustwide/cargo-home" "-e" "RUSTUP_HOME=/opt/rustwide/rustup-home" "-w" "/opt/rustwide/workdir" "-m" "1610612736" "--user" "0:0" "--network" "none" "ghcr.io/rust-lang/crates-build-env/linux@sha256:2788e3201cd34a07e3172128adcd8b3090168a8e3bcc40d7c032b9dda1df7d1c" "/opt/rustwide/cargo-home/bin/cargo" "+1.75.0" "build" "--frozen" "--message-format=json", kill_on_drop: false }`
[INFO] [stdout] 6f904ee23bf20ae8b9409c7b9e3105974a9f6e1249133571f11a6ddc0b4adf3f
[INFO] running `Command { std: "docker" "start" "-a" "6f904ee23bf20ae8b9409c7b9e3105974a9f6e1249133571f11a6ddc0b4adf3f", kill_on_drop: false }`
[INFO] [stderr]    Compiling proc-macro2 v1.0.75
[INFO] [stderr]    Compiling libc v0.2.151
[INFO] [stderr]    Compiling glob v0.3.1
[INFO] [stderr]    Compiling rustix v0.38.28
[INFO] [stderr]    Compiling prettyplease v0.2.16
[INFO] [stderr]    Compiling linux-raw-sys v0.4.12
[INFO] [stderr]    Compiling cfg-if v1.0.0
[INFO] [stderr]    Compiling regex-syntax v0.8.2
[INFO] [stderr]    Compiling bitflags v2.4.1
[INFO] [stderr]    Compiling memchr v2.7.1
[INFO] [stderr]    Compiling minimal-lexical v0.2.1
[INFO] [stderr]    Compiling clang-sys v1.7.0
[INFO] [stderr]    Compiling libloading v0.8.1
[INFO] [stderr]    Compiling either v1.9.0
[INFO] [stderr]    Compiling home v0.5.9
[INFO] [stderr]    Compiling bindgen v0.69.1
[INFO] [stderr]    Compiling cc v1.0.83
[INFO] [stderr]    Compiling log v0.4.20
[INFO] [stderr]    Compiling quote v1.0.35
[INFO] [stderr]    Compiling nom v7.1.3
[INFO] [stderr]    Compiling syn v2.0.48
[INFO] [stderr]    Compiling peeking_take_while v0.1.2
[INFO] [stderr]    Compiling shlex v1.2.0
[INFO] [stderr]    Compiling rustc-hash v1.1.0
[INFO] [stderr]    Compiling lazycell v1.3.0
[INFO] [stderr]    Compiling lazy_static v1.4.0
[INFO] [stderr]    Compiling cmake v0.1.50
[INFO] [stderr]    Compiling which v4.4.2
[INFO] [stderr]    Compiling regex-automata v0.4.3
[INFO] [stderr]    Compiling cexpr v0.6.0
[INFO] [stderr]    Compiling regex v1.10.2
[INFO] [stderr]    Compiling zydis-sys v0.1.0 (/opt/rustwide/workdir)
[INFO] [stderr]     Finished dev [unoptimized + debuginfo] target(s) in 10.64s
[INFO] running `Command { std: "docker" "inspect" "6f904ee23bf20ae8b9409c7b9e3105974a9f6e1249133571f11a6ddc0b4adf3f", kill_on_drop: false }`
[INFO] running `Command { std: "docker" "rm" "-f" "6f904ee23bf20ae8b9409c7b9e3105974a9f6e1249133571f11a6ddc0b4adf3f", kill_on_drop: false }`
[INFO] [stdout] 6f904ee23bf20ae8b9409c7b9e3105974a9f6e1249133571f11a6ddc0b4adf3f
[INFO] running `Command { std: "docker" "create" "-v" "/var/lib/crater-agent-workspace/builds/worker-3-tc1/target:/opt/rustwide/target:rw,Z" "-v" "/var/lib/crater-agent-workspace/builds/worker-3-tc1/source:/opt/rustwide/workdir:ro,Z" "-v" "/var/lib/crater-agent-workspace/cargo-home:/opt/rustwide/cargo-home:ro,Z" "-v" "/var/lib/crater-agent-workspace/rustup-home:/opt/rustwide/rustup-home:ro,Z" "-e" "SOURCE_DIR=/opt/rustwide/workdir" "-e" "CARGO_TARGET_DIR=/opt/rustwide/target" "-e" "CARGO_INCREMENTAL=0" "-e" "RUST_BACKTRACE=full" "-e" "RUSTFLAGS=--cap-lints=warn" "-e" "RUSTDOCFLAGS=--cap-lints=warn" "-e" "CARGO_HOME=/opt/rustwide/cargo-home" "-e" "RUSTUP_HOME=/opt/rustwide/rustup-home" "-w" "/opt/rustwide/workdir" "-m" "1610612736" "--user" "0:0" "--network" "none" "ghcr.io/rust-lang/crates-build-env/linux@sha256:2788e3201cd34a07e3172128adcd8b3090168a8e3bcc40d7c032b9dda1df7d1c" "/opt/rustwide/cargo-home/bin/cargo" "+1.75.0" "test" "--frozen" "--no-run" "--message-format=json", kill_on_drop: false }`
[INFO] [stdout] 4d6296adaefda425543e7ee6e1f5345551ade6025900f381c0e72adce6ff4ed2
[INFO] running `Command { std: "docker" "start" "-a" "4d6296adaefda425543e7ee6e1f5345551ade6025900f381c0e72adce6ff4ed2", kill_on_drop: false }`
[INFO] [stderr]    Compiling zydis-sys v0.1.0 (/opt/rustwide/workdir)
[INFO] [stderr]     Finished test [unoptimized + debuginfo] target(s) in 0.90s
[INFO] running `Command { std: "docker" "inspect" "4d6296adaefda425543e7ee6e1f5345551ade6025900f381c0e72adce6ff4ed2", kill_on_drop: false }`
[INFO] running `Command { std: "docker" "rm" "-f" "4d6296adaefda425543e7ee6e1f5345551ade6025900f381c0e72adce6ff4ed2", kill_on_drop: false }`
[INFO] [stdout] 4d6296adaefda425543e7ee6e1f5345551ade6025900f381c0e72adce6ff4ed2
[INFO] running `Command { std: "docker" "create" "-v" "/var/lib/crater-agent-workspace/builds/worker-3-tc1/target:/opt/rustwide/target:rw,Z" "-v" "/var/lib/crater-agent-workspace/builds/worker-3-tc1/source:/opt/rustwide/workdir:ro,Z" "-v" "/var/lib/crater-agent-workspace/cargo-home:/opt/rustwide/cargo-home:ro,Z" "-v" "/var/lib/crater-agent-workspace/rustup-home:/opt/rustwide/rustup-home:ro,Z" "-e" "SOURCE_DIR=/opt/rustwide/workdir" "-e" "CARGO_TARGET_DIR=/opt/rustwide/target" "-e" "CARGO_INCREMENTAL=0" "-e" "RUST_BACKTRACE=full" "-e" "RUSTFLAGS=--cap-lints=warn" "-e" "RUSTDOCFLAGS=--cap-lints=warn" "-e" "CARGO_HOME=/opt/rustwide/cargo-home" "-e" "RUSTUP_HOME=/opt/rustwide/rustup-home" "-w" "/opt/rustwide/workdir" "-m" "1610612736" "--user" "0:0" "--network" "none" "ghcr.io/rust-lang/crates-build-env/linux@sha256:2788e3201cd34a07e3172128adcd8b3090168a8e3bcc40d7c032b9dda1df7d1c" "/opt/rustwide/cargo-home/bin/cargo" "+1.75.0" "test" "--frozen", kill_on_drop: false }`
[INFO] [stdout] c3654f1249d6308855c89adb57bfc9c7a04af69c730c6cf0272b5cc9a8894800
[INFO] running `Command { std: "docker" "start" "-a" "c3654f1249d6308855c89adb57bfc9c7a04af69c730c6cf0272b5cc9a8894800", kill_on_drop: false }`
[INFO] [stderr]     Finished test [unoptimized + debuginfo] target(s) in 0.03s
[INFO] [stderr]      Running unittests src/lib.rs (/opt/rustwide/target/debug/deps/zydis_sys-147b9841f4476da2)
[INFO] [stdout] 
[INFO] [stdout] running 58 tests
[INFO] [stdout] test bindgen_test_layout_ZyanAllocator_ ... ok
[INFO] [stdout] test bindgen_test_layout_ZyanStringView_ ... ok
[INFO] [stdout] test bindgen_test_layout_ZyanString_ ... ok
[INFO] [stdout] test bindgen_test_layout_ZyanVector_ ... ok
[INFO] [stdout] test bindgen_test_layout_ZydisAccessedFlags_ ... ok
[INFO] [stdout] test bindgen_test_layout_ZydisDecodedInstructionAvx_ ... ok
[INFO] [stdout] test bindgen_test_layout_ZydisDecodedInstructionAvx__ZydisDecodedInstructionAvxBroadcast_ ... ok
[INFO] [stdout] test bindgen_test_layout_ZydisDecodedInstructionAvx__ZydisDecodedInstructionAvxConversion_ ... ok
[INFO] [stdout] test bindgen_test_layout_ZydisDecodedInstructionAvx__ZydisDecodedInstructionAvxMask_ ... ok
[INFO] [stdout] test bindgen_test_layout_ZydisDecodedInstructionAvx__ZydisDecodedInstructionAvxRounding_ ... ok
[INFO] [stdout] test bindgen_test_layout_ZydisDecodedInstructionAvx__ZydisDecodedInstructionAvxSwizzle_ ... ok
[INFO] [stdout] test bindgen_test_layout_ZydisDecodedInstructionMeta_ ... ok
[INFO] [stdout] test bindgen_test_layout_ZydisDecodedInstructionRawEvex ... ok
[INFO] [stdout] test bindgen_test_layout_ZydisDecodedInstructionRawMvex_ ... ok
[INFO] [stdout] test bindgen_test_layout_ZydisDecodedInstructionRawRex_ ... ok
[INFO] [stdout] test bindgen_test_layout_ZydisDecodedInstructionRawXop_ ... ok
[INFO] [stdout] test bindgen_test_layout_ZydisDecodedInstructionRaw__ZydisDecodedInstructionModRm_ ... ok
[INFO] [stdout] test bindgen_test_layout_ZydisDecodedInstructionRawVex_ ... ok
[INFO] [stdout] test bindgen_test_layout_ZydisDecodedInstructionRaw__ZydisDecodedInstructionRawImm_ ... ok
[INFO] [stdout] test bindgen_test_layout_ZydisDecodedInstructionRaw_ ... ok
[INFO] [stdout] test bindgen_test_layout_ZydisDecodedInstructionRaw__ZydisDecodedInstructionRawImm__ZydisDecodedInstructionRawImmValue_ ... ok
[INFO] [stdout] test bindgen_test_layout_ZydisDecodedInstructionRaw__ZydisDecodedInstructionRawDisp_ ... ok
[INFO] [stdout] test bindgen_test_layout_ZydisDecodedInstructionRaw__ZydisDecodedInstructionRawPrefixes_ ... ok
[INFO] [stdout] test bindgen_test_layout_ZydisDecodedInstructionRaw__ZydisDecodedInstructionRawSib_ ... ok
[INFO] [stdout] test bindgen_test_layout_ZydisDecodedOperandImm_ ... ok
[INFO] [stdout] test bindgen_test_layout_ZydisDecodedOperandImm__ZydisDecodedOperandImmValue_ ... ok
[INFO] [stdout] test bindgen_test_layout_ZydisDecodedInstructionRaw___bindgen_ty_1 ... ok
[INFO] [stdout] test bindgen_test_layout_ZydisDecodedInstruction_ ... ok
[INFO] [stdout] test bindgen_test_layout_ZydisDecodedOperandMem_ ... ok
[INFO] [stdout] test bindgen_test_layout_ZydisDecodedOperandMem__ZydisDecodedOperandMemDisp_ ... ok
[INFO] [stdout] test bindgen_test_layout_ZydisDecodedOperandPtr_ ... ok
[INFO] [stdout] test bindgen_test_layout_ZydisDecodedOperandReg_ ... ok
[INFO] [stdout] test bindgen_test_layout_ZydisDecoderContext_ ... ok
[INFO] [stdout] test bindgen_test_layout_ZydisDecoderContext___bindgen_ty_1 ... ok
[INFO] [stdout] test bindgen_test_layout_ZydisDecodedOperand___bindgen_ty_1 ... ok
[INFO] [stdout] test bindgen_test_layout_ZydisDecoderContext___bindgen_ty_2 ... ok
[INFO] [stdout] test bindgen_test_layout_ZydisDecodedOperand_ ... ok
[INFO] [stdout] test bindgen_test_layout_ZydisDecoderContext___bindgen_ty_3 ... ok
[INFO] [stdout] test bindgen_test_layout_ZydisDisassembledInstruction_ ... ok
[INFO] [stdout] test bindgen_test_layout_ZydisEncoderOperand_ ... ok
[INFO] [stdout] test bindgen_test_layout_ZydisEncoderOperand__ZydisEncoderOperandImm_ ... ok
[INFO] [stdout] test bindgen_test_layout_ZydisEncoderOperand__ZydisEncoderOperandMem_ ... ok
[INFO] [stdout] test bindgen_test_layout_ZydisDecoder_ ... ok
[INFO] [stdout] test bindgen_test_layout_ZydisDecoderContext___bindgen_ty_4 ... ok
[INFO] [stdout] test bindgen_test_layout_ZydisEncoderOperand__ZydisEncoderOperandPtr_ ... ok
[INFO] [stdout] test bindgen_test_layout_ZydisEncoderRequest__ZydisEncoderRequestMvexFeatures_ ... ok
[INFO] [stdout] test bindgen_test_layout_ZydisEncoderRequest_ ... ok
[INFO] [stdout] test bindgen_test_layout_ZydisFormatterBuffer_ ... ok
[INFO] [stdout] test bindgen_test_layout_ZydisEncoderOperand__ZydisEncoderOperandReg_ ... ok
[INFO] [stdout] test bindgen_test_layout_ZydisFormatterToken_ ... ok
[INFO] [stdout] test bindgen_test_layout_ZydisFormatterContext_ ... ok
[INFO] [stdout] test bindgen_test_layout_ZydisEncoderRequest__ZydisEncoderRequestEvexFeatures_ ... ok
[INFO] [stdout] test bindgen_test_layout_ZydisFormatter_ ... ok
[INFO] [stdout] test bindgen_test_layout_ZydisInstructionSegments_ ... ok
[INFO] [stdout] test bindgen_test_layout_ZydisInstructionSegments___bindgen_ty_1 ... ok
[INFO] [stdout] test bindgen_test_layout_ZydisFormatter___bindgen_ty_1 ... ok
[INFO] [stdout] test bindgen_test_layout_ZydisRegisterContext_ ... ok
[INFO] [stdout] test bindgen_test_layout_ZydisShortString_ ... ok
[INFO] [stdout] 
[INFO] [stdout] test result: ok. 58 passed; 0 failed; 0 ignored; 0 measured; 0 filtered out; finished in 0.00s
[INFO] [stdout] 
[INFO] [stderr]    Doc-tests zydis-sys
[INFO] [stdout] 
[INFO] [stdout] running 10 tests
[INFO] [stdout] test /opt/rustwide/target/debug/build/zydis-sys-0a14bafe1786e084/out/zydis.rs - ZyanStringConcatCustomBuffer (line 15) ... FAILED
[INFO] [stdout] test /opt/rustwide/target/debug/build/zydis-sys-0a14bafe1786e084/out/zydis.rs - ZyanStringConcatEx (line 8) ... FAILED
[INFO] [stdout] test /opt/rustwide/target/debug/build/zydis-sys-0a14bafe1786e084/out/zydis.rs - ZyanStringDuplicateCustomBuffer (line 12) ... FAILED
[INFO] [stdout] test /opt/rustwide/target/debug/build/zydis-sys-0a14bafe1786e084/out/zydis.rs - ZyanStringDuplicateEx (line 10) ... FAILED
[INFO] [stdout] test /opt/rustwide/target/debug/build/zydis-sys-0a14bafe1786e084/out/zydis.rs - ZyanStringConcatEx (line 14) ... FAILED
[INFO] [stdout] test /opt/rustwide/target/debug/build/zydis-sys-0a14bafe1786e084/out/zydis.rs - ZyanStringConcatCustomBuffer (line 8) ... FAILED
[INFO] [stdout] test /opt/rustwide/target/debug/build/zydis-sys-0a14bafe1786e084/out/zydis.rs - ZyanStringCompare (line 9) ... FAILED
[INFO] [stdout] test /opt/rustwide/target/debug/build/zydis-sys-0a14bafe1786e084/out/zydis.rs - ZyanStringCompareI (line 9) ... FAILED
[INFO] [stdout] test /opt/rustwide/target/debug/build/zydis-sys-0a14bafe1786e084/out/zydis.rs - ZyanVectorDuplicateCustomBuffer (line 11) ... FAILED
[INFO] [stdout] test /opt/rustwide/target/debug/build/zydis-sys-0a14bafe1786e084/out/zydis.rs - ZyanVectorDuplicateEx (line 10) ... FAILED
[INFO] [stdout] 
[INFO] [stdout] failures:
[INFO] [stdout] 
[INFO] [stdout] ---- /opt/rustwide/target/debug/build/zydis-sys-0a14bafe1786e084/out/zydis.rs - ZyanStringConcatCustomBuffer (line 15) stdout ----
[INFO] [stdout] error: expected one of `!`, `.`, `::`, `;`, `?`, `{`, `}`, or an operator, found `function`
[INFO] [stdout]  --> /opt/rustwide/target/debug/build/zydis-sys-0a14bafe1786e084/out/zydis.rs:16:6
[INFO] [stdout]   |
[INFO] [stdout] 3 | This function will fail, if the capacity of the buffer is less or equal to
[INFO] [stdout]   |      ^^^^^^^^ expected one of 8 possible tokens
[INFO] [stdout] 
[INFO] [stdout] error: aborting due to previous error
[INFO] [stdout] 
[INFO] [stdout] Couldn't compile the test.
[INFO] [stdout] ---- /opt/rustwide/target/debug/build/zydis-sys-0a14bafe1786e084/out/zydis.rs - ZyanStringConcatEx (line 8) stdout ----
[INFO] [stdout] error: unknown start of token: `
[INFO] [stdout]  --> /opt/rustwide/target/debug/build/zydis-sys-0a14bafe1786e084/out/zydis.rs:9:45
[INFO] [stdout]   |
[INFO] [stdout] 3 | This function will fail, if the destination `ZyanString` instance
[INFO] [stdout]   |                                             ^
[INFO] [stdout]   |
[INFO] [stdout] help: Unicode character '`' (Grave Accent) looks like ''' (Single Quote), but it is not
[INFO] [stdout]   |
[INFO] [stdout] 3 | This function will fail, if the destination 'ZyanString` instance
[INFO] [stdout]   |                                             ~
[INFO] [stdout] 
[INFO] [stdout] error: unknown start of token: `
[INFO] [stdout]  --> /opt/rustwide/target/debug/build/zydis-sys-0a14bafe1786e084/out/zydis.rs:9:56
[INFO] [stdout]   |
[INFO] [stdout] 3 | This function will fail, if the destination `ZyanString` instance
[INFO] [stdout]   |                                                        ^
[INFO] [stdout]   |
[INFO] [stdout] help: Unicode character '`' (Grave Accent) looks like ''' (Single Quote), but it is not
[INFO] [stdout]   |
[INFO] [stdout] 3 | This function will fail, if the destination `ZyanString' instance
[INFO] [stdout]   |                                                        ~
[INFO] [stdout] 
[INFO] [stdout] error: expected one of `!`, `.`, `::`, `;`, `?`, `{`, `}`, or an operator, found `function`
[INFO] [stdout]  --> /opt/rustwide/target/debug/build/zydis-sys-0a14bafe1786e084/out/zydis.rs:9:6
[INFO] [stdout]   |
[INFO] [stdout] 3 | This function will fail, if the destination `ZyanString` instance
[INFO] [stdout]   |      ^^^^^^^^ expected one of 8 possible tokens
[INFO] [stdout] 
[INFO] [stdout] error: aborting due to 3 previous errors
[INFO] [stdout] 
[INFO] [stdout] Couldn't compile the test.
[INFO] [stdout] ---- /opt/rustwide/target/debug/build/zydis-sys-0a14bafe1786e084/out/zydis.rs - ZyanStringDuplicateCustomBuffer (line 12) stdout ----
[INFO] [stdout] error: expected one of `!`, `.`, `::`, `;`, `?`, `{`, `}`, or an operator, found `function`
[INFO] [stdout]  --> /opt/rustwide/target/debug/build/zydis-sys-0a14bafe1786e084/out/zydis.rs:13:6
[INFO] [stdout]   |
[INFO] [stdout] 3 | This function will fail, if the capacity of the buffer is less or equal to
[INFO] [stdout]   |      ^^^^^^^^ expected one of 8 possible tokens
[INFO] [stdout] 
[INFO] [stdout] error: aborting due to previous error
[INFO] [stdout] 
[INFO] [stdout] Couldn't compile the test.
[INFO] [stdout] ---- /opt/rustwide/target/debug/build/zydis-sys-0a14bafe1786e084/out/zydis.rs - ZyanStringDuplicateEx (line 10) stdout ----
[INFO] [stdout] error: expected one of `!`, `.`, `::`, `;`, `?`, `{`, `}`, or an operator, found `value`
[INFO] [stdout]  --> /opt/rustwide/target/debug/build/zydis-sys-0a14bafe1786e084/out/zydis.rs:11:6
[INFO] [stdout]   |
[INFO] [stdout] 3 | This value is automatically adjusted to the size of the source
[INFO] [stdout]   |      ^^^^^ expected one of 8 possible tokens
[INFO] [stdout] 
[INFO] [stdout] error: aborting due to previous error
[INFO] [stdout] 
[INFO] [stdout] Couldn't compile the test.
[INFO] [stdout] ---- /opt/rustwide/target/debug/build/zydis-sys-0a14bafe1786e084/out/zydis.rs - ZyanStringConcatEx (line 14) stdout ----
[INFO] [stdout] error: expected one of `!`, `.`, `::`, `;`, `?`, `{`, `}`, or an operator, found `value`
[INFO] [stdout]  --> /opt/rustwide/target/debug/build/zydis-sys-0a14bafe1786e084/out/zydis.rs:15:6
[INFO] [stdout]   |
[INFO] [stdout] 3 | This value is automatically adjusted to the combined size of the
[INFO] [stdout]   |      ^^^^^ expected one of 8 possible tokens
[INFO] [stdout] 
[INFO] [stdout] error: aborting due to previous error
[INFO] [stdout] 
[INFO] [stdout] Couldn't compile the test.
[INFO] [stdout] ---- /opt/rustwide/target/debug/build/zydis-sys-0a14bafe1786e084/out/zydis.rs - ZyanStringConcatCustomBuffer (line 8) stdout ----
[INFO] [stdout] error: unknown start of token: `
[INFO] [stdout]  --> /opt/rustwide/target/debug/build/zydis-sys-0a14bafe1786e084/out/zydis.rs:9:45
[INFO] [stdout]   |
[INFO] [stdout] 3 | This function will fail, if the destination `ZyanString` instance equals
[INFO] [stdout]   |                                             ^
[INFO] [stdout]   |
[INFO] [stdout] help: Unicode character '`' (Grave Accent) looks like ''' (Single Quote), but it is not
[INFO] [stdout]   |
[INFO] [stdout] 3 | This function will fail, if the destination 'ZyanString` instance equals
[INFO] [stdout]   |                                             ~
[INFO] [stdout] 
[INFO] [stdout] error: unknown start of token: `
[INFO] [stdout]  --> /opt/rustwide/target/debug/build/zydis-sys-0a14bafe1786e084/out/zydis.rs:9:56
[INFO] [stdout]   |
[INFO] [stdout] 3 | This function will fail, if the destination `ZyanString` instance equals
[INFO] [stdout]   |                                                        ^
[INFO] [stdout]   |
[INFO] [stdout] help: Unicode character '`' (Grave Accent) looks like ''' (Single Quote), but it is not
[INFO] [stdout]   |
[INFO] [stdout] 3 | This function will fail, if the destination `ZyanString' instance equals
[INFO] [stdout]   |                                                        ~
[INFO] [stdout] 
[INFO] [stdout] error: expected one of `!`, `.`, `::`, `;`, `?`, `{`, `}`, or an operator, found `function`
[INFO] [stdout]  --> /opt/rustwide/target/debug/build/zydis-sys-0a14bafe1786e084/out/zydis.rs:9:6
[INFO] [stdout]   |
[INFO] [stdout] 3 | This function will fail, if the destination `ZyanString` instance equals
[INFO] [stdout]   |      ^^^^^^^^ expected one of 8 possible tokens
[INFO] [stdout] 
[INFO] [stdout] error: aborting due to 3 previous errors
[INFO] [stdout] 
[INFO] [stdout] Couldn't compile the test.
[INFO] [stdout] ---- /opt/rustwide/target/debug/build/zydis-sys-0a14bafe1786e084/out/zydis.rs - ZyanStringCompare (line 9) stdout ----
[INFO] [stdout] error: unknown start of token: `
[INFO] [stdout]  --> /opt/rustwide/target/debug/build/zydis-sys-0a14bafe1786e084/out/zydis.rs:11:16
[INFO] [stdout]   |
[INFO] [stdout] 4 |              - `result  < 0` -> The first character that does not match has a lower value
[INFO] [stdout]   |                ^
[INFO] [stdout]   |
[INFO] [stdout] help: Unicode character '`' (Grave Accent) looks like ''' (Single Quote), but it is not
[INFO] [stdout]   |
[INFO] [stdout] 4 |              - 'result  < 0` -> The first character that does not match has a lower value
[INFO] [stdout]   |                ~
[INFO] [stdout] 
[INFO] [stdout] error: unknown start of token: `
[INFO] [stdout]  --> /opt/rustwide/target/debug/build/zydis-sys-0a14bafe1786e084/out/zydis.rs:11:28
[INFO] [stdout]   |
[INFO] [stdout] 4 |              - `result  < 0` -> The first character that does not match has a lower value
[INFO] [stdout]   |                            ^
[INFO] [stdout]   |
[INFO] [stdout] help: Unicode character '`' (Grave Accent) looks like ''' (Single Quote), but it is not
[INFO] [stdout]   |
[INFO] [stdout] 4 |              - `result  < 0' -> The first character that does not match has a lower value
[INFO] [stdout]   |                            ~
[INFO] [stdout] 
[INFO] [stdout] error: unknown start of token: `
[INFO] [stdout]  --> /opt/rustwide/target/debug/build/zydis-sys-0a14bafe1786e084/out/zydis.rs:12:19
[INFO] [stdout]   |
[INFO] [stdout] 5 |                in `s1` than in `s2`.
[INFO] [stdout]   |                   ^
[INFO] [stdout]   |
[INFO] [stdout] help: Unicode character '`' (Grave Accent) looks like ''' (Single Quote), but it is not
[INFO] [stdout]   |
[INFO] [stdout] 5 |                in 's1` than in `s2`.
[INFO] [stdout]   |                   ~
[INFO] [stdout] 
[INFO] [stdout] error: unknown start of token: `
[INFO] [stdout]  --> /opt/rustwide/target/debug/build/zydis-sys-0a14bafe1786e084/out/zydis.rs:12:22
[INFO] [stdout]   |
[INFO] [stdout] 5 |                in `s1` than in `s2`.
[INFO] [stdout]   |                      ^
[INFO] [stdout]   |
[INFO] [stdout] help: Unicode character '`' (Grave Accent) looks like ''' (Single Quote), but it is not
[INFO] [stdout]   |
[INFO] [stdout] 5 |                in `s1' than in `s2`.
[INFO] [stdout]   |                      ~
[INFO] [stdout] 
[INFO] [stdout] error: unknown start of token: `
[INFO] [stdout]  --> /opt/rustwide/target/debug/build/zydis-sys-0a14bafe1786e084/out/zydis.rs:12:32
[INFO] [stdout]   |
[INFO] [stdout] 5 |                in `s1` than in `s2`.
[INFO] [stdout]   |                                ^
[INFO] [stdout]   |
[INFO] [stdout] help: Unicode character '`' (Grave Accent) looks like ''' (Single Quote), but it is not
[INFO] [stdout]   |
[INFO] [stdout] 5 |                in `s1` than in 's2`.
[INFO] [stdout]   |                                ~
[INFO] [stdout] 
[INFO] [stdout] error: unknown start of token: `
[INFO] [stdout]  --> /opt/rustwide/target/debug/build/zydis-sys-0a14bafe1786e084/out/zydis.rs:12:35
[INFO] [stdout]   |
[INFO] [stdout] 5 |                in `s1` than in `s2`.
[INFO] [stdout]   |                                   ^
[INFO] [stdout]   |
[INFO] [stdout] help: Unicode character '`' (Grave Accent) looks like ''' (Single Quote), but it is not
[INFO] [stdout]   |
[INFO] [stdout] 5 |                in `s1` than in `s2'.
[INFO] [stdout]   |                                   ~
[INFO] [stdout] 
[INFO] [stdout] error: unknown start of token: `
[INFO] [stdout]  --> /opt/rustwide/target/debug/build/zydis-sys-0a14bafe1786e084/out/zydis.rs:13:16
[INFO] [stdout]   |
[INFO] [stdout] 6 |              - `result == 0` -> The contents of both strings are equal.
[INFO] [stdout]   |                ^
[INFO] [stdout]   |
[INFO] [stdout] help: Unicode character '`' (Grave Accent) looks like ''' (Single Quote), but it is not
[INFO] [stdout]   |
[INFO] [stdout] 6 |              - 'result == 0` -> The contents of both strings are equal.
[INFO] [stdout]   |                ~
[INFO] [stdout] 
[INFO] [stdout] error: unknown start of token: `
[INFO] [stdout]  --> /opt/rustwide/target/debug/build/zydis-sys-0a14bafe1786e084/out/zydis.rs:13:28
[INFO] [stdout]   |
[INFO] [stdout] 6 |              - `result == 0` -> The contents of both strings are equal.
[INFO] [stdout]   |                            ^
[INFO] [stdout]   |
[INFO] [stdout] help: Unicode character '`' (Grave Accent) looks like ''' (Single Quote), but it is not
[INFO] [stdout]   |
[INFO] [stdout] 6 |              - `result == 0' -> The contents of both strings are equal.
[INFO] [stdout]   |                            ~
[INFO] [stdout] 
[INFO] [stdout] error: unknown start of token: `
[INFO] [stdout]  --> /opt/rustwide/target/debug/build/zydis-sys-0a14bafe1786e084/out/zydis.rs:14:16
[INFO] [stdout]   |
[INFO] [stdout] 7 |              - `result  > 0` -> The first character that does not match has a greater value
[INFO] [stdout]   |                ^
[INFO] [stdout]   |
[INFO] [stdout] help: Unicode character '`' (Grave Accent) looks like ''' (Single Quote), but it is not
[INFO] [stdout]   |
[INFO] [stdout] 7 |              - 'result  > 0` -> The first character that does not match has a greater value
[INFO] [stdout]   |                ~
[INFO] [stdout] 
[INFO] [stdout] error: unknown start of token: `
[INFO] [stdout]  --> /opt/rustwide/target/debug/build/zydis-sys-0a14bafe1786e084/out/zydis.rs:14:28
[INFO] [stdout]   |
[INFO] [stdout] 7 |              - `result  > 0` -> The first character that does not match has a greater value
[INFO] [stdout]   |                            ^
[INFO] [stdout]   |
[INFO] [stdout] help: Unicode character '`' (Grave Accent) looks like ''' (Single Quote), but it is not
[INFO] [stdout]   |
[INFO] [stdout] 7 |              - `result  > 0' -> The first character that does not match has a greater value
[INFO] [stdout]   |                            ~
[INFO] [stdout] 
[INFO] [stdout] error: unknown start of token: `
[INFO] [stdout]  --> /opt/rustwide/target/debug/build/zydis-sys-0a14bafe1786e084/out/zydis.rs:15:19
[INFO] [stdout]   |
[INFO] [stdout] 8 |                in `s1` than in `s2`.
[INFO] [stdout]   |                   ^
[INFO] [stdout]   |
[INFO] [stdout] help: Unicode character '`' (Grave Accent) looks like ''' (Single Quote), but it is not
[INFO] [stdout]   |
[INFO] [stdout] 8 |                in 's1` than in `s2`.
[INFO] [stdout]   |                   ~
[INFO] [stdout] 
[INFO] [stdout] error: unknown start of token: `
[INFO] [stdout]  --> /opt/rustwide/target/debug/build/zydis-sys-0a14bafe1786e084/out/zydis.rs:15:22
[INFO] [stdout]   |
[INFO] [stdout] 8 |                in `s1` than in `s2`.
[INFO] [stdout]   |                      ^
[INFO] [stdout]   |
[INFO] [stdout] help: Unicode character '`' (Grave Accent) looks like ''' (Single Quote), but it is not
[INFO] [stdout]   |
[INFO] [stdout] 8 |                in `s1' than in `s2`.
[INFO] [stdout]   |                      ~
[INFO] [stdout] 
[INFO] [stdout] error: unknown start of token: `
[INFO] [stdout]  --> /opt/rustwide/target/debug/build/zydis-sys-0a14bafe1786e084/out/zydis.rs:15:32
[INFO] [stdout]   |
[INFO] [stdout] 8 |                in `s1` than in `s2`.
[INFO] [stdout]   |                                ^
[INFO] [stdout]   |
[INFO] [stdout] help: Unicode character '`' (Grave Accent) looks like ''' (Single Quote), but it is not
[INFO] [stdout]   |
[INFO] [stdout] 8 |                in `s1` than in 's2`.
[INFO] [stdout]   |                                ~
[INFO] [stdout] 
[INFO] [stdout] error: unknown start of token: `
[INFO] [stdout]  --> /opt/rustwide/target/debug/build/zydis-sys-0a14bafe1786e084/out/zydis.rs:15:35
[INFO] [stdout]   |
[INFO] [stdout] 8 |                in `s1` than in `s2`.
[INFO] [stdout]   |                                   ^
[INFO] [stdout]   |
[INFO] [stdout] help: Unicode character '`' (Grave Accent) looks like ''' (Single Quote), but it is not
[INFO] [stdout]   |
[INFO] [stdout] 8 |                in `s1` than in `s2'.
[INFO] [stdout]   |                                   ~
[INFO] [stdout] 
[INFO] [stdout] error: statements are terminated with a semicolon
[INFO] [stdout]  --> /opt/rustwide/target/debug/build/zydis-sys-0a14bafe1786e084/out/zydis.rs:10:7
[INFO] [stdout]   |
[INFO] [stdout] 3 | Values:
[INFO] [stdout]   |       ^ help: use a semicolon instead: `;`
[INFO] [stdout] 
[INFO] [stdout] error: expected one of `.`, `;`, `?`, `}`, or an operator, found `->`
[INFO] [stdout]  --> /opt/rustwide/target/debug/build/zydis-sys-0a14bafe1786e084/out/zydis.rs:11:30
[INFO] [stdout]   |
[INFO] [stdout] 4 |              - `result  < 0` -> The first character that does not match has a lower value
[INFO] [stdout]   |                              ^^ expected one of `.`, `;`, `?`, `}`, or an operator
[INFO] [stdout] 
[INFO] [stdout] error: aborting due to 16 previous errors
[INFO] [stdout] 
[INFO] [stdout] Couldn't compile the test.
[INFO] [stdout] ---- /opt/rustwide/target/debug/build/zydis-sys-0a14bafe1786e084/out/zydis.rs - ZyanStringCompareI (line 9) stdout ----
[INFO] [stdout] error: unknown start of token: `
[INFO] [stdout]  --> /opt/rustwide/target/debug/build/zydis-sys-0a14bafe1786e084/out/zydis.rs:11:16
[INFO] [stdout]   |
[INFO] [stdout] 4 |              - `result  < 0` -> The first character that does not match has a lower value
[INFO] [stdout]   |                ^
[INFO] [stdout]   |
[INFO] [stdout] help: Unicode character '`' (Grave Accent) looks like ''' (Single Quote), but it is not
[INFO] [stdout]   |
[INFO] [stdout] 4 |              - 'result  < 0` -> The first character that does not match has a lower value
[INFO] [stdout]   |                ~
[INFO] [stdout] 
[INFO] [stdout] error: unknown start of token: `
[INFO] [stdout]  --> /opt/rustwide/target/debug/build/zydis-sys-0a14bafe1786e084/out/zydis.rs:11:28
[INFO] [stdout]   |
[INFO] [stdout] 4 |              - `result  < 0` -> The first character that does not match has a lower value
[INFO] [stdout]   |                            ^
[INFO] [stdout]   |
[INFO] [stdout] help: Unicode character '`' (Grave Accent) looks like ''' (Single Quote), but it is not
[INFO] [stdout]   |
[INFO] [stdout] 4 |              - `result  < 0' -> The first character that does not match has a lower value
[INFO] [stdout]   |                            ~
[INFO] [stdout] 
[INFO] [stdout] error: unknown start of token: `
[INFO] [stdout]  --> /opt/rustwide/target/debug/build/zydis-sys-0a14bafe1786e084/out/zydis.rs:12:19
[INFO] [stdout]   |
[INFO] [stdout] 5 |                in `s1` than in `s2`.
[INFO] [stdout]   |                   ^
[INFO] [stdout]   |
[INFO] [stdout] help: Unicode character '`' (Grave Accent) looks like ''' (Single Quote), but it is not
[INFO] [stdout]   |
[INFO] [stdout] 5 |                in 's1` than in `s2`.
[INFO] [stdout]   |                   ~
[INFO] [stdout] 
[INFO] [stdout] error: unknown start of token: `
[INFO] [stdout]  --> /opt/rustwide/target/debug/build/zydis-sys-0a14bafe1786e084/out/zydis.rs:12:22
[INFO] [stdout]   |
[INFO] [stdout] 5 |                in `s1` than in `s2`.
[INFO] [stdout]   |                      ^
[INFO] [stdout]   |
[INFO] [stdout] help: Unicode character '`' (Grave Accent) looks like ''' (Single Quote), but it is not
[INFO] [stdout]   |
[INFO] [stdout] 5 |                in `s1' than in `s2`.
[INFO] [stdout]   |                      ~
[INFO] [stdout] 
[INFO] [stdout] error: unknown start of token: `
[INFO] [stdout]  --> /opt/rustwide/target/debug/build/zydis-sys-0a14bafe1786e084/out/zydis.rs:12:32
[INFO] [stdout]   |
[INFO] [stdout] 5 |                in `s1` than in `s2`.
[INFO] [stdout]   |                                ^
[INFO] [stdout]   |
[INFO] [stdout] help: Unicode character '`' (Grave Accent) looks like ''' (Single Quote), but it is not
[INFO] [stdout]   |
[INFO] [stdout] 5 |                in `s1` than in 's2`.
[INFO] [stdout]   |                                ~
[INFO] [stdout] 
[INFO] [stdout] error: unknown start of token: `
[INFO] [stdout]  --> /opt/rustwide/target/debug/build/zydis-sys-0a14bafe1786e084/out/zydis.rs:12:35
[INFO] [stdout]   |
[INFO] [stdout] 5 |                in `s1` than in `s2`.
[INFO] [stdout]   |                                   ^
[INFO] [stdout]   |
[INFO] [stdout] help: Unicode character '`' (Grave Accent) looks like ''' (Single Quote), but it is not
[INFO] [stdout]   |
[INFO] [stdout] 5 |                in `s1` than in `s2'.
[INFO] [stdout]   |                                   ~
[INFO] [stdout] 
[INFO] [stdout] error: unknown start of token: `
[INFO] [stdout]  --> /opt/rustwide/target/debug/build/zydis-sys-0a14bafe1786e084/out/zydis.rs:13:16
[INFO] [stdout]   |
[INFO] [stdout] 6 |              - `result == 0` -> The contents of both strings are equal.
[INFO] [stdout]   |                ^
[INFO] [stdout]   |
[INFO] [stdout] help: Unicode character '`' (Grave Accent) looks like ''' (Single Quote), but it is not
[INFO] [stdout]   |
[INFO] [stdout] 6 |              - 'result == 0` -> The contents of both strings are equal.
[INFO] [stdout]   |                ~
[INFO] [stdout] 
[INFO] [stdout] error: unknown start of token: `
[INFO] [stdout]  --> /opt/rustwide/target/debug/build/zydis-sys-0a14bafe1786e084/out/zydis.rs:13:28
[INFO] [stdout]   |
[INFO] [stdout] 6 |              - `result == 0` -> The contents of both strings are equal.
[INFO] [stdout]   |                            ^
[INFO] [stdout]   |
[INFO] [stdout] help: Unicode character '`' (Grave Accent) looks like ''' (Single Quote), but it is not
[INFO] [stdout]   |
[INFO] [stdout] 6 |              - `result == 0' -> The contents of both strings are equal.
[INFO] [stdout]   |                            ~
[INFO] [stdout] 
[INFO] [stdout] error: unknown start of token: `
[INFO] [stdout]  --> /opt/rustwide/target/debug/build/zydis-sys-0a14bafe1786e084/out/zydis.rs:14:16
[INFO] [stdout]   |
[INFO] [stdout] 7 |              - `result  > 0` -> The first character that does not match has a greater value
[INFO] [stdout]   |                ^
[INFO] [stdout]   |
[INFO] [stdout] help: Unicode character '`' (Grave Accent) looks like ''' (Single Quote), but it is not
[INFO] [stdout]   |
[INFO] [stdout] 7 |              - 'result  > 0` -> The first character that does not match has a greater value
[INFO] [stdout]   |                ~
[INFO] [stdout] 
[INFO] [stdout] error: unknown start of token: `
[INFO] [stdout]  --> /opt/rustwide/target/debug/build/zydis-sys-0a14bafe1786e084/out/zydis.rs:14:28
[INFO] [stdout]   |
[INFO] [stdout] 7 |              - `result  > 0` -> The first character that does not match has a greater value
[INFO] [stdout]   |                            ^
[INFO] [stdout]   |
[INFO] [stdout] help: Unicode character '`' (Grave Accent) looks like ''' (Single Quote), but it is not
[INFO] [stdout]   |
[INFO] [stdout] 7 |              - `result  > 0' -> The first character that does not match has a greater value
[INFO] [stdout]   |                            ~
[INFO] [stdout] 
[INFO] [stdout] error: unknown start of token: `
[INFO] [stdout]  --> /opt/rustwide/target/debug/build/zydis-sys-0a14bafe1786e084/out/zydis.rs:15:19
[INFO] [stdout]   |
[INFO] [stdout] 8 |                in `s1` than in `s2`.
[INFO] [stdout]   |                   ^
[INFO] [stdout]   |
[INFO] [stdout] help: Unicode character '`' (Grave Accent) looks like ''' (Single Quote), but it is not
[INFO] [stdout]   |
[INFO] [stdout] 8 |                in 's1` than in `s2`.
[INFO] [stdout]   |                   ~
[INFO] [stdout] 
[INFO] [stdout] error: unknown start of token: `
[INFO] [stdout]  --> /opt/rustwide/target/debug/build/zydis-sys-0a14bafe1786e084/out/zydis.rs:15:22
[INFO] [stdout]   |
[INFO] [stdout] 8 |                in `s1` than in `s2`.
[INFO] [stdout]   |                      ^
[INFO] [stdout]   |
[INFO] [stdout] help: Unicode character '`' (Grave Accent) looks like ''' (Single Quote), but it is not
[INFO] [stdout]   |
[INFO] [stdout] 8 |                in `s1' than in `s2`.
[INFO] [stdout]   |                      ~
[INFO] [stdout] 
[INFO] [stdout] error: unknown start of token: `
[INFO] [stdout]  --> /opt/rustwide/target/debug/build/zydis-sys-0a14bafe1786e084/out/zydis.rs:15:32
[INFO] [stdout]   |
[INFO] [stdout] 8 |                in `s1` than in `s2`.
[INFO] [stdout]   |                                ^
[INFO] [stdout]   |
[INFO] [stdout] help: Unicode character '`' (Grave Accent) looks like ''' (Single Quote), but it is not
[INFO] [stdout]   |
[INFO] [stdout] 8 |                in `s1` than in 's2`.
[INFO] [stdout]   |                                ~
[INFO] [stdout] 
[INFO] [stdout] error: unknown start of token: `
[INFO] [stdout]  --> /opt/rustwide/target/debug/build/zydis-sys-0a14bafe1786e084/out/zydis.rs:15:35
[INFO] [stdout]   |
[INFO] [stdout] 8 |                in `s1` than in `s2`.
[INFO] [stdout]   |                                   ^
[INFO] [stdout]   |
[INFO] [stdout] help: Unicode character '`' (Grave Accent) looks like ''' (Single Quote), but it is not
[INFO] [stdout]   |
[INFO] [stdout] 8 |                in `s1` than in `s2'.
[INFO] [stdout]   |                                   ~
[INFO] [stdout] 
[INFO] [stdout] error: statements are terminated with a semicolon
[INFO] [stdout]  --> /opt/rustwide/target/debug/build/zydis-sys-0a14bafe1786e084/out/zydis.rs:10:7
[INFO] [stdout]   |
[INFO] [stdout] 3 | Values:
[INFO] [stdout]   |       ^ help: use a semicolon instead: `;`
[INFO] [stdout] 
[INFO] [stdout] error: expected one of `.`, `;`, `?`, `}`, or an operator, found `->`
[INFO] [stdout]  --> /opt/rustwide/target/debug/build/zydis-sys-0a14bafe1786e084/out/zydis.rs:11:30
[INFO] [stdout]   |
[INFO] [stdout] 4 |              - `result  < 0` -> The first character that does not match has a lower value
[INFO] [stdout]   |                              ^^ expected one of `.`, `;`, `?`, `}`, or an operator
[INFO] [stdout] 
[INFO] [stdout] error: aborting due to 16 previous errors
[INFO] [stdout] 
[INFO] [stdout] Couldn't compile the test.
[INFO] [stdout] ---- /opt/rustwide/target/debug/build/zydis-sys-0a14bafe1786e084/out/zydis.rs - ZyanVectorDuplicateCustomBuffer (line 11) stdout ----
[INFO] [stdout] error: expected one of `!`, `.`, `::`, `;`, `?`, `{`, `}`, or an operator, found `function`
[INFO] [stdout]  --> /opt/rustwide/target/debug/build/zydis-sys-0a14bafe1786e084/out/zydis.rs:12:6
[INFO] [stdout]   |
[INFO] [stdout] 3 | This function will fail, if the capacity of the buffer is less than the
[INFO] [stdout]   |      ^^^^^^^^ expected one of 8 possible tokens
[INFO] [stdout] 
[INFO] [stdout] error: aborting due to previous error
[INFO] [stdout] 
[INFO] [stdout] Couldn't compile the test.
[INFO] [stdout] ---- /opt/rustwide/target/debug/build/zydis-sys-0a14bafe1786e084/out/zydis.rs - ZyanVectorDuplicateEx (line 10) stdout ----
[INFO] [stdout] error: expected one of `!`, `.`, `::`, `;`, `?`, `{`, `}`, or an operator, found `value`
[INFO] [stdout]  --> /opt/rustwide/target/debug/build/zydis-sys-0a14bafe1786e084/out/zydis.rs:11:6
[INFO] [stdout]   |
[INFO] [stdout] 3 | This value is automatically adjusted to the size of the source
[INFO] [stdout]   |      ^^^^^ expected one of 8 possible tokens
[INFO] [stdout] 
[INFO] [stdout] error: aborting due to previous error
[INFO] [stdout] 
[INFO] [stdout] Couldn't compile the test.
[INFO] [stdout] 
[INFO] [stdout] failures:
[INFO] [stdout]     /opt/rustwide/target/debug/build/zydis-sys-0a14bafe1786e084/out/zydis.rs - ZyanStringCompare (line 9)
[INFO] [stdout]     /opt/rustwide/target/debug/build/zydis-sys-0a14bafe1786e084/out/zydis.rs - ZyanStringCompareI (line 9)
[INFO] [stdout]     /opt/rustwide/target/debug/build/zydis-sys-0a14bafe1786e084/out/zydis.rs - ZyanStringConcatCustomBuffer (line 15)
[INFO] [stdout]     /opt/rustwide/target/debug/build/zydis-sys-0a14bafe1786e084/out/zydis.rs - ZyanStringConcatCustomBuffer (line 8)
[INFO] [stdout]     /opt/rustwide/target/debug/build/zydis-sys-0a14bafe1786e084/out/zydis.rs - ZyanStringConcatEx (line 14)
[INFO] [stdout]     /opt/rustwide/target/debug/build/zydis-sys-0a14bafe1786e084/out/zydis.rs - ZyanStringConcatEx (line 8)
[INFO] [stdout]     /opt/rustwide/target/debug/build/zydis-sys-0a14bafe1786e084/out/zydis.rs - ZyanStringDuplicateCustomBuffer (line 12)
[INFO] [stdout]     /opt/rustwide/target/debug/build/zydis-sys-0a14bafe1786e084/out/zydis.rs - ZyanStringDuplicateEx (line 10)
[INFO] [stdout]     /opt/rustwide/target/debug/build/zydis-sys-0a14bafe1786e084/out/zydis.rs - ZyanVectorDuplicateCustomBuffer (line 11)
[INFO] [stdout]     /opt/rustwide/target/debug/build/zydis-sys-0a14bafe1786e084/out/zydis.rs - ZyanVectorDuplicateEx (line 10)
[INFO] [stdout] 
[INFO] [stdout] test result: FAILED. 0 passed; 10 failed; 0 ignored; 0 measured; 0 filtered out; finished in 0.07s
[INFO] [stdout] 
[INFO] [stderr] error: doctest failed, to rerun pass `--doc`
[INFO] running `Command { std: "docker" "inspect" "c3654f1249d6308855c89adb57bfc9c7a04af69c730c6cf0272b5cc9a8894800", kill_on_drop: false }`
[INFO] running `Command { std: "docker" "rm" "-f" "c3654f1249d6308855c89adb57bfc9c7a04af69c730c6cf0272b5cc9a8894800", kill_on_drop: false }`
[INFO] [stdout] c3654f1249d6308855c89adb57bfc9c7a04af69c730c6cf0272b5cc9a8894800
