[INFO] fetching crate zproto 0.3.4...
[INFO] testing zproto-0.3.4 against 1.75.0 for beta-1.76-1
[INFO] extracting crate zproto 0.3.4 into /workspace/builds/worker-1-tc1/source
[INFO] validating manifest of crates.io crate zproto 0.3.4 on toolchain 1.75.0
[INFO] running `Command { std: CARGO_HOME="/workspace/cargo-home" RUSTUP_HOME="/workspace/rustup-home" "/workspace/cargo-home/bin/cargo" "+1.75.0" "metadata" "--manifest-path" "Cargo.toml" "--no-deps", kill_on_drop: false }`
[INFO] started tweaking crates.io crate zproto 0.3.4
[INFO] removed 0 missing examples
[INFO] finished tweaking crates.io crate zproto 0.3.4
[INFO] tweaked toml for crates.io crate zproto 0.3.4 written to /workspace/builds/worker-1-tc1/source/Cargo.toml
[INFO] crate crates.io crate zproto 0.3.4 already has a lockfile, it will not be regenerated
[INFO] running `Command { std: CARGO_HOME="/workspace/cargo-home" RUSTUP_HOME="/workspace/rustup-home" "/workspace/cargo-home/bin/cargo" "+1.75.0" "fetch" "--manifest-path" "Cargo.toml", kill_on_drop: false }`
[INFO] [stderr]  Downloading crates ...
[INFO] [stderr]   Downloaded serialport v4.2.2
[INFO] [stderr]   Downloaded libudev v0.3.0
[INFO] running `Command { std: "docker" "create" "-v" "/var/lib/crater-agent-workspace/builds/worker-1-tc1/target:/opt/rustwide/target:rw,Z" "-v" "/var/lib/crater-agent-workspace/builds/worker-1-tc1/source:/opt/rustwide/workdir:ro,Z" "-v" "/var/lib/crater-agent-workspace/cargo-home:/opt/rustwide/cargo-home:ro,Z" "-v" "/var/lib/crater-agent-workspace/rustup-home:/opt/rustwide/rustup-home:ro,Z" "-e" "SOURCE_DIR=/opt/rustwide/workdir" "-e" "CARGO_TARGET_DIR=/opt/rustwide/target" "-e" "CARGO_HOME=/opt/rustwide/cargo-home" "-e" "RUSTUP_HOME=/opt/rustwide/rustup-home" "-w" "/opt/rustwide/workdir" "-m" "1610612736" "--user" "0:0" "--network" "none" "ghcr.io/rust-lang/crates-build-env/linux@sha256:2788e3201cd34a07e3172128adcd8b3090168a8e3bcc40d7c032b9dda1df7d1c" "/opt/rustwide/cargo-home/bin/cargo" "+1.75.0" "metadata" "--no-deps" "--format-version=1", kill_on_drop: false }`
[INFO] [stdout] da8b96aa70f1d0845a3444ab5d499d957bf339eff4e062cb6571548a1aa4db37
[INFO] running `Command { std: "docker" "start" "-a" "da8b96aa70f1d0845a3444ab5d499d957bf339eff4e062cb6571548a1aa4db37", kill_on_drop: false }`
[INFO] running `Command { std: "docker" "inspect" "da8b96aa70f1d0845a3444ab5d499d957bf339eff4e062cb6571548a1aa4db37", kill_on_drop: false }`
[INFO] running `Command { std: "docker" "rm" "-f" "da8b96aa70f1d0845a3444ab5d499d957bf339eff4e062cb6571548a1aa4db37", kill_on_drop: false }`
[INFO] [stdout] da8b96aa70f1d0845a3444ab5d499d957bf339eff4e062cb6571548a1aa4db37
[INFO] running `Command { std: "docker" "create" "-v" "/var/lib/crater-agent-workspace/builds/worker-1-tc1/target:/opt/rustwide/target:rw,Z" "-v" "/var/lib/crater-agent-workspace/builds/worker-1-tc1/source:/opt/rustwide/workdir:ro,Z" "-v" "/var/lib/crater-agent-workspace/cargo-home:/opt/rustwide/cargo-home:ro,Z" "-v" "/var/lib/crater-agent-workspace/rustup-home:/opt/rustwide/rustup-home:ro,Z" "-e" "SOURCE_DIR=/opt/rustwide/workdir" "-e" "CARGO_TARGET_DIR=/opt/rustwide/target" "-e" "CARGO_INCREMENTAL=0" "-e" "RUST_BACKTRACE=full" "-e" "RUSTFLAGS=--cap-lints=warn" "-e" "RUSTDOCFLAGS=--cap-lints=warn" "-e" "CARGO_HOME=/opt/rustwide/cargo-home" "-e" "RUSTUP_HOME=/opt/rustwide/rustup-home" "-w" "/opt/rustwide/workdir" "-m" "1610612736" "--user" "0:0" "--network" "none" "ghcr.io/rust-lang/crates-build-env/linux@sha256:2788e3201cd34a07e3172128adcd8b3090168a8e3bcc40d7c032b9dda1df7d1c" "/opt/rustwide/cargo-home/bin/cargo" "+1.75.0" "build" "--frozen" "--message-format=json", kill_on_drop: false }`
[INFO] [stdout] 6d38573690f179d06c88112625ccde0f61c339ed6b0e8ad4ea32e3b8dc65d959
[INFO] running `Command { std: "docker" "start" "-a" "6d38573690f179d06c88112625ccde0f61c339ed6b0e8ad4ea32e3b8dc65d959", kill_on_drop: false }`
[INFO] [stderr]    Compiling libc v0.2.149
[INFO] [stderr]    Compiling libudev-sys v0.1.4
[INFO] [stderr]    Compiling paste v1.0.14
[INFO] [stderr]    Compiling bitflags v1.3.2
[INFO] [stderr]    Compiling bitflags v2.0.2
[INFO] [stderr]    Compiling scopeguard v1.2.0
[INFO] [stderr]    Compiling log v0.4.20
[INFO] [stderr]    Compiling nix v0.26.4
[INFO] [stderr]    Compiling libudev v0.3.0
[INFO] [stderr]    Compiling serialport v4.2.2
[INFO] [stderr]    Compiling zproto v0.3.4 (/opt/rustwide/workdir)
[INFO] [stderr]     Finished dev [unoptimized + debuginfo] target(s) in 3.84s
[INFO] running `Command { std: "docker" "inspect" "6d38573690f179d06c88112625ccde0f61c339ed6b0e8ad4ea32e3b8dc65d959", kill_on_drop: false }`
[INFO] running `Command { std: "docker" "rm" "-f" "6d38573690f179d06c88112625ccde0f61c339ed6b0e8ad4ea32e3b8dc65d959", kill_on_drop: false }`
[INFO] [stdout] 6d38573690f179d06c88112625ccde0f61c339ed6b0e8ad4ea32e3b8dc65d959
[INFO] running `Command { std: "docker" "create" "-v" "/var/lib/crater-agent-workspace/builds/worker-1-tc1/target:/opt/rustwide/target:rw,Z" "-v" "/var/lib/crater-agent-workspace/builds/worker-1-tc1/source:/opt/rustwide/workdir:ro,Z" "-v" "/var/lib/crater-agent-workspace/cargo-home:/opt/rustwide/cargo-home:ro,Z" "-v" "/var/lib/crater-agent-workspace/rustup-home:/opt/rustwide/rustup-home:ro,Z" "-e" "SOURCE_DIR=/opt/rustwide/workdir" "-e" "CARGO_TARGET_DIR=/opt/rustwide/target" "-e" "CARGO_INCREMENTAL=0" "-e" "RUST_BACKTRACE=full" "-e" "RUSTFLAGS=--cap-lints=warn" "-e" "RUSTDOCFLAGS=--cap-lints=warn" "-e" "CARGO_HOME=/opt/rustwide/cargo-home" "-e" "RUSTUP_HOME=/opt/rustwide/rustup-home" "-w" "/opt/rustwide/workdir" "-m" "1610612736" "--user" "0:0" "--network" "none" "ghcr.io/rust-lang/crates-build-env/linux@sha256:2788e3201cd34a07e3172128adcd8b3090168a8e3bcc40d7c032b9dda1df7d1c" "/opt/rustwide/cargo-home/bin/cargo" "+1.75.0" "test" "--frozen" "--no-run" "--message-format=json", kill_on_drop: false }`
[INFO] [stdout] fa4b45fd679520b174d39f1db408b64875b8147661626486d8c222312c7a1faa
[INFO] running `Command { std: "docker" "start" "-a" "fa4b45fd679520b174d39f1db408b64875b8147661626486d8c222312c7a1faa", kill_on_drop: false }`
[INFO] [stderr]    Compiling proc-macro2 v1.0.69
[INFO] [stderr]    Compiling io-lifetimes v1.0.11
[INFO] [stderr]    Compiling rustix v0.37.24
[INFO] [stderr]    Compiling serde v1.0.188
[INFO] [stderr]    Compiling itoa v1.0.9
[INFO] [stderr]    Compiling linux-raw-sys v0.3.8
[INFO] [stderr]    Compiling serde_json v1.0.107
[INFO] [stderr]    Compiling time-core v0.1.2
[INFO] [stderr]    Compiling num_threads v0.1.6
[INFO] [stderr]    Compiling trybuild v1.0.85
[INFO] [stderr]    Compiling deranged v0.3.8
[INFO] [stderr]    Compiling log v0.4.20
[INFO] [stderr]    Compiling ryu v1.0.15
[INFO] [stderr]    Compiling lazy_static v1.4.0
[INFO] [stderr]    Compiling once_cell v1.18.0
[INFO] [stderr]    Compiling termcolor v1.3.0
[INFO] [stderr]    Compiling glob v0.3.1
[INFO] [stderr]    Compiling static_assertions v1.1.0
[INFO] [stderr]    Compiling time-macros v0.2.15
[INFO] [stderr]    Compiling zproto v0.3.4 (/opt/rustwide/workdir)
[INFO] [stderr]    Compiling quote v1.0.33
[INFO] [stderr]    Compiling syn v2.0.38
[INFO] [stderr]    Compiling time v0.3.29
[INFO] [stderr]    Compiling is-terminal v0.4.7
[INFO] [stderr]    Compiling colored v2.0.4
[INFO] [stderr]    Compiling simple_logger v4.2.0
[INFO] [stderr]    Compiling serde_derive v1.0.188
[INFO] [stderr]    Compiling basic-toml v0.1.4
[INFO] [stderr]     Finished test [unoptimized + debuginfo] target(s) in 8.98s
[INFO] running `Command { std: "docker" "inspect" "fa4b45fd679520b174d39f1db408b64875b8147661626486d8c222312c7a1faa", kill_on_drop: false }`
[INFO] running `Command { std: "docker" "rm" "-f" "fa4b45fd679520b174d39f1db408b64875b8147661626486d8c222312c7a1faa", kill_on_drop: false }`
[INFO] [stdout] fa4b45fd679520b174d39f1db408b64875b8147661626486d8c222312c7a1faa
[INFO] running `Command { std: "docker" "create" "-v" "/var/lib/crater-agent-workspace/builds/worker-1-tc1/target:/opt/rustwide/target:rw,Z" "-v" "/var/lib/crater-agent-workspace/builds/worker-1-tc1/source:/opt/rustwide/workdir:ro,Z" "-v" "/var/lib/crater-agent-workspace/cargo-home:/opt/rustwide/cargo-home:ro,Z" "-v" "/var/lib/crater-agent-workspace/rustup-home:/opt/rustwide/rustup-home:ro,Z" "-e" "SOURCE_DIR=/opt/rustwide/workdir" "-e" "CARGO_TARGET_DIR=/opt/rustwide/target" "-e" "CARGO_INCREMENTAL=0" "-e" "RUST_BACKTRACE=full" "-e" "RUSTFLAGS=--cap-lints=warn" "-e" "RUSTDOCFLAGS=--cap-lints=warn" "-e" "CARGO_HOME=/opt/rustwide/cargo-home" "-e" "RUSTUP_HOME=/opt/rustwide/rustup-home" "-w" "/opt/rustwide/workdir" "-m" "1610612736" "--user" "0:0" "--network" "none" "ghcr.io/rust-lang/crates-build-env/linux@sha256:2788e3201cd34a07e3172128adcd8b3090168a8e3bcc40d7c032b9dda1df7d1c" "/opt/rustwide/cargo-home/bin/cargo" "+1.75.0" "test" "--frozen", kill_on_drop: false }`
[INFO] [stdout] e3fe491e9e510a89fac81b17e7c2f709accc9ff125d59fad1d111076184d7f5f
[INFO] running `Command { std: "docker" "start" "-a" "e3fe491e9e510a89fac81b17e7c2f709accc9ff125d59fad1d111076184d7f5f", kill_on_drop: false }`
[INFO] [stderr]     Finished test [unoptimized + debuginfo] target(s) in 0.03s
[INFO] [stderr]      Running unittests src/lib.rs (/opt/rustwide/target/debug/deps/zproto-3dc66e3d600b9014)
[INFO] [stdout] 
[INFO] [stdout] running 73 tests
[INFO] [stdout] test ascii::checksum::test::test_lrc_writer ... ok
[INFO] [stdout] test ascii::checksum::test::test_lrc ... ok
[INFO] [stdout] test ascii::checksum::test::test_lrc_writer_reset_hash ... ok
[INFO] [stdout] test ascii::command::test::test_target ... ok
[INFO] [stdout] test ascii::command::test::test_max_packet_size ... ok
[INFO] [stdout] test ascii::command::test::test_command_writer_cannot_split ... ok
[INFO] [stdout] test ascii::command::test::test_command_writer_custom_packet_size ... ok
[INFO] [stdout] test ascii::command::test::test_command_writer ... ok
[INFO] [stdout] test ascii::parse::packet::type_test::type_alias ... ok
[INFO] [stdout] test ascii::parse::token::test::iter ... ok
[INFO] [stdout] test ascii::parse::token::test::type_alias ... ok
[INFO] [stdout] test ascii::parse::test::parse ... ok
[INFO] [stdout] test ascii::port::test::command_replies_mixed_cont_until_timeout_unexpected_alert ... ok
[INFO] [stdout] test ascii::port::test::command_replies_mixed_cont_until_timeout_ok ... ok
[INFO] [stdout] test ascii::port::test::command_replies_until_timeout_fail ... ok
[INFO] [stdout] test ascii::port::test::command_replies_until_timeout_ok ... ok
[INFO] [stdout] test ascii::port::test::command_reply_fail ... ok
[INFO] [stdout] test ascii::port::test::command_replies_until_timeout_unexpected_alert ... ok
[INFO] [stdout] test ascii::port::test::command_reply_n_fail ... ok
[INFO] [stdout] test ascii::port::test::explicit_alert_response_does_not_trigger_unexpected_alert_callback ... ok
[INFO] [stdout] test ascii::port::test::command_reply_unexpected_alert ... ok
[INFO] [stdout] test ascii::port::test::command_reply_n_ok ... ok
[INFO] [stdout] test ascii::port::test::command_reply_n_unexpected_alert ... ok
[INFO] [stdout] test ascii::port::test::command_reply_ok ... ok
[INFO] [stdout] test ascii::port::test::poisoned_command ... ok
[INFO] [stdout] test ascii::port::test::poisoned_command_reply ... ok
[INFO] [stdout] test ascii::port::test::poisoned_command_reply_infos_with_check ... ok
[INFO] [stdout] test ascii::port::test::poisoned_command_reply_n ... ok
[INFO] [stdout] test ascii::port::test::poisoned_command_reply_n_with_check ... ok
[INFO] [stdout] test ascii::port::test::poisoned_command_reply_with_check ... ok
[INFO] [stdout] test ascii::port::test::poisoned_command_reply_infos ... ok
[INFO] [stdout] test ascii::port::test::poisoned_poll_until ... ok
[INFO] [stdout] test ascii::port::test::poisoned_poll_until_idle ... ok
[INFO] [stdout] test ascii::port::test::poisoned_poll_until_idle_with_check ... ok
[INFO] [stdout] test ascii::port::test::poisoned_response_with_check ... ok
[INFO] [stdout] test ascii::port::test::poisoned_poll_until_with_check ... ok
[INFO] [stdout] test ascii::port::test::poisoned_responses_until_timeout ... ok
[INFO] [stdout] test ascii::port::test::poisoned_response ... ok
[INFO] [stdout] test ascii::port::test::poisoned_response_n ... ok
[INFO] [stdout] test ascii::port::test::poisoned_responses_until_timeout_with_check ... ok
[INFO] [stdout] test ascii::port::test::poisoned_timeout_guard ... ok
[INFO] [stdout] test ascii::port::test::response_until_timeout_fail ... ok
[INFO] [stdout] test ascii::port::test::poisoned_response_n_with_check ... ok
[INFO] [stdout] test ascii::port::test::response_check::overrides ... ok
[INFO] [stdout] test ascii::port::test::reject_reserved_characters ... ok
[INFO] [stdout] test ascii::port::test::read_packet_bytes ... ok
[INFO] [stdout] test ascii::port::test::response_until_timeout_ok ... ok
[INFO] [stdout] test ascii::port::test::set_checksums ... ok
[INFO] [stdout] test ascii::port::test::set_max_packet_size ... ok
[INFO] [stdout] test ascii::port::test::type_inference_regression_test ... ok
[INFO] [stdout] test ascii::port::test::set_message_ids ... ok
[INFO] [stdout] test ascii::response::check::test::test_warning_list ... ok
[INFO] [stdout] test ascii::port::test::response_check::default ... ok
[INFO] [stdout] test ascii::test::target_default_is_all ... ok
[INFO] [stdout] test binary::command::test::command_names ... ok
[INFO] [stdout] test binary::port::test::message_ids ... ok
[INFO] [stdout] test ascii::port::test::set_packet_handler ... ok
[INFO] [stdout] test ascii::response::check::test::check_reply ... ok
[INFO] [stdout] test binary::port::test::tx_recv_n_fail ... ok
[INFO] [stdout] test binary::port::test::set_packet_handler ... ok
[INFO] [stdout] test binary::port::test::tx_recv_n_ok ... ok
[INFO] [stdout] test binary::port::test::tx_recv_fail ... ok
[INFO] [stdout] test binary::port::test::tx_recv_ok ... ok
[INFO] [stdout] test binary::test::device_message_passing_without_id ... ok
[INFO] [stdout] test binary::port::test::tx_recv_until_timeout_ok ... ok
[INFO] [stdout] test binary::test::device_message_passing_with_id ... ok
[INFO] [stdout] test binary::test::io_states ... ok
[INFO] [stdout] test binary::test::device_message_parsing_invalid_command_code ... ok
[INFO] [stdout] test binary::test::version ... ok
[INFO] [stdout] test error::binary::test::binary_error_code_names ... ok
[INFO] [stdout] test binary::test::io_state_index_gt_32 - should panic ... ok
[INFO] [stdout] test binary::test::io_state_index_0 - should panic ... ok
[INFO] [stderr]    Compiling libc v0.2.149
[INFO] [stderr]     Checking bitflags v1.3.2
[INFO] [stderr]    Compiling pkg-config v0.3.27
[INFO] [stderr]    Compiling io-lifetimes v1.0.11
[INFO] [stderr]    Compiling rustix v0.37.24
[INFO] [stderr]     Checking linux-raw-sys v0.3.8
[INFO] [stderr]    Compiling paste v1.0.14
[INFO] [stderr]     Checking cfg-if v1.0.0
[INFO] [stderr]    Compiling time-core v0.1.2
[INFO] [stderr]     Checking itoa v1.0.9
[INFO] [stderr]     Checking deranged v0.3.8
[INFO] [stderr]     Checking bitflags v2.0.2
[INFO] [stderr]     Checking num_threads v0.1.6
[INFO] [stderr]     Checking scopeguard v1.2.0
[INFO] [stderr]     Checking log v0.4.20
[INFO] [stderr]     Checking lazy_static v1.4.0
[INFO] [stderr]     Checking static_assertions v1.1.0
[INFO] [stderr]    Compiling time-macros v0.2.15
[INFO] [stderr]    Compiling libudev-sys v0.1.4
[INFO] [stderr]     Checking nix v0.26.4
[INFO] [stderr]     Checking libudev v0.3.0
[INFO] [stderr]     Checking time v0.3.29
[INFO] [stderr]     Checking is-terminal v0.4.7
[INFO] [stderr]     Checking serialport v4.2.2
[INFO] [stderr]     Checking colored v2.0.4
[INFO] [stderr]     Checking simple_logger v4.2.0
[INFO] [stderr]     Checking zproto v0.3.4 (/opt/rustwide/workdir)
[INFO] [stderr]     Checking zproto-tests v0.0.0 (/opt/rustwide/target/tests/trybuild/zproto)
[INFO] [stderr]     Finished dev [unoptimized + debuginfo] target(s) in 2.78s
[INFO] [stderr] 
[INFO] [stderr] 
[INFO] [stderr] test test/binary/01-type-inference.rs ... ok
[INFO] [stderr] test test/binary/02-port-parameters.rs ... mismatch
[INFO] [stderr] 
[INFO] [stderr] EXPECTED:
[INFO] [stderr] ┈┈┈┈┈┈┈┈┈┈┈┈┈┈┈┈┈┈┈┈┈┈┈┈┈┈┈┈┈┈┈┈┈┈┈┈┈┈┈┈┈┈┈┈┈┈┈┈┈┈┈┈┈┈┈┈┈┈┈┈
[INFO] [stderr] error[E0277]: the trait bound `(u8, Reset): ElicitsResponse` is not satisfied
[INFO] [stderr]  --> test/binary/02-port-parameters.rs:9:26
[INFO] [stderr]   |
[INFO] [stderr] 9 |     let _ = port.tx_recv((0, RESET))?;  // Shouldn't work with tx_recv
[INFO] [stderr]   |                  ------- ^^^^^^^^^^ the trait `ElicitsResponse` is not implemented for `(u8, Reset)`
[INFO] [stderr]   |                  |
[INFO] [stderr]   |                  required by a bound introduced by this call
[INFO] [stderr]   |
[INFO] [stderr]   = help: the following other types implement trait `ElicitsResponse`:
[INFO] [stderr]             (u8, u8)
[INFO] [stderr]             (u8, u8, D)
[INFO] [stderr]             (u8, Home)
[INFO] [stderr]             (u8, Home, D)
[INFO] [stderr]             (u8, Renumber)
[INFO] [stderr]             (u8, Renumber, D)
[INFO] [stderr]             (u8, StoreCurrentPosition)
[INFO] [stderr]             (u8, StoreCurrentPosition, D)
[INFO] [stderr]           and $N others
[INFO] [stderr] note: required by a bound in `zproto::binary::Port::<'a, B>::tx_recv`
[INFO] [stderr]  --> src/binary/port.rs
[INFO] [stderr]   |
[INFO] [stderr]   |     pub fn tx_recv<M>(&mut self, message: M) -> Result<Message<M::Response>, BinaryError>
[INFO] [stderr]   |            ------- required by a bound in this associated function
[INFO] [stderr]   |     where
[INFO] [stderr]   |         M: traits::TxMessage + traits::ElicitsResponse,
[INFO] [stderr]   |                                ^^^^^^^^^^^^^^^^^^^^^^^ required by this bound in `Port::<'a, B>::tx_recv`
[INFO] [stderr] 
[INFO] [stderr] error[E0277]: the trait bound `Home: TakesData<i32>` is not satisfied
[INFO] [stderr]   --> test/binary/02-port-parameters.rs:10:30
[INFO] [stderr]    |
[INFO] [stderr] 10 |     let _ = port.tx_recv((0, HOME, 0i32))?;  // Shouldn't take parameters
[INFO] [stderr]    |                  -------     ^^^^ the trait `TakesData<i32>` is not implemented for `Home`
[INFO] [stderr]    |                  |
[INFO] [stderr]    |                  required by a bound introduced by this call
[INFO] [stderr]    |
[INFO] [stderr]    = help: the following other types implement trait `TakesData<T>`:
[INFO] [stderr]              <u8 as TakesData<T>>
[INFO] [stderr]              <Renumber as TakesData<u8>>
[INFO] [stderr]              <StoreCurrentPosition as TakesData<i32>>
[INFO] [stderr]              <ReturnStoredPosition as TakesData<i32>>
[INFO] [stderr]              <MoveToStoredPosition as TakesData<i32>>
[INFO] [stderr]              <MoveAbsolute as TakesData<i32>>
[INFO] [stderr]              <MoveRelative as TakesData<i32>>
[INFO] [stderr]              <MoveAtConstantSpeed as TakesData<i32>>
[INFO] [stderr]            and $N others
[INFO] [stderr]    = note: required for `(u8, Home, i32)` to implement `TxMessage`
[INFO] [stderr] note: required by a bound in `zproto::binary::Port::<'a, B>::tx_recv`
[INFO] [stderr]   --> src/binary/port.rs
[INFO] [stderr]    |
[INFO] [stderr]    |     pub fn tx_recv<M>(&mut self, message: M) -> Result<Message<M::Response>, BinaryError>
[INFO] [stderr]    |            ------- required by a bound in this associated function
[INFO] [stderr]    |     where
[INFO] [stderr]    |         M: traits::TxMessage + traits::ElicitsResponse,
[INFO] [stderr]    |            ^^^^^^^^^^^^^^^^^ required by this bound in `Port::<'a, B>::tx_recv`
[INFO] [stderr] 
[INFO] [stderr] error[E0277]: the trait bound `MoveAbsolute: TakesNoData` is not satisfied
[INFO] [stderr]   --> test/binary/02-port-parameters.rs:11:30
[INFO] [stderr]    |
[INFO] [stderr] 11 |     let _ = port.tx_recv((0, MOVE_ABSOLUTE))?;  // Should take parameters
[INFO] [stderr]    |                  -------     ^^^^^^^^^^^^^ the trait `TakesNoData` is not implemented for `MoveAbsolute`
[INFO] [stderr]    |                  |
[INFO] [stderr]    |                  required by a bound introduced by this call
[INFO] [stderr]    |
[INFO] [stderr]    = help: the following other types implement trait `TakesNoData`:
[INFO] [stderr]              Reset
[INFO] [stderr]              Home
[INFO] [stderr]              Stop
[INFO] [stderr]              ReturnDeviceId
[INFO] [stderr]              ReturnFirmwareVersion
[INFO] [stderr]              ReturnPowerSupplyVoltage
[INFO] [stderr]              ReturnStatus
[INFO] [stderr]              ReturnFirmwareBuild
[INFO] [stderr]            and $N others
[INFO] [stderr]    = note: required for `(u8, MoveAbsolute)` to implement `TxMessage`
[INFO] [stderr] note: required by a bound in `zproto::binary::Port::<'a, B>::tx_recv`
[INFO] [stderr]   --> src/binary/port.rs
[INFO] [stderr]    |
[INFO] [stderr]    |     pub fn tx_recv<M>(&mut self, message: M) -> Result<Message<M::Response>, BinaryError>
[INFO] [stderr]    |            ------- required by a bound in this associated function
[INFO] [stderr]    |     where
[INFO] [stderr]    |         M: traits::TxMessage + traits::ElicitsResponse,
[INFO] [stderr]    |            ^^^^^^^^^^^^^^^^^ required by this bound in `Port::<'a, B>::tx_recv`
[INFO] [stderr] 
[INFO] [stderr] error[E0277]: the trait bound `MoveAbsolute: TakesData<bool>` is not satisfied
[INFO] [stderr]   --> test/binary/02-port-parameters.rs:12:30
[INFO] [stderr]    |
[INFO] [stderr] 12 |     let _ = port.tx_recv((0, MOVE_ABSOLUTE, false))?;  // Wrong parameter type
[INFO] [stderr]    |                  -------     ^^^^^^^^^^^^^ the trait `TakesData<bool>` is not implemented for `MoveAbsolute`
[INFO] [stderr]    |                  |
[INFO] [stderr]    |                  required by a bound introduced by this call
[INFO] [stderr]    |
[INFO] [stderr]    = help: the trait `TakesData<i32>` is implemented for `MoveAbsolute`
[INFO] [stderr]    = note: required for `(u8, MoveAbsolute, bool)` to implement `TxMessage`
[INFO] [stderr] note: required by a bound in `zproto::binary::Port::<'a, B>::tx_recv`
[INFO] [stderr]   --> src/binary/port.rs
[INFO] [stderr]    |
[INFO] [stderr]    |     pub fn tx_recv<M>(&mut self, message: M) -> Result<Message<M::Response>, BinaryError>
[INFO] [stderr]    |            ------- required by a bound in this associated function
[INFO] [stderr]    |     where
[INFO] [stderr]    |         M: traits::TxMessage + traits::ElicitsResponse,
[INFO] [stderr]    |            ^^^^^^^^^^^^^^^^^ required by this bound in `Port::<'a, B>::tx_recv`
[INFO] [stderr] 
[INFO] [stderr] error[E0277]: the trait bound `u8: TakesNoData` is not satisfied
[INFO] [stderr]   --> test/binary/02-port-parameters.rs:14:30
[INFO] [stderr]    |
[INFO] [stderr] 14 |     let _ = port.tx_recv((0, untyped::HOME))?;  // u8 commands require an explicit data value
[INFO] [stderr]    |                  -------     ^^^^^^^^^^^^^ the trait `TakesNoData` is not implemented for `u8`
[INFO] [stderr]    |                  |
[INFO] [stderr]    |                  required by a bound introduced by this call
[INFO] [stderr]    |
[INFO] [stderr]    = help: the following other types implement trait `TakesNoData`:
[INFO] [stderr]              Reset
[INFO] [stderr]              Home
[INFO] [stderr]              Stop
[INFO] [stderr]              ReturnDeviceId
[INFO] [stderr]              ReturnFirmwareVersion
[INFO] [stderr]              ReturnPowerSupplyVoltage
[INFO] [stderr]              ReturnStatus
[INFO] [stderr]              ReturnFirmwareBuild
[INFO] [stderr]            and $N others
[INFO] [stderr]    = note: required for `(u8, u8)` to implement `TxMessage`
[INFO] [stderr] note: required by a bound in `zproto::binary::Port::<'a, B>::tx_recv`
[INFO] [stderr]   --> src/binary/port.rs
[INFO] [stderr]    |
[INFO] [stderr]    |     pub fn tx_recv<M>(&mut self, message: M) -> Result<Message<M::Response>, BinaryError>
[INFO] [stderr]    |            ------- required by a bound in this associated function
[INFO] [stderr]    |     where
[INFO] [stderr]    |         M: traits::TxMessage + traits::ElicitsResponse,
[INFO] [stderr]    |            ^^^^^^^^^^^^^^^^^ required by this bound in `Port::<'a, B>::tx_recv`
[INFO] [stderr] 
[INFO] [stderr] error[E0277]: the trait bound `zproto::binary::command::types::Error: TakesNoData` is not satisfied
[INFO] [stderr]   --> test/binary/02-port-parameters.rs:16:17
[INFO] [stderr]    |
[INFO] [stderr] 16 |     port.tx((0, ERROR))?;  // Reply-only commands cannot be transmitted
[INFO] [stderr]    |          --     ^^^^^ the trait `TakesNoData` is not implemented for `zproto::binary::command::types::Error`
[INFO] [stderr]    |          |
[INFO] [stderr]    |          required by a bound introduced by this call
[INFO] [stderr]    |
[INFO] [stderr]    = help: the following other types implement trait `TakesNoData`:
[INFO] [stderr]              Reset
[INFO] [stderr]              Home
[INFO] [stderr]              Stop
[INFO] [stderr]              ReturnDeviceId
[INFO] [stderr]              ReturnFirmwareVersion
[INFO] [stderr]              ReturnPowerSupplyVoltage
[INFO] [stderr]              ReturnStatus
[INFO] [stderr]              ReturnFirmwareBuild
[INFO] [stderr]            and $N others
[INFO] [stderr]    = note: required for `(u8, zproto::binary::command::types::Error)` to implement `TxMessage`
[INFO] [stderr] note: required by a bound in `zproto::binary::Port::<'a, B>::tx`
[INFO] [stderr]   --> src/binary/port.rs
[INFO] [stderr]    |
[INFO] [stderr]    |     pub fn tx<M: traits::TxMessage>(&mut self, message: M) -> Result<Option<u8>, BinaryError> {
[INFO] [stderr]    |                  ^^^^^^^^^^^^^^^^^ required by this bound in `Port::<'a, B>::tx`
[INFO] [stderr] 
[INFO] [stderr] error[E0277]: the trait bound `zproto::binary::command::types::Error: TakesData<i32>` is not satisfied
[INFO] [stderr]   --> test/binary/02-port-parameters.rs:17:17
[INFO] [stderr]    |
[INFO] [stderr] 17 |     port.tx((0, ERROR, 0i32))?;  // Reply-only commands cannot be transmitted
[INFO] [stderr]    |          --     ^^^^^ the trait `TakesData<i32>` is not implemented for `zproto::binary::command::types::Error`
[INFO] [stderr]    |          |
[INFO] [stderr]    |          required by a bound introduced by this call
[INFO] [stderr]    |
[INFO] [stderr]    = help: the following other types implement trait `TakesData<T>`:
[INFO] [stderr]              <u8 as TakesData<T>>
[INFO] [stderr]              <Renumber as TakesData<u8>>
[INFO] [stderr]              <StoreCurrentPosition as TakesData<i32>>
[INFO] [stderr]              <ReturnStoredPosition as TakesData<i32>>
[INFO] [stderr]              <MoveToStoredPosition as TakesData<i32>>
[INFO] [stderr]              <MoveAbsolute as TakesData<i32>>
[INFO] [stderr]              <MoveRelative as TakesData<i32>>
[INFO] [stderr]              <MoveAtConstantSpeed as TakesData<i32>>
[INFO] [stderr]            and $N others
[INFO] [stderr]    = note: required for `(u8, zproto::binary::command::types::Error, i32)` to implement `TxMessage`
[INFO] [stderr] note: required by a bound in `zproto::binary::Port::<'a, B>::tx`
[INFO] [stderr]   --> src/binary/port.rs
[INFO] [stderr]    |
[INFO] [stderr]    |     pub fn tx<M: traits::TxMessage>(&mut self, message: M) -> Result<Option<u8>, BinaryError> {
[INFO] [stderr]    |                  ^^^^^^^^^^^^^^^^^ required by this bound in `Port::<'a, B>::tx`
[INFO] [stderr] ┈┈┈┈┈┈┈┈┈┈┈┈┈┈┈┈┈┈┈┈┈┈┈┈┈┈┈┈┈┈┈┈┈┈┈┈┈┈┈┈┈┈┈┈┈┈┈┈┈┈┈┈┈┈┈┈┈┈┈┈
[INFO] [stderr] 
[INFO] [stderr] ACTUAL OUTPUT:
[INFO] [stderr] ┈┈┈┈┈┈┈┈┈┈┈┈┈┈┈┈┈┈┈┈┈┈┈┈┈┈┈┈┈┈┈┈┈┈┈┈┈┈┈┈┈┈┈┈┈┈┈┈┈┈┈┈┈┈┈┈┈┈┈┈
[INFO] [stderr] error[E0277]: the trait bound `(u8, Reset): ElicitsResponse` is not satisfied
[INFO] [stderr]  --> test/binary/02-port-parameters.rs:9:26
[INFO] [stderr]   |
[INFO] [stderr] 9 |     let _ = port.tx_recv((0, RESET))?;  // Shouldn't work with tx_recv
[INFO] [stderr]   |                  ------- ^^^^^^^^^^ the trait `ElicitsResponse` is not implemented for `(u8, Reset)`
[INFO] [stderr]   |                  |
[INFO] [stderr]   |                  required by a bound introduced by this call
[INFO] [stderr]   |
[INFO] [stderr]   = help: the following other types implement trait `ElicitsResponse`:
[INFO] [stderr]             (u8, u8)
[INFO] [stderr]             (u8, u8, D)
[INFO] [stderr]             (u8, Home)
[INFO] [stderr]             (u8, Home, D)
[INFO] [stderr]             (u8, Renumber)
[INFO] [stderr]             (u8, Renumber, D)
[INFO] [stderr]             (u8, StoreCurrentPosition)
[INFO] [stderr]             (u8, StoreCurrentPosition, D)
[INFO] [stderr]           and $N others
[INFO] [stderr] note: required by a bound in `zproto::binary::Port::<'a, B>::tx_recv`
[INFO] [stderr]  --> src/binary/port.rs
[INFO] [stderr]   |
[INFO] [stderr]   |     pub fn tx_recv<M>(&mut self, message: M) -> Result<Message<M::Response>, BinaryError>
[INFO] [stderr]   |            ------- required by a bound in this associated function
[INFO] [stderr]   |     where
[INFO] [stderr]   |         M: traits::TxMessage + traits::ElicitsResponse,
[INFO] [stderr]   |                                ^^^^^^^^^^^^^^^^^^^^^^^ required by this bound in `Port::<'a, B>::tx_recv`
[INFO] [stderr] 
[INFO] [stderr] error[E0277]: the trait bound `Home: TakesData<i32>` is not satisfied
[INFO] [stderr]   --> test/binary/02-port-parameters.rs:10:30
[INFO] [stderr]    |
[INFO] [stderr] 10 |     let _ = port.tx_recv((0, HOME, 0i32))?;  // Shouldn't take parameters
[INFO] [stderr]    |                  -------     ^^^^ the trait `TakesData<i32>` is not implemented for `Home`
[INFO] [stderr]    |                  |
[INFO] [stderr]    |                  required by a bound introduced by this call
[INFO] [stderr]    |
[INFO] [stderr]    = help: the following other types implement trait `TakesData<T>`:
[INFO] [stderr]              <u8 as TakesData<T>>
[INFO] [stderr]              <Renumber as TakesData<u8>>
[INFO] [stderr]              <StoreCurrentPosition as TakesData<i32>>
[INFO] [stderr]              <ReturnStoredPosition as TakesData<i32>>
[INFO] [stderr]              <MoveToStoredPosition as TakesData<i32>>
[INFO] [stderr]              <MoveAbsolute as TakesData<i32>>
[INFO] [stderr]              <MoveRelative as TakesData<i32>>
[INFO] [stderr]              <MoveAtConstantSpeed as TakesData<i32>>
[INFO] [stderr]            and $N others
[INFO] [stderr]    = note: required for `(u8, Home, i32)` to implement `TxMessage`
[INFO] [stderr] note: required by a bound in `zproto::binary::Port::<'a, B>::tx_recv`
[INFO] [stderr]   --> src/binary/port.rs
[INFO] [stderr]    |
[INFO] [stderr]    |     pub fn tx_recv<M>(&mut self, message: M) -> Result<Message<M::Response>, BinaryError>
[INFO] [stderr]    |            ------- required by a bound in this associated function
[INFO] [stderr]    |     where
[INFO] [stderr]    |         M: traits::TxMessage + traits::ElicitsResponse,
[INFO] [stderr]    |            ^^^^^^^^^^^^^^^^^ required by this bound in `Port::<'a, B>::tx_recv`
[INFO] [stderr] 
[INFO] [stderr] error[E0277]: the trait bound `MoveAbsolute: TakesNoData` is not satisfied
[INFO] [stderr]   --> test/binary/02-port-parameters.rs:11:30
[INFO] [stderr]    |
[INFO] [stderr] 11 |     let _ = port.tx_recv((0, MOVE_ABSOLUTE))?;  // Should take parameters
[INFO] [stderr]    |                  -------     ^^^^^^^^^^^^^ the trait `TakesNoData` is not implemented for `MoveAbsolute`
[INFO] [stderr]    |                  |
[INFO] [stderr]    |                  required by a bound introduced by this call
[INFO] [stderr]    |
[INFO] [stderr]    = help: the following other types implement trait `TakesNoData`:
[INFO] [stderr]              Reset
[INFO] [stderr]              Home
[INFO] [stderr]              Stop
[INFO] [stderr]              ReturnDeviceId
[INFO] [stderr]              ReturnFirmwareVersion
[INFO] [stderr]              ReturnPowerSupplyVoltage
[INFO] [stderr]              ReturnStatus
[INFO] [stderr]              ReturnFirmwareBuild
[INFO] [stderr]            and $N others
[INFO] [stderr]    = note: required for `(u8, MoveAbsolute)` to implement `TxMessage`
[INFO] [stderr] note: required by a bound in `zproto::binary::Port::<'a, B>::tx_recv`
[INFO] [stderr]   --> src/binary/port.rs
[INFO] [stderr]    |
[INFO] [stderr]    |     pub fn tx_recv<M>(&mut self, message: M) -> Result<Message<M::Response>, BinaryError>
[INFO] [stderr]    |            ------- required by a bound in this associated function
[INFO] [stderr]    |     where
[INFO] [stderr]    |         M: traits::TxMessage + traits::ElicitsResponse,
[INFO] [stderr]    |            ^^^^^^^^^^^^^^^^^ required by this bound in `Port::<'a, B>::tx_recv`
[INFO] [stderr] 
[INFO] [stderr] error[E0277]: the trait bound `MoveAbsolute: TakesData<bool>` is not satisfied
[INFO] [stderr]   --> test/binary/02-port-parameters.rs:12:30
[INFO] [stderr]    |
[INFO] [stderr] 12 |     let _ = port.tx_recv((0, MOVE_ABSOLUTE, false))?;  // Wrong parameter type
[INFO] [stderr]    |                  -------     ^^^^^^^^^^^^^ the trait `TakesData<bool>` is not implemented for `MoveAbsolute`
[INFO] [stderr]    |                  |
[INFO] [stderr]    |                  required by a bound introduced by this call
[INFO] [stderr]    |
[INFO] [stderr]    = help: the trait `TakesData<i32>` is implemented for `MoveAbsolute`
[INFO] [stderr]    = help: for that trait implementation, expected `i32`, found `bool`
[INFO] [stderr]    = note: required for `(u8, MoveAbsolute, bool)` to implement `TxMessage`
[INFO] [stderr] note: required by a bound in `zproto::binary::Port::<'a, B>::tx_recv`
[INFO] [stderr]   --> src/binary/port.rs
[INFO] [stderr]    |
[INFO] [stderr]    |     pub fn tx_recv<M>(&mut self, message: M) -> Result<Message<M::Response>, BinaryError>
[INFO] [stderr]    |            ------- required by a bound in this associated function
[INFO] [stderr]    |     where
[INFO] [stderr]    |         M: traits::TxMessage + traits::ElicitsResponse,
[INFO] [stderr]    |            ^^^^^^^^^^^^^^^^^ required by this bound in `Port::<'a, B>::tx_recv`
[INFO] [stderr] 
[INFO] [stderr] error[E0277]: the trait bound `u8: TakesNoData` is not satisfied
[INFO] [stderr]   --> test/binary/02-port-parameters.rs:14:30
[INFO] [stderr]    |
[INFO] [stderr] 14 |     let _ = port.tx_recv((0, untyped::HOME))?;  // u8 commands require an explicit data value
[INFO] [stderr]    |                  -------     ^^^^^^^^^^^^^ the trait `TakesNoData` is not implemented for `u8`
[INFO] [stderr]    |                  |
[INFO] [stderr]    |                  required by a bound introduced by this call
[INFO] [stderr]    |
[INFO] [stderr]    = help: the following other types implement trait `TakesNoData`:
[INFO] [stderr]              Reset
[INFO] [stderr]              Home
[INFO] [stderr]              Stop
[INFO] [stderr]              ReturnDeviceId
[INFO] [stderr]              ReturnFirmwareVersion
[INFO] [stderr]              ReturnPowerSupplyVoltage
[INFO] [stderr]              ReturnStatus
[INFO] [stderr]              ReturnFirmwareBuild
[INFO] [stderr]            and $N others
[INFO] [stderr]    = note: required for `(u8, u8)` to implement `TxMessage`
[INFO] [stderr] note: required by a bound in `zproto::binary::Port::<'a, B>::tx_recv`
[INFO] [stderr]   --> src/binary/port.rs
[INFO] [stderr]    |
[INFO] [stderr]    |     pub fn tx_recv<M>(&mut self, message: M) -> Result<Message<M::Response>, BinaryError>
[INFO] [stderr]    |            ------- required by a bound in this associated function
[INFO] [stderr]    |     where
[INFO] [stderr]    |         M: traits::TxMessage + traits::ElicitsResponse,
[INFO] [stderr]    |            ^^^^^^^^^^^^^^^^^ required by this bound in `Port::<'a, B>::tx_recv`
[INFO] [stderr] 
[INFO] [stderr] error[E0277]: the trait bound `zproto::binary::command::types::Error: TakesNoData` is not satisfied
[INFO] [stderr]   --> test/binary/02-port-parameters.rs:16:17
[INFO] [stderr]    |
[INFO] [stderr] 16 |     port.tx((0, ERROR))?;  // Reply-only commands cannot be transmitted
[INFO] [stderr]    |          --     ^^^^^ the trait `TakesNoData` is not implemented for `zproto::binary::command::types::Error`
[INFO] [stderr]    |          |
[INFO] [stderr]    |          required by a bound introduced by this call
[INFO] [stderr]    |
[INFO] [stderr]    = help: the following other types implement trait `TakesNoData`:
[INFO] [stderr]              Reset
[INFO] [stderr]              Home
[INFO] [stderr]              Stop
[INFO] [stderr]              ReturnDeviceId
[INFO] [stderr]              ReturnFirmwareVersion
[INFO] [stderr]              ReturnPowerSupplyVoltage
[INFO] [stderr]              ReturnStatus
[INFO] [stderr]              ReturnFirmwareBuild
[INFO] [stderr]            and $N others
[INFO] [stderr]    = note: required for `(u8, zproto::binary::command::types::Error)` to implement `TxMessage`
[INFO] [stderr] note: required by a bound in `zproto::binary::Port::<'a, B>::tx`
[INFO] [stderr]   --> src/binary/port.rs
[INFO] [stderr]    |
[INFO] [stderr]    |     pub fn tx<M: traits::TxMessage>(&mut self, message: M) -> Result<Option<u8>, BinaryError> {
[INFO] [stderr]    |                  ^^^^^^^^^^^^^^^^^ required by this bound in `Port::<'a, B>::tx`
[INFO] [stderr] 
[INFO] [stderr] error[E0277]: the trait bound `zproto::binary::command::types::Error: TakesData<i32>` is not satisfied
[INFO] [stderr]   --> test/binary/02-port-parameters.rs:17:17
[INFO] [stderr]    |
[INFO] [stderr] 17 |     port.tx((0, ERROR, 0i32))?;  // Reply-only commands cannot be transmitted
[INFO] [stderr]    |          --     ^^^^^ the trait `TakesData<i32>` is not implemented for `zproto::binary::command::types::Error`
[INFO] [stderr]    |          |
[INFO] [stderr]    |          required by a bound introduced by this call
[INFO] [stderr]    |
[INFO] [stderr]    = help: the following other types implement trait `TakesData<T>`:
[INFO] [stderr]              <u8 as TakesData<T>>
[INFO] [stderr]              <Renumber as TakesData<u8>>
[INFO] [stderr]              <StoreCurrentPosition as TakesData<i32>>
[INFO] [stderr]              <ReturnStoredPosition as TakesData<i32>>
[INFO] [stderr]              <MoveToStoredPosition as TakesData<i32>>
[INFO] [stderr]              <MoveAbsolute as TakesData<i32>>
[INFO] [stderr]              <MoveRelative as TakesData<i32>>
[INFO] [stderr]              <MoveAtConstantSpeed as TakesData<i32>>
[INFO] [stderr]            and $N others
[INFO] [stderr]    = note: required for `(u8, zproto::binary::command::types::Error, i32)` to implement `TxMessage`
[INFO] [stderr] note: required by a bound in `zproto::binary::Port::<'a, B>::tx`
[INFO] [stderr]   --> src/binary/port.rs
[INFO] [stderr]    |
[INFO] [stderr]    |     pub fn tx<M: traits::TxMessage>(&mut self, message: M) -> Result<Option<u8>, BinaryError> {
[INFO] [stderr]    |                  ^^^^^^^^^^^^^^^^^ required by this bound in `Port::<'a, B>::tx`
[INFO] [stderr] ┈┈┈┈┈┈┈┈┈┈┈┈┈┈┈┈┈┈┈┈┈┈┈┈┈┈┈┈┈┈┈┈┈┈┈┈┈┈┈┈┈┈┈┈┈┈┈┈┈┈┈┈┈┈┈┈┈┈┈┈
[INFO] [stderr] note: If the actual output is the correct output you can bless it by rerunning
[INFO] [stderr]       your test with the environment variable TRYBUILD=overwrite
[INFO] [stderr] 
[INFO] [stderr] test test/binary/03-reply-data.rs ... ok
[INFO] [stderr] 
[INFO] [stderr] 
[INFO] [stdout] test binary::port::test::compile_time_errors ... FAILED
[INFO] [stdout] 
[INFO] [stdout] failures:
[INFO] [stdout] 
[INFO] [stdout] ---- binary::port::test::compile_time_errors stdout ----
[INFO] [stdout] thread 'binary::port::test::compile_time_errors' panicked at /opt/rustwide/cargo-home/registry/src/index.crates.io-6f17d22bba15001f/trybuild-1.0.85/src/run.rs:101:13:
[INFO] [stdout] 1 of 3 tests failed
[INFO] [stdout] stack backtrace:
[INFO] [stdout]    0:     0x5606e343587c - std::backtrace_rs::backtrace::libunwind::trace::ha637c64ce894333a
[INFO] [stdout]                                at /rustc/82e1608dfa6e0b5569232559e3d385fea5a93112/library/std/src/../../backtrace/src/backtrace/libunwind.rs:104:5
[INFO] [stdout]    1:     0x5606e343587c - std::backtrace_rs::backtrace::trace_unsynchronized::h47f62dea28e0c88d
[INFO] [stdout]                                at /rustc/82e1608dfa6e0b5569232559e3d385fea5a93112/library/std/src/../../backtrace/src/backtrace/mod.rs:66:5
[INFO] [stdout]    2:     0x5606e343587c - std::sys_common::backtrace::_print_fmt::h9eef0abe20ede486
[INFO] [stdout]                                at /rustc/82e1608dfa6e0b5569232559e3d385fea5a93112/library/std/src/sys_common/backtrace.rs:67:5
[INFO] [stdout]    3:     0x5606e343587c - <std::sys_common::backtrace::_print::DisplayBacktrace as core::fmt::Display>::fmt::hed7f999df88cc644
[INFO] [stdout]                                at /rustc/82e1608dfa6e0b5569232559e3d385fea5a93112/library/std/src/sys_common/backtrace.rs:44:22
[INFO] [stdout]    4:     0x5606e34629d0 - core::fmt::rt::Argument::fmt::h1539a9308b8d058d
[INFO] [stdout]                                at /rustc/82e1608dfa6e0b5569232559e3d385fea5a93112/library/core/src/fmt/rt.rs:142:9
[INFO] [stdout]    5:     0x5606e34629d0 - core::fmt::write::h3a39390d8560d9c9
[INFO] [stdout]                                at /rustc/82e1608dfa6e0b5569232559e3d385fea5a93112/library/core/src/fmt/mod.rs:1120:17
[INFO] [stdout]    6:     0x5606e343272f - std::io::Write::write_fmt::h040b369f3a0f9cbc
[INFO] [stdout]                                at /rustc/82e1608dfa6e0b5569232559e3d385fea5a93112/library/std/src/io/mod.rs:1762:15
[INFO] [stdout]    7:     0x5606e3435664 - std::sys_common::backtrace::_print::h894006fb5c6f3d45
[INFO] [stdout]                                at /rustc/82e1608dfa6e0b5569232559e3d385fea5a93112/library/std/src/sys_common/backtrace.rs:47:5
[INFO] [stdout]    8:     0x5606e3435664 - std::sys_common::backtrace::print::h23a2d212c6fff936
[INFO] [stdout]                                at /rustc/82e1608dfa6e0b5569232559e3d385fea5a93112/library/std/src/sys_common/backtrace.rs:34:9
[INFO] [stdout]    9:     0x5606e3437327 - std::panicking::default_hook::{{closure}}::h8a1d2ee00185001a
[INFO] [stdout]   10:     0x5606e3437013 - std::panicking::default_hook::h6038f2eba384e475
[INFO] [stdout]                                at /rustc/82e1608dfa6e0b5569232559e3d385fea5a93112/library/std/src/panicking.rs:289:9
[INFO] [stdout]   11:     0x5606e3403967 - <alloc::boxed::Box<F,A> as core::ops::function::Fn<Args>>::call::h0ad024c9bdc6d768
[INFO] [stdout]                                at /rustc/82e1608dfa6e0b5569232559e3d385fea5a93112/library/alloc/src/boxed.rs:2021:9
[INFO] [stdout]   12:     0x5606e3403967 - test::test_main::{{closure}}::h7500b54257359db6
[INFO] [stdout]                                at /rustc/82e1608dfa6e0b5569232559e3d385fea5a93112/library/test/src/lib.rs:138:21
[INFO] [stdout]   13:     0x5606e3437938 - <alloc::boxed::Box<F,A> as core::ops::function::Fn<Args>>::call::h1f8f335eaa9cfaee
[INFO] [stdout]                                at /rustc/82e1608dfa6e0b5569232559e3d385fea5a93112/library/alloc/src/boxed.rs:2021:9
[INFO] [stdout]   14:     0x5606e3437938 - std::panicking::rust_panic_with_hook::h2b5517d590cab22e
[INFO] [stdout]                                at /rustc/82e1608dfa6e0b5569232559e3d385fea5a93112/library/std/src/panicking.rs:783:13
[INFO] [stdout]   15:     0x5606e343768e - std::panicking::begin_panic_handler::{{closure}}::h233112c06e0ef43e
[INFO] [stdout]                                at /rustc/82e1608dfa6e0b5569232559e3d385fea5a93112/library/std/src/panicking.rs:657:13
[INFO] [stdout]   16:     0x5606e3435d46 - std::sys_common::backtrace::__rust_end_short_backtrace::h6e893f24d7ebbff8
[INFO] [stdout]                                at /rustc/82e1608dfa6e0b5569232559e3d385fea5a93112/library/std/src/sys_common/backtrace.rs:170:18
[INFO] [stdout]   17:     0x5606e34373f2 - rust_begin_unwind
[INFO] [stdout]                                at /rustc/82e1608dfa6e0b5569232559e3d385fea5a93112/library/std/src/panicking.rs:645:5
[INFO] [stdout]   18:     0x5606e3109025 - core::panicking::panic_fmt::hbf0e066aabfa482c
[INFO] [stdout]                                at /rustc/82e1608dfa6e0b5569232559e3d385fea5a93112/library/core/src/panicking.rs:72:14
[INFO] [stdout]   19:     0x5606e328387b - trybuild::run::<impl trybuild::Runner>::run::h51dece23f983c22a
[INFO] [stdout]                                at /opt/rustwide/cargo-home/registry/src/index.crates.io-6f17d22bba15001f/trybuild-1.0.85/src/run.rs:101:13
[INFO] [stdout]   20:     0x5606e3288f38 - <trybuild::TestCases as core::ops::drop::Drop>::drop::h71bea093aa81bdc0
[INFO] [stdout]                                at /opt/rustwide/cargo-home/registry/src/index.crates.io-6f17d22bba15001f/trybuild-1.0.85/src/lib.rs:315:13
[INFO] [stdout]   21:     0x5606e31b1057 - core::ptr::drop_in_place<trybuild::TestCases>::h4c0101dacb3b3b4e
[INFO] [stdout]                                at /rustc/82e1608dfa6e0b5569232559e3d385fea5a93112/library/core/src/ptr/mod.rs:498:1
[INFO] [stdout]   22:     0x5606e318f283 - zproto::binary::port::test::compile_time_errors::h4cb65fb919c089b8
[INFO] [stdout]                                at /opt/rustwide/workdir/src/binary/port.rs:1181:5
[INFO] [stdout]   23:     0x5606e318f217 - zproto::binary::port::test::compile_time_errors::{{closure}}::h236c6f25072c3b72
[INFO] [stdout]                                at /opt/rustwide/workdir/src/binary/port.rs:1178:29
[INFO] [stdout]   24:     0x5606e31ae3a6 - core::ops::function::FnOnce::call_once::h6cd0b1cc40539c97
[INFO] [stdout]                                at /rustc/82e1608dfa6e0b5569232559e3d385fea5a93112/library/core/src/ops/function.rs:250:5
[INFO] [stdout]   25:     0x5606e3408fbf - core::ops::function::FnOnce::call_once::h2b5d431d5046312d
[INFO] [stdout]                                at /rustc/82e1608dfa6e0b5569232559e3d385fea5a93112/library/core/src/ops/function.rs:250:5
[INFO] [stdout]   26:     0x5606e3408fbf - test::__rust_begin_short_backtrace::h7714669af176e207
[INFO] [stdout]                                at /rustc/82e1608dfa6e0b5569232559e3d385fea5a93112/library/test/src/lib.rs:628:18
[INFO] [stdout]   27:     0x5606e3407fd5 - test::run_test_in_process::{{closure}}::h85218797dcbcec12
[INFO] [stdout]                                at /rustc/82e1608dfa6e0b5569232559e3d385fea5a93112/library/test/src/lib.rs:651:60
[INFO] [stdout]   28:     0x5606e3407fd5 - <core::panic::unwind_safe::AssertUnwindSafe<F> as core::ops::function::FnOnce<()>>::call_once::h76c106ea31c14d7b
[INFO] [stdout]                                at /rustc/82e1608dfa6e0b5569232559e3d385fea5a93112/library/core/src/panic/unwind_safe.rs:272:9
[INFO] [stdout]   29:     0x5606e3407fd5 - std::panicking::try::do_call::h3bd5d0f6620ee946
[INFO] [stdout]                                at /rustc/82e1608dfa6e0b5569232559e3d385fea5a93112/library/std/src/panicking.rs:552:40
[INFO] [stdout]   30:     0x5606e3407fd5 - std::panicking::try::h232e535e4744fe31
[INFO] [stdout]                                at /rustc/82e1608dfa6e0b5569232559e3d385fea5a93112/library/std/src/panicking.rs:516:19
[INFO] [stdout]   31:     0x5606e3407fd5 - std::panic::catch_unwind::h3ce3bd6ca8dbac68
[INFO] [stdout]                                at /rustc/82e1608dfa6e0b5569232559e3d385fea5a93112/library/std/src/panic.rs:142:14
[INFO] [stdout]   32:     0x5606e3407fd5 - test::run_test_in_process::hc97b257c9621286a
[INFO] [stdout]                                at /rustc/82e1608dfa6e0b5569232559e3d385fea5a93112/library/test/src/lib.rs:651:27
[INFO] [stdout]   33:     0x5606e3407fd5 - test::run_test::{{closure}}::h2aa798823a438d38
[INFO] [stdout]                                at /rustc/82e1608dfa6e0b5569232559e3d385fea5a93112/library/test/src/lib.rs:574:43
[INFO] [stdout]   34:     0x5606e33d0296 - test::run_test::{{closure}}::h87d231c78fb59832
[INFO] [stdout]                                at /rustc/82e1608dfa6e0b5569232559e3d385fea5a93112/library/test/src/lib.rs:602:41
[INFO] [stdout]   35:     0x5606e33d0296 - std::sys_common::backtrace::__rust_begin_short_backtrace::he6df152596625789
[INFO] [stdout]                                at /rustc/82e1608dfa6e0b5569232559e3d385fea5a93112/library/std/src/sys_common/backtrace.rs:154:18
[INFO] [stdout]   36:     0x5606e33d5347 - std::thread::Builder::spawn_unchecked_::{{closure}}::{{closure}}::ha94be15d1e0acf36
[INFO] [stdout]                                at /rustc/82e1608dfa6e0b5569232559e3d385fea5a93112/library/std/src/thread/mod.rs:529:17
[INFO] [stdout]   37:     0x5606e33d5347 - <core::panic::unwind_safe::AssertUnwindSafe<F> as core::ops::function::FnOnce<()>>::call_once::h9dc6bd6372f16606
[INFO] [stdout]                                at /rustc/82e1608dfa6e0b5569232559e3d385fea5a93112/library/core/src/panic/unwind_safe.rs:272:9
[INFO] [stdout]   38:     0x5606e33d5347 - std::panicking::try::do_call::h9057517f80303cd4
[INFO] [stdout]                                at /rustc/82e1608dfa6e0b5569232559e3d385fea5a93112/library/std/src/panicking.rs:552:40
[INFO] [stdout]   39:     0x5606e33d5347 - std::panicking::try::he3a30b11ee45340c
[INFO] [stdout]                                at /rustc/82e1608dfa6e0b5569232559e3d385fea5a93112/library/std/src/panicking.rs:516:19
[INFO] [stdout]   40:     0x5606e33d5347 - std::panic::catch_unwind::h410458cfd3528b8b
[INFO] [stdout]                                at /rustc/82e1608dfa6e0b5569232559e3d385fea5a93112/library/std/src/panic.rs:142:14
[INFO] [stdout]   41:     0x5606e33d5347 - std::thread::Builder::spawn_unchecked_::{{closure}}::h72ac3bdb567b737b
[INFO] [stdout]                                at /rustc/82e1608dfa6e0b5569232559e3d385fea5a93112/library/std/src/thread/mod.rs:528:30
[INFO] [stdout]   42:     0x5606e33d5347 - core::ops::function::FnOnce::call_once{{vtable.shim}}::h38f34da3654a8344
[INFO] [stdout]                                at /rustc/82e1608dfa6e0b5569232559e3d385fea5a93112/library/core/src/ops/function.rs:250:5
[INFO] [stdout]   43:     0x5606e343d515 - <alloc::boxed::Box<F,A> as core::ops::function::FnOnce<Args>>::call_once::hc7eafaff61e32df9
[INFO] [stdout]                                at /rustc/82e1608dfa6e0b5569232559e3d385fea5a93112/library/alloc/src/boxed.rs:2007:9
[INFO] [stdout]   44:     0x5606e343d515 - <alloc::boxed::Box<F,A> as core::ops::function::FnOnce<Args>>::call_once::h6ba4a5de48dd2304
[INFO] [stdout]                                at /rustc/82e1608dfa6e0b5569232559e3d385fea5a93112/library/alloc/src/boxed.rs:2007:9
[INFO] [stdout]   45:     0x5606e343d515 - std::sys::unix::thread::Thread::new::thread_start::he469335aef763e45
[INFO] [stdout]                                at /rustc/82e1608dfa6e0b5569232559e3d385fea5a93112/library/std/src/sys/unix/thread.rs:108:17
[INFO] [stdout]   46:     0x7f1038b65ac3 - <unknown>
[INFO] [stdout]   47:     0x7f1038bf6bf4 - __clone
[INFO] [stdout]   48:                0x0 - <unknown>
[INFO] [stdout] 
[INFO] [stdout] 
[INFO] [stdout] failures:
[INFO] [stdout]     binary::port::test::compile_time_errors
[INFO] [stdout] 
[INFO] [stdout] test result: FAILED. 72 passed; 1 failed; 0 ignored; 0 measured; 0 filtered out; finished in 3.02s
[INFO] [stdout] 
[INFO] [stderr] error: test failed, to rerun pass `--lib`
[INFO] running `Command { std: "docker" "inspect" "e3fe491e9e510a89fac81b17e7c2f709accc9ff125d59fad1d111076184d7f5f", kill_on_drop: false }`
[INFO] running `Command { std: "docker" "rm" "-f" "e3fe491e9e510a89fac81b17e7c2f709accc9ff125d59fad1d111076184d7f5f", kill_on_drop: false }`
[INFO] [stdout] e3fe491e9e510a89fac81b17e7c2f709accc9ff125d59fad1d111076184d7f5f
[INFO] testing zproto-0.3.4 against beta-2023-12-22 for beta-1.76-1
[INFO] extracting crate zproto 0.3.4 into /workspace/builds/worker-1-tc2/source
[INFO] validating manifest of crates.io crate zproto 0.3.4 on toolchain beta-2023-12-22
[INFO] running `Command { std: CARGO_HOME="/workspace/cargo-home" RUSTUP_HOME="/workspace/rustup-home" "/workspace/cargo-home/bin/cargo" "+beta-2023-12-22" "metadata" "--manifest-path" "Cargo.toml" "--no-deps", kill_on_drop: false }`
[INFO] started tweaking crates.io crate zproto 0.3.4
[INFO] removed 0 missing examples
[INFO] finished tweaking crates.io crate zproto 0.3.4
[INFO] tweaked toml for crates.io crate zproto 0.3.4 written to /workspace/builds/worker-1-tc2/source/Cargo.toml
[INFO] crate crates.io crate zproto 0.3.4 already has a lockfile, it will not be regenerated
[INFO] running `Command { std: CARGO_HOME="/workspace/cargo-home" RUSTUP_HOME="/workspace/rustup-home" "/workspace/cargo-home/bin/cargo" "+beta-2023-12-22" "fetch" "--manifest-path" "Cargo.toml", kill_on_drop: false }`
[INFO] running `Command { std: "docker" "create" "-v" "/var/lib/crater-agent-workspace/builds/worker-1-tc2/target:/opt/rustwide/target:rw,Z" "-v" "/var/lib/crater-agent-workspace/builds/worker-1-tc2/source:/opt/rustwide/workdir:ro,Z" "-v" "/var/lib/crater-agent-workspace/cargo-home:/opt/rustwide/cargo-home:ro,Z" "-v" "/var/lib/crater-agent-workspace/rustup-home:/opt/rustwide/rustup-home:ro,Z" "-e" "SOURCE_DIR=/opt/rustwide/workdir" "-e" "CARGO_TARGET_DIR=/opt/rustwide/target" "-e" "CARGO_HOME=/opt/rustwide/cargo-home" "-e" "RUSTUP_HOME=/opt/rustwide/rustup-home" "-w" "/opt/rustwide/workdir" "-m" "1610612736" "--user" "0:0" "--network" "none" "ghcr.io/rust-lang/crates-build-env/linux@sha256:2788e3201cd34a07e3172128adcd8b3090168a8e3bcc40d7c032b9dda1df7d1c" "/opt/rustwide/cargo-home/bin/cargo" "+beta-2023-12-22" "metadata" "--no-deps" "--format-version=1", kill_on_drop: false }`
[INFO] [stdout] 3362008f35ab6b973b908530f39c4f70abe713fa9911e9e39f97499b272fb483
[INFO] running `Command { std: "docker" "start" "-a" "3362008f35ab6b973b908530f39c4f70abe713fa9911e9e39f97499b272fb483", kill_on_drop: false }`
[INFO] running `Command { std: "docker" "inspect" "3362008f35ab6b973b908530f39c4f70abe713fa9911e9e39f97499b272fb483", kill_on_drop: false }`
[INFO] running `Command { std: "docker" "rm" "-f" "3362008f35ab6b973b908530f39c4f70abe713fa9911e9e39f97499b272fb483", kill_on_drop: false }`
[INFO] [stdout] 3362008f35ab6b973b908530f39c4f70abe713fa9911e9e39f97499b272fb483
[INFO] running `Command { std: "docker" "create" "-v" "/var/lib/crater-agent-workspace/builds/worker-1-tc2/target:/opt/rustwide/target:rw,Z" "-v" "/var/lib/crater-agent-workspace/builds/worker-1-tc2/source:/opt/rustwide/workdir:ro,Z" "-v" "/var/lib/crater-agent-workspace/cargo-home:/opt/rustwide/cargo-home:ro,Z" "-v" "/var/lib/crater-agent-workspace/rustup-home:/opt/rustwide/rustup-home:ro,Z" "-e" "SOURCE_DIR=/opt/rustwide/workdir" "-e" "CARGO_TARGET_DIR=/opt/rustwide/target" "-e" "CARGO_INCREMENTAL=0" "-e" "RUST_BACKTRACE=full" "-e" "RUSTFLAGS=--cap-lints=warn" "-e" "RUSTDOCFLAGS=--cap-lints=warn" "-e" "CARGO_HOME=/opt/rustwide/cargo-home" "-e" "RUSTUP_HOME=/opt/rustwide/rustup-home" "-w" "/opt/rustwide/workdir" "-m" "1610612736" "--user" "0:0" "--network" "none" "ghcr.io/rust-lang/crates-build-env/linux@sha256:2788e3201cd34a07e3172128adcd8b3090168a8e3bcc40d7c032b9dda1df7d1c" "/opt/rustwide/cargo-home/bin/cargo" "+beta-2023-12-22" "build" "--frozen" "--message-format=json", kill_on_drop: false }`
[INFO] [stdout] 008aaca866febfb9d14780aa3061c97ab48a96aaebb89f7cb441d6a185e91856
[INFO] running `Command { std: "docker" "start" "-a" "008aaca866febfb9d14780aa3061c97ab48a96aaebb89f7cb441d6a185e91856", kill_on_drop: false }`
[INFO] [stderr]    Compiling libc v0.2.149
[INFO] [stderr]    Compiling libudev-sys v0.1.4
[INFO] [stderr]    Compiling paste v1.0.14
[INFO] [stderr]    Compiling bitflags v1.3.2
[INFO] [stderr]    Compiling bitflags v2.0.2
[INFO] [stderr]    Compiling scopeguard v1.2.0
[INFO] [stderr]    Compiling log v0.4.20
[INFO] [stderr]    Compiling nix v0.26.4
[INFO] [stderr]    Compiling libudev v0.3.0
[INFO] [stderr]    Compiling serialport v4.2.2
[INFO] [stderr]    Compiling zproto v0.3.4 (/opt/rustwide/workdir)
[INFO] [stderr]     Finished dev [unoptimized + debuginfo] target(s) in 3.32s
[INFO] running `Command { std: "docker" "inspect" "008aaca866febfb9d14780aa3061c97ab48a96aaebb89f7cb441d6a185e91856", kill_on_drop: false }`
[INFO] running `Command { std: "docker" "rm" "-f" "008aaca866febfb9d14780aa3061c97ab48a96aaebb89f7cb441d6a185e91856", kill_on_drop: false }`
[INFO] [stdout] 008aaca866febfb9d14780aa3061c97ab48a96aaebb89f7cb441d6a185e91856
[INFO] running `Command { std: "docker" "create" "-v" "/var/lib/crater-agent-workspace/builds/worker-1-tc2/target:/opt/rustwide/target:rw,Z" "-v" "/var/lib/crater-agent-workspace/builds/worker-1-tc2/source:/opt/rustwide/workdir:ro,Z" "-v" "/var/lib/crater-agent-workspace/cargo-home:/opt/rustwide/cargo-home:ro,Z" "-v" "/var/lib/crater-agent-workspace/rustup-home:/opt/rustwide/rustup-home:ro,Z" "-e" "SOURCE_DIR=/opt/rustwide/workdir" "-e" "CARGO_TARGET_DIR=/opt/rustwide/target" "-e" "CARGO_INCREMENTAL=0" "-e" "RUST_BACKTRACE=full" "-e" "RUSTFLAGS=--cap-lints=warn" "-e" "RUSTDOCFLAGS=--cap-lints=warn" "-e" "CARGO_HOME=/opt/rustwide/cargo-home" "-e" "RUSTUP_HOME=/opt/rustwide/rustup-home" "-w" "/opt/rustwide/workdir" "-m" "1610612736" "--user" "0:0" "--network" "none" "ghcr.io/rust-lang/crates-build-env/linux@sha256:2788e3201cd34a07e3172128adcd8b3090168a8e3bcc40d7c032b9dda1df7d1c" "/opt/rustwide/cargo-home/bin/cargo" "+beta-2023-12-22" "test" "--frozen" "--no-run" "--message-format=json", kill_on_drop: false }`
[INFO] [stdout] f9c6e9086086f0b97d3dada99766ec33848e9cd3fbee5fbdbea0b14f94b994e4
[INFO] running `Command { std: "docker" "start" "-a" "f9c6e9086086f0b97d3dada99766ec33848e9cd3fbee5fbdbea0b14f94b994e4", kill_on_drop: false }`
[INFO] [stderr]    Compiling io-lifetimes v1.0.11
[INFO] [stderr]    Compiling proc-macro2 v1.0.69
[INFO] [stderr]    Compiling rustix v0.37.24
[INFO] [stderr]    Compiling serde v1.0.188
[INFO] [stderr]    Compiling itoa v1.0.9
[INFO] [stderr]    Compiling linux-raw-sys v0.3.8
[INFO] [stderr]    Compiling serde_json v1.0.107
[INFO] [stderr]    Compiling time-core v0.1.2
[INFO] [stderr]    Compiling ryu v1.0.15
[INFO] [stderr]    Compiling lazy_static v1.4.0
[INFO] [stderr]    Compiling trybuild v1.0.85
[INFO] [stderr]    Compiling num_threads v0.1.6
[INFO] [stderr]    Compiling deranged v0.3.8
[INFO] [stderr]    Compiling log v0.4.20
[INFO] [stderr]    Compiling termcolor v1.3.0
[INFO] [stderr]    Compiling once_cell v1.18.0
[INFO] [stderr]    Compiling glob v0.3.1
[INFO] [stderr]    Compiling time-macros v0.2.15
[INFO] [stderr]    Compiling static_assertions v1.1.0
[INFO] [stderr]    Compiling zproto v0.3.4 (/opt/rustwide/workdir)
[INFO] [stderr]    Compiling quote v1.0.33
[INFO] [stderr]    Compiling syn v2.0.38
[INFO] [stderr]    Compiling time v0.3.29
[INFO] [stderr]    Compiling is-terminal v0.4.7
[INFO] [stderr]    Compiling colored v2.0.4
[INFO] [stderr]    Compiling simple_logger v4.2.0
[INFO] [stderr]    Compiling serde_derive v1.0.188
[INFO] [stderr]    Compiling basic-toml v0.1.4
[INFO] [stderr]     Finished test [unoptimized + debuginfo] target(s) in 7.80s
[INFO] running `Command { std: "docker" "inspect" "f9c6e9086086f0b97d3dada99766ec33848e9cd3fbee5fbdbea0b14f94b994e4", kill_on_drop: false }`
[INFO] running `Command { std: "docker" "rm" "-f" "f9c6e9086086f0b97d3dada99766ec33848e9cd3fbee5fbdbea0b14f94b994e4", kill_on_drop: false }`
[INFO] [stdout] f9c6e9086086f0b97d3dada99766ec33848e9cd3fbee5fbdbea0b14f94b994e4
[INFO] running `Command { std: "docker" "create" "-v" "/var/lib/crater-agent-workspace/builds/worker-1-tc2/target:/opt/rustwide/target:rw,Z" "-v" "/var/lib/crater-agent-workspace/builds/worker-1-tc2/source:/opt/rustwide/workdir:ro,Z" "-v" "/var/lib/crater-agent-workspace/cargo-home:/opt/rustwide/cargo-home:ro,Z" "-v" "/var/lib/crater-agent-workspace/rustup-home:/opt/rustwide/rustup-home:ro,Z" "-e" "SOURCE_DIR=/opt/rustwide/workdir" "-e" "CARGO_TARGET_DIR=/opt/rustwide/target" "-e" "CARGO_INCREMENTAL=0" "-e" "RUST_BACKTRACE=full" "-e" "RUSTFLAGS=--cap-lints=warn" "-e" "RUSTDOCFLAGS=--cap-lints=warn" "-e" "CARGO_HOME=/opt/rustwide/cargo-home" "-e" "RUSTUP_HOME=/opt/rustwide/rustup-home" "-w" "/opt/rustwide/workdir" "-m" "1610612736" "--user" "0:0" "--network" "none" "ghcr.io/rust-lang/crates-build-env/linux@sha256:2788e3201cd34a07e3172128adcd8b3090168a8e3bcc40d7c032b9dda1df7d1c" "/opt/rustwide/cargo-home/bin/cargo" "+beta-2023-12-22" "test" "--frozen", kill_on_drop: false }`
[INFO] [stdout] c9782322d5cbc4550e45802c99308eb659573b25adaafd59395d2670720c6b89
[INFO] running `Command { std: "docker" "start" "-a" "c9782322d5cbc4550e45802c99308eb659573b25adaafd59395d2670720c6b89", kill_on_drop: false }`
[INFO] [stderr]     Finished test [unoptimized + debuginfo] target(s) in 0.03s
[INFO] [stderr]      Running unittests src/lib.rs (/opt/rustwide/target/debug/deps/zproto-e1cd733d36b9f97d)
[INFO] [stdout] 
[INFO] [stdout] running 73 tests
[INFO] [stdout] test ascii::checksum::test::test_lrc ... ok
[INFO] [stdout] test ascii::checksum::test::test_lrc_writer ... ok
[INFO] [stdout] test ascii::checksum::test::test_lrc_writer_reset_hash ... ok
[INFO] [stdout] test ascii::command::test::test_command_writer_cannot_split ... ok
[INFO] [stdout] test ascii::command::test::test_command_writer_custom_packet_size ... ok
[INFO] [stdout] test ascii::command::test::test_command_writer ... ok
[INFO] [stdout] test ascii::command::test::test_target ... ok
[INFO] [stdout] test ascii::command::test::test_max_packet_size ... ok
[INFO] [stdout] test ascii::parse::packet::type_test::type_alias ... ok
[INFO] [stdout] test ascii::parse::token::test::type_alias ... ok
[INFO] [stdout] test ascii::parse::token::test::iter ... ok
[INFO] [stdout] test ascii::parse::test::parse ... ok
[INFO] [stdout] test ascii::port::test::command_replies_mixed_cont_until_timeout_unexpected_alert ... ok
[INFO] [stdout] test ascii::port::test::command_replies_until_timeout_fail ... ok
[INFO] [stdout] test ascii::port::test::command_replies_mixed_cont_until_timeout_ok ... ok
[INFO] [stdout] test ascii::port::test::command_replies_until_timeout_unexpected_alert ... ok
[INFO] [stdout] test ascii::port::test::command_reply_fail ... ok
[INFO] [stdout] test ascii::port::test::command_replies_until_timeout_ok ... ok
[INFO] [stdout] test ascii::port::test::command_reply_n_fail ... ok
[INFO] [stdout] test ascii::port::test::command_reply_n_unexpected_alert ... ok
[INFO] [stdout] test ascii::port::test::command_reply_n_ok ... ok
[INFO] [stdout] test ascii::port::test::poisoned_poll_until ... ok
[INFO] [stdout] test ascii::port::test::poisoned_command_reply_with_check ... ok
[INFO] [stdout] test ascii::port::test::poisoned_command_reply ... ok
[INFO] [stdout] test ascii::port::test::poisoned_command ... ok
[INFO] [stdout] test ascii::port::test::poisoned_command_reply_infos ... ok
[INFO] [stdout] test ascii::port::test::poisoned_command_reply_infos_with_check ... ok
[INFO] [stdout] test ascii::port::test::explicit_alert_response_does_not_trigger_unexpected_alert_callback ... ok
[INFO] [stdout] test ascii::port::test::poisoned_command_reply_n ... ok
[INFO] [stdout] test ascii::port::test::poisoned_command_reply_n_with_check ... ok
[INFO] [stdout] test ascii::port::test::command_reply_ok ... ok
[INFO] [stdout] test ascii::port::test::poisoned_poll_until_idle ... ok
[INFO] [stdout] test ascii::port::test::command_reply_unexpected_alert ... ok
[INFO] [stdout] test ascii::port::test::poisoned_poll_until_with_check ... ok
[INFO] [stdout] test ascii::port::test::poisoned_response_n ... ok
[INFO] [stdout] test ascii::port::test::poisoned_response_n_with_check ... ok
[INFO] [stdout] test ascii::port::test::poisoned_response_with_check ... ok
[INFO] [stdout] test ascii::port::test::poisoned_response ... ok
[INFO] [stdout] test ascii::port::test::poisoned_responses_until_timeout ... ok
[INFO] [stdout] test ascii::port::test::poisoned_responses_until_timeout_with_check ... ok
[INFO] [stdout] test ascii::port::test::poisoned_poll_until_idle_with_check ... ok
[INFO] [stdout] test ascii::port::test::reject_reserved_characters ... ok
[INFO] [stdout] test ascii::port::test::response_until_timeout_ok ... ok
[INFO] [stdout] test ascii::port::test::read_packet_bytes ... ok
[INFO] [stdout] test ascii::port::test::poisoned_timeout_guard ... ok
[INFO] [stdout] test ascii::port::test::response_check::default ... ok
[INFO] [stdout] test ascii::port::test::set_checksums ... ok
[INFO] [stdout] test ascii::port::test::response_check::overrides ... ok
[INFO] [stdout] test ascii::port::test::response_until_timeout_fail ... ok
[INFO] [stdout] test ascii::port::test::set_max_packet_size ... ok
[INFO] [stdout] test ascii::port::test::set_message_ids ... ok
[INFO] [stdout] test ascii::response::check::test::test_warning_list ... ok
[INFO] [stdout] test ascii::test::target_default_is_all ... ok
[INFO] [stdout] test ascii::response::check::test::check_reply ... ok
[INFO] [stdout] test binary::command::test::command_names ... ok
[INFO] [stdout] test ascii::port::test::set_packet_handler ... ok
[INFO] [stdout] test binary::port::test::message_ids ... ok
[INFO] [stdout] test binary::port::test::set_packet_handler ... ok
[INFO] [stdout] test binary::port::test::tx_recv_ok ... ok
[INFO] [stdout] test binary::port::test::tx_recv_fail ... ok
[INFO] [stdout] test binary::port::test::tx_recv_n_fail ... ok
[INFO] [stdout] test binary::port::test::tx_recv_n_ok ... ok
[INFO] [stdout] test ascii::port::test::type_inference_regression_test ... ok
[INFO] [stdout] test binary::port::test::tx_recv_until_timeout_ok ... ok
[INFO] [stdout] test binary::test::device_message_passing_with_id ... ok
[INFO] [stdout] test binary::test::device_message_parsing_invalid_command_code ... ok
[INFO] [stdout] test binary::test::device_message_passing_without_id ... ok
[INFO] [stdout] test error::binary::test::binary_error_code_names ... ok
[INFO] [stdout] test binary::test::io_states ... ok
[INFO] [stdout] test binary::test::version ... ok
[INFO] [stdout] test binary::test::io_state_index_0 - should panic ... ok
[INFO] [stdout] test binary::test::io_state_index_gt_32 - should panic ... ok
[INFO] [stderr]    Compiling libc v0.2.149
[INFO] [stderr]     Checking bitflags v1.3.2
[INFO] [stderr]    Compiling io-lifetimes v1.0.11
[INFO] [stderr]    Compiling pkg-config v0.3.27
[INFO] [stderr]    Compiling rustix v0.37.24
[INFO] [stderr]     Checking linux-raw-sys v0.3.8
[INFO] [stderr]     Checking cfg-if v1.0.0
[INFO] [stderr]    Compiling paste v1.0.14
[INFO] [stderr]    Compiling time-core v0.1.2
[INFO] [stderr]     Checking num_threads v0.1.6
[INFO] [stderr]     Checking scopeguard v1.2.0
[INFO] [stderr]     Checking log v0.4.20
[INFO] [stderr]     Checking itoa v1.0.9
[INFO] [stderr]     Checking bitflags v2.0.2
[INFO] [stderr]     Checking deranged v0.3.8
[INFO] [stderr]     Checking lazy_static v1.4.0
[INFO] [stderr]     Checking static_assertions v1.1.0
[INFO] [stderr]    Compiling time-macros v0.2.15
[INFO] [stderr]    Compiling libudev-sys v0.1.4
[INFO] [stderr]     Checking nix v0.26.4
[INFO] [stderr]     Checking time v0.3.29
[INFO] [stderr]     Checking libudev v0.3.0
[INFO] [stderr]     Checking is-terminal v0.4.7
[INFO] [stderr]     Checking colored v2.0.4
[INFO] [stderr]     Checking serialport v4.2.2
[INFO] [stderr]     Checking simple_logger v4.2.0
[INFO] [stderr]     Checking zproto v0.3.4 (/opt/rustwide/workdir)
[INFO] [stderr]     Checking zproto-tests v0.0.0 (/opt/rustwide/target/tests/trybuild/zproto)
[INFO] [stderr]     Finished dev [unoptimized + debuginfo] target(s) in 2.88s
[INFO] [stderr] 
[INFO] [stderr] 
[INFO] [stderr] test test/binary/01-type-inference.rs ... ok
[INFO] [stderr] test test/binary/02-port-parameters.rs ... mismatch
[INFO] [stderr] 
[INFO] [stderr] EXPECTED:
[INFO] [stderr] ┈┈┈┈┈┈┈┈┈┈┈┈┈┈┈┈┈┈┈┈┈┈┈┈┈┈┈┈┈┈┈┈┈┈┈┈┈┈┈┈┈┈┈┈┈┈┈┈┈┈┈┈┈┈┈┈┈┈┈┈
[INFO] [stderr] error[E0277]: the trait bound `(u8, Reset): ElicitsResponse` is not satisfied
[INFO] [stderr]  --> test/binary/02-port-parameters.rs:9:26
[INFO] [stderr]   |
[INFO] [stderr] 9 |     let _ = port.tx_recv((0, RESET))?;  // Shouldn't work with tx_recv
[INFO] [stderr]   |                  ------- ^^^^^^^^^^ the trait `ElicitsResponse` is not implemented for `(u8, Reset)`
[INFO] [stderr]   |                  |
[INFO] [stderr]   |                  required by a bound introduced by this call
[INFO] [stderr]   |
[INFO] [stderr]   = help: the following other types implement trait `ElicitsResponse`:
[INFO] [stderr]             (u8, u8)
[INFO] [stderr]             (u8, u8, D)
[INFO] [stderr]             (u8, Home)
[INFO] [stderr]             (u8, Home, D)
[INFO] [stderr]             (u8, Renumber)
[INFO] [stderr]             (u8, Renumber, D)
[INFO] [stderr]             (u8, StoreCurrentPosition)
[INFO] [stderr]             (u8, StoreCurrentPosition, D)
[INFO] [stderr]           and $N others
[INFO] [stderr] note: required by a bound in `zproto::binary::Port::<'a, B>::tx_recv`
[INFO] [stderr]  --> src/binary/port.rs
[INFO] [stderr]   |
[INFO] [stderr]   |     pub fn tx_recv<M>(&mut self, message: M) -> Result<Message<M::Response>, BinaryError>
[INFO] [stderr]   |            ------- required by a bound in this associated function
[INFO] [stderr]   |     where
[INFO] [stderr]   |         M: traits::TxMessage + traits::ElicitsResponse,
[INFO] [stderr]   |                                ^^^^^^^^^^^^^^^^^^^^^^^ required by this bound in `Port::<'a, B>::tx_recv`
[INFO] [stderr] 
[INFO] [stderr] error[E0277]: the trait bound `Home: TakesData<i32>` is not satisfied
[INFO] [stderr]   --> test/binary/02-port-parameters.rs:10:30
[INFO] [stderr]    |
[INFO] [stderr] 10 |     let _ = port.tx_recv((0, HOME, 0i32))?;  // Shouldn't take parameters
[INFO] [stderr]    |                  -------     ^^^^ the trait `TakesData<i32>` is not implemented for `Home`
[INFO] [stderr]    |                  |
[INFO] [stderr]    |                  required by a bound introduced by this call
[INFO] [stderr]    |
[INFO] [stderr]    = help: the following other types implement trait `TakesData<T>`:
[INFO] [stderr]              <u8 as TakesData<T>>
[INFO] [stderr]              <Renumber as TakesData<u8>>
[INFO] [stderr]              <StoreCurrentPosition as TakesData<i32>>
[INFO] [stderr]              <ReturnStoredPosition as TakesData<i32>>
[INFO] [stderr]              <MoveToStoredPosition as TakesData<i32>>
[INFO] [stderr]              <MoveAbsolute as TakesData<i32>>
[INFO] [stderr]              <MoveRelative as TakesData<i32>>
[INFO] [stderr]              <MoveAtConstantSpeed as TakesData<i32>>
[INFO] [stderr]            and $N others
[INFO] [stderr]    = note: required for `(u8, Home, i32)` to implement `TxMessage`
[INFO] [stderr] note: required by a bound in `zproto::binary::Port::<'a, B>::tx_recv`
[INFO] [stderr]   --> src/binary/port.rs
[INFO] [stderr]    |
[INFO] [stderr]    |     pub fn tx_recv<M>(&mut self, message: M) -> Result<Message<M::Response>, BinaryError>
[INFO] [stderr]    |            ------- required by a bound in this associated function
[INFO] [stderr]    |     where
[INFO] [stderr]    |         M: traits::TxMessage + traits::ElicitsResponse,
[INFO] [stderr]    |            ^^^^^^^^^^^^^^^^^ required by this bound in `Port::<'a, B>::tx_recv`
[INFO] [stderr] 
[INFO] [stderr] error[E0277]: the trait bound `MoveAbsolute: TakesNoData` is not satisfied
[INFO] [stderr]   --> test/binary/02-port-parameters.rs:11:30
[INFO] [stderr]    |
[INFO] [stderr] 11 |     let _ = port.tx_recv((0, MOVE_ABSOLUTE))?;  // Should take parameters
[INFO] [stderr]    |                  -------     ^^^^^^^^^^^^^ the trait `TakesNoData` is not implemented for `MoveAbsolute`
[INFO] [stderr]    |                  |
[INFO] [stderr]    |                  required by a bound introduced by this call
[INFO] [stderr]    |
[INFO] [stderr]    = help: the following other types implement trait `TakesNoData`:
[INFO] [stderr]              Reset
[INFO] [stderr]              Home
[INFO] [stderr]              Stop
[INFO] [stderr]              ReturnDeviceId
[INFO] [stderr]              ReturnFirmwareVersion
[INFO] [stderr]              ReturnPowerSupplyVoltage
[INFO] [stderr]              ReturnStatus
[INFO] [stderr]              ReturnFirmwareBuild
[INFO] [stderr]            and $N others
[INFO] [stderr]    = note: required for `(u8, MoveAbsolute)` to implement `TxMessage`
[INFO] [stderr] note: required by a bound in `zproto::binary::Port::<'a, B>::tx_recv`
[INFO] [stderr]   --> src/binary/port.rs
[INFO] [stderr]    |
[INFO] [stderr]    |     pub fn tx_recv<M>(&mut self, message: M) -> Result<Message<M::Response>, BinaryError>
[INFO] [stderr]    |            ------- required by a bound in this associated function
[INFO] [stderr]    |     where
[INFO] [stderr]    |         M: traits::TxMessage + traits::ElicitsResponse,
[INFO] [stderr]    |            ^^^^^^^^^^^^^^^^^ required by this bound in `Port::<'a, B>::tx_recv`
[INFO] [stderr] 
[INFO] [stderr] error[E0277]: the trait bound `MoveAbsolute: TakesData<bool>` is not satisfied
[INFO] [stderr]   --> test/binary/02-port-parameters.rs:12:30
[INFO] [stderr]    |
[INFO] [stderr] 12 |     let _ = port.tx_recv((0, MOVE_ABSOLUTE, false))?;  // Wrong parameter type
[INFO] [stderr]    |                  -------     ^^^^^^^^^^^^^ the trait `TakesData<bool>` is not implemented for `MoveAbsolute`
[INFO] [stderr]    |                  |
[INFO] [stderr]    |                  required by a bound introduced by this call
[INFO] [stderr]    |
[INFO] [stderr]    = help: the trait `TakesData<i32>` is implemented for `MoveAbsolute`
[INFO] [stderr]    = note: required for `(u8, MoveAbsolute, bool)` to implement `TxMessage`
[INFO] [stderr] note: required by a bound in `zproto::binary::Port::<'a, B>::tx_recv`
[INFO] [stderr]   --> src/binary/port.rs
[INFO] [stderr]    |
[INFO] [stderr]    |     pub fn tx_recv<M>(&mut self, message: M) -> Result<Message<M::Response>, BinaryError>
[INFO] [stderr]    |            ------- required by a bound in this associated function
[INFO] [stderr]    |     where
[INFO] [stderr]    |         M: traits::TxMessage + traits::ElicitsResponse,
[INFO] [stderr]    |            ^^^^^^^^^^^^^^^^^ required by this bound in `Port::<'a, B>::tx_recv`
[INFO] [stderr] 
[INFO] [stderr] error[E0277]: the trait bound `u8: TakesNoData` is not satisfied
[INFO] [stderr]   --> test/binary/02-port-parameters.rs:14:30
[INFO] [stderr]    |
[INFO] [stderr] 14 |     let _ = port.tx_recv((0, untyped::HOME))?;  // u8 commands require an explicit data value
[INFO] [stderr]    |                  -------     ^^^^^^^^^^^^^ the trait `TakesNoData` is not implemented for `u8`
[INFO] [stderr]    |                  |
[INFO] [stderr]    |                  required by a bound introduced by this call
[INFO] [stderr]    |
[INFO] [stderr]    = help: the following other types implement trait `TakesNoData`:
[INFO] [stderr]              Reset
[INFO] [stderr]              Home
[INFO] [stderr]              Stop
[INFO] [stderr]              ReturnDeviceId
[INFO] [stderr]              ReturnFirmwareVersion
[INFO] [stderr]              ReturnPowerSupplyVoltage
[INFO] [stderr]              ReturnStatus
[INFO] [stderr]              ReturnFirmwareBuild
[INFO] [stderr]            and $N others
[INFO] [stderr]    = note: required for `(u8, u8)` to implement `TxMessage`
[INFO] [stderr] note: required by a bound in `zproto::binary::Port::<'a, B>::tx_recv`
[INFO] [stderr]   --> src/binary/port.rs
[INFO] [stderr]    |
[INFO] [stderr]    |     pub fn tx_recv<M>(&mut self, message: M) -> Result<Message<M::Response>, BinaryError>
[INFO] [stderr]    |            ------- required by a bound in this associated function
[INFO] [stderr]    |     where
[INFO] [stderr]    |         M: traits::TxMessage + traits::ElicitsResponse,
[INFO] [stderr]    |            ^^^^^^^^^^^^^^^^^ required by this bound in `Port::<'a, B>::tx_recv`
[INFO] [stderr] 
[INFO] [stderr] error[E0277]: the trait bound `zproto::binary::command::types::Error: TakesNoData` is not satisfied
[INFO] [stderr]   --> test/binary/02-port-parameters.rs:16:17
[INFO] [stderr]    |
[INFO] [stderr] 16 |     port.tx((0, ERROR))?;  // Reply-only commands cannot be transmitted
[INFO] [stderr]    |          --     ^^^^^ the trait `TakesNoData` is not implemented for `zproto::binary::command::types::Error`
[INFO] [stderr]    |          |
[INFO] [stderr]    |          required by a bound introduced by this call
[INFO] [stderr]    |
[INFO] [stderr]    = help: the following other types implement trait `TakesNoData`:
[INFO] [stderr]              Reset
[INFO] [stderr]              Home
[INFO] [stderr]              Stop
[INFO] [stderr]              ReturnDeviceId
[INFO] [stderr]              ReturnFirmwareVersion
[INFO] [stderr]              ReturnPowerSupplyVoltage
[INFO] [stderr]              ReturnStatus
[INFO] [stderr]              ReturnFirmwareBuild
[INFO] [stderr]            and $N others
[INFO] [stderr]    = note: required for `(u8, zproto::binary::command::types::Error)` to implement `TxMessage`
[INFO] [stderr] note: required by a bound in `zproto::binary::Port::<'a, B>::tx`
[INFO] [stderr]   --> src/binary/port.rs
[INFO] [stderr]    |
[INFO] [stderr]    |     pub fn tx<M: traits::TxMessage>(&mut self, message: M) -> Result<Option<u8>, BinaryError> {
[INFO] [stderr]    |                  ^^^^^^^^^^^^^^^^^ required by this bound in `Port::<'a, B>::tx`
[INFO] [stderr] 
[INFO] [stderr] error[E0277]: the trait bound `zproto::binary::command::types::Error: TakesData<i32>` is not satisfied
[INFO] [stderr]   --> test/binary/02-port-parameters.rs:17:17
[INFO] [stderr]    |
[INFO] [stderr] 17 |     port.tx((0, ERROR, 0i32))?;  // Reply-only commands cannot be transmitted
[INFO] [stderr]    |          --     ^^^^^ the trait `TakesData<i32>` is not implemented for `zproto::binary::command::types::Error`
[INFO] [stderr]    |          |
[INFO] [stderr]    |          required by a bound introduced by this call
[INFO] [stderr]    |
[INFO] [stderr]    = help: the following other types implement trait `TakesData<T>`:
[INFO] [stderr]              <u8 as TakesData<T>>
[INFO] [stderr]              <Renumber as TakesData<u8>>
[INFO] [stderr]              <StoreCurrentPosition as TakesData<i32>>
[INFO] [stderr]              <ReturnStoredPosition as TakesData<i32>>
[INFO] [stderr]              <MoveToStoredPosition as TakesData<i32>>
[INFO] [stderr]              <MoveAbsolute as TakesData<i32>>
[INFO] [stderr]              <MoveRelative as TakesData<i32>>
[INFO] [stderr]              <MoveAtConstantSpeed as TakesData<i32>>
[INFO] [stderr]            and $N others
[INFO] [stderr]    = note: required for `(u8, zproto::binary::command::types::Error, i32)` to implement `TxMessage`
[INFO] [stderr] note: required by a bound in `zproto::binary::Port::<'a, B>::tx`
[INFO] [stderr]   --> src/binary/port.rs
[INFO] [stderr]    |
[INFO] [stderr]    |     pub fn tx<M: traits::TxMessage>(&mut self, message: M) -> Result<Option<u8>, BinaryError> {
[INFO] [stderr]    |                  ^^^^^^^^^^^^^^^^^ required by this bound in `Port::<'a, B>::tx`
[INFO] [stderr] ┈┈┈┈┈┈┈┈┈┈┈┈┈┈┈┈┈┈┈┈┈┈┈┈┈┈┈┈┈┈┈┈┈┈┈┈┈┈┈┈┈┈┈┈┈┈┈┈┈┈┈┈┈┈┈┈┈┈┈┈
[INFO] [stderr] 
[INFO] [stderr] ACTUAL OUTPUT:
[INFO] [stderr] ┈┈┈┈┈┈┈┈┈┈┈┈┈┈┈┈┈┈┈┈┈┈┈┈┈┈┈┈┈┈┈┈┈┈┈┈┈┈┈┈┈┈┈┈┈┈┈┈┈┈┈┈┈┈┈┈┈┈┈┈
[INFO] [stderr] error[E0277]: the trait bound `(u8, Reset): ElicitsResponse` is not satisfied
[INFO] [stderr]  --> test/binary/02-port-parameters.rs:9:26
[INFO] [stderr]   |
[INFO] [stderr] 9 |     let _ = port.tx_recv((0, RESET))?;  // Shouldn't work with tx_recv
[INFO] [stderr]   |                  ------- ^^^^^^^^^^ the trait `ElicitsResponse` is not implemented for `(u8, Reset)`
[INFO] [stderr]   |                  |
[INFO] [stderr]   |                  required by a bound introduced by this call
[INFO] [stderr]   |
[INFO] [stderr]   = help: the following other types implement trait `ElicitsResponse`:
[INFO] [stderr]             (u8, u8)
[INFO] [stderr]             (u8, u8, D)
[INFO] [stderr]             (u8, Home)
[INFO] [stderr]             (u8, Home, D)
[INFO] [stderr]             (u8, Renumber)
[INFO] [stderr]             (u8, Renumber, D)
[INFO] [stderr]             (u8, StoreCurrentPosition)
[INFO] [stderr]             (u8, StoreCurrentPosition, D)
[INFO] [stderr]           and $N others
[INFO] [stderr] note: required by a bound in `zproto::binary::Port::<'a, B>::tx_recv`
[INFO] [stderr]  --> src/binary/port.rs
[INFO] [stderr]   |
[INFO] [stderr]   |     pub fn tx_recv<M>(&mut self, message: M) -> Result<Message<M::Response>, BinaryError>
[INFO] [stderr]   |            ------- required by a bound in this associated function
[INFO] [stderr]   |     where
[INFO] [stderr]   |         M: traits::TxMessage + traits::ElicitsResponse,
[INFO] [stderr]   |                                ^^^^^^^^^^^^^^^^^^^^^^^ required by this bound in `Port::<'a, B>::tx_recv`
[INFO] [stderr] 
[INFO] [stderr] error[E0277]: the trait bound `Home: TakesData<i32>` is not satisfied
[INFO] [stderr]   --> test/binary/02-port-parameters.rs:10:30
[INFO] [stderr]    |
[INFO] [stderr] 10 |     let _ = port.tx_recv((0, HOME, 0i32))?;  // Shouldn't take parameters
[INFO] [stderr]    |                  -------     ^^^^ the trait `TakesData<i32>` is not implemented for `Home`
[INFO] [stderr]    |                  |
[INFO] [stderr]    |                  required by a bound introduced by this call
[INFO] [stderr]    |
[INFO] [stderr]    = help: the following other types implement trait `TakesData<T>`:
[INFO] [stderr]              <u8 as TakesData<T>>
[INFO] [stderr]              <Renumber as TakesData<u8>>
[INFO] [stderr]              <StoreCurrentPosition as TakesData<i32>>
[INFO] [stderr]              <ReturnStoredPosition as TakesData<i32>>
[INFO] [stderr]              <MoveToStoredPosition as TakesData<i32>>
[INFO] [stderr]              <MoveAbsolute as TakesData<i32>>
[INFO] [stderr]              <MoveRelative as TakesData<i32>>
[INFO] [stderr]              <MoveAtConstantSpeed as TakesData<i32>>
[INFO] [stderr]            and $N others
[INFO] [stderr]    = note: required for `(u8, Home, i32)` to implement `TxMessage`
[INFO] [stderr] note: required by a bound in `zproto::binary::Port::<'a, B>::tx_recv`
[INFO] [stderr]   --> src/binary/port.rs
[INFO] [stderr]    |
[INFO] [stderr]    |     pub fn tx_recv<M>(&mut self, message: M) -> Result<Message<M::Response>, BinaryError>
[INFO] [stderr]    |            ------- required by a bound in this associated function
[INFO] [stderr]    |     where
[INFO] [stderr]    |         M: traits::TxMessage + traits::ElicitsResponse,
[INFO] [stderr]    |            ^^^^^^^^^^^^^^^^^ required by this bound in `Port::<'a, B>::tx_recv`
[INFO] [stderr] 
[INFO] [stderr] error[E0277]: the trait bound `MoveAbsolute: TakesNoData` is not satisfied
[INFO] [stderr]   --> test/binary/02-port-parameters.rs:11:30
[INFO] [stderr]    |
[INFO] [stderr] 11 |     let _ = port.tx_recv((0, MOVE_ABSOLUTE))?;  // Should take parameters
[INFO] [stderr]    |                  -------     ^^^^^^^^^^^^^ the trait `TakesNoData` is not implemented for `MoveAbsolute`
[INFO] [stderr]    |                  |
[INFO] [stderr]    |                  required by a bound introduced by this call
[INFO] [stderr]    |
[INFO] [stderr]    = help: the following other types implement trait `TakesNoData`:
[INFO] [stderr]              Reset
[INFO] [stderr]              Home
[INFO] [stderr]              Stop
[INFO] [stderr]              ReturnDeviceId
[INFO] [stderr]              ReturnFirmwareVersion
[INFO] [stderr]              ReturnPowerSupplyVoltage
[INFO] [stderr]              ReturnStatus
[INFO] [stderr]              ReturnFirmwareBuild
[INFO] [stderr]            and $N others
[INFO] [stderr]    = note: required for `(u8, MoveAbsolute)` to implement `TxMessage`
[INFO] [stderr] note: required by a bound in `zproto::binary::Port::<'a, B>::tx_recv`
[INFO] [stderr]   --> src/binary/port.rs
[INFO] [stderr]    |
[INFO] [stderr]    |     pub fn tx_recv<M>(&mut self, message: M) -> Result<Message<M::Response>, BinaryError>
[INFO] [stderr]    |            ------- required by a bound in this associated function
[INFO] [stderr]    |     where
[INFO] [stderr]    |         M: traits::TxMessage + traits::ElicitsResponse,
[INFO] [stderr]    |            ^^^^^^^^^^^^^^^^^ required by this bound in `Port::<'a, B>::tx_recv`
[INFO] [stderr] 
[INFO] [stderr] error[E0277]: the trait bound `MoveAbsolute: TakesData<bool>` is not satisfied
[INFO] [stderr]   --> test/binary/02-port-parameters.rs:12:30
[INFO] [stderr]    |
[INFO] [stderr] 12 |     let _ = port.tx_recv((0, MOVE_ABSOLUTE, false))?;  // Wrong parameter type
[INFO] [stderr]    |                  -------     ^^^^^^^^^^^^^ the trait `TakesData<bool>` is not implemented for `MoveAbsolute`
[INFO] [stderr]    |                  |
[INFO] [stderr]    |                  required by a bound introduced by this call
[INFO] [stderr]    |
[INFO] [stderr]    = help: the trait `TakesData<i32>` is implemented for `MoveAbsolute`
[INFO] [stderr]    = help: for that trait implementation, expected `i32`, found `bool`
[INFO] [stderr]    = note: required for `(u8, MoveAbsolute, bool)` to implement `TxMessage`
[INFO] [stderr] note: required by a bound in `zproto::binary::Port::<'a, B>::tx_recv`
[INFO] [stderr]   --> src/binary/port.rs
[INFO] [stderr]    |
[INFO] [stderr]    |     pub fn tx_recv<M>(&mut self, message: M) -> Result<Message<M::Response>, BinaryError>
[INFO] [stderr]    |            ------- required by a bound in this associated function
[INFO] [stderr]    |     where
[INFO] [stderr]    |         M: traits::TxMessage + traits::ElicitsResponse,
[INFO] [stderr]    |            ^^^^^^^^^^^^^^^^^ required by this bound in `Port::<'a, B>::tx_recv`
[INFO] [stderr] 
[INFO] [stderr] error[E0277]: the trait bound `u8: TakesNoData` is not satisfied
[INFO] [stderr]   --> test/binary/02-port-parameters.rs:14:30
[INFO] [stderr]    |
[INFO] [stderr] 14 |     let _ = port.tx_recv((0, untyped::HOME))?;  // u8 commands require an explicit data value
[INFO] [stderr]    |                  -------     ^^^^^^^^^^^^^ the trait `TakesNoData` is not implemented for `u8`
[INFO] [stderr]    |                  |
[INFO] [stderr]    |                  required by a bound introduced by this call
[INFO] [stderr]    |
[INFO] [stderr]    = help: the following other types implement trait `TakesNoData`:
[INFO] [stderr]              Reset
[INFO] [stderr]              Home
[INFO] [stderr]              Stop
[INFO] [stderr]              ReturnDeviceId
[INFO] [stderr]              ReturnFirmwareVersion
[INFO] [stderr]              ReturnPowerSupplyVoltage
[INFO] [stderr]              ReturnStatus
[INFO] [stderr]              ReturnFirmwareBuild
[INFO] [stderr]            and $N others
[INFO] [stderr]    = note: required for `(u8, u8)` to implement `TxMessage`
[INFO] [stderr] note: required by a bound in `zproto::binary::Port::<'a, B>::tx_recv`
[INFO] [stderr]   --> src/binary/port.rs
[INFO] [stderr]    |
[INFO] [stderr]    |     pub fn tx_recv<M>(&mut self, message: M) -> Result<Message<M::Response>, BinaryError>
[INFO] [stderr]    |            ------- required by a bound in this associated function
[INFO] [stderr]    |     where
[INFO] [stderr]    |         M: traits::TxMessage + traits::ElicitsResponse,
[INFO] [stderr]    |            ^^^^^^^^^^^^^^^^^ required by this bound in `Port::<'a, B>::tx_recv`
[INFO] [stderr] 
[INFO] [stderr] error[E0277]: the trait bound `zproto::binary::command::types::Error: TakesNoData` is not satisfied
[INFO] [stderr]   --> test/binary/02-port-parameters.rs:16:17
[INFO] [stderr]    |
[INFO] [stderr] 16 |     port.tx((0, ERROR))?;  // Reply-only commands cannot be transmitted
[INFO] [stderr]    |          --     ^^^^^ the trait `TakesNoData` is not implemented for `zproto::binary::command::types::Error`
[INFO] [stderr]    |          |
[INFO] [stderr]    |          required by a bound introduced by this call
[INFO] [stderr]    |
[INFO] [stderr]    = help: the following other types implement trait `TakesNoData`:
[INFO] [stderr]              Reset
[INFO] [stderr]              Home
[INFO] [stderr]              Stop
[INFO] [stderr]              ReturnDeviceId
[INFO] [stderr]              ReturnFirmwareVersion
[INFO] [stderr]              ReturnPowerSupplyVoltage
[INFO] [stderr]              ReturnStatus
[INFO] [stderr]              ReturnFirmwareBuild
[INFO] [stderr]            and $N others
[INFO] [stderr]    = note: required for `(u8, zproto::binary::command::types::Error)` to implement `TxMessage`
[INFO] [stderr] note: required by a bound in `zproto::binary::Port::<'a, B>::tx`
[INFO] [stderr]   --> src/binary/port.rs
[INFO] [stderr]    |
[INFO] [stderr]    |     pub fn tx<M: traits::TxMessage>(&mut self, message: M) -> Result<Option<u8>, BinaryError> {
[INFO] [stderr]    |                  ^^^^^^^^^^^^^^^^^ required by this bound in `Port::<'a, B>::tx`
[INFO] [stderr] 
[INFO] [stderr] error[E0277]: the trait bound `zproto::binary::command::types::Error: TakesData<i32>` is not satisfied
[INFO] [stderr]   --> test/binary/02-port-parameters.rs:17:17
[INFO] [stderr]    |
[INFO] [stderr] 17 |     port.tx((0, ERROR, 0i32))?;  // Reply-only commands cannot be transmitted
[INFO] [stderr]    |          --     ^^^^^ the trait `TakesData<i32>` is not implemented for `zproto::binary::command::types::Error`
[INFO] [stderr]    |          |
[INFO] [stderr]    |          required by a bound introduced by this call
[INFO] [stderr]    |
[INFO] [stderr]    = help: the following other types implement trait `TakesData<T>`:
[INFO] [stderr]              <u8 as TakesData<T>>
[INFO] [stderr]              <Renumber as TakesData<u8>>
[INFO] [stderr]              <StoreCurrentPosition as TakesData<i32>>
[INFO] [stderr]              <ReturnStoredPosition as TakesData<i32>>
[INFO] [stderr]              <MoveToStoredPosition as TakesData<i32>>
[INFO] [stderr]              <MoveAbsolute as TakesData<i32>>
[INFO] [stderr]              <MoveRelative as TakesData<i32>>
[INFO] [stderr]              <MoveAtConstantSpeed as TakesData<i32>>
[INFO] [stderr]            and $N others
[INFO] [stderr]    = note: required for `(u8, zproto::binary::command::types::Error, i32)` to implement `TxMessage`
[INFO] [stderr] note: required by a bound in `zproto::binary::Port::<'a, B>::tx`
[INFO] [stderr]   --> src/binary/port.rs
[INFO] [stderr]    |
[INFO] [stderr]    |     pub fn tx<M: traits::TxMessage>(&mut self, message: M) -> Result<Option<u8>, BinaryError> {
[INFO] [stderr]    |                  ^^^^^^^^^^^^^^^^^ required by this bound in `Port::<'a, B>::tx`
[INFO] [stderr] ┈┈┈┈┈┈┈┈┈┈┈┈┈┈┈┈┈┈┈┈┈┈┈┈┈┈┈┈┈┈┈┈┈┈┈┈┈┈┈┈┈┈┈┈┈┈┈┈┈┈┈┈┈┈┈┈┈┈┈┈
[INFO] [stderr] note: If the actual output is the correct output you can bless it by rerunning
[INFO] [stderr]       your test with the environment variable TRYBUILD=overwrite
[INFO] [stderr] 
[INFO] [stderr] test test/binary/03-reply-data.rs ... ok
[INFO] [stderr] 
[INFO] [stderr] 
[INFO] [stdout] test binary::port::test::compile_time_errors ... FAILED
[INFO] [stdout] 
[INFO] [stdout] failures:
[INFO] [stdout] 
[INFO] [stdout] ---- binary::port::test::compile_time_errors stdout ----
[INFO] [stdout] thread 'binary::port::test::compile_time_errors' panicked at /opt/rustwide/cargo-home/registry/src/index.crates.io-6f17d22bba15001f/trybuild-1.0.85/src/run.rs:101:13:
[INFO] [stdout] 1 of 3 tests failed
[INFO] [stdout] stack backtrace:
[INFO] [stdout]    0:     0x560fac3fafa6 - std::backtrace_rs::backtrace::libunwind::trace::h261606ad26a499c1
[INFO] [stdout]                                at /rustc/0e09125c6c3c2fd70d7de961bcf0e51575235fad/library/std/src/../../backtrace/src/backtrace/libunwind.rs:104:5
[INFO] [stdout]    1:     0x560fac3fafa6 - std::backtrace_rs::backtrace::trace_unsynchronized::hd183f0625477fb28
[INFO] [stdout]                                at /rustc/0e09125c6c3c2fd70d7de961bcf0e51575235fad/library/std/src/../../backtrace/src/backtrace/mod.rs:66:5
[INFO] [stdout]    2:     0x560fac3fafa6 - std::sys_common::backtrace::_print_fmt::hd7f8fef21b4eda67
[INFO] [stdout]                                at /rustc/0e09125c6c3c2fd70d7de961bcf0e51575235fad/library/std/src/sys_common/backtrace.rs:68:5
[INFO] [stdout]    3:     0x560fac3fafa6 - <std::sys_common::backtrace::_print::DisplayBacktrace as core::fmt::Display>::fmt::h623d9b51f2f453f1
[INFO] [stdout]                                at /rustc/0e09125c6c3c2fd70d7de961bcf0e51575235fad/library/std/src/sys_common/backtrace.rs:44:22
[INFO] [stdout]    4:     0x560fac427410 - core::fmt::rt::Argument::fmt::h9f417ac76a86f368
[INFO] [stdout]                                at /rustc/0e09125c6c3c2fd70d7de961bcf0e51575235fad/library/core/src/fmt/rt.rs:142:9
[INFO] [stdout]    5:     0x560fac427410 - core::fmt::write::hc9b6faf4ac2aeff7
[INFO] [stdout]                                at /rustc/0e09125c6c3c2fd70d7de961bcf0e51575235fad/library/core/src/fmt/mod.rs:1120:17
[INFO] [stdout]    6:     0x560fac3f7f9f - std::io::Write::write_fmt::he04625a3a989fec3
[INFO] [stdout]                                at /rustc/0e09125c6c3c2fd70d7de961bcf0e51575235fad/library/std/src/io/mod.rs:1810:15
[INFO] [stdout]    7:     0x560fac3fad84 - std::sys_common::backtrace::_print::hd5d66399c7df88a2
[INFO] [stdout]                                at /rustc/0e09125c6c3c2fd70d7de961bcf0e51575235fad/library/std/src/sys_common/backtrace.rs:47:5
[INFO] [stdout]    8:     0x560fac3fad84 - std::sys_common::backtrace::print::he81ed2da642d37e5
[INFO] [stdout]                                at /rustc/0e09125c6c3c2fd70d7de961bcf0e51575235fad/library/std/src/sys_common/backtrace.rs:34:9
[INFO] [stdout]    9:     0x560fac3fcaf7 - std::panicking::default_hook::{{closure}}::h85773f4fa117163d
[INFO] [stdout]   10:     0x560fac3fc7dd - std::panicking::default_hook::h6a1694a91d09b278
[INFO] [stdout]                                at /rustc/0e09125c6c3c2fd70d7de961bcf0e51575235fad/library/std/src/panicking.rs:289:9
[INFO] [stdout]   11:     0x560fac3c6c97 - <alloc::boxed::Box<F,A> as core::ops::function::Fn<Args>>::call::h616ac37fa3cd6c8f
[INFO] [stdout]                                at /rustc/0e09125c6c3c2fd70d7de961bcf0e51575235fad/library/alloc/src/boxed.rs:2029:9
[INFO] [stdout]   12:     0x560fac3c6c97 - test::test_main::{{closure}}::h00d84697cefdcbb6
[INFO] [stdout]                                at /rustc/0e09125c6c3c2fd70d7de961bcf0e51575235fad/library/test/src/lib.rs:138:21
[INFO] [stdout]   13:     0x560fac3fd116 - <alloc::boxed::Box<F,A> as core::ops::function::Fn<Args>>::call::hcb3fe3b9bb537ba8
[INFO] [stdout]                                at /rustc/0e09125c6c3c2fd70d7de961bcf0e51575235fad/library/alloc/src/boxed.rs:2029:9
[INFO] [stdout]   14:     0x560fac3fd116 - std::panicking::rust_panic_with_hook::h0a7ad96e90f7145b
[INFO] [stdout]                                at /rustc/0e09125c6c3c2fd70d7de961bcf0e51575235fad/library/std/src/panicking.rs:783:13
[INFO] [stdout]   15:     0x560fac3fce62 - std::panicking::begin_panic_handler::{{closure}}::h7919090525c6485e
[INFO] [stdout]                                at /rustc/0e09125c6c3c2fd70d7de961bcf0e51575235fad/library/std/src/panicking.rs:657:13
[INFO] [stdout]   16:     0x560fac3fb4a6 - std::sys_common::backtrace::__rust_end_short_backtrace::hf3289479464f7dfe
[INFO] [stdout]                                at /rustc/0e09125c6c3c2fd70d7de961bcf0e51575235fad/library/std/src/sys_common/backtrace.rs:171:18
[INFO] [stdout]   17:     0x560fac3fcbc0 - rust_begin_unwind
[INFO] [stdout]                                at /rustc/0e09125c6c3c2fd70d7de961bcf0e51575235fad/library/std/src/panicking.rs:645:5
[INFO] [stdout]   18:     0x560fac0ca025 - core::panicking::panic_fmt::hcc9f77c5c132af55
[INFO] [stdout]                                at /rustc/0e09125c6c3c2fd70d7de961bcf0e51575235fad/library/core/src/panicking.rs:72:14
[INFO] [stdout]   19:     0x560fac1e2459 - trybuild::run::<impl trybuild::Runner>::run::h9bded394c2344851
[INFO] [stdout]                                at /opt/rustwide/cargo-home/registry/src/index.crates.io-6f17d22bba15001f/trybuild-1.0.85/src/run.rs:101:13
[INFO] [stdout]   20:     0x560fac1e7b18 - <trybuild::TestCases as core::ops::drop::Drop>::drop::hb486954c63a80933
[INFO] [stdout]                                at /opt/rustwide/cargo-home/registry/src/index.crates.io-6f17d22bba15001f/trybuild-1.0.85/src/lib.rs:315:13
[INFO] [stdout]   21:     0x560fac166407 - core::ptr::drop_in_place<trybuild::TestCases>::h8f7bb2251d8686fe
[INFO] [stdout]                                at /rustc/0e09125c6c3c2fd70d7de961bcf0e51575235fad/library/core/src/ptr/mod.rs:507:1
[INFO] [stdout]   22:     0x560fac1a0463 - zproto::binary::port::test::compile_time_errors::h2fa071c19ae815e3
[INFO] [stdout]                                at /opt/rustwide/workdir/src/binary/port.rs:1181:5
[INFO] [stdout]   23:     0x560fac1a03f7 - zproto::binary::port::test::compile_time_errors::{{closure}}::h1fd7504128f9255d
[INFO] [stdout]                                at /opt/rustwide/workdir/src/binary/port.rs:1178:29
[INFO] [stdout]   24:     0x560fac162fe6 - core::ops::function::FnOnce::call_once::h49fbf8920eeee1bd
[INFO] [stdout]                                at /rustc/0e09125c6c3c2fd70d7de961bcf0e51575235fad/library/core/src/ops/function.rs:250:5
[INFO] [stdout]   25:     0x560fac3cc56f - core::ops::function::FnOnce::call_once::hd64d26f405258157
[INFO] [stdout]                                at /rustc/0e09125c6c3c2fd70d7de961bcf0e51575235fad/library/core/src/ops/function.rs:250:5
[INFO] [stdout]   26:     0x560fac3cc56f - test::__rust_begin_short_backtrace::he21b0b7a6d731bf9
[INFO] [stdout]                                at /rustc/0e09125c6c3c2fd70d7de961bcf0e51575235fad/library/test/src/lib.rs:627:18
[INFO] [stdout]   27:     0x560fac3cb2f1 - test::run_test_in_process::{{closure}}::hf5c73986d7bdfde2
[INFO] [stdout]                                at /rustc/0e09125c6c3c2fd70d7de961bcf0e51575235fad/library/test/src/lib.rs:650:60
[INFO] [stdout]   28:     0x560fac3cb2f1 - <core::panic::unwind_safe::AssertUnwindSafe<F> as core::ops::function::FnOnce<()>>::call_once::h330011ad032aadc0
[INFO] [stdout]                                at /rustc/0e09125c6c3c2fd70d7de961bcf0e51575235fad/library/core/src/panic/unwind_safe.rs:272:9
[INFO] [stdout]   29:     0x560fac3cb2f1 - std::panicking::try::do_call::he61b0a958b795a41
[INFO] [stdout]                                at /rustc/0e09125c6c3c2fd70d7de961bcf0e51575235fad/library/std/src/panicking.rs:552:40
[INFO] [stdout]   30:     0x560fac3cb2f1 - std::panicking::try::h7309da130f906eb7
[INFO] [stdout]                                at /rustc/0e09125c6c3c2fd70d7de961bcf0e51575235fad/library/std/src/panicking.rs:516:19
[INFO] [stdout]   31:     0x560fac3cb2f1 - std::panic::catch_unwind::hc5c3a06fdaf0a92a
[INFO] [stdout]                                at /rustc/0e09125c6c3c2fd70d7de961bcf0e51575235fad/library/std/src/panic.rs:142:14
[INFO] [stdout]   32:     0x560fac3cb2f1 - test::run_test_in_process::h7e7b7c71c3324e0f
[INFO] [stdout]                                at /rustc/0e09125c6c3c2fd70d7de961bcf0e51575235fad/library/test/src/lib.rs:650:27
[INFO] [stdout]   33:     0x560fac3cb2f1 - test::run_test::{{closure}}::h1f509f28f5cf20b1
[INFO] [stdout]                                at /rustc/0e09125c6c3c2fd70d7de961bcf0e51575235fad/library/test/src/lib.rs:573:43
[INFO] [stdout]   34:     0x560fac392626 - test::run_test::{{closure}}::h1754218abf443f6d
[INFO] [stdout]                                at /rustc/0e09125c6c3c2fd70d7de961bcf0e51575235fad/library/test/src/lib.rs:601:41
[INFO] [stdout]   35:     0x560fac392626 - std::sys_common::backtrace::__rust_begin_short_backtrace::h2ee174b9d5954948
[INFO] [stdout]                                at /rustc/0e09125c6c3c2fd70d7de961bcf0e51575235fad/library/std/src/sys_common/backtrace.rs:155:18
[INFO] [stdout]   36:     0x560fac397687 - std::thread::Builder::spawn_unchecked_::{{closure}}::{{closure}}::hf60bee9c1a17ef09
[INFO] [stdout]                                at /rustc/0e09125c6c3c2fd70d7de961bcf0e51575235fad/library/std/src/thread/mod.rs:529:17
[INFO] [stdout]   37:     0x560fac397687 - <core::panic::unwind_safe::AssertUnwindSafe<F> as core::ops::function::FnOnce<()>>::call_once::h33d0dddec5216160
[INFO] [stdout]                                at /rustc/0e09125c6c3c2fd70d7de961bcf0e51575235fad/library/core/src/panic/unwind_safe.rs:272:9
[INFO] [stdout]   38:     0x560fac397687 - std::panicking::try::do_call::h144b3048b546f835
[INFO] [stdout]                                at /rustc/0e09125c6c3c2fd70d7de961bcf0e51575235fad/library/std/src/panicking.rs:552:40
[INFO] [stdout]   39:     0x560fac397687 - std::panicking::try::h978244d04646189f
[INFO] [stdout]                                at /rustc/0e09125c6c3c2fd70d7de961bcf0e51575235fad/library/std/src/panicking.rs:516:19
[INFO] [stdout]   40:     0x560fac397687 - std::panic::catch_unwind::hdf436369d188fe86
[INFO] [stdout]                                at /rustc/0e09125c6c3c2fd70d7de961bcf0e51575235fad/library/std/src/panic.rs:142:14
[INFO] [stdout]   41:     0x560fac397687 - std::thread::Builder::spawn_unchecked_::{{closure}}::h87329cbdd33c79ec
[INFO] [stdout]                                at /rustc/0e09125c6c3c2fd70d7de961bcf0e51575235fad/library/std/src/thread/mod.rs:528:30
[INFO] [stdout]   42:     0x560fac397687 - core::ops::function::FnOnce::call_once{{vtable.shim}}::h401abbe67897d450
[INFO] [stdout]                                at /rustc/0e09125c6c3c2fd70d7de961bcf0e51575235fad/library/core/src/ops/function.rs:250:5
[INFO] [stdout]   43:     0x560fac402d45 - <alloc::boxed::Box<F,A> as core::ops::function::FnOnce<Args>>::call_once::h5d7c8f150ab9c84c
[INFO] [stdout]                                at /rustc/0e09125c6c3c2fd70d7de961bcf0e51575235fad/library/alloc/src/boxed.rs:2015:9
[INFO] [stdout]   44:     0x560fac402d45 - <alloc::boxed::Box<F,A> as core::ops::function::FnOnce<Args>>::call_once::h570d5b005c242c15
[INFO] [stdout]                                at /rustc/0e09125c6c3c2fd70d7de961bcf0e51575235fad/library/alloc/src/boxed.rs:2015:9
[INFO] [stdout]   45:     0x560fac402d45 - std::sys::unix::thread::Thread::new::thread_start::h36b0a20c0b2361ad
[INFO] [stdout]                                at /rustc/0e09125c6c3c2fd70d7de961bcf0e51575235fad/library/std/src/sys/unix/thread.rs:108:17
[INFO] [stdout]   46:     0x7f73dc45fac3 - <unknown>
[INFO] [stdout]   47:     0x7f73dc4f0bf4 - __clone
[INFO] [stdout]   48:                0x0 - <unknown>
[INFO] [stdout] 
[INFO] [stdout] 
[INFO] [stdout] failures:
[INFO] [stdout]     binary::port::test::compile_time_errors
[INFO] [stdout] 
[INFO] [stdout] test result: FAILED. 72 passed; 1 failed; 0 ignored; 0 measured; 0 filtered out; finished in 3.12s
[INFO] [stdout] 
[INFO] [stderr] error: test failed, to rerun pass `--lib`
[INFO] running `Command { std: "docker" "inspect" "c9782322d5cbc4550e45802c99308eb659573b25adaafd59395d2670720c6b89", kill_on_drop: false }`
[INFO] running `Command { std: "docker" "rm" "-f" "c9782322d5cbc4550e45802c99308eb659573b25adaafd59395d2670720c6b89", kill_on_drop: false }`
[INFO] [stdout] c9782322d5cbc4550e45802c99308eb659573b25adaafd59395d2670720c6b89
