[INFO] fetching crate zpinger 0.1.0...
[INFO] testing zpinger-0.1.0 against 1.75.0 for beta-1.76-1
[INFO] extracting crate zpinger 0.1.0 into /workspace/builds/worker-5-tc1/source
[INFO] validating manifest of crates.io crate zpinger 0.1.0 on toolchain 1.75.0
[INFO] running `Command { std: CARGO_HOME="/workspace/cargo-home" RUSTUP_HOME="/workspace/rustup-home" "/workspace/cargo-home/bin/cargo" "+1.75.0" "metadata" "--manifest-path" "Cargo.toml" "--no-deps", kill_on_drop: false }`
[INFO] started tweaking crates.io crate zpinger 0.1.0
[INFO] finished tweaking crates.io crate zpinger 0.1.0
[INFO] tweaked toml for crates.io crate zpinger 0.1.0 written to /workspace/builds/worker-5-tc1/source/Cargo.toml
[INFO] running `Command { std: CARGO_HOME="/workspace/cargo-home" RUSTUP_HOME="/workspace/rustup-home" "/workspace/cargo-home/bin/cargo" "+1.75.0" "generate-lockfile" "--manifest-path" "Cargo.toml", kill_on_drop: false }`
[INFO] [stderr]     Updating crates.io index
[INFO] running `Command { std: CARGO_HOME="/workspace/cargo-home" RUSTUP_HOME="/workspace/rustup-home" "/workspace/cargo-home/bin/cargo" "+1.75.0" "fetch" "--manifest-path" "Cargo.toml", kill_on_drop: false }`
[INFO] running `Command { std: "docker" "create" "-v" "/var/lib/crater-agent-workspace/builds/worker-5-tc1/target:/opt/rustwide/target:rw,Z" "-v" "/var/lib/crater-agent-workspace/builds/worker-5-tc1/source:/opt/rustwide/workdir:ro,Z" "-v" "/var/lib/crater-agent-workspace/cargo-home:/opt/rustwide/cargo-home:ro,Z" "-v" "/var/lib/crater-agent-workspace/rustup-home:/opt/rustwide/rustup-home:ro,Z" "-e" "SOURCE_DIR=/opt/rustwide/workdir" "-e" "CARGO_TARGET_DIR=/opt/rustwide/target" "-e" "CARGO_HOME=/opt/rustwide/cargo-home" "-e" "RUSTUP_HOME=/opt/rustwide/rustup-home" "-w" "/opt/rustwide/workdir" "-m" "1610612736" "--user" "0:0" "--network" "none" "ghcr.io/rust-lang/crates-build-env/linux@sha256:2788e3201cd34a07e3172128adcd8b3090168a8e3bcc40d7c032b9dda1df7d1c" "/opt/rustwide/cargo-home/bin/cargo" "+1.75.0" "metadata" "--no-deps" "--format-version=1", kill_on_drop: false }`
[INFO] [stdout] bfc8f7829c713e0e28313a62d2d6ea1e218dd5856621f4845d9533bc368bf5bf
[INFO] running `Command { std: "docker" "start" "-a" "bfc8f7829c713e0e28313a62d2d6ea1e218dd5856621f4845d9533bc368bf5bf", kill_on_drop: false }`
[INFO] running `Command { std: "docker" "inspect" "bfc8f7829c713e0e28313a62d2d6ea1e218dd5856621f4845d9533bc368bf5bf", kill_on_drop: false }`
[INFO] running `Command { std: "docker" "rm" "-f" "bfc8f7829c713e0e28313a62d2d6ea1e218dd5856621f4845d9533bc368bf5bf", kill_on_drop: false }`
[INFO] [stdout] bfc8f7829c713e0e28313a62d2d6ea1e218dd5856621f4845d9533bc368bf5bf
[INFO] running `Command { std: "docker" "create" "-v" "/var/lib/crater-agent-workspace/builds/worker-5-tc1/target:/opt/rustwide/target:rw,Z" "-v" "/var/lib/crater-agent-workspace/builds/worker-5-tc1/source:/opt/rustwide/workdir:ro,Z" "-v" "/var/lib/crater-agent-workspace/cargo-home:/opt/rustwide/cargo-home:ro,Z" "-v" "/var/lib/crater-agent-workspace/rustup-home:/opt/rustwide/rustup-home:ro,Z" "-e" "SOURCE_DIR=/opt/rustwide/workdir" "-e" "CARGO_TARGET_DIR=/opt/rustwide/target" "-e" "CARGO_INCREMENTAL=0" "-e" "RUST_BACKTRACE=full" "-e" "RUSTFLAGS=--cap-lints=warn" "-e" "RUSTDOCFLAGS=--cap-lints=warn" "-e" "CARGO_HOME=/opt/rustwide/cargo-home" "-e" "RUSTUP_HOME=/opt/rustwide/rustup-home" "-w" "/opt/rustwide/workdir" "-m" "1610612736" "--user" "0:0" "--network" "none" "ghcr.io/rust-lang/crates-build-env/linux@sha256:2788e3201cd34a07e3172128adcd8b3090168a8e3bcc40d7c032b9dda1df7d1c" "/opt/rustwide/cargo-home/bin/cargo" "+1.75.0" "build" "--frozen" "--message-format=json", kill_on_drop: false }`
[INFO] [stdout] 9673d40491a2c0f97928dead68a13f22b847cd15c5edfd3e109f3d7072c978da
[INFO] running `Command { std: "docker" "start" "-a" "9673d40491a2c0f97928dead68a13f22b847cd15c5edfd3e109f3d7072c978da", kill_on_drop: false }`
[INFO] [stderr]    Compiling zpinger v0.1.0 (/opt/rustwide/workdir)
[INFO] [stderr]     Finished dev [unoptimized + debuginfo] target(s) in 0.23s
[INFO] running `Command { std: "docker" "inspect" "9673d40491a2c0f97928dead68a13f22b847cd15c5edfd3e109f3d7072c978da", kill_on_drop: false }`
[INFO] running `Command { std: "docker" "rm" "-f" "9673d40491a2c0f97928dead68a13f22b847cd15c5edfd3e109f3d7072c978da", kill_on_drop: false }`
[INFO] [stdout] 9673d40491a2c0f97928dead68a13f22b847cd15c5edfd3e109f3d7072c978da
[INFO] running `Command { std: "docker" "create" "-v" "/var/lib/crater-agent-workspace/builds/worker-5-tc1/target:/opt/rustwide/target:rw,Z" "-v" "/var/lib/crater-agent-workspace/builds/worker-5-tc1/source:/opt/rustwide/workdir:ro,Z" "-v" "/var/lib/crater-agent-workspace/cargo-home:/opt/rustwide/cargo-home:ro,Z" "-v" "/var/lib/crater-agent-workspace/rustup-home:/opt/rustwide/rustup-home:ro,Z" "-e" "SOURCE_DIR=/opt/rustwide/workdir" "-e" "CARGO_TARGET_DIR=/opt/rustwide/target" "-e" "CARGO_INCREMENTAL=0" "-e" "RUST_BACKTRACE=full" "-e" "RUSTFLAGS=--cap-lints=warn" "-e" "RUSTDOCFLAGS=--cap-lints=warn" "-e" "CARGO_HOME=/opt/rustwide/cargo-home" "-e" "RUSTUP_HOME=/opt/rustwide/rustup-home" "-w" "/opt/rustwide/workdir" "-m" "1610612736" "--user" "0:0" "--network" "none" "ghcr.io/rust-lang/crates-build-env/linux@sha256:2788e3201cd34a07e3172128adcd8b3090168a8e3bcc40d7c032b9dda1df7d1c" "/opt/rustwide/cargo-home/bin/cargo" "+1.75.0" "test" "--frozen" "--no-run" "--message-format=json", kill_on_drop: false }`
[INFO] [stdout] bd30e41fb9998af0ef7fb04a6794f836273ed2ab7d233c3015ff363ebd8b8c06
[INFO] running `Command { std: "docker" "start" "-a" "bd30e41fb9998af0ef7fb04a6794f836273ed2ab7d233c3015ff363ebd8b8c06", kill_on_drop: false }`
[INFO] [stderr]    Compiling zpinger v0.1.0 (/opt/rustwide/workdir)
[INFO] [stderr]     Finished test [unoptimized + debuginfo] target(s) in 0.84s
[INFO] running `Command { std: "docker" "inspect" "bd30e41fb9998af0ef7fb04a6794f836273ed2ab7d233c3015ff363ebd8b8c06", kill_on_drop: false }`
[INFO] running `Command { std: "docker" "rm" "-f" "bd30e41fb9998af0ef7fb04a6794f836273ed2ab7d233c3015ff363ebd8b8c06", kill_on_drop: false }`
[INFO] [stdout] bd30e41fb9998af0ef7fb04a6794f836273ed2ab7d233c3015ff363ebd8b8c06
[INFO] running `Command { std: "docker" "create" "-v" "/var/lib/crater-agent-workspace/builds/worker-5-tc1/target:/opt/rustwide/target:rw,Z" "-v" "/var/lib/crater-agent-workspace/builds/worker-5-tc1/source:/opt/rustwide/workdir:ro,Z" "-v" "/var/lib/crater-agent-workspace/cargo-home:/opt/rustwide/cargo-home:ro,Z" "-v" "/var/lib/crater-agent-workspace/rustup-home:/opt/rustwide/rustup-home:ro,Z" "-e" "SOURCE_DIR=/opt/rustwide/workdir" "-e" "CARGO_TARGET_DIR=/opt/rustwide/target" "-e" "CARGO_INCREMENTAL=0" "-e" "RUST_BACKTRACE=full" "-e" "RUSTFLAGS=--cap-lints=warn" "-e" "RUSTDOCFLAGS=--cap-lints=warn" "-e" "CARGO_HOME=/opt/rustwide/cargo-home" "-e" "RUSTUP_HOME=/opt/rustwide/rustup-home" "-w" "/opt/rustwide/workdir" "-m" "1610612736" "--user" "0:0" "--network" "none" "ghcr.io/rust-lang/crates-build-env/linux@sha256:2788e3201cd34a07e3172128adcd8b3090168a8e3bcc40d7c032b9dda1df7d1c" "/opt/rustwide/cargo-home/bin/cargo" "+1.75.0" "test" "--frozen", kill_on_drop: false }`
[INFO] [stdout] a612994bfece35f4e365367071a234de8d64e10626147c3e90106f460adc657b
[INFO] running `Command { std: "docker" "start" "-a" "a612994bfece35f4e365367071a234de8d64e10626147c3e90106f460adc657b", kill_on_drop: false }`
[INFO] [stderr]     Finished test [unoptimized + debuginfo] target(s) in 0.00s
[INFO] [stderr]      Running unittests src/lib.rs (/opt/rustwide/target/debug/deps/zpinger-6e1b88b474d8f784)
[INFO] [stdout] 
[INFO] [stdout] running 4 tests
[INFO] [stdout] test test_pinger::test_pinger ... ok
[INFO] [stdout] test test_pinger::test_pinger_error ... ok
[INFO] [stdout] test test_pinger::test_get_host_path ... ok
[INFO] [stdout] test test_pinger::test_pinger_not_exist - should panic ... ok
[INFO] [stdout] 
[INFO] [stdout] test result: ok. 4 passed; 0 failed; 0 ignored; 0 measured; 0 filtered out; finished in 0.02s
[INFO] [stdout] 
[INFO] [stderr]    Doc-tests zpinger
[INFO] [stdout] 
[INFO] [stdout] running 1 test
[INFO] [stdout] test src/uri.rs - uri::get_uri (line 125) ... FAILED
[INFO] [stdout] 
[INFO] [stdout] failures:
[INFO] [stdout] 
[INFO] [stdout] ---- src/uri.rs - uri::get_uri (line 125) stdout ----
[INFO] [stdout] error[E0433]: failed to resolve: use of undeclared crate or module `pinger`
[INFO] [stdout]  --> src/uri.rs:127:19
[INFO] [stdout]   |
[INFO] [stdout] 4 | let mut uri_obj = pinger::uri::get_uri(url);
[INFO] [stdout]   |                   ^^^^^^ use of undeclared crate or module `pinger`
[INFO] [stdout]   |
[INFO] [stdout] help: there is a crate or module with a similar name
[INFO] [stdout]   |
[INFO] [stdout] 4 | let mut uri_obj = zpinger::uri::get_uri(url);
[INFO] [stdout]   |                   ~~~~~~~
[INFO] [stdout] help: consider importing this module
[INFO] [stdout]   |
[INFO] [stdout] 2 + use zpinger::uri;
[INFO] [stdout]   |
[INFO] [stdout] help: if you import `uri`, refer to it directly
[INFO] [stdout]   |
[INFO] [stdout] 4 - let mut uri_obj = pinger::uri::get_uri(url);
[INFO] [stdout] 4 + let mut uri_obj = uri::get_uri(url);
[INFO] [stdout]   |
[INFO] [stdout] 
[INFO] [stdout] error[E0433]: failed to resolve: use of undeclared crate or module `pinger`
[INFO] [stdout]   --> src/uri.rs:140:19
[INFO] [stdout]    |
[INFO] [stdout] 17 | let mut uri_obj = pinger::uri::get_uri(url);
[INFO] [stdout]    |                   ^^^^^^ use of undeclared crate or module `pinger`
[INFO] [stdout]    |
[INFO] [stdout] help: there is a crate or module with a similar name
[INFO] [stdout]    |
[INFO] [stdout] 17 | let mut uri_obj = zpinger::uri::get_uri(url);
[INFO] [stdout]    |                   ~~~~~~~
[INFO] [stdout] help: consider importing this module
[INFO] [stdout]    |
[INFO] [stdout] 2  + use zpinger::uri;
[INFO] [stdout]    |
[INFO] [stdout] help: if you import `uri`, refer to it directly
[INFO] [stdout]    |
[INFO] [stdout] 17 - let mut uri_obj = pinger::uri::get_uri(url);
[INFO] [stdout] 17 + let mut uri_obj = uri::get_uri(url);
[INFO] [stdout]    |
[INFO] [stdout] 
[INFO] [stdout] error: aborting due to 2 previous errors
[INFO] [stdout] 
[INFO] [stdout] For more information about this error, try `rustc --explain E0433`.
[INFO] [stdout] Couldn't compile the test.
[INFO] [stdout] 
[INFO] [stdout] failures:
[INFO] [stdout]     src/uri.rs - uri::get_uri (line 125)
[INFO] [stdout] 
[INFO] [stdout] test result: FAILED. 0 passed; 1 failed; 0 ignored; 0 measured; 0 filtered out; finished in 0.04s
[INFO] [stdout] 
[INFO] [stderr] error: doctest failed, to rerun pass `--doc`
[INFO] running `Command { std: "docker" "inspect" "a612994bfece35f4e365367071a234de8d64e10626147c3e90106f460adc657b", kill_on_drop: false }`
[INFO] running `Command { std: "docker" "rm" "-f" "a612994bfece35f4e365367071a234de8d64e10626147c3e90106f460adc657b", kill_on_drop: false }`
[INFO] [stdout] a612994bfece35f4e365367071a234de8d64e10626147c3e90106f460adc657b
