[INFO] fetching crate zngur-parser 0.4.0...
[INFO] testing zngur-parser-0.4.0 against 1.75.0 for beta-1.76-1
[INFO] extracting crate zngur-parser 0.4.0 into /workspace/builds/worker-2-tc1/source
[INFO] validating manifest of crates.io crate zngur-parser 0.4.0 on toolchain 1.75.0
[INFO] running `Command { std: CARGO_HOME="/workspace/cargo-home" RUSTUP_HOME="/workspace/rustup-home" "/workspace/cargo-home/bin/cargo" "+1.75.0" "metadata" "--manifest-path" "Cargo.toml" "--no-deps", kill_on_drop: false }`
[INFO] started tweaking crates.io crate zngur-parser 0.4.0
[INFO] finished tweaking crates.io crate zngur-parser 0.4.0
[INFO] tweaked toml for crates.io crate zngur-parser 0.4.0 written to /workspace/builds/worker-2-tc1/source/Cargo.toml
[INFO] running `Command { std: CARGO_HOME="/workspace/cargo-home" RUSTUP_HOME="/workspace/rustup-home" "/workspace/cargo-home/bin/cargo" "+1.75.0" "generate-lockfile" "--manifest-path" "Cargo.toml", kill_on_drop: false }`
[INFO] [stderr]     Updating crates.io index
[INFO] running `Command { std: CARGO_HOME="/workspace/cargo-home" RUSTUP_HOME="/workspace/rustup-home" "/workspace/cargo-home/bin/cargo" "+1.75.0" "fetch" "--manifest-path" "Cargo.toml", kill_on_drop: false }`
[INFO] [stderr]  Downloading crates ...
[INFO] [stderr]   Downloaded zngur-def v0.4.0
[INFO] [stderr]   Downloaded vte v0.11.1
[INFO] [stderr]   Downloaded strip-ansi-escapes v0.2.0
[INFO] [stderr]   Downloaded ariadne v0.3.0
[INFO] [stderr]   Downloaded iter_tools v0.1.4
[INFO] [stderr]   Downloaded chumsky v1.0.0-alpha.4
[INFO] running `Command { std: "docker" "create" "-v" "/var/lib/crater-agent-workspace/builds/worker-2-tc1/target:/opt/rustwide/target:rw,Z" "-v" "/var/lib/crater-agent-workspace/builds/worker-2-tc1/source:/opt/rustwide/workdir:ro,Z" "-v" "/var/lib/crater-agent-workspace/cargo-home:/opt/rustwide/cargo-home:ro,Z" "-v" "/var/lib/crater-agent-workspace/rustup-home:/opt/rustwide/rustup-home:ro,Z" "-e" "SOURCE_DIR=/opt/rustwide/workdir" "-e" "CARGO_TARGET_DIR=/opt/rustwide/target" "-e" "CARGO_HOME=/opt/rustwide/cargo-home" "-e" "RUSTUP_HOME=/opt/rustwide/rustup-home" "-w" "/opt/rustwide/workdir" "-m" "1610612736" "--user" "0:0" "--network" "none" "ghcr.io/rust-lang/crates-build-env/linux@sha256:2788e3201cd34a07e3172128adcd8b3090168a8e3bcc40d7c032b9dda1df7d1c" "/opt/rustwide/cargo-home/bin/cargo" "+1.75.0" "metadata" "--no-deps" "--format-version=1", kill_on_drop: false }`
[INFO] [stdout] 971e9519a004b39e77ea4c3ffe2e82dddf5347828d5e867c13666bc2c32097f2
[INFO] running `Command { std: "docker" "start" "-a" "971e9519a004b39e77ea4c3ffe2e82dddf5347828d5e867c13666bc2c32097f2", kill_on_drop: false }`
[INFO] running `Command { std: "docker" "inspect" "971e9519a004b39e77ea4c3ffe2e82dddf5347828d5e867c13666bc2c32097f2", kill_on_drop: false }`
[INFO] running `Command { std: "docker" "rm" "-f" "971e9519a004b39e77ea4c3ffe2e82dddf5347828d5e867c13666bc2c32097f2", kill_on_drop: false }`
[INFO] [stdout] 971e9519a004b39e77ea4c3ffe2e82dddf5347828d5e867c13666bc2c32097f2
[INFO] running `Command { std: "docker" "create" "-v" "/var/lib/crater-agent-workspace/builds/worker-2-tc1/target:/opt/rustwide/target:rw,Z" "-v" "/var/lib/crater-agent-workspace/builds/worker-2-tc1/source:/opt/rustwide/workdir:ro,Z" "-v" "/var/lib/crater-agent-workspace/cargo-home:/opt/rustwide/cargo-home:ro,Z" "-v" "/var/lib/crater-agent-workspace/rustup-home:/opt/rustwide/rustup-home:ro,Z" "-e" "SOURCE_DIR=/opt/rustwide/workdir" "-e" "CARGO_TARGET_DIR=/opt/rustwide/target" "-e" "CARGO_INCREMENTAL=0" "-e" "RUST_BACKTRACE=full" "-e" "RUSTFLAGS=--cap-lints=warn" "-e" "RUSTDOCFLAGS=--cap-lints=warn" "-e" "CARGO_HOME=/opt/rustwide/cargo-home" "-e" "RUSTUP_HOME=/opt/rustwide/rustup-home" "-w" "/opt/rustwide/workdir" "-m" "1610612736" "--user" "0:0" "--network" "none" "ghcr.io/rust-lang/crates-build-env/linux@sha256:2788e3201cd34a07e3172128adcd8b3090168a8e3bcc40d7c032b9dda1df7d1c" "/opt/rustwide/cargo-home/bin/cargo" "+1.75.0" "build" "--frozen" "--message-format=json", kill_on_drop: false }`
[INFO] [stdout] 0cf0532969b567dcba23e6516ca1f3feabc0c50cbacc153bc34da18f770561d0
[INFO] running `Command { std: "docker" "start" "-a" "0cf0532969b567dcba23e6516ca1f3feabc0c50cbacc153bc34da18f770561d0", kill_on_drop: false }`
[INFO] [stderr]    Compiling libc v0.2.151
[INFO] [stderr]    Compiling either v1.9.0
[INFO] [stderr]    Compiling once_cell v1.19.0
[INFO] [stderr]    Compiling yansi v0.5.1
[INFO] [stderr]    Compiling unicode-width v0.1.11
[INFO] [stderr]    Compiling psm v0.1.21
[INFO] [stderr]    Compiling stacker v0.1.15
[INFO] [stderr]    Compiling ahash v0.8.7
[INFO] [stderr]    Compiling ariadne v0.3.0
[INFO] [stderr]    Compiling itertools v0.10.5
[INFO] [stderr]    Compiling hashbrown v0.13.2
[INFO] [stderr]    Compiling chumsky v1.0.0-alpha.4
[INFO] [stderr]    Compiling iter_tools v0.1.4
[INFO] [stderr]    Compiling zngur-def v0.4.0
[INFO] [stderr]    Compiling zngur-parser v0.4.0 (/opt/rustwide/workdir)
[INFO] [stderr]     Finished dev [unoptimized + debuginfo] target(s) in 14.00s
[INFO] running `Command { std: "docker" "inspect" "0cf0532969b567dcba23e6516ca1f3feabc0c50cbacc153bc34da18f770561d0", kill_on_drop: false }`
[INFO] running `Command { std: "docker" "rm" "-f" "0cf0532969b567dcba23e6516ca1f3feabc0c50cbacc153bc34da18f770561d0", kill_on_drop: false }`
[INFO] [stdout] 0cf0532969b567dcba23e6516ca1f3feabc0c50cbacc153bc34da18f770561d0
[INFO] running `Command { std: "docker" "create" "-v" "/var/lib/crater-agent-workspace/builds/worker-2-tc1/target:/opt/rustwide/target:rw,Z" "-v" "/var/lib/crater-agent-workspace/builds/worker-2-tc1/source:/opt/rustwide/workdir:ro,Z" "-v" "/var/lib/crater-agent-workspace/cargo-home:/opt/rustwide/cargo-home:ro,Z" "-v" "/var/lib/crater-agent-workspace/rustup-home:/opt/rustwide/rustup-home:ro,Z" "-e" "SOURCE_DIR=/opt/rustwide/workdir" "-e" "CARGO_TARGET_DIR=/opt/rustwide/target" "-e" "CARGO_INCREMENTAL=0" "-e" "RUST_BACKTRACE=full" "-e" "RUSTFLAGS=--cap-lints=warn" "-e" "RUSTDOCFLAGS=--cap-lints=warn" "-e" "CARGO_HOME=/opt/rustwide/cargo-home" "-e" "RUSTUP_HOME=/opt/rustwide/rustup-home" "-w" "/opt/rustwide/workdir" "-m" "1610612736" "--user" "0:0" "--network" "none" "ghcr.io/rust-lang/crates-build-env/linux@sha256:2788e3201cd34a07e3172128adcd8b3090168a8e3bcc40d7c032b9dda1df7d1c" "/opt/rustwide/cargo-home/bin/cargo" "+1.75.0" "test" "--frozen" "--no-run" "--message-format=json", kill_on_drop: false }`
[INFO] [stdout] c2a327d2dae90d42640a26a8e606b4d31bd6b929f09ecbc12e345964c4041e03
[INFO] running `Command { std: "docker" "start" "-a" "c2a327d2dae90d42640a26a8e606b4d31bd6b929f09ecbc12e345964c4041e03", kill_on_drop: false }`
[INFO] [stderr]    Compiling utf8parse v0.2.1
[INFO] [stderr]    Compiling dissimilar v1.0.7
[INFO] [stderr]    Compiling hashbrown v0.13.2
[INFO] [stderr]    Compiling vte_generate_state_changes v0.1.1
[INFO] [stderr]    Compiling expect-test v1.4.1
[INFO] [stderr]    Compiling vte v0.11.1
[INFO] [stderr]    Compiling chumsky v1.0.0-alpha.4
[INFO] [stderr]    Compiling strip-ansi-escapes v0.2.0
[INFO] [stderr]    Compiling zngur-parser v0.4.0 (/opt/rustwide/workdir)
[INFO] [stderr]     Finished test [unoptimized + debuginfo] target(s) in 15.87s
[INFO] running `Command { std: "docker" "inspect" "c2a327d2dae90d42640a26a8e606b4d31bd6b929f09ecbc12e345964c4041e03", kill_on_drop: false }`
[INFO] running `Command { std: "docker" "rm" "-f" "c2a327d2dae90d42640a26a8e606b4d31bd6b929f09ecbc12e345964c4041e03", kill_on_drop: false }`
[INFO] [stdout] c2a327d2dae90d42640a26a8e606b4d31bd6b929f09ecbc12e345964c4041e03
[INFO] running `Command { std: "docker" "create" "-v" "/var/lib/crater-agent-workspace/builds/worker-2-tc1/target:/opt/rustwide/target:rw,Z" "-v" "/var/lib/crater-agent-workspace/builds/worker-2-tc1/source:/opt/rustwide/workdir:ro,Z" "-v" "/var/lib/crater-agent-workspace/cargo-home:/opt/rustwide/cargo-home:ro,Z" "-v" "/var/lib/crater-agent-workspace/rustup-home:/opt/rustwide/rustup-home:ro,Z" "-e" "SOURCE_DIR=/opt/rustwide/workdir" "-e" "CARGO_TARGET_DIR=/opt/rustwide/target" "-e" "CARGO_INCREMENTAL=0" "-e" "RUST_BACKTRACE=full" "-e" "RUSTFLAGS=--cap-lints=warn" "-e" "RUSTDOCFLAGS=--cap-lints=warn" "-e" "CARGO_HOME=/opt/rustwide/cargo-home" "-e" "RUSTUP_HOME=/opt/rustwide/rustup-home" "-w" "/opt/rustwide/workdir" "-m" "1610612736" "--user" "0:0" "--network" "none" "ghcr.io/rust-lang/crates-build-env/linux@sha256:2788e3201cd34a07e3172128adcd8b3090168a8e3bcc40d7c032b9dda1df7d1c" "/opt/rustwide/cargo-home/bin/cargo" "+1.75.0" "test" "--frozen", kill_on_drop: false }`
[INFO] [stdout] 7285f8edcfb9408eaca6d99054a3d487e0626012be88825836721acda786e658
[INFO] running `Command { std: "docker" "start" "-a" "7285f8edcfb9408eaca6d99054a3d487e0626012be88825836721acda786e658", kill_on_drop: false }`
[INFO] [stderr]     Finished test [unoptimized + debuginfo] target(s) in 0.03s
[INFO] [stderr]      Running unittests src/lib.rs (/opt/rustwide/target/debug/deps/zngur_parser-5027bd848cbb7976)
[INFO] [stdout] 
[INFO] [stdout] running 4 tests
[INFO] [stdout] test tests::parse_unit ... ok
[INFO] [stdout] test tests::multiple_layout_policies ... ok
[INFO] [stdout] test tests::cpp_ref_should_not_need_layout_info ... FAILED
[INFO] [stdout] test tests::typo_in_wellknown_trait ... FAILED
[INFO] [stdout] 
[INFO] [stdout] failures:
[INFO] [stdout] 
[INFO] [stdout] ---- tests::cpp_ref_should_not_need_layout_info stdout ----
[INFO] [stdout] 
[INFO] [stdout] 
[INFO] [stdout] [1m[91merror[97m: expect test failed[0m
[INFO] [stdout]    [1m[34m-->[0m src/tests.rs:90:9
[INFO] [stdout] 
[INFO] [stdout] You can update all `expect!` tests by running:
[INFO] [stdout] 
[INFO] [stdout]     env UPDATE_EXPECT=1 cargo test
[INFO] [stdout] 
[INFO] [stdout] To update a single test, place the cursor on `expect` token and use `run` feature of rust-analyzer.
[INFO] [stdout] 
[INFO] [stdout] [1mExpect[0m:
[INFO] [stdout] ----
[INFO] [stdout] Error: Duplicate layout policy found
[INFO] [stdout]    ╭─[main.zng:3:5]
[INFO] [stdout]    │
[INFO] [stdout]  3 │     #layout(size = 1, align = 2);
[INFO] [stdout]    │     ─────────────┬─────────────  
[INFO] [stdout]    │                  ╰─────────────── Duplicate layout policy found
[INFO] [stdout] ───╯
[INFO] [stdout] 
[INFO] [stdout] ----
[INFO] [stdout] 
[INFO] [stdout] [1mActual[0m:
[INFO] [stdout] ----
[INFO] [stdout] Error: Duplicate layout policy found
[INFO] [stdout]    ╭─[main.zng:2:23]
[INFO] [stdout]    │
[INFO] [stdout]  2 │ ╭─▶ type ::std::string::String {
[INFO] [stdout]  3 │ ├─▶     #layout(size = 24, align = 8);
[INFO] [stdout]    │ │                                        
[INFO] [stdout]    │ ╰──────────────────────────────────────── Duplicate layout policy found
[INFO] [stdout] ───╯
[INFO] [stdout] 
[INFO] [stdout] ----
[INFO] [stdout] 
[INFO] [stdout] [1mDiff[0m:
[INFO] [stdout] ----
[INFO] [stdout] Error: Duplicate layout policy found
[INFO] [stdout]    ╭─[main.zng:[4m[31m3:5[0m[4m[32m2:23[0m]
[INFO] [stdout]    │
[INFO] [stdout]  [4m[31m3 │[0m[4m[32m2 │ ╭─▶ type ::std::string::String {
[INFO] [stdout]  3 │ ├─▶[0m     #layout(size = [4m[31m1[0m[4m[32m24[0m, align = [4m[31m2[0m[4m[32m8[0m);
[INFO] [stdout]    │[4m[32m │ [0m     [4m[31m─[0m[4m[32m                                  
[INFO] [stdout]    │ ╰[0m────────────[4m[31m┬[0m─────────────[4m[31m  
[INFO] [stdout]    │                  ╰[0m─────────────── Duplicate layout policy found
[INFO] [stdout] ───╯
[INFO] [stdout] 
[INFO] [stdout] ----
[INFO] [stdout] 
[INFO] [stdout] 
[INFO] [stdout] ---- tests::typo_in_wellknown_trait stdout ----
[INFO] [stdout] 
[INFO] [stdout] 
[INFO] [stdout] [1m[91merror[97m: expect test failed[0m
[INFO] [stdout]    [1m[34m-->[0m src/tests.rs:47:9
[INFO] [stdout] 
[INFO] [stdout] [1mExpect[0m:
[INFO] [stdout] ----
[INFO] [stdout] Error: found 'welcome_traits' expected 'layout', '#', 'wellknown_traits', 'constructor', 'fn', or '}'
[INFO] [stdout]    ╭─[main.zng:4:5]
[INFO] [stdout]    │
[INFO] [stdout]  4 │     welcome_traits(Copy);
[INFO] [stdout]    │     ───────┬──────  
[INFO] [stdout]    │            ╰──────── found 'welcome_traits' expected 'layout', '#', 'wellknown_traits', 'constructor', 'fn', or '}'
[INFO] [stdout] ───╯
[INFO] [stdout] 
[INFO] [stdout] ----
[INFO] [stdout] 
[INFO] [stdout] [1mActual[0m:
[INFO] [stdout] ----
[INFO] [stdout] Error: found 'welcome_traits' expected '#', 'wellknown_traits', 'constructor', 'fn', or '}'
[INFO] [stdout]    ╭─[main.zng:3:20]
[INFO] [stdout]    │
[INFO] [stdout]  3 │     #layout(size = 24, align = 8);
[INFO] [stdout]    │                    ───────┬──────  
[INFO] [stdout]    │                           ╰──────── found 'welcome_traits' expected '#', 'wellknown_traits', 'constructor', 'fn', or '}'
[INFO] [stdout] ───╯
[INFO] [stdout] 
[INFO] [stdout] ----
[INFO] [stdout] 
[INFO] [stdout] [1mDiff[0m:
[INFO] [stdout] ----
[INFO] [stdout] Error: found 'welcome_traits' expected[4m[31m 'layout',[0m '#', 'wellknown_traits', 'constructor', 'fn', or '}'
[INFO] [stdout]    ╭─[main.zng:[4m[31m4:5[0m[4m[32m3:20[0m]
[INFO] [stdout]    │
[INFO] [stdout]  [4m[31m4[0m[4m[32m3[0m │     [4m[31mwelcome_traits(Copy);
[INFO] [stdout]    │[0m[4m[32m#layout(size = 24, align = 8);
[INFO] [stdout]    │               [0m     ───────┬──────  
[INFO] [stdout]    │[4m[32m               [0m            ╰──────── found 'welcome_traits' expected[4m[31m 'layout',[0m '#', 'wellknown_traits', 'constructor', 'fn', or '}'
[INFO] [stdout] ───╯
[INFO] [stdout] 
[INFO] [stdout] ----
[INFO] [stdout] 
[INFO] [stdout] 
[INFO] [stdout] 
[INFO] [stdout] failures:
[INFO] [stdout]     tests::cpp_ref_should_not_need_layout_info
[INFO] [stdout]     tests::typo_in_wellknown_trait
[INFO] [stdout] 
[INFO] [stdout] test result: FAILED. 2 passed; 2 failed; 0 ignored; 0 measured; 0 filtered out; finished in 0.00s
[INFO] [stdout] 
[INFO] [stderr] error: test failed, to rerun pass `--lib`
[INFO] running `Command { std: "docker" "inspect" "7285f8edcfb9408eaca6d99054a3d487e0626012be88825836721acda786e658", kill_on_drop: false }`
[INFO] running `Command { std: "docker" "rm" "-f" "7285f8edcfb9408eaca6d99054a3d487e0626012be88825836721acda786e658", kill_on_drop: false }`
[INFO] [stdout] 7285f8edcfb9408eaca6d99054a3d487e0626012be88825836721acda786e658
[INFO] testing zngur-parser-0.4.0 against beta-2023-12-22 for beta-1.76-1
[INFO] extracting crate zngur-parser 0.4.0 into /workspace/builds/worker-2-tc2/source
[INFO] validating manifest of crates.io crate zngur-parser 0.4.0 on toolchain beta-2023-12-22
[INFO] running `Command { std: CARGO_HOME="/workspace/cargo-home" RUSTUP_HOME="/workspace/rustup-home" "/workspace/cargo-home/bin/cargo" "+beta-2023-12-22" "metadata" "--manifest-path" "Cargo.toml" "--no-deps", kill_on_drop: false }`
[INFO] started tweaking crates.io crate zngur-parser 0.4.0
[INFO] finished tweaking crates.io crate zngur-parser 0.4.0
[INFO] tweaked toml for crates.io crate zngur-parser 0.4.0 written to /workspace/builds/worker-2-tc2/source/Cargo.toml
[INFO] running `Command { std: CARGO_HOME="/workspace/cargo-home" RUSTUP_HOME="/workspace/rustup-home" "/workspace/cargo-home/bin/cargo" "+beta-2023-12-22" "generate-lockfile" "--manifest-path" "Cargo.toml", kill_on_drop: false }`
[INFO] [stderr]     Updating crates.io index
[INFO] running `Command { std: CARGO_HOME="/workspace/cargo-home" RUSTUP_HOME="/workspace/rustup-home" "/workspace/cargo-home/bin/cargo" "+beta-2023-12-22" "fetch" "--manifest-path" "Cargo.toml", kill_on_drop: false }`
[INFO] running `Command { std: "docker" "create" "-v" "/var/lib/crater-agent-workspace/builds/worker-2-tc2/target:/opt/rustwide/target:rw,Z" "-v" "/var/lib/crater-agent-workspace/builds/worker-2-tc2/source:/opt/rustwide/workdir:ro,Z" "-v" "/var/lib/crater-agent-workspace/cargo-home:/opt/rustwide/cargo-home:ro,Z" "-v" "/var/lib/crater-agent-workspace/rustup-home:/opt/rustwide/rustup-home:ro,Z" "-e" "SOURCE_DIR=/opt/rustwide/workdir" "-e" "CARGO_TARGET_DIR=/opt/rustwide/target" "-e" "CARGO_HOME=/opt/rustwide/cargo-home" "-e" "RUSTUP_HOME=/opt/rustwide/rustup-home" "-w" "/opt/rustwide/workdir" "-m" "1610612736" "--user" "0:0" "--network" "none" "ghcr.io/rust-lang/crates-build-env/linux@sha256:2788e3201cd34a07e3172128adcd8b3090168a8e3bcc40d7c032b9dda1df7d1c" "/opt/rustwide/cargo-home/bin/cargo" "+beta-2023-12-22" "metadata" "--no-deps" "--format-version=1", kill_on_drop: false }`
[INFO] [stdout] 52cc11066d76a18cdfef214cd090fda140b76cfa45d34a2d62134b51f658846a
[INFO] running `Command { std: "docker" "start" "-a" "52cc11066d76a18cdfef214cd090fda140b76cfa45d34a2d62134b51f658846a", kill_on_drop: false }`
[INFO] running `Command { std: "docker" "inspect" "52cc11066d76a18cdfef214cd090fda140b76cfa45d34a2d62134b51f658846a", kill_on_drop: false }`
[INFO] running `Command { std: "docker" "rm" "-f" "52cc11066d76a18cdfef214cd090fda140b76cfa45d34a2d62134b51f658846a", kill_on_drop: false }`
[INFO] [stdout] 52cc11066d76a18cdfef214cd090fda140b76cfa45d34a2d62134b51f658846a
[INFO] running `Command { std: "docker" "create" "-v" "/var/lib/crater-agent-workspace/builds/worker-2-tc2/target:/opt/rustwide/target:rw,Z" "-v" "/var/lib/crater-agent-workspace/builds/worker-2-tc2/source:/opt/rustwide/workdir:ro,Z" "-v" "/var/lib/crater-agent-workspace/cargo-home:/opt/rustwide/cargo-home:ro,Z" "-v" "/var/lib/crater-agent-workspace/rustup-home:/opt/rustwide/rustup-home:ro,Z" "-e" "SOURCE_DIR=/opt/rustwide/workdir" "-e" "CARGO_TARGET_DIR=/opt/rustwide/target" "-e" "CARGO_INCREMENTAL=0" "-e" "RUST_BACKTRACE=full" "-e" "RUSTFLAGS=--cap-lints=warn" "-e" "RUSTDOCFLAGS=--cap-lints=warn" "-e" "CARGO_HOME=/opt/rustwide/cargo-home" "-e" "RUSTUP_HOME=/opt/rustwide/rustup-home" "-w" "/opt/rustwide/workdir" "-m" "1610612736" "--user" "0:0" "--network" "none" "ghcr.io/rust-lang/crates-build-env/linux@sha256:2788e3201cd34a07e3172128adcd8b3090168a8e3bcc40d7c032b9dda1df7d1c" "/opt/rustwide/cargo-home/bin/cargo" "+beta-2023-12-22" "build" "--frozen" "--message-format=json", kill_on_drop: false }`
[INFO] [stdout] 03050b343fff3f9c8246d10d82145713a6bb02d2f9c4297239e207e39c1e965e
[INFO] running `Command { std: "docker" "start" "-a" "03050b343fff3f9c8246d10d82145713a6bb02d2f9c4297239e207e39c1e965e", kill_on_drop: false }`
[INFO] [stderr]    Compiling libc v0.2.151
[INFO] [stderr]    Compiling once_cell v1.19.0
[INFO] [stderr]    Compiling either v1.9.0
[INFO] [stderr]    Compiling yansi v0.5.1
[INFO] [stderr]    Compiling unicode-width v0.1.11
[INFO] [stderr]    Compiling psm v0.1.21
[INFO] [stderr]    Compiling stacker v0.1.15
[INFO] [stderr]    Compiling ahash v0.8.7
[INFO] [stderr]    Compiling ariadne v0.3.0
[INFO] [stderr]    Compiling itertools v0.10.5
[INFO] [stderr]    Compiling hashbrown v0.13.2
[INFO] [stderr]    Compiling chumsky v1.0.0-alpha.4
[INFO] [stderr]    Compiling iter_tools v0.1.4
[INFO] [stderr]    Compiling zngur-def v0.4.0
[INFO] [stderr]    Compiling zngur-parser v0.4.0 (/opt/rustwide/workdir)
[INFO] [stderr]     Finished dev [unoptimized + debuginfo] target(s) in 13.19s
[INFO] running `Command { std: "docker" "inspect" "03050b343fff3f9c8246d10d82145713a6bb02d2f9c4297239e207e39c1e965e", kill_on_drop: false }`
[INFO] running `Command { std: "docker" "rm" "-f" "03050b343fff3f9c8246d10d82145713a6bb02d2f9c4297239e207e39c1e965e", kill_on_drop: false }`
[INFO] [stdout] 03050b343fff3f9c8246d10d82145713a6bb02d2f9c4297239e207e39c1e965e
[INFO] running `Command { std: "docker" "create" "-v" "/var/lib/crater-agent-workspace/builds/worker-2-tc2/target:/opt/rustwide/target:rw,Z" "-v" "/var/lib/crater-agent-workspace/builds/worker-2-tc2/source:/opt/rustwide/workdir:ro,Z" "-v" "/var/lib/crater-agent-workspace/cargo-home:/opt/rustwide/cargo-home:ro,Z" "-v" "/var/lib/crater-agent-workspace/rustup-home:/opt/rustwide/rustup-home:ro,Z" "-e" "SOURCE_DIR=/opt/rustwide/workdir" "-e" "CARGO_TARGET_DIR=/opt/rustwide/target" "-e" "CARGO_INCREMENTAL=0" "-e" "RUST_BACKTRACE=full" "-e" "RUSTFLAGS=--cap-lints=warn" "-e" "RUSTDOCFLAGS=--cap-lints=warn" "-e" "CARGO_HOME=/opt/rustwide/cargo-home" "-e" "RUSTUP_HOME=/opt/rustwide/rustup-home" "-w" "/opt/rustwide/workdir" "-m" "1610612736" "--user" "0:0" "--network" "none" "ghcr.io/rust-lang/crates-build-env/linux@sha256:2788e3201cd34a07e3172128adcd8b3090168a8e3bcc40d7c032b9dda1df7d1c" "/opt/rustwide/cargo-home/bin/cargo" "+beta-2023-12-22" "test" "--frozen" "--no-run" "--message-format=json", kill_on_drop: false }`
[INFO] [stdout] 89a8922cb12985a20ac82b08ae5af2320b7eb6ae63f03d1839eaa232c4e09149
[INFO] running `Command { std: "docker" "start" "-a" "89a8922cb12985a20ac82b08ae5af2320b7eb6ae63f03d1839eaa232c4e09149", kill_on_drop: false }`
[INFO] [stderr]    Compiling utf8parse v0.2.1
[INFO] [stderr]    Compiling dissimilar v1.0.7
[INFO] [stderr]    Compiling hashbrown v0.13.2
[INFO] [stderr]    Compiling vte_generate_state_changes v0.1.1
[INFO] [stderr]    Compiling expect-test v1.4.1
[INFO] [stderr]    Compiling vte v0.11.1
[INFO] [stderr]    Compiling chumsky v1.0.0-alpha.4
[INFO] [stderr]    Compiling strip-ansi-escapes v0.2.0
[INFO] [stderr]    Compiling zngur-parser v0.4.0 (/opt/rustwide/workdir)
[INFO] [stderr]     Finished test [unoptimized + debuginfo] target(s) in 13.94s
[INFO] running `Command { std: "docker" "inspect" "89a8922cb12985a20ac82b08ae5af2320b7eb6ae63f03d1839eaa232c4e09149", kill_on_drop: false }`
[INFO] running `Command { std: "docker" "rm" "-f" "89a8922cb12985a20ac82b08ae5af2320b7eb6ae63f03d1839eaa232c4e09149", kill_on_drop: false }`
[INFO] [stdout] 89a8922cb12985a20ac82b08ae5af2320b7eb6ae63f03d1839eaa232c4e09149
[INFO] running `Command { std: "docker" "create" "-v" "/var/lib/crater-agent-workspace/builds/worker-2-tc2/target:/opt/rustwide/target:rw,Z" "-v" "/var/lib/crater-agent-workspace/builds/worker-2-tc2/source:/opt/rustwide/workdir:ro,Z" "-v" "/var/lib/crater-agent-workspace/cargo-home:/opt/rustwide/cargo-home:ro,Z" "-v" "/var/lib/crater-agent-workspace/rustup-home:/opt/rustwide/rustup-home:ro,Z" "-e" "SOURCE_DIR=/opt/rustwide/workdir" "-e" "CARGO_TARGET_DIR=/opt/rustwide/target" "-e" "CARGO_INCREMENTAL=0" "-e" "RUST_BACKTRACE=full" "-e" "RUSTFLAGS=--cap-lints=warn" "-e" "RUSTDOCFLAGS=--cap-lints=warn" "-e" "CARGO_HOME=/opt/rustwide/cargo-home" "-e" "RUSTUP_HOME=/opt/rustwide/rustup-home" "-w" "/opt/rustwide/workdir" "-m" "1610612736" "--user" "0:0" "--network" "none" "ghcr.io/rust-lang/crates-build-env/linux@sha256:2788e3201cd34a07e3172128adcd8b3090168a8e3bcc40d7c032b9dda1df7d1c" "/opt/rustwide/cargo-home/bin/cargo" "+beta-2023-12-22" "test" "--frozen", kill_on_drop: false }`
[INFO] [stdout] 448ec7521394e92b7c6de6f2c546a9c45622a92276e83f9dab4113d8a10538d3
[INFO] running `Command { std: "docker" "start" "-a" "448ec7521394e92b7c6de6f2c546a9c45622a92276e83f9dab4113d8a10538d3", kill_on_drop: false }`
[INFO] [stderr]     Finished test [unoptimized + debuginfo] target(s) in 0.02s
[INFO] [stderr]      Running unittests src/lib.rs (/opt/rustwide/target/debug/deps/zngur_parser-79e7f715879735b8)
[INFO] [stdout] 
[INFO] [stdout] running 4 tests
[INFO] [stdout] test tests::parse_unit ... ok
[INFO] [stdout] test tests::cpp_ref_should_not_need_layout_info ... FAILED
[INFO] [stdout] test tests::multiple_layout_policies ... FAILED
[INFO] [stdout] test tests::typo_in_wellknown_trait ... FAILED
[INFO] [stdout] 
[INFO] [stdout] failures:
[INFO] [stdout] 
[INFO] [stdout] ---- tests::cpp_ref_should_not_need_layout_info stdout ----
[INFO] [stdout] 
[INFO] [stdout] 
[INFO] [stdout] [1m[91merror[97m: expect test failed[0m
[INFO] [stdout]    [1m[34m-->[0m src/tests.rs:90:9
[INFO] [stdout] 
[INFO] [stdout] You can update all `expect!` tests by running:
[INFO] [stdout] 
[INFO] [stdout]     env UPDATE_EXPECT=1 cargo test
[INFO] [stdout] 
[INFO] [stdout] To update a single test, place the cursor on `expect` token and use `run` feature of rust-analyzer.
[INFO] [stdout] 
[INFO] [stdout] [1mExpect[0m:
[INFO] [stdout] ----
[INFO] [stdout] Error: Duplicate layout policy found
[INFO] [stdout]    ╭─[main.zng:3:5]
[INFO] [stdout]    │
[INFO] [stdout]  3 │     #layout(size = 1, align = 2);
[INFO] [stdout]    │     ─────────────┬─────────────  
[INFO] [stdout]    │                  ╰─────────────── Duplicate layout policy found
[INFO] [stdout] ───╯
[INFO] [stdout] 
[INFO] [stdout] ----
[INFO] [stdout] 
[INFO] [stdout] [1mActual[0m:
[INFO] [stdout] ----
[INFO] [stdout] Error: Duplicate layout policy found
[INFO] [stdout]    ╭─[main.zng:3:13]
[INFO] [stdout]    │
[INFO] [stdout]  3 │ ╭─▶     #layout(size = 0, align = 1);
[INFO] [stdout]  4 │ ├─▶     welcome_traits(Copy);
[INFO] [stdout]    │ │                               
[INFO] [stdout]    │ ╰─────────────────────────────── Duplicate layout policy found
[INFO] [stdout] ───╯
[INFO] [stdout] 
[INFO] [stdout] ----
[INFO] [stdout] 
[INFO] [stdout] [1mDiff[0m:
[INFO] [stdout] ----
[INFO] [stdout] Error: Duplicate layout policy found
[INFO] [stdout]    ╭─[main.zng:3:[4m[31m5[0m[4m[32m13[0m]
[INFO] [stdout]    │
[INFO] [stdout]  3 │[4m[32m ╭─▶[0m     #layout(size = [4m[31m1[0m[4m[32m0[0m, align = [4m[31m2[0m[4m[32m1[0m);
[INFO] [stdout]  [4m[31m [0m[4m[32m4[0m │ [4m[32m├─▶[0m    [4m[31m─────────────┬─────────────  
[INFO] [stdout]    │                  ╰[0m[4m[32m welcome_traits(Copy);
[INFO] [stdout]    │ │                               
[INFO] [stdout]    │ ╰────────────────[0m─────────────── Duplicate layout policy found
[INFO] [stdout] ───╯
[INFO] [stdout] 
[INFO] [stdout] ----
[INFO] [stdout] 
[INFO] [stdout] 
[INFO] [stdout] ---- tests::multiple_layout_policies stdout ----
[INFO] [stdout] 
[INFO] [stdout] 
[INFO] [stdout] [1m[91merror[97m: expect test failed[0m
[INFO] [stdout]    [1m[34m-->[0m src/tests.rs:68:9
[INFO] [stdout] 
[INFO] [stdout] [1mExpect[0m:
[INFO] [stdout] ----
[INFO] [stdout] Error: Duplicate layout policy found
[INFO] [stdout]    ╭─[main.zng:4:5]
[INFO] [stdout]    │
[INFO] [stdout]  4 │     #heap_allocated;
[INFO] [stdout]    │     ───────┬───────  
[INFO] [stdout]    │            ╰───────── Duplicate layout policy found
[INFO] [stdout] ───╯
[INFO] [stdout] 
[INFO] [stdout] ----
[INFO] [stdout] 
[INFO] [stdout] [1mActual[0m:
[INFO] [stdout] ----
[INFO] [stdout] Error: Duplicate layout policy found
[INFO] [stdout]    ╭─[main.zng:4:25]
[INFO] [stdout]    │
[INFO] [stdout]  4 │ ╭─▶     welcome_traits(Copy);
[INFO] [stdout]    ┆ ┆   
[INFO] [stdout] ───╯
[INFO] [stdout] 
[INFO] [stdout] ----
[INFO] [stdout] 
[INFO] [stdout] [1mDiff[0m:
[INFO] [stdout] ----
[INFO] [stdout] Error: Duplicate layout policy found
[INFO] [stdout]    ╭─[main.zng:4:[4m[32m2[0m5]
[INFO] [stdout]    │
[INFO] [stdout]  4 │ [4m[32m╭─▶[0m    [4m[31m#heap_allocated;
[INFO] [stdout]    │     ───────┬───────  
[INFO] [stdout]    │            ╰───────── Duplicate layout policy found[0m[4m[32m welcome_traits(Copy);
[INFO] [stdout]    ┆ ┆   [0m
[INFO] [stdout] ───╯
[INFO] [stdout] 
[INFO] [stdout] ----
[INFO] [stdout] 
[INFO] [stdout] 
[INFO] [stdout] ---- tests::typo_in_wellknown_trait stdout ----
[INFO] [stdout] 
[INFO] [stdout] 
[INFO] [stdout] [1m[91merror[97m: expect test failed[0m
[INFO] [stdout]    [1m[34m-->[0m src/tests.rs:47:9
[INFO] [stdout] 
[INFO] [stdout] [1mExpect[0m:
[INFO] [stdout] ----
[INFO] [stdout] Error: found 'welcome_traits' expected 'layout', '#', 'wellknown_traits', 'constructor', 'fn', or '}'
[INFO] [stdout]    ╭─[main.zng:4:5]
[INFO] [stdout]    │
[INFO] [stdout]  4 │     welcome_traits(Copy);
[INFO] [stdout]    │     ───────┬──────  
[INFO] [stdout]    │            ╰──────── found 'welcome_traits' expected 'layout', '#', 'wellknown_traits', 'constructor', 'fn', or '}'
[INFO] [stdout] ───╯
[INFO] [stdout] 
[INFO] [stdout] ----
[INFO] [stdout] 
[INFO] [stdout] [1mActual[0m:
[INFO] [stdout] ----
[INFO] [stdout] Error: found 'welcome_traits' expected '#', 'wellknown_traits', 'constructor', 'fn', or '}'
[INFO] [stdout]    ╭─[main.zng:4:5]
[INFO] [stdout]    │
[INFO] [stdout]  4 │     welcome_traits(Copy);
[INFO] [stdout]    │     ───────┬──────  
[INFO] [stdout]    │            ╰──────── found 'welcome_traits' expected '#', 'wellknown_traits', 'constructor', 'fn', or '}'
[INFO] [stdout] ───╯
[INFO] [stdout] 
[INFO] [stdout] ----
[INFO] [stdout] 
[INFO] [stdout] [1mDiff[0m:
[INFO] [stdout] ----
[INFO] [stdout] Error: found 'welcome_traits' expected[4m[31m 'layout',[0m '#', 'wellknown_traits', 'constructor', 'fn', or '}'
[INFO] [stdout]    ╭─[main.zng:4:5]
[INFO] [stdout]    │
[INFO] [stdout]  4 │     welcome_traits(Copy);
[INFO] [stdout]    │     ───────┬──────  
[INFO] [stdout]    │            ╰──────── found 'welcome_traits' expected[4m[31m 'layout',[0m '#', 'wellknown_traits', 'constructor', 'fn', or '}'
[INFO] [stdout] ───╯
[INFO] [stdout] 
[INFO] [stdout] ----
[INFO] [stdout] 
[INFO] [stdout] 
[INFO] [stdout] 
[INFO] [stdout] failures:
[INFO] [stdout]     tests::cpp_ref_should_not_need_layout_info
[INFO] [stdout]     tests::multiple_layout_policies
[INFO] [stdout]     tests::typo_in_wellknown_trait
[INFO] [stdout] 
[INFO] [stdout] test result: FAILED. 1 passed; 3 failed; 0 ignored; 0 measured; 0 filtered out; finished in 0.00s
[INFO] [stdout] 
[INFO] [stderr] error: test failed, to rerun pass `--lib`
[INFO] running `Command { std: "docker" "inspect" "448ec7521394e92b7c6de6f2c546a9c45622a92276e83f9dab4113d8a10538d3", kill_on_drop: false }`
[INFO] running `Command { std: "docker" "rm" "-f" "448ec7521394e92b7c6de6f2c546a9c45622a92276e83f9dab4113d8a10538d3", kill_on_drop: false }`
[INFO] [stdout] 448ec7521394e92b7c6de6f2c546a9c45622a92276e83f9dab4113d8a10538d3
