[INFO] fetching crate zitane-s3-async 0.37.0...
[INFO] testing zitane-s3-async-0.37.0 against 1.75.0 for beta-1.76-1
[INFO] extracting crate zitane-s3-async 0.37.0 into /workspace/builds/worker-0-tc1/source
[INFO] validating manifest of crates.io crate zitane-s3-async 0.37.0 on toolchain 1.75.0
[INFO] running `Command { std: CARGO_HOME="/workspace/cargo-home" RUSTUP_HOME="/workspace/rustup-home" "/workspace/cargo-home/bin/cargo" "+1.75.0" "metadata" "--manifest-path" "Cargo.toml" "--no-deps", kill_on_drop: false }`
[INFO] started tweaking crates.io crate zitane-s3-async 0.37.0
[INFO] removed 4 missing examples
[INFO] finished tweaking crates.io crate zitane-s3-async 0.37.0
[INFO] tweaked toml for crates.io crate zitane-s3-async 0.37.0 written to /workspace/builds/worker-0-tc1/source/Cargo.toml
[INFO] crate crates.io crate zitane-s3-async 0.37.0 already has a lockfile, it will not be regenerated
[INFO] running `Command { std: CARGO_HOME="/workspace/cargo-home" RUSTUP_HOME="/workspace/rustup-home" "/workspace/cargo-home/bin/cargo" "+1.75.0" "fetch" "--manifest-path" "Cargo.toml", kill_on_drop: false }`
[INFO] [stderr]     Updating crates.io index
[INFO] [stderr]  Downloading crates ...
[INFO] [stderr]   Downloaded attohttpc v0.25.0
[INFO] [stderr]   Downloaded zitane-aws-creds v0.36.0
[INFO] [stderr]   Downloaded zitane-aws-region v0.26.0
[INFO] running `Command { std: "docker" "create" "-v" "/var/lib/crater-agent-workspace/builds/worker-0-tc1/target:/opt/rustwide/target:rw,Z" "-v" "/var/lib/crater-agent-workspace/builds/worker-0-tc1/source:/opt/rustwide/workdir:ro,Z" "-v" "/var/lib/crater-agent-workspace/cargo-home:/opt/rustwide/cargo-home:ro,Z" "-v" "/var/lib/crater-agent-workspace/rustup-home:/opt/rustwide/rustup-home:ro,Z" "-e" "SOURCE_DIR=/opt/rustwide/workdir" "-e" "CARGO_TARGET_DIR=/opt/rustwide/target" "-e" "CARGO_HOME=/opt/rustwide/cargo-home" "-e" "RUSTUP_HOME=/opt/rustwide/rustup-home" "-w" "/opt/rustwide/workdir" "-m" "1610612736" "--user" "0:0" "--network" "none" "ghcr.io/rust-lang/crates-build-env/linux@sha256:2788e3201cd34a07e3172128adcd8b3090168a8e3bcc40d7c032b9dda1df7d1c" "/opt/rustwide/cargo-home/bin/cargo" "+1.75.0" "metadata" "--no-deps" "--format-version=1", kill_on_drop: false }`
[INFO] [stdout] 97748ca927b62af8b73b370318fbe8342dbdfc1af863f79dd3a617c5ed625168
[INFO] running `Command { std: "docker" "start" "-a" "97748ca927b62af8b73b370318fbe8342dbdfc1af863f79dd3a617c5ed625168", kill_on_drop: false }`
[INFO] running `Command { std: "docker" "inspect" "97748ca927b62af8b73b370318fbe8342dbdfc1af863f79dd3a617c5ed625168", kill_on_drop: false }`
[INFO] running `Command { std: "docker" "rm" "-f" "97748ca927b62af8b73b370318fbe8342dbdfc1af863f79dd3a617c5ed625168", kill_on_drop: false }`
[INFO] [stdout] 97748ca927b62af8b73b370318fbe8342dbdfc1af863f79dd3a617c5ed625168
[INFO] running `Command { std: "docker" "create" "-v" "/var/lib/crater-agent-workspace/builds/worker-0-tc1/target:/opt/rustwide/target:rw,Z" "-v" "/var/lib/crater-agent-workspace/builds/worker-0-tc1/source:/opt/rustwide/workdir:ro,Z" "-v" "/var/lib/crater-agent-workspace/cargo-home:/opt/rustwide/cargo-home:ro,Z" "-v" "/var/lib/crater-agent-workspace/rustup-home:/opt/rustwide/rustup-home:ro,Z" "-e" "SOURCE_DIR=/opt/rustwide/workdir" "-e" "CARGO_TARGET_DIR=/opt/rustwide/target" "-e" "CARGO_INCREMENTAL=0" "-e" "RUST_BACKTRACE=full" "-e" "RUSTFLAGS=--cap-lints=warn" "-e" "RUSTDOCFLAGS=--cap-lints=warn" "-e" "CARGO_HOME=/opt/rustwide/cargo-home" "-e" "RUSTUP_HOME=/opt/rustwide/rustup-home" "-w" "/opt/rustwide/workdir" "-m" "1610612736" "--user" "0:0" "--network" "none" "ghcr.io/rust-lang/crates-build-env/linux@sha256:2788e3201cd34a07e3172128adcd8b3090168a8e3bcc40d7c032b9dda1df7d1c" "/opt/rustwide/cargo-home/bin/cargo" "+1.75.0" "build" "--frozen" "--message-format=json", kill_on_drop: false }`
[INFO] [stdout] fcdea5769f148fe76339e4e249d7672504b71547028e6bbd79931e92ca6acab7
[INFO] running `Command { std: "docker" "start" "-a" "fcdea5769f148fe76339e4e249d7672504b71547028e6bbd79931e92ca6acab7", kill_on_drop: false }`
[INFO] [stderr]    Compiling proc-macro2 v1.0.64
[INFO] [stderr]    Compiling crunchy v0.2.2
[INFO] [stderr]    Compiling tokio v1.29.1
[INFO] [stderr]    Compiling slab v0.4.8
[INFO] [stderr]    Compiling futures-task v0.3.28
[INFO] [stderr]    Compiling tiny-keccak v2.0.2
[INFO] [stderr]    Compiling futures-util v0.3.28
[INFO] [stderr]    Compiling serde v1.0.171
[INFO] [stderr]    Compiling mio v0.8.8
[INFO] [stderr]    Compiling getrandom v0.2.10
[INFO] [stderr]    Compiling tinyvec_macros v0.1.1
[INFO] [stderr]    Compiling futures-io v0.3.28
[INFO] [stderr]    Compiling tracing-core v0.1.31
[INFO] [stderr]    Compiling indexmap v1.9.3
[INFO] [stderr]    Compiling log v0.4.19
[INFO] [stderr]    Compiling unicode-bidi v0.3.13
[INFO] [stderr]    Compiling tinyvec v1.6.0
[INFO] [stderr]    Compiling serde_json v1.0.102
[INFO] [stderr]    Compiling form_urlencoded v1.2.0
[INFO] [stderr]    Compiling rustversion v1.0.13
[INFO] [stderr]    Compiling hashbrown v0.13.2
[INFO] [stderr]    Compiling subtle v2.5.0
[INFO] [stderr]    Compiling time-macros v0.2.10
[INFO] [stderr]    Compiling async-trait v0.1.71
[INFO] [stderr]    Compiling cpufeatures v0.2.9
[INFO] [stderr]    Compiling hex v0.4.3
[INFO] [stderr]    Compiling digest v0.10.7
[INFO] [stderr]    Compiling md5 v0.7.0
[INFO] [stderr]    Compiling const-random-macro v0.1.15
[INFO] [stderr]    Compiling sha2 v0.10.7
[INFO] [stderr]    Compiling hmac v0.12.1
[INFO] [stderr]    Compiling quote v1.0.29
[INFO] [stderr]    Compiling unicode-normalization v0.1.22
[INFO] [stderr]    Compiling syn v2.0.26
[INFO] [stderr]    Compiling const-random v0.1.15
[INFO] [stderr]    Compiling dlv-list v0.5.0
[INFO] [stderr]    Compiling idna v0.4.0
[INFO] [stderr]    Compiling ordered-multimap v0.6.0
[INFO] [stderr]    Compiling rust-ini v0.19.0
[INFO] [stderr]    Compiling url v2.4.0
[INFO] [stderr]    Compiling tokio-macros v2.1.0
[INFO] [stderr]    Compiling serde_derive v1.0.171
[INFO] [stderr]    Compiling futures-macro v0.3.28
[INFO] [stderr]    Compiling openssl-macros v0.1.1
[INFO] [stderr]    Compiling tracing-attributes v0.1.26
[INFO] [stderr]    Compiling thiserror-impl v1.0.43
[INFO] [stderr]    Compiling strum_macros v0.25.1
[INFO] [stderr]    Compiling openssl v0.10.55
[INFO] [stderr]    Compiling thiserror v1.0.43
[INFO] [stderr]    Compiling zitane-aws-region v0.26.0
[INFO] [stderr]    Compiling tracing v0.1.37
[INFO] [stderr]    Compiling native-tls v0.2.11
[INFO] [stderr]    Compiling futures-executor v0.3.28
[INFO] [stderr]    Compiling futures v0.3.28
[INFO] [stderr]    Compiling tokio-util v0.7.8
[INFO] [stderr]    Compiling tokio-native-tls v0.3.1
[INFO] [stderr]    Compiling tokio-stream v0.1.14
[INFO] [stderr]    Compiling h2 v0.3.20
[INFO] [stderr]    Compiling time v0.3.23
[INFO] [stderr]    Compiling quick-xml v0.29.0
[INFO] [stderr]    Compiling attohttpc v0.25.0
[INFO] [stderr]    Compiling zitane-aws-creds v0.36.0
[INFO] [stderr]    Compiling hyper v0.14.27
[INFO] [stderr]    Compiling hyper-tls v0.5.0
[INFO] [stderr]    Compiling zitane-s3-async v0.37.0 (/opt/rustwide/workdir)
[INFO] [stdout] warning: unused import: `presign::*`
[INFO] [stdout]   --> src/bucket/mod.rs:12:9
[INFO] [stdout]    |
[INFO] [stdout] 12 | pub use presign::*;
[INFO] [stdout]    |         ^^^^^^^^^^
[INFO] [stdout]    |
[INFO] [stdout]    = note: `#[warn(unused_imports)]` on by default
[INFO] [stdout] 
[INFO] [stdout] 
[INFO] [stdout] warning: unused import: `credentials::*`
[INFO] [stdout]   --> src/bucket/mod.rs:15:9
[INFO] [stdout]    |
[INFO] [stdout] 15 | pub use credentials::*;
[INFO] [stdout]    |         ^^^^^^^^^^^^^^
[INFO] [stdout] 
[INFO] [stdout] 
[INFO] [stdout] warning: unused import: `delete::*`
[INFO] [stdout]   --> src/bucket/mod.rs:27:9
[INFO] [stdout]    |
[INFO] [stdout] 27 | pub use delete::*;
[INFO] [stdout]    |         ^^^^^^^^^
[INFO] [stdout] 
[INFO] [stdout] 
[INFO] [stdout] warning: unused import: `copy::*`
[INFO] [stdout]   --> src/bucket/mod.rs:30:9
[INFO] [stdout]    |
[INFO] [stdout] 30 | pub use copy::*;
[INFO] [stdout]    |         ^^^^^^^
[INFO] [stdout] 
[INFO] [stdout] 
[INFO] [stdout] warning: unused import: `get::*`
[INFO] [stdout]   --> src/bucket/mod.rs:33:9
[INFO] [stdout]    |
[INFO] [stdout] 33 | pub use get::*;
[INFO] [stdout]    |         ^^^^^^
[INFO] [stdout] 
[INFO] [stdout] 
[INFO] [stdout] warning: unused import: `put::*`
[INFO] [stdout]   --> src/bucket/mod.rs:36:9
[INFO] [stdout]    |
[INFO] [stdout] 36 | pub use put::*;
[INFO] [stdout]    |         ^^^^^^
[INFO] [stdout] 
[INFO] [stdout] 
[INFO] [stdout] warning: unused import: `head::*`
[INFO] [stdout]   --> src/bucket/mod.rs:39:9
[INFO] [stdout]    |
[INFO] [stdout] 39 | pub use head::*;
[INFO] [stdout]    |         ^^^^^^^
[INFO] [stdout] 
[INFO] [stdout] 
[INFO] [stdout] warning: unused import: `utils::*`
[INFO] [stdout]   --> src/bucket/mod.rs:42:9
[INFO] [stdout]    |
[INFO] [stdout] 42 | pub use utils::*;
[INFO] [stdout]    |         ^^^^^^^^
[INFO] [stdout] 
[INFO] [stdout] 
[INFO] [stdout] warning: unused import: `tokio::io::AsyncRead`
[INFO] [stdout]   --> src/request/tokio_backend.rs:20:9
[INFO] [stdout]    |
[INFO] [stdout] 20 | pub use tokio::io::AsyncRead;
[INFO] [stdout]    |         ^^^^^^^^^^^^^^^^^^^^
[INFO] [stdout] 
[INFO] [stdout] 
[INFO] [stdout] warning: unused import: `AsyncWrite`
[INFO] [stdout]   --> src/request/tokio_backend.rs:21:21
[INFO] [stdout]    |
[INFO] [stdout] 21 | pub use tokio::io::{AsyncWrite, AsyncWriteExt};
[INFO] [stdout]    |                     ^^^^^^^^^^
[INFO] [stdout] 
[INFO] [stdout] 
[INFO] [stdout] warning: private item shadows public glob re-export
[INFO] [stdout]  --> src/request/mod.rs:7:28
[INFO] [stdout]   |
[INFO] [stdout] 7 | pub(crate) use tokio::io::{AsyncRead, AsyncReadExt, AsyncWrite};
[INFO] [stdout]   |                            ^^^^^^^^^
[INFO] [stdout]   |
[INFO] [stdout] note: the name `AsyncRead` in the type namespace is supposed to be publicly re-exported here
[INFO] [stdout]  --> src/request/mod.rs:2:9
[INFO] [stdout]   |
[INFO] [stdout] 2 | pub use tokio_backend::*;
[INFO] [stdout]   |         ^^^^^^^^^^^^^^^^
[INFO] [stdout] note: but the private item here shadows it
[INFO] [stdout]  --> src/request/mod.rs:7:28
[INFO] [stdout]   |
[INFO] [stdout] 7 | pub(crate) use tokio::io::{AsyncRead, AsyncReadExt, AsyncWrite};
[INFO] [stdout]   |                            ^^^^^^^^^
[INFO] [stdout]   = note: `#[warn(hidden_glob_reexports)]` on by default
[INFO] [stdout] 
[INFO] [stdout] 
[INFO] [stdout] warning: private item shadows public glob re-export
[INFO] [stdout]  --> src/request/mod.rs:7:53
[INFO] [stdout]   |
[INFO] [stdout] 7 | pub(crate) use tokio::io::{AsyncRead, AsyncReadExt, AsyncWrite};
[INFO] [stdout]   |                                                     ^^^^^^^^^^
[INFO] [stdout]   |
[INFO] [stdout] note: the name `AsyncWrite` in the type namespace is supposed to be publicly re-exported here
[INFO] [stdout]  --> src/request/mod.rs:2:9
[INFO] [stdout]   |
[INFO] [stdout] 2 | pub use tokio_backend::*;
[INFO] [stdout]   |         ^^^^^^^^^^^^^^^^
[INFO] [stdout] note: but the private item here shadows it
[INFO] [stdout]  --> src/request/mod.rs:7:53
[INFO] [stdout]   |
[INFO] [stdout] 7 | pub(crate) use tokio::io::{AsyncRead, AsyncReadExt, AsyncWrite};
[INFO] [stdout]   |                                                     ^^^^^^^^^^
[INFO] [stdout] 
[INFO] [stdout] 
[INFO] [stdout] warning: 12 warnings emitted
[INFO] [stdout] 
[INFO] [stdout] 
[INFO] [stderr]     Finished dev [unoptimized + debuginfo] target(s) in 14.84s
[INFO] running `Command { std: "docker" "inspect" "fcdea5769f148fe76339e4e249d7672504b71547028e6bbd79931e92ca6acab7", kill_on_drop: false }`
[INFO] running `Command { std: "docker" "rm" "-f" "fcdea5769f148fe76339e4e249d7672504b71547028e6bbd79931e92ca6acab7", kill_on_drop: false }`
[INFO] [stdout] fcdea5769f148fe76339e4e249d7672504b71547028e6bbd79931e92ca6acab7
[INFO] running `Command { std: "docker" "create" "-v" "/var/lib/crater-agent-workspace/builds/worker-0-tc1/target:/opt/rustwide/target:rw,Z" "-v" "/var/lib/crater-agent-workspace/builds/worker-0-tc1/source:/opt/rustwide/workdir:ro,Z" "-v" "/var/lib/crater-agent-workspace/cargo-home:/opt/rustwide/cargo-home:ro,Z" "-v" "/var/lib/crater-agent-workspace/rustup-home:/opt/rustwide/rustup-home:ro,Z" "-e" "SOURCE_DIR=/opt/rustwide/workdir" "-e" "CARGO_TARGET_DIR=/opt/rustwide/target" "-e" "CARGO_INCREMENTAL=0" "-e" "RUST_BACKTRACE=full" "-e" "RUSTFLAGS=--cap-lints=warn" "-e" "RUSTDOCFLAGS=--cap-lints=warn" "-e" "CARGO_HOME=/opt/rustwide/cargo-home" "-e" "RUSTUP_HOME=/opt/rustwide/rustup-home" "-w" "/opt/rustwide/workdir" "-m" "1610612736" "--user" "0:0" "--network" "none" "ghcr.io/rust-lang/crates-build-env/linux@sha256:2788e3201cd34a07e3172128adcd8b3090168a8e3bcc40d7c032b9dda1df7d1c" "/opt/rustwide/cargo-home/bin/cargo" "+1.75.0" "test" "--frozen" "--no-run" "--message-format=json", kill_on_drop: false }`
[INFO] [stdout] badd2480f07b367f0f1f596576752955ec52d22e941163c168f8a7bf148d85a9
[INFO] running `Command { std: "docker" "start" "-a" "badd2480f07b367f0f1f596576752955ec52d22e941163c168f8a7bf148d85a9", kill_on_drop: false }`
[INFO] [stderr]    Compiling getrandom v0.2.10
[INFO] [stderr]    Compiling regex-syntax v0.7.4
[INFO] [stderr]    Compiling humantime v2.1.0
[INFO] [stderr]    Compiling termcolor v1.2.0
[INFO] [stderr]    Compiling uuid v1.4.0
[INFO] [stderr]    Compiling const-random-macro v0.1.15
[INFO] [stderr]    Compiling const-random v0.1.15
[INFO] [stderr]    Compiling dlv-list v0.5.0
[INFO] [stderr]    Compiling ordered-multimap v0.6.0
[INFO] [stderr]    Compiling rust-ini v0.19.0
[INFO] [stderr]    Compiling regex-automata v0.3.3
[INFO] [stderr]    Compiling zitane-aws-creds v0.36.0
[INFO] [stderr]    Compiling zitane-s3-async v0.37.0 (/opt/rustwide/workdir)
[INFO] [stdout] warning: unused import: `presign::*`
[INFO] [stdout]   --> src/bucket/mod.rs:12:9
[INFO] [stdout]    |
[INFO] [stdout] 12 | pub use presign::*;
[INFO] [stdout]    |         ^^^^^^^^^^
[INFO] [stdout]    |
[INFO] [stdout]    = note: `#[warn(unused_imports)]` on by default
[INFO] [stdout] 
[INFO] [stdout] 
[INFO] [stdout] warning: unused import: `credentials::*`
[INFO] [stdout]   --> src/bucket/mod.rs:15:9
[INFO] [stdout]    |
[INFO] [stdout] 15 | pub use credentials::*;
[INFO] [stdout]    |         ^^^^^^^^^^^^^^
[INFO] [stdout] 
[INFO] [stdout] 
[INFO] [stdout] warning: unused import: `delete::*`
[INFO] [stdout]   --> src/bucket/mod.rs:27:9
[INFO] [stdout]    |
[INFO] [stdout] 27 | pub use delete::*;
[INFO] [stdout]    |         ^^^^^^^^^
[INFO] [stdout] 
[INFO] [stdout] 
[INFO] [stdout] warning: unused import: `copy::*`
[INFO] [stdout]   --> src/bucket/mod.rs:30:9
[INFO] [stdout]    |
[INFO] [stdout] 30 | pub use copy::*;
[INFO] [stdout]    |         ^^^^^^^
[INFO] [stdout] 
[INFO] [stdout] 
[INFO] [stdout] warning: unused import: `get::*`
[INFO] [stdout]   --> src/bucket/mod.rs:33:9
[INFO] [stdout]    |
[INFO] [stdout] 33 | pub use get::*;
[INFO] [stdout]    |         ^^^^^^
[INFO] [stdout] 
[INFO] [stdout] 
[INFO] [stdout] warning: unused import: `put::*`
[INFO] [stdout]   --> src/bucket/mod.rs:36:9
[INFO] [stdout]    |
[INFO] [stdout] 36 | pub use put::*;
[INFO] [stdout]    |         ^^^^^^
[INFO] [stdout] 
[INFO] [stdout] 
[INFO] [stdout] warning: unused import: `head::*`
[INFO] [stdout]   --> src/bucket/mod.rs:39:9
[INFO] [stdout]    |
[INFO] [stdout] 39 | pub use head::*;
[INFO] [stdout]    |         ^^^^^^^
[INFO] [stdout] 
[INFO] [stdout] 
[INFO] [stdout] warning: unused import: `utils::*`
[INFO] [stdout]   --> src/bucket/mod.rs:42:9
[INFO] [stdout]    |
[INFO] [stdout] 42 | pub use utils::*;
[INFO] [stdout]    |         ^^^^^^^^
[INFO] [stdout] 
[INFO] [stdout] 
[INFO] [stdout] warning: unused import: `tokio::io::AsyncRead`
[INFO] [stdout]   --> src/request/tokio_backend.rs:20:9
[INFO] [stdout]    |
[INFO] [stdout] 20 | pub use tokio::io::AsyncRead;
[INFO] [stdout]    |         ^^^^^^^^^^^^^^^^^^^^
[INFO] [stdout] 
[INFO] [stdout] 
[INFO] [stdout] warning: unused import: `AsyncWrite`
[INFO] [stdout]   --> src/request/tokio_backend.rs:21:21
[INFO] [stdout]    |
[INFO] [stdout] 21 | pub use tokio::io::{AsyncWrite, AsyncWriteExt};
[INFO] [stdout]    |                     ^^^^^^^^^^
[INFO] [stdout] 
[INFO] [stdout] 
[INFO] [stdout] warning: private item shadows public glob re-export
[INFO] [stdout]  --> src/request/mod.rs:7:28
[INFO] [stdout]   |
[INFO] [stdout] 7 | pub(crate) use tokio::io::{AsyncRead, AsyncReadExt, AsyncWrite};
[INFO] [stdout]   |                            ^^^^^^^^^
[INFO] [stdout]   |
[INFO] [stdout] note: the name `AsyncRead` in the type namespace is supposed to be publicly re-exported here
[INFO] [stdout]  --> src/request/mod.rs:2:9
[INFO] [stdout]   |
[INFO] [stdout] 2 | pub use tokio_backend::*;
[INFO] [stdout]   |         ^^^^^^^^^^^^^^^^
[INFO] [stdout] note: but the private item here shadows it
[INFO] [stdout]  --> src/request/mod.rs:7:28
[INFO] [stdout]   |
[INFO] [stdout] 7 | pub(crate) use tokio::io::{AsyncRead, AsyncReadExt, AsyncWrite};
[INFO] [stdout]   |                            ^^^^^^^^^
[INFO] [stdout]   = note: `#[warn(hidden_glob_reexports)]` on by default
[INFO] [stdout] 
[INFO] [stdout] 
[INFO] [stdout] warning: private item shadows public glob re-export
[INFO] [stdout]  --> src/request/mod.rs:7:53
[INFO] [stdout]   |
[INFO] [stdout] 7 | pub(crate) use tokio::io::{AsyncRead, AsyncReadExt, AsyncWrite};
[INFO] [stdout]   |                                                     ^^^^^^^^^^
[INFO] [stdout]   |
[INFO] [stdout] note: the name `AsyncWrite` in the type namespace is supposed to be publicly re-exported here
[INFO] [stdout]  --> src/request/mod.rs:2:9
[INFO] [stdout]   |
[INFO] [stdout] 2 | pub use tokio_backend::*;
[INFO] [stdout]   |         ^^^^^^^^^^^^^^^^
[INFO] [stdout] note: but the private item here shadows it
[INFO] [stdout]  --> src/request/mod.rs:7:53
[INFO] [stdout]   |
[INFO] [stdout] 7 | pub(crate) use tokio::io::{AsyncRead, AsyncReadExt, AsyncWrite};
[INFO] [stdout]   |                                                     ^^^^^^^^^^
[INFO] [stdout] 
[INFO] [stdout] 
[INFO] [stderr]    Compiling regex v1.9.1
[INFO] [stderr]    Compiling env_logger v0.10.0
[INFO] [stdout] warning: unused import: `presign::*`
[INFO] [stdout]   --> src/bucket/mod.rs:12:9
[INFO] [stdout]    |
[INFO] [stdout] 12 | pub use presign::*;
[INFO] [stdout]    |         ^^^^^^^^^^
[INFO] [stdout]    |
[INFO] [stdout]    = note: `#[warn(unused_imports)]` on by default
[INFO] [stdout] 
[INFO] [stdout] 
[INFO] [stdout] warning: unused import: `credentials::*`
[INFO] [stdout]   --> src/bucket/mod.rs:15:9
[INFO] [stdout]    |
[INFO] [stdout] 15 | pub use credentials::*;
[INFO] [stdout]    |         ^^^^^^^^^^^^^^
[INFO] [stdout] 
[INFO] [stdout] 
[INFO] [stdout] warning: unused import: `delete::*`
[INFO] [stdout]   --> src/bucket/mod.rs:27:9
[INFO] [stdout]    |
[INFO] [stdout] 27 | pub use delete::*;
[INFO] [stdout]    |         ^^^^^^^^^
[INFO] [stdout] 
[INFO] [stdout] 
[INFO] [stdout] warning: unused import: `copy::*`
[INFO] [stdout]   --> src/bucket/mod.rs:30:9
[INFO] [stdout]    |
[INFO] [stdout] 30 | pub use copy::*;
[INFO] [stdout]    |         ^^^^^^^
[INFO] [stdout] 
[INFO] [stdout] 
[INFO] [stdout] warning: unused import: `get::*`
[INFO] [stdout]   --> src/bucket/mod.rs:33:9
[INFO] [stdout]    |
[INFO] [stdout] 33 | pub use get::*;
[INFO] [stdout]    |         ^^^^^^
[INFO] [stdout] 
[INFO] [stdout] 
[INFO] [stdout] warning: unused import: `put::*`
[INFO] [stdout]   --> src/bucket/mod.rs:36:9
[INFO] [stdout]    |
[INFO] [stdout] 36 | pub use put::*;
[INFO] [stdout]    |         ^^^^^^
[INFO] [stdout] 
[INFO] [stdout] 
[INFO] [stdout] warning: unused import: `head::*`
[INFO] [stdout]   --> src/bucket/mod.rs:39:9
[INFO] [stdout]    |
[INFO] [stdout] 39 | pub use head::*;
[INFO] [stdout]    |         ^^^^^^^
[INFO] [stdout] 
[INFO] [stdout] 
[INFO] [stdout] warning: unused import: `utils::*`
[INFO] [stdout]   --> src/bucket/mod.rs:42:9
[INFO] [stdout]    |
[INFO] [stdout] 42 | pub use utils::*;
[INFO] [stdout]    |         ^^^^^^^^
[INFO] [stdout] 
[INFO] [stdout] 
[INFO] [stdout] warning: unused import: `tokio::io::AsyncRead`
[INFO] [stdout]   --> src/request/tokio_backend.rs:20:9
[INFO] [stdout]    |
[INFO] [stdout] 20 | pub use tokio::io::AsyncRead;
[INFO] [stdout]    |         ^^^^^^^^^^^^^^^^^^^^
[INFO] [stdout] 
[INFO] [stdout] 
[INFO] [stdout] warning: unused import: `AsyncWrite`
[INFO] [stdout]   --> src/request/tokio_backend.rs:21:21
[INFO] [stdout]    |
[INFO] [stdout] 21 | pub use tokio::io::{AsyncWrite, AsyncWriteExt};
[INFO] [stdout]    |                     ^^^^^^^^^^
[INFO] [stdout] 
[INFO] [stdout] 
[INFO] [stdout] warning: private item shadows public glob re-export
[INFO] [stdout]  --> src/request/mod.rs:7:28
[INFO] [stdout]   |
[INFO] [stdout] 7 | pub(crate) use tokio::io::{AsyncRead, AsyncReadExt, AsyncWrite};
[INFO] [stdout]   |                            ^^^^^^^^^
[INFO] [stdout]   |
[INFO] [stdout] note: the name `AsyncRead` in the type namespace is supposed to be publicly re-exported here
[INFO] [stdout]  --> src/request/mod.rs:2:9
[INFO] [stdout]   |
[INFO] [stdout] 2 | pub use tokio_backend::*;
[INFO] [stdout]   |         ^^^^^^^^^^^^^^^^
[INFO] [stdout] note: but the private item here shadows it
[INFO] [stdout]  --> src/request/mod.rs:7:28
[INFO] [stdout]   |
[INFO] [stdout] 7 | pub(crate) use tokio::io::{AsyncRead, AsyncReadExt, AsyncWrite};
[INFO] [stdout]   |                            ^^^^^^^^^
[INFO] [stdout]   = note: `#[warn(hidden_glob_reexports)]` on by default
[INFO] [stdout] 
[INFO] [stdout] 
[INFO] [stdout] warning: private item shadows public glob re-export
[INFO] [stdout]  --> src/request/mod.rs:7:53
[INFO] [stdout]   |
[INFO] [stdout] 7 | pub(crate) use tokio::io::{AsyncRead, AsyncReadExt, AsyncWrite};
[INFO] [stdout]   |                                                     ^^^^^^^^^^
[INFO] [stdout]   |
[INFO] [stdout] note: the name `AsyncWrite` in the type namespace is supposed to be publicly re-exported here
[INFO] [stdout]  --> src/request/mod.rs:2:9
[INFO] [stdout]   |
[INFO] [stdout] 2 | pub use tokio_backend::*;
[INFO] [stdout]   |         ^^^^^^^^^^^^^^^^
[INFO] [stdout] note: but the private item here shadows it
[INFO] [stdout]  --> src/request/mod.rs:7:53
[INFO] [stdout]   |
[INFO] [stdout] 7 | pub(crate) use tokio::io::{AsyncRead, AsyncReadExt, AsyncWrite};
[INFO] [stdout]   |                                                     ^^^^^^^^^^
[INFO] [stdout] 
[INFO] [stdout] 
[INFO] [stdout] warning: 12 warnings emitted
[INFO] [stdout] 
[INFO] [stdout] 
[INFO] [stdout] warning: function `test_digital_ocean_credentials` is never used
[INFO] [stdout]   --> src/bucket_tests.rs:56:8
[INFO] [stdout]    |
[INFO] [stdout] 56 |     fn test_digital_ocean_credentials() -> Credentials {
[INFO] [stdout]    |        ^^^^^^^^^^^^^^^^^^^^^^^^^^^^^^
[INFO] [stdout]    |
[INFO] [stdout]    = note: `#[warn(dead_code)]` on by default
[INFO] [stdout] 
[INFO] [stdout] 
[INFO] [stdout] warning: function `test_digital_ocean_bucket` is never used
[INFO] [stdout]    --> src/bucket_tests.rs:123:8
[INFO] [stdout]     |
[INFO] [stdout] 123 |     fn test_digital_ocean_bucket() -> Bucket {
[INFO] [stdout]     |        ^^^^^^^^^^^^^^^^^^^^^^^^^
[INFO] [stdout] 
[INFO] [stdout] 
[INFO] [stdout] warning: 14 warnings emitted
[INFO] [stdout] 
[INFO] [stdout] 
[INFO] [stderr]     Finished test [unoptimized + debuginfo] target(s) in 9.83s
[INFO] running `Command { std: "docker" "inspect" "badd2480f07b367f0f1f596576752955ec52d22e941163c168f8a7bf148d85a9", kill_on_drop: false }`
[INFO] running `Command { std: "docker" "rm" "-f" "badd2480f07b367f0f1f596576752955ec52d22e941163c168f8a7bf148d85a9", kill_on_drop: false }`
[INFO] [stdout] badd2480f07b367f0f1f596576752955ec52d22e941163c168f8a7bf148d85a9
[INFO] running `Command { std: "docker" "create" "-v" "/var/lib/crater-agent-workspace/builds/worker-0-tc1/target:/opt/rustwide/target:rw,Z" "-v" "/var/lib/crater-agent-workspace/builds/worker-0-tc1/source:/opt/rustwide/workdir:ro,Z" "-v" "/var/lib/crater-agent-workspace/cargo-home:/opt/rustwide/cargo-home:ro,Z" "-v" "/var/lib/crater-agent-workspace/rustup-home:/opt/rustwide/rustup-home:ro,Z" "-e" "SOURCE_DIR=/opt/rustwide/workdir" "-e" "CARGO_TARGET_DIR=/opt/rustwide/target" "-e" "CARGO_INCREMENTAL=0" "-e" "RUST_BACKTRACE=full" "-e" "RUSTFLAGS=--cap-lints=warn" "-e" "RUSTDOCFLAGS=--cap-lints=warn" "-e" "CARGO_HOME=/opt/rustwide/cargo-home" "-e" "RUSTUP_HOME=/opt/rustwide/rustup-home" "-w" "/opt/rustwide/workdir" "-m" "1610612736" "--user" "0:0" "--network" "none" "ghcr.io/rust-lang/crates-build-env/linux@sha256:2788e3201cd34a07e3172128adcd8b3090168a8e3bcc40d7c032b9dda1df7d1c" "/opt/rustwide/cargo-home/bin/cargo" "+1.75.0" "test" "--frozen", kill_on_drop: false }`
[INFO] [stdout] 08f1007e3386bcf6baf348d8bd8260c0f4fea9b8ec0fb39ee08d861c875a118c
[INFO] running `Command { std: "docker" "start" "-a" "08f1007e3386bcf6baf348d8bd8260c0f4fea9b8ec0fb39ee08d861c875a118c", kill_on_drop: false }`
[INFO] [stderr] warning: unused import: `presign::*`
[INFO] [stderr]   --> src/bucket/mod.rs:12:9
[INFO] [stderr]    |
[INFO] [stderr] 12 | pub use presign::*;
[INFO] [stderr]    |         ^^^^^^^^^^
[INFO] [stderr]    |
[INFO] [stderr]    = note: `#[warn(unused_imports)]` on by default
[INFO] [stderr] 
[INFO] [stderr] warning: unused import: `credentials::*`
[INFO] [stderr]   --> src/bucket/mod.rs:15:9
[INFO] [stderr]    |
[INFO] [stderr] 15 | pub use credentials::*;
[INFO] [stderr]    |         ^^^^^^^^^^^^^^
[INFO] [stderr] 
[INFO] [stderr] warning: unused import: `delete::*`
[INFO] [stderr]   --> src/bucket/mod.rs:27:9
[INFO] [stderr]    |
[INFO] [stderr] 27 | pub use delete::*;
[INFO] [stderr]    |         ^^^^^^^^^
[INFO] [stderr] 
[INFO] [stderr] warning: unused import: `copy::*`
[INFO] [stderr]   --> src/bucket/mod.rs:30:9
[INFO] [stderr]    |
[INFO] [stderr] 30 | pub use copy::*;
[INFO] [stderr]    |         ^^^^^^^
[INFO] [stderr] 
[INFO] [stderr] warning: unused import: `get::*`
[INFO] [stderr]   --> src/bucket/mod.rs:33:9
[INFO] [stderr]    |
[INFO] [stderr] 33 | pub use get::*;
[INFO] [stderr]    |         ^^^^^^
[INFO] [stderr] 
[INFO] [stderr] warning: unused import: `put::*`
[INFO] [stderr]   --> src/bucket/mod.rs:36:9
[INFO] [stderr]    |
[INFO] [stderr] 36 | pub use put::*;
[INFO] [stderr]    |         ^^^^^^
[INFO] [stderr] 
[INFO] [stderr] warning: unused import: `head::*`
[INFO] [stderr]   --> src/bucket/mod.rs:39:9
[INFO] [stderr]    |
[INFO] [stderr] 39 | pub use head::*;
[INFO] [stderr]    |         ^^^^^^^
[INFO] [stderr] 
[INFO] [stderr] warning: unused import: `utils::*`
[INFO] [stderr]   --> src/bucket/mod.rs:42:9
[INFO] [stderr]    |
[INFO] [stderr] 42 | pub use utils::*;
[INFO] [stderr]    |         ^^^^^^^^
[INFO] [stderr] 
[INFO] [stderr] warning: unused import: `tokio::io::AsyncRead`
[INFO] [stderr]   --> src/request/tokio_backend.rs:20:9
[INFO] [stderr]    |
[INFO] [stderr] 20 | pub use tokio::io::AsyncRead;
[INFO] [stderr]    |         ^^^^^^^^^^^^^^^^^^^^
[INFO] [stderr] 
[INFO] [stderr] warning: unused import: `AsyncWrite`
[INFO] [stderr]   --> src/request/tokio_backend.rs:21:21
[INFO] [stderr]    |
[INFO] [stderr] 21 | pub use tokio::io::{AsyncWrite, AsyncWriteExt};
[INFO] [stderr]    |                     ^^^^^^^^^^
[INFO] [stderr] 
[INFO] [stderr] warning: private item shadows public glob re-export
[INFO] [stderr]  --> src/request/mod.rs:7:28
[INFO] [stderr]   |
[INFO] [stderr] 7 | pub(crate) use tokio::io::{AsyncRead, AsyncReadExt, AsyncWrite};
[INFO] [stderr]   |                            ^^^^^^^^^
[INFO] [stderr]   |
[INFO] [stderr] note: the name `AsyncRead` in the type namespace is supposed to be publicly re-exported here
[INFO] [stderr]  --> src/request/mod.rs:2:9
[INFO] [stderr]   |
[INFO] [stderr] 2 | pub use tokio_backend::*;
[INFO] [stderr]   |         ^^^^^^^^^^^^^^^^
[INFO] [stderr] note: but the private item here shadows it
[INFO] [stderr]  --> src/request/mod.rs:7:28
[INFO] [stderr]   |
[INFO] [stderr] 7 | pub(crate) use tokio::io::{AsyncRead, AsyncReadExt, AsyncWrite};
[INFO] [stderr]   |                            ^^^^^^^^^
[INFO] [stderr]   = note: `#[warn(hidden_glob_reexports)]` on by default
[INFO] [stderr] 
[INFO] [stderr] warning: private item shadows public glob re-export
[INFO] [stderr]  --> src/request/mod.rs:7:53
[INFO] [stderr]   |
[INFO] [stderr] 7 | pub(crate) use tokio::io::{AsyncRead, AsyncReadExt, AsyncWrite};
[INFO] [stderr]   |                                                     ^^^^^^^^^^
[INFO] [stderr]   |
[INFO] [stderr] note: the name `AsyncWrite` in the type namespace is supposed to be publicly re-exported here
[INFO] [stderr]  --> src/request/mod.rs:2:9
[INFO] [stderr]   |
[INFO] [stderr] 2 | pub use tokio_backend::*;
[INFO] [stderr]   |         ^^^^^^^^^^^^^^^^
[INFO] [stderr] note: but the private item here shadows it
[INFO] [stderr]  --> src/request/mod.rs:7:53
[INFO] [stderr]   |
[INFO] [stderr] 7 | pub(crate) use tokio::io::{AsyncRead, AsyncReadExt, AsyncWrite};
[INFO] [stderr]   |                                                     ^^^^^^^^^^
[INFO] [stderr] 
[INFO] [stderr] warning: `zitane-s3-async` (lib) generated 12 warnings (run `cargo fix --lib -p zitane-s3-async` to apply 10 suggestions)
[INFO] [stderr] warning: function `test_digital_ocean_credentials` is never used
[INFO] [stderr]   --> src/bucket_tests.rs:56:8
[INFO] [stderr]    |
[INFO] [stderr] 56 |     fn test_digital_ocean_credentials() -> Credentials {
[INFO] [stderr]    |        ^^^^^^^^^^^^^^^^^^^^^^^^^^^^^^
[INFO] [stderr]    |
[INFO] [stderr]    = note: `#[warn(dead_code)]` on by default
[INFO] [stderr] 
[INFO] [stderr] warning: function `test_digital_ocean_bucket` is never used
[INFO] [stderr]    --> src/bucket_tests.rs:123:8
[INFO] [stderr]     |
[INFO] [stderr] 123 |     fn test_digital_ocean_bucket() -> Bucket {
[INFO] [stderr]     |        ^^^^^^^^^^^^^^^^^^^^^^^^^
[INFO] [stderr] 
[INFO] [stderr] warning: `zitane-s3-async` (lib test) generated 14 warnings (12 duplicates)
[INFO] [stderr]     Finished test [unoptimized + debuginfo] target(s) in 0.08s
[INFO] [stderr]      Running unittests src/lib.rs (/opt/rustwide/target/debug/deps/s3-5c41eda957e35cce)
[INFO] [stdout] 
[INFO] [stdout] running 43 tests
[INFO] [stdout] test bucket_tests::test::aws_put_head_get_delete_object ... ignored
[INFO] [stdout] test bucket_tests::test::gc_test_put_head_get_delete_object ... ignored
[INFO] [stdout] test bucket_tests::test::minio_test_put_head_get_delete_object ... ignored
[INFO] [stdout] test bucket_tests::test::r2_test_put_head_get_delete_object ... ignored
[INFO] [stdout] test bucket_tests::test::streaming_aws_put_head_get_delete_object ... ignored
[INFO] [stdout] test bucket_tests::test::streaming_big_aws_put_head_get_delete_object ... ignored
[INFO] [stdout] test bucket_tests::test::streaming_big_gc_put_head_get_delete_object ... ignored
[INFO] [stdout] test bucket_tests::test::streaming_big_minio_put_head_get_delete_object ... ignored
[INFO] [stdout] test bucket_tests::test::streaming_gc_put_head_get_delete_object ... ignored
[INFO] [stdout] test bucket_tests::test::streaming_minio_put_head_get_delete_object ... ignored
[INFO] [stdout] test bucket_tests::test::streaming_r2_put_head_get_delete_object ... ignored
[INFO] [stdout] test bucket_tests::test::test_bucket_create_delete_default_region ... ignored
[INFO] [stdout] test bucket_tests::test::test_bucket_create_delete_non_default_region ... ignored
[INFO] [stdout] test bucket_tests::test::test_bucket_create_delete_non_default_region_public ... ignored
[INFO] [stdout] test bucket_tests::test::test_builder_composition ... ignored
[INFO] [stdout] test bucket_tests::test::test_presign_delete ... ignored
[INFO] [stdout] test bucket_tests::test::test_presign_get ... ignored
[INFO] [stdout] test bucket_tests::test::test_presign_put ... ignored
[INFO] [stdout] test bucket_tests::test::test_put_bucket_cors ... ignored
[INFO] [stdout] test bucket_tests::test::wasabi_test_put_head_get_delete_object ... ignored
[INFO] [stdout] test bucket_tests::test::test_tag_has_key_and_value_functions ... ok
[INFO] [stdout] test bucket::list::tests::parse_list_buckets_response_when_no_buckets_exist ... ok
[INFO] [stdout] test bucket::list::tests::parse_list_buckets_response ... ok
[INFO] [stdout] test request::tokio_backend::tests::test_path_style_url_ends_in_bucket ... ok
[INFO] [stdout] test serde_types::test::cors_config_serde ... ok
[INFO] [stdout] test signing::tests::test_aws_signing_key ... ok
[INFO] [stdout] test request::tokio_backend::tests::url_uses_https_by_default ... ok
[INFO] [stdout] test request::tokio_backend::tests::url_uses_https_by_default_path_style ... ok
[INFO] [stdout] test signing::tests::test_base_url_encode ... ok
[INFO] [stdout] test request::tokio_backend::tests::url_uses_scheme_from_custom_region_if_defined ... ok
[INFO] [stdout] test request::tokio_backend::tests::url_uses_scheme_from_custom_region_if_defined_with_path_style ... ok
[INFO] [stdout] test signing::tests::test_headers_encode ... ok
[INFO] [stdout] test request::tokio_backend::tests::test_get_object_range_header ... ok
[INFO] [stdout] test signing::tests::test_path_encode ... ok
[INFO] [stdout] test signing::tests::test_parse_list_bucket_result ... ok
[INFO] [stdout] test signing::tests::test_path_slash_encode ... ok
[INFO] [stdout] test signing::tests::test_uri_encode ... ok
[INFO] [stdout] test signing::tests::test_query_string_encode ... ok
[INFO] [stdout] test signing::tests::test_signing ... ok
[INFO] [stdout] test utils::test::test_read_chunk_all_zero ... ok
[INFO] [stdout] test utils::test::test_read_chunk_multi_chunk ... ok
[INFO] [stdout] test utils::test::test_etag_small_file ... FAILED
[INFO] [stdout] test utils::test::test_etag_large_file ... FAILED
[INFO] [stdout] 
[INFO] [stdout] failures:
[INFO] [stdout] 
[INFO] [stdout] ---- utils::test::test_etag_small_file stdout ----
[INFO] [stdout] thread 'utils::test::test_etag_small_file' panicked at src/utils.rs:205:43:
[INFO] [stdout] called `Result::unwrap()` on an `Err` value: Os { code: 30, kind: ReadOnlyFilesystem, message: "Read-only file system" }
[INFO] [stdout] stack backtrace:
[INFO] [stdout]    0:     0x5590b0cf4abc - std::backtrace_rs::backtrace::libunwind::trace::ha637c64ce894333a
[INFO] [stdout]                                at /rustc/82e1608dfa6e0b5569232559e3d385fea5a93112/library/std/src/../../backtrace/src/backtrace/libunwind.rs:104:5
[INFO] [stdout]    1:     0x5590b0cf4abc - std::backtrace_rs::backtrace::trace_unsynchronized::h47f62dea28e0c88d
[INFO] [stdout]                                at /rustc/82e1608dfa6e0b5569232559e3d385fea5a93112/library/std/src/../../backtrace/src/backtrace/mod.rs:66:5
[INFO] [stdout]    2:     0x5590b0cf4abc - std::sys_common::backtrace::_print_fmt::h9eef0abe20ede486
[INFO] [stdout]                                at /rustc/82e1608dfa6e0b5569232559e3d385fea5a93112/library/std/src/sys_common/backtrace.rs:67:5
[INFO] [stdout]    3:     0x5590b0cf4abc - <std::sys_common::backtrace::_print::DisplayBacktrace as core::fmt::Display>::fmt::hed7f999df88cc644
[INFO] [stdout]                                at /rustc/82e1608dfa6e0b5569232559e3d385fea5a93112/library/std/src/sys_common/backtrace.rs:44:22
[INFO] [stdout]    4:     0x5590b0d22ba0 - core::fmt::rt::Argument::fmt::h1539a9308b8d058d
[INFO] [stdout]                                at /rustc/82e1608dfa6e0b5569232559e3d385fea5a93112/library/core/src/fmt/rt.rs:142:9
[INFO] [stdout]    5:     0x5590b0d22ba0 - core::fmt::write::h3a39390d8560d9c9
[INFO] [stdout]                                at /rustc/82e1608dfa6e0b5569232559e3d385fea5a93112/library/core/src/fmt/mod.rs:1120:17
[INFO] [stdout]    6:     0x5590b0cf147f - std::io::Write::write_fmt::h040b369f3a0f9cbc
[INFO] [stdout]                                at /rustc/82e1608dfa6e0b5569232559e3d385fea5a93112/library/std/src/io/mod.rs:1762:15
[INFO] [stdout]    7:     0x5590b0cf48a4 - std::sys_common::backtrace::_print::h894006fb5c6f3d45
[INFO] [stdout]                                at /rustc/82e1608dfa6e0b5569232559e3d385fea5a93112/library/std/src/sys_common/backtrace.rs:47:5
[INFO] [stdout]    8:     0x5590b0cf48a4 - std::sys_common::backtrace::print::h23a2d212c6fff936
[INFO] [stdout]                                at /rustc/82e1608dfa6e0b5569232559e3d385fea5a93112/library/std/src/sys_common/backtrace.rs:34:9
[INFO] [stdout]    9:     0x5590b0cf6567 - std::panicking::default_hook::{{closure}}::h8a1d2ee00185001a
[INFO] [stdout]   10:     0x5590b0cf6253 - std::panicking::default_hook::h6038f2eba384e475
[INFO] [stdout]                                at /rustc/82e1608dfa6e0b5569232559e3d385fea5a93112/library/std/src/panicking.rs:289:9
[INFO] [stdout]   11:     0x5590b095bed7 - <alloc::boxed::Box<F,A> as core::ops::function::Fn<Args>>::call::h0ad024c9bdc6d768
[INFO] [stdout]                                at /rustc/82e1608dfa6e0b5569232559e3d385fea5a93112/library/alloc/src/boxed.rs:2021:9
[INFO] [stdout]   12:     0x5590b095bed7 - test::test_main::{{closure}}::h7500b54257359db6
[INFO] [stdout]                                at /rustc/82e1608dfa6e0b5569232559e3d385fea5a93112/library/test/src/lib.rs:138:21
[INFO] [stdout]   13:     0x5590b0cf6b78 - <alloc::boxed::Box<F,A> as core::ops::function::Fn<Args>>::call::h1f8f335eaa9cfaee
[INFO] [stdout]                                at /rustc/82e1608dfa6e0b5569232559e3d385fea5a93112/library/alloc/src/boxed.rs:2021:9
[INFO] [stdout]   14:     0x5590b0cf6b78 - std::panicking::rust_panic_with_hook::h2b5517d590cab22e
[INFO] [stdout]                                at /rustc/82e1608dfa6e0b5569232559e3d385fea5a93112/library/std/src/panicking.rs:783:13
[INFO] [stdout]   15:     0x5590b0cf68ce - std::panicking::begin_panic_handler::{{closure}}::h233112c06e0ef43e
[INFO] [stdout]                                at /rustc/82e1608dfa6e0b5569232559e3d385fea5a93112/library/std/src/panicking.rs:657:13
[INFO] [stdout]   16:     0x5590b0cf4f86 - std::sys_common::backtrace::__rust_end_short_backtrace::h6e893f24d7ebbff8
[INFO] [stdout]                                at /rustc/82e1608dfa6e0b5569232559e3d385fea5a93112/library/std/src/sys_common/backtrace.rs:170:18
[INFO] [stdout]   17:     0x5590b0cf6632 - rust_begin_unwind
[INFO] [stdout]                                at /rustc/82e1608dfa6e0b5569232559e3d385fea5a93112/library/std/src/panicking.rs:645:5
[INFO] [stdout]   18:     0x5590b04a0725 - core::panicking::panic_fmt::hbf0e066aabfa482c
[INFO] [stdout]                                at /rustc/82e1608dfa6e0b5569232559e3d385fea5a93112/library/core/src/panicking.rs:72:14
[INFO] [stdout]   19:     0x5590b04a0d53 - core::result::unwrap_failed::hddb4fea594200c52
[INFO] [stdout]                                at /rustc/82e1608dfa6e0b5569232559e3d385fea5a93112/library/core/src/result.rs:1653:5
[INFO] [stdout]   20:     0x5590b066a4fb - core::result::Result<T,E>::unwrap::hf9364ffff218044d
[INFO] [stdout]                                at /rustc/82e1608dfa6e0b5569232559e3d385fea5a93112/library/core/src/result.rs:1077:23
[INFO] [stdout]   21:     0x5590b05feca8 - s3::utils::test::test_etag_small_file::h0686481efe677619
[INFO] [stdout]                                at /opt/rustwide/workdir/src/utils.rs:205:24
[INFO] [stdout]   22:     0x5590b05febd7 - s3::utils::test::test_etag_small_file::{{closure}}::h2314d3336c49c15c
[INFO] [stdout]                                at /opt/rustwide/workdir/src/utils.rs:201:30
[INFO] [stdout]   23:     0x5590b053e136 - core::ops::function::FnOnce::call_once::h6d9469f999399330
[INFO] [stdout]                                at /rustc/82e1608dfa6e0b5569232559e3d385fea5a93112/library/core/src/ops/function.rs:250:5
[INFO] [stdout]   24:     0x5590b096152f - core::ops::function::FnOnce::call_once::h2b5d431d5046312d
[INFO] [stdout]                                at /rustc/82e1608dfa6e0b5569232559e3d385fea5a93112/library/core/src/ops/function.rs:250:5
[INFO] [stdout]   25:     0x5590b096152f - test::__rust_begin_short_backtrace::h7714669af176e207
[INFO] [stdout]                                at /rustc/82e1608dfa6e0b5569232559e3d385fea5a93112/library/test/src/lib.rs:628:18
[INFO] [stdout]   26:     0x5590b0960545 - test::run_test_in_process::{{closure}}::h85218797dcbcec12
[INFO] [stdout]                                at /rustc/82e1608dfa6e0b5569232559e3d385fea5a93112/library/test/src/lib.rs:651:60
[INFO] [stdout]   27:     0x5590b0960545 - <core::panic::unwind_safe::AssertUnwindSafe<F> as core::ops::function::FnOnce<()>>::call_once::h76c106ea31c14d7b
[INFO] [stdout]                                at /rustc/82e1608dfa6e0b5569232559e3d385fea5a93112/library/core/src/panic/unwind_safe.rs:272:9
[INFO] [stdout]   28:     0x5590b0960545 - std::panicking::try::do_call::h3bd5d0f6620ee946
[INFO] [stdout]                                at /rustc/82e1608dfa6e0b5569232559e3d385fea5a93112/library/std/src/panicking.rs:552:40
[INFO] [stdout]   29:     0x5590b0960545 - std::panicking::try::h232e535e4744fe31
[INFO] [stdout]                                at /rustc/82e1608dfa6e0b5569232559e3d385fea5a93112/library/std/src/panicking.rs:516:19
[INFO] [stdout]   30:     0x5590b0960545 - std::panic::catch_unwind::h3ce3bd6ca8dbac68
[INFO] [stdout]                                at /rustc/82e1608dfa6e0b5569232559e3d385fea5a93112/library/std/src/panic.rs:142:14
[INFO] [stdout]   31:     0x5590b0960545 - test::run_test_in_process::hc97b257c9621286a
[INFO] [stdout]                                at /rustc/82e1608dfa6e0b5569232559e3d385fea5a93112/library/test/src/lib.rs:651:27
[INFO] [stdout]   32:     0x5590b0960545 - test::run_test::{{closure}}::h2aa798823a438d38
[INFO] [stdout]                                at /rustc/82e1608dfa6e0b5569232559e3d385fea5a93112/library/test/src/lib.rs:574:43
[INFO] [stdout]   33:     0x5590b0928806 - test::run_test::{{closure}}::h87d231c78fb59832
[INFO] [stdout]                                at /rustc/82e1608dfa6e0b5569232559e3d385fea5a93112/library/test/src/lib.rs:602:41
[INFO] [stdout]   34:     0x5590b0928806 - std::sys_common::backtrace::__rust_begin_short_backtrace::he6df152596625789
[INFO] [stdout]                                at /rustc/82e1608dfa6e0b5569232559e3d385fea5a93112/library/std/src/sys_common/backtrace.rs:154:18
[INFO] [stdout]   35:     0x5590b092d8b7 - std::thread::Builder::spawn_unchecked_::{{closure}}::{{closure}}::ha94be15d1e0acf36
[INFO] [stdout]                                at /rustc/82e1608dfa6e0b5569232559e3d385fea5a93112/library/std/src/thread/mod.rs:529:17
[INFO] [stdout]   36:     0x5590b092d8b7 - <core::panic::unwind_safe::AssertUnwindSafe<F> as core::ops::function::FnOnce<()>>::call_once::h9dc6bd6372f16606
[INFO] [stdout]                                at /rustc/82e1608dfa6e0b5569232559e3d385fea5a93112/library/core/src/panic/unwind_safe.rs:272:9
[INFO] [stdout]   37:     0x5590b092d8b7 - std::panicking::try::do_call::h9057517f80303cd4
[INFO] [stdout]                                at /rustc/82e1608dfa6e0b5569232559e3d385fea5a93112/library/std/src/panicking.rs:552:40
[INFO] [stdout]   38:     0x5590b092d8b7 - std::panicking::try::he3a30b11ee45340c
[INFO] [stdout]                                at /rustc/82e1608dfa6e0b5569232559e3d385fea5a93112/library/std/src/panicking.rs:516:19
[INFO] [stdout]   39:     0x5590b092d8b7 - std::panic::catch_unwind::h410458cfd3528b8b
[INFO] [stdout]                                at /rustc/82e1608dfa6e0b5569232559e3d385fea5a93112/library/std/src/panic.rs:142:14
[INFO] [stdout]   40:     0x5590b092d8b7 - std::thread::Builder::spawn_unchecked_::{{closure}}::h72ac3bdb567b737b
[INFO] [stdout]                                at /rustc/82e1608dfa6e0b5569232559e3d385fea5a93112/library/std/src/thread/mod.rs:528:30
[INFO] [stdout]   41:     0x5590b092d8b7 - core::ops::function::FnOnce::call_once{{vtable.shim}}::h38f34da3654a8344
[INFO] [stdout]                                at /rustc/82e1608dfa6e0b5569232559e3d385fea5a93112/library/core/src/ops/function.rs:250:5
[INFO] [stdout]   42:     0x5590b0cfb9c5 - <alloc::boxed::Box<F,A> as core::ops::function::FnOnce<Args>>::call_once::hc7eafaff61e32df9
[INFO] [stdout]                                at /rustc/82e1608dfa6e0b5569232559e3d385fea5a93112/library/alloc/src/boxed.rs:2007:9
[INFO] [stdout]   43:     0x5590b0cfb9c5 - <alloc::boxed::Box<F,A> as core::ops::function::FnOnce<Args>>::call_once::h6ba4a5de48dd2304
[INFO] [stdout]                                at /rustc/82e1608dfa6e0b5569232559e3d385fea5a93112/library/alloc/src/boxed.rs:2007:9
[INFO] [stdout]   44:     0x5590b0cfb9c5 - std::sys::unix::thread::Thread::new::thread_start::he469335aef763e45
[INFO] [stdout]                                at /rustc/82e1608dfa6e0b5569232559e3d385fea5a93112/library/std/src/sys/unix/thread.rs:108:17
[INFO] [stdout]   45:     0x7faea1d0fac3 - <unknown>
[INFO] [stdout]   46:     0x7faea1da0bf4 - __clone
[INFO] [stdout]   47:                0x0 - <unknown>
[INFO] [stdout] 
[INFO] [stdout] ---- utils::test::test_etag_large_file stdout ----
[INFO] [stdout] thread 'utils::test::test_etag_large_file' panicked at src/utils.rs:192:43:
[INFO] [stdout] called `Result::unwrap()` on an `Err` value: Os { code: 30, kind: ReadOnlyFilesystem, message: "Read-only file system" }
[INFO] [stdout] stack backtrace:
[INFO] [stdout]    0:     0x5590b0cf4abc - std::backtrace_rs::backtrace::libunwind::trace::ha637c64ce894333a
[INFO] [stdout]                                at /rustc/82e1608dfa6e0b5569232559e3d385fea5a93112/library/std/src/../../backtrace/src/backtrace/libunwind.rs:104:5
[INFO] [stdout]    1:     0x5590b0cf4abc - std::backtrace_rs::backtrace::trace_unsynchronized::h47f62dea28e0c88d
[INFO] [stdout]                                at /rustc/82e1608dfa6e0b5569232559e3d385fea5a93112/library/std/src/../../backtrace/src/backtrace/mod.rs:66:5
[INFO] [stdout]    2:     0x5590b0cf4abc - std::sys_common::backtrace::_print_fmt::h9eef0abe20ede486
[INFO] [stdout]                                at /rustc/82e1608dfa6e0b5569232559e3d385fea5a93112/library/std/src/sys_common/backtrace.rs:67:5
[INFO] [stdout]    3:     0x5590b0cf4abc - <std::sys_common::backtrace::_print::DisplayBacktrace as core::fmt::Display>::fmt::hed7f999df88cc644
[INFO] [stdout]                                at /rustc/82e1608dfa6e0b5569232559e3d385fea5a93112/library/std/src/sys_common/backtrace.rs:44:22
[INFO] [stdout]    4:     0x5590b0d22ba0 - core::fmt::rt::Argument::fmt::h1539a9308b8d058d
[INFO] [stdout]                                at /rustc/82e1608dfa6e0b5569232559e3d385fea5a93112/library/core/src/fmt/rt.rs:142:9
[INFO] [stdout]    5:     0x5590b0d22ba0 - core::fmt::write::h3a39390d8560d9c9
[INFO] [stdout]                                at /rustc/82e1608dfa6e0b5569232559e3d385fea5a93112/library/core/src/fmt/mod.rs:1120:17
[INFO] [stdout]    6:     0x5590b0cf147f - std::io::Write::write_fmt::h040b369f3a0f9cbc
[INFO] [stdout]                                at /rustc/82e1608dfa6e0b5569232559e3d385fea5a93112/library/std/src/io/mod.rs:1762:15
[INFO] [stdout]    7:     0x5590b0cf48a4 - std::sys_common::backtrace::_print::h894006fb5c6f3d45
[INFO] [stdout]                                at /rustc/82e1608dfa6e0b5569232559e3d385fea5a93112/library/std/src/sys_common/backtrace.rs:47:5
[INFO] [stdout]    8:     0x5590b0cf48a4 - std::sys_common::backtrace::print::h23a2d212c6fff936
[INFO] [stdout]                                at /rustc/82e1608dfa6e0b5569232559e3d385fea5a93112/library/std/src/sys_common/backtrace.rs:34:9
[INFO] [stdout]    9:     0x5590b0cf6567 - std::panicking::default_hook::{{closure}}::h8a1d2ee00185001a
[INFO] [stdout]   10:     0x5590b0cf6253 - std::panicking::default_hook::h6038f2eba384e475
[INFO] [stdout]                                at /rustc/82e1608dfa6e0b5569232559e3d385fea5a93112/library/std/src/panicking.rs:289:9
[INFO] [stdout]   11:     0x5590b095bed7 - <alloc::boxed::Box<F,A> as core::ops::function::Fn<Args>>::call::h0ad024c9bdc6d768
[INFO] [stdout]                                at /rustc/82e1608dfa6e0b5569232559e3d385fea5a93112/library/alloc/src/boxed.rs:2021:9
[INFO] [stdout]   12:     0x5590b095bed7 - test::test_main::{{closure}}::h7500b54257359db6
[INFO] [stdout]                                at /rustc/82e1608dfa6e0b5569232559e3d385fea5a93112/library/test/src/lib.rs:138:21
[INFO] [stdout]   13:     0x5590b0cf6b78 - <alloc::boxed::Box<F,A> as core::ops::function::Fn<Args>>::call::h1f8f335eaa9cfaee
[INFO] [stdout]                                at /rustc/82e1608dfa6e0b5569232559e3d385fea5a93112/library/alloc/src/boxed.rs:2021:9
[INFO] [stdout]   14:     0x5590b0cf6b78 - std::panicking::rust_panic_with_hook::h2b5517d590cab22e
[INFO] [stdout]                                at /rustc/82e1608dfa6e0b5569232559e3d385fea5a93112/library/std/src/panicking.rs:783:13
[INFO] [stdout]   15:     0x5590b0cf68ce - std::panicking::begin_panic_handler::{{closure}}::h233112c06e0ef43e
[INFO] [stdout]                                at /rustc/82e1608dfa6e0b5569232559e3d385fea5a93112/library/std/src/panicking.rs:657:13
[INFO] [stdout]   16:     0x5590b0cf4f86 - std::sys_common::backtrace::__rust_end_short_backtrace::h6e893f24d7ebbff8
[INFO] [stdout]                                at /rustc/82e1608dfa6e0b5569232559e3d385fea5a93112/library/std/src/sys_common/backtrace.rs:170:18
[INFO] [stdout]   17:     0x5590b0cf6632 - rust_begin_unwind
[INFO] [stdout]                                at /rustc/82e1608dfa6e0b5569232559e3d385fea5a93112/library/std/src/panicking.rs:645:5
[INFO] [stdout]   18:     0x5590b04a0725 - core::panicking::panic_fmt::hbf0e066aabfa482c
[INFO] [stdout]                                at /rustc/82e1608dfa6e0b5569232559e3d385fea5a93112/library/core/src/panicking.rs:72:14
[INFO] [stdout]   19:     0x5590b04a0d53 - core::result::unwrap_failed::hddb4fea594200c52
[INFO] [stdout]                                at /rustc/82e1608dfa6e0b5569232559e3d385fea5a93112/library/core/src/result.rs:1653:5
[INFO] [stdout]   20:     0x5590b066a4fb - core::result::Result<T,E>::unwrap::hf9364ffff218044d
[INFO] [stdout]                                at /rustc/82e1608dfa6e0b5569232559e3d385fea5a93112/library/core/src/result.rs:1077:23
[INFO] [stdout]   21:     0x5590b05fe9e8 - s3::utils::test::test_etag_large_file::h5a662096a2ec4f42
[INFO] [stdout]                                at /opt/rustwide/workdir/src/utils.rs:192:24
[INFO] [stdout]   22:     0x5590b05fe917 - s3::utils::test::test_etag_large_file::{{closure}}::h06be7680998c1a05
[INFO] [stdout]                                at /opt/rustwide/workdir/src/utils.rs:188:30
[INFO] [stdout]   23:     0x5590b053d5f6 - core::ops::function::FnOnce::call_once::h36cb17f6e9fb2b81
[INFO] [stdout]                                at /rustc/82e1608dfa6e0b5569232559e3d385fea5a93112/library/core/src/ops/function.rs:250:5
[INFO] [stdout]   24:     0x5590b096152f - core::ops::function::FnOnce::call_once::h2b5d431d5046312d
[INFO] [stdout]                                at /rustc/82e1608dfa6e0b5569232559e3d385fea5a93112/library/core/src/ops/function.rs:250:5
[INFO] [stdout]   25:     0x5590b096152f - test::__rust_begin_short_backtrace::h7714669af176e207
[INFO] [stdout]                                at /rustc/82e1608dfa6e0b5569232559e3d385fea5a93112/library/test/src/lib.rs:628:18
[INFO] [stdout]   26:     0x5590b0960545 - test::run_test_in_process::{{closure}}::h85218797dcbcec12
[INFO] [stdout]                                at /rustc/82e1608dfa6e0b5569232559e3d385fea5a93112/library/test/src/lib.rs:651:60
[INFO] [stdout]   27:     0x5590b0960545 - <core::panic::unwind_safe::AssertUnwindSafe<F> as core::ops::function::FnOnce<()>>::call_once::h76c106ea31c14d7b
[INFO] [stdout]                                at /rustc/82e1608dfa6e0b5569232559e3d385fea5a93112/library/core/src/panic/unwind_safe.rs:272:9
[INFO] [stdout]   28:     0x5590b0960545 - std::panicking::try::do_call::h3bd5d0f6620ee946
[INFO] [stdout]                                at /rustc/82e1608dfa6e0b5569232559e3d385fea5a93112/library/std/src/panicking.rs:552:40
[INFO] [stdout]   29:     0x5590b0960545 - std::panicking::try::h232e535e4744fe31
[INFO] [stdout]                                at /rustc/82e1608dfa6e0b5569232559e3d385fea5a93112/library/std/src/panicking.rs:516:19
[INFO] [stdout]   30:     0x5590b0960545 - std::panic::catch_unwind::h3ce3bd6ca8dbac68
[INFO] [stdout]                                at /rustc/82e1608dfa6e0b5569232559e3d385fea5a93112/library/std/src/panic.rs:142:14
[INFO] [stdout]   31:     0x5590b0960545 - test::run_test_in_process::hc97b257c9621286a
[INFO] [stdout]                                at /rustc/82e1608dfa6e0b5569232559e3d385fea5a93112/library/test/src/lib.rs:651:27
[INFO] [stdout]   32:     0x5590b0960545 - test::run_test::{{closure}}::h2aa798823a438d38
[INFO] [stdout]                                at /rustc/82e1608dfa6e0b5569232559e3d385fea5a93112/library/test/src/lib.rs:574:43
[INFO] [stdout]   33:     0x5590b0928806 - test::run_test::{{closure}}::h87d231c78fb59832
[INFO] [stdout]                                at /rustc/82e1608dfa6e0b5569232559e3d385fea5a93112/library/test/src/lib.rs:602:41
[INFO] [stdout]   34:     0x5590b0928806 - std::sys_common::backtrace::__rust_begin_short_backtrace::he6df152596625789
[INFO] [stdout]                                at /rustc/82e1608dfa6e0b5569232559e3d385fea5a93112/library/std/src/sys_common/backtrace.rs:154:18
[INFO] [stdout]   35:     0x5590b092d8b7 - std::thread::Builder::spawn_unchecked_::{{closure}}::{{closure}}::ha94be15d1e0acf36
[INFO] [stdout]                                at /rustc/82e1608dfa6e0b5569232559e3d385fea5a93112/library/std/src/thread/mod.rs:529:17
[INFO] [stdout]   36:     0x5590b092d8b7 - <core::panic::unwind_safe::AssertUnwindSafe<F> as core::ops::function::FnOnce<()>>::call_once::h9dc6bd6372f16606
[INFO] [stdout]                                at /rustc/82e1608dfa6e0b5569232559e3d385fea5a93112/library/core/src/panic/unwind_safe.rs:272:9
[INFO] [stdout]   37:     0x5590b092d8b7 - std::panicking::try::do_call::h9057517f80303cd4
[INFO] [stdout]                                at /rustc/82e1608dfa6e0b5569232559e3d385fea5a93112/library/std/src/panicking.rs:552:40
[INFO] [stdout]   38:     0x5590b092d8b7 - std::panicking::try::he3a30b11ee45340c
[INFO] [stdout]                                at /rustc/82e1608dfa6e0b5569232559e3d385fea5a93112/library/std/src/panicking.rs:516:19
[INFO] [stdout]   39:     0x5590b092d8b7 - std::panic::catch_unwind::h410458cfd3528b8b
[INFO] [stdout]                                at /rustc/82e1608dfa6e0b5569232559e3d385fea5a93112/library/std/src/panic.rs:142:14
[INFO] [stdout]   40:     0x5590b092d8b7 - std::thread::Builder::spawn_unchecked_::{{closure}}::h72ac3bdb567b737b
[INFO] [stdout]                                at /rustc/82e1608dfa6e0b5569232559e3d385fea5a93112/library/std/src/thread/mod.rs:528:30
[INFO] [stdout]   41:     0x5590b092d8b7 - core::ops::function::FnOnce::call_once{{vtable.shim}}::h38f34da3654a8344
[INFO] [stdout]                                at /rustc/82e1608dfa6e0b5569232559e3d385fea5a93112/library/core/src/ops/function.rs:250:5
[INFO] [stdout]   42:     0x5590b0cfb9c5 - <alloc::boxed::Box<F,A> as core::ops::function::FnOnce<Args>>::call_once::hc7eafaff61e32df9
[INFO] [stdout]                                at /rustc/82e1608dfa6e0b5569232559e3d385fea5a93112/library/alloc/src/boxed.rs:2007:9
[INFO] [stdout]   43:     0x5590b0cfb9c5 - <alloc::boxed::Box<F,A> as core::ops::function::FnOnce<Args>>::call_once::h6ba4a5de48dd2304
[INFO] [stdout]                                at /rustc/82e1608dfa6e0b5569232559e3d385fea5a93112/library/alloc/src/boxed.rs:2007:9
[INFO] [stdout]   44:     0x5590b0cfb9c5 - std::sys::unix::thread::Thread::new::thread_start::he469335aef763e45
[INFO] [stdout]                                at /rustc/82e1608dfa6e0b5569232559e3d385fea5a93112/library/std/src/sys/unix/thread.rs:108:17
[INFO] [stdout]   45:     0x7faea1d0fac3 - <unknown>
[INFO] [stdout]   46:     0x7faea1da0bf4 - __clone
[INFO] [stdout]   47:                0x0 - <unknown>
[INFO] [stdout] 
[INFO] [stdout] 
[INFO] [stdout] failures:
[INFO] [stdout]     utils::test::test_etag_large_file
[INFO] [stdout]     utils::test::test_etag_small_file
[INFO] [stdout] 
[INFO] [stdout] test result: FAILED. 21 passed; 2 failed; 20 ignored; 0 measured; 0 filtered out; finished in 0.16s
[INFO] [stdout] 
[INFO] [stderr] error: test failed, to rerun pass `--lib`
[INFO] running `Command { std: "docker" "inspect" "08f1007e3386bcf6baf348d8bd8260c0f4fea9b8ec0fb39ee08d861c875a118c", kill_on_drop: false }`
[INFO] running `Command { std: "docker" "rm" "-f" "08f1007e3386bcf6baf348d8bd8260c0f4fea9b8ec0fb39ee08d861c875a118c", kill_on_drop: false }`
[INFO] [stdout] 08f1007e3386bcf6baf348d8bd8260c0f4fea9b8ec0fb39ee08d861c875a118c
