[INFO] fetching crate zipimgzip 0.3.1...
[INFO] testing zipimgzip-0.3.1 against 1.75.0 for beta-1.76-1
[INFO] extracting crate zipimgzip 0.3.1 into /workspace/builds/worker-0-tc1/source
[INFO] validating manifest of crates.io crate zipimgzip 0.3.1 on toolchain 1.75.0
[INFO] running `Command { std: CARGO_HOME="/workspace/cargo-home" RUSTUP_HOME="/workspace/rustup-home" "/workspace/cargo-home/bin/cargo" "+1.75.0" "metadata" "--manifest-path" "Cargo.toml" "--no-deps", kill_on_drop: false }`
[INFO] started tweaking crates.io crate zipimgzip 0.3.1
[INFO] finished tweaking crates.io crate zipimgzip 0.3.1
[INFO] tweaked toml for crates.io crate zipimgzip 0.3.1 written to /workspace/builds/worker-0-tc1/source/Cargo.toml
[INFO] crate crates.io crate zipimgzip 0.3.1 already has a lockfile, it will not be regenerated
[INFO] running `Command { std: CARGO_HOME="/workspace/cargo-home" RUSTUP_HOME="/workspace/rustup-home" "/workspace/cargo-home/bin/cargo" "+1.75.0" "fetch" "--manifest-path" "Cargo.toml", kill_on_drop: false }`
[INFO] [stderr]  Downloading crates ...
[INFO] [stderr]   Downloaded zip v0.6.3
[INFO] running `Command { std: "docker" "create" "-v" "/var/lib/crater-agent-workspace/builds/worker-0-tc1/target:/opt/rustwide/target:rw,Z" "-v" "/var/lib/crater-agent-workspace/builds/worker-0-tc1/source:/opt/rustwide/workdir:ro,Z" "-v" "/var/lib/crater-agent-workspace/cargo-home:/opt/rustwide/cargo-home:ro,Z" "-v" "/var/lib/crater-agent-workspace/rustup-home:/opt/rustwide/rustup-home:ro,Z" "-e" "SOURCE_DIR=/opt/rustwide/workdir" "-e" "CARGO_TARGET_DIR=/opt/rustwide/target" "-e" "CARGO_HOME=/opt/rustwide/cargo-home" "-e" "RUSTUP_HOME=/opt/rustwide/rustup-home" "-w" "/opt/rustwide/workdir" "-m" "1610612736" "--user" "0:0" "--network" "none" "ghcr.io/rust-lang/crates-build-env/linux@sha256:2788e3201cd34a07e3172128adcd8b3090168a8e3bcc40d7c032b9dda1df7d1c" "/opt/rustwide/cargo-home/bin/cargo" "+1.75.0" "metadata" "--no-deps" "--format-version=1", kill_on_drop: false }`
[INFO] [stdout] 4c4dfc6ab041906f9e862bc0a5b28bf3937bd9061805148df3fd8f218caa9aa3
[INFO] running `Command { std: "docker" "start" "-a" "4c4dfc6ab041906f9e862bc0a5b28bf3937bd9061805148df3fd8f218caa9aa3", kill_on_drop: false }`
[INFO] running `Command { std: "docker" "inspect" "4c4dfc6ab041906f9e862bc0a5b28bf3937bd9061805148df3fd8f218caa9aa3", kill_on_drop: false }`
[INFO] running `Command { std: "docker" "rm" "-f" "4c4dfc6ab041906f9e862bc0a5b28bf3937bd9061805148df3fd8f218caa9aa3", kill_on_drop: false }`
[INFO] [stdout] 4c4dfc6ab041906f9e862bc0a5b28bf3937bd9061805148df3fd8f218caa9aa3
[INFO] running `Command { std: "docker" "create" "-v" "/var/lib/crater-agent-workspace/builds/worker-0-tc1/target:/opt/rustwide/target:rw,Z" "-v" "/var/lib/crater-agent-workspace/builds/worker-0-tc1/source:/opt/rustwide/workdir:ro,Z" "-v" "/var/lib/crater-agent-workspace/cargo-home:/opt/rustwide/cargo-home:ro,Z" "-v" "/var/lib/crater-agent-workspace/rustup-home:/opt/rustwide/rustup-home:ro,Z" "-e" "SOURCE_DIR=/opt/rustwide/workdir" "-e" "CARGO_TARGET_DIR=/opt/rustwide/target" "-e" "CARGO_INCREMENTAL=0" "-e" "RUST_BACKTRACE=full" "-e" "RUSTFLAGS=--cap-lints=warn" "-e" "RUSTDOCFLAGS=--cap-lints=warn" "-e" "CARGO_HOME=/opt/rustwide/cargo-home" "-e" "RUSTUP_HOME=/opt/rustwide/rustup-home" "-w" "/opt/rustwide/workdir" "-m" "1610612736" "--user" "0:0" "--network" "none" "ghcr.io/rust-lang/crates-build-env/linux@sha256:2788e3201cd34a07e3172128adcd8b3090168a8e3bcc40d7c032b9dda1df7d1c" "/opt/rustwide/cargo-home/bin/cargo" "+1.75.0" "build" "--frozen" "--message-format=json", kill_on_drop: false }`
[INFO] [stdout] 80f4743fca0c6bfedcdc895cb539a7ad3f0f807a287664f98f4b3126909d977b
[INFO] running `Command { std: "docker" "start" "-a" "80f4743fca0c6bfedcdc895cb539a7ad3f0f807a287664f98f4b3126909d977b", kill_on_drop: false }`
[INFO] [stderr]    Compiling libc v0.2.135
[INFO] [stderr]    Compiling typenum v1.15.0
[INFO] [stderr]    Compiling crossbeam-utils v0.8.12
[INFO] [stderr]    Compiling proc-macro2 v1.0.46
[INFO] [stderr]    Compiling crossbeam-epoch v0.9.11
[INFO] [stderr]    Compiling quote v1.0.21
[INFO] [stderr]    Compiling unicode-ident v1.0.5
[INFO] [stderr]    Compiling rayon-core v1.9.3
[INFO] [stderr]    Compiling subtle v2.4.1
[INFO] [stderr]    Compiling syn v1.0.102
[INFO] [stderr]    Compiling generic-array v0.14.6
[INFO] [stderr]    Compiling num-traits v0.2.15
[INFO] [stderr]    Compiling rayon v1.5.3
[INFO] [stderr]    Compiling pkg-config v0.3.25
[INFO] [stderr]    Compiling futures-core v0.3.24
[INFO] [stderr]    Compiling cpufeatures v0.2.5
[INFO] [stderr]    Compiling flate2 v1.0.24
[INFO] [stderr]    Compiling zstd-safe v5.0.2+zstd.1.5.2
[INFO] [stderr]    Compiling either v1.8.0
[INFO] [stderr]    Compiling spin v0.9.4
[INFO] [stderr]    Compiling base64ct v1.5.2
[INFO] [stderr]    Compiling rand_core v0.6.4
[INFO] [stderr]    Compiling futures-sink v0.3.24
[INFO] [stderr]    Compiling miniz_oxide v0.6.2
[INFO] [stderr]    Compiling half v2.1.0
[INFO] [stderr]    Compiling bit_field v0.10.1
[INFO] [stderr]    Compiling time-macros v0.2.4
[INFO] [stderr]    Compiling num_threads v0.1.6
[INFO] [stderr]    Compiling itoa v1.0.4
[INFO] [stderr]    Compiling encoding_rs v0.8.31
[INFO] [stderr]    Compiling password-hash v0.4.2
[INFO] [stderr]    Compiling png v0.17.6
[INFO] [stderr]    Compiling gif v0.11.4
[INFO] [stderr]    Compiling remove_dir_all v0.5.3
[INFO] [stderr]    Compiling fastrand v1.8.0
[INFO] [stderr]    Compiling constant_time_eq v0.1.5
[INFO] [stderr]    Compiling bytemuck v1.12.1
[INFO] [stderr]    Compiling scoped_threadpool v0.1.9
[INFO] [stderr]    Compiling crossbeam-channel v0.5.6
[INFO] [stderr]    Compiling walkdir v2.3.2
[INFO] [stderr]    Compiling crossbeam-deque v0.8.2
[INFO] [stderr]    Compiling jobserver v0.1.25
[INFO] [stderr]    Compiling num_cpus v1.13.1
[INFO] [stderr]    Compiling getrandom v0.2.7
[INFO] [stderr]    Compiling cc v1.0.73
[INFO] [stderr]    Compiling tempfile v3.3.0
[INFO] [stderr]    Compiling nanorand v0.7.0
[INFO] [stderr]    Compiling threadpool v1.8.1
[INFO] [stderr]    Compiling num-integer v0.1.45
[INFO] [stderr]    Compiling num-rational v0.4.1
[INFO] [stderr]    Compiling time v0.3.15
[INFO] [stderr]    Compiling zstd-sys v2.0.1+zstd.1.5.2
[INFO] [stderr]    Compiling bzip2-sys v0.1.11+1.0.8
[INFO] [stderr]    Compiling crypto-common v0.1.6
[INFO] [stderr]    Compiling block-buffer v0.10.3
[INFO] [stderr]    Compiling cipher v0.3.0
[INFO] [stderr]    Compiling digest v0.10.5
[INFO] [stderr]    Compiling aes v0.7.5
[INFO] [stderr]    Compiling hmac v0.12.1
[INFO] [stderr]    Compiling sha2 v0.10.6
[INFO] [stderr]    Compiling sha1 v0.10.5
[INFO] [stderr]    Compiling pbkdf2 v0.11.0
[INFO] [stderr]    Compiling bzip2 v0.4.3
[INFO] [stderr]    Compiling jpeg-decoder v0.2.6
[INFO] [stderr]    Compiling tiff v0.7.3
[INFO] [stderr]    Compiling pin-project-internal v1.0.12
[INFO] [stderr]    Compiling pin-project v1.0.12
[INFO] [stderr]    Compiling flume v0.10.14
[INFO] [stderr]    Compiling exr v1.5.2
[INFO] [stderr]    Compiling image v0.24.4
[INFO] [stderr]    Compiling zstd v0.11.2+zstd.1.5.2
[INFO] [stderr]    Compiling zip v0.6.3
[INFO] [stderr]    Compiling zipimgzip v0.3.1 (/opt/rustwide/workdir)
[INFO] [stderr]     Finished dev [unoptimized + debuginfo] target(s) in 17.00s
[INFO] running `Command { std: "docker" "inspect" "80f4743fca0c6bfedcdc895cb539a7ad3f0f807a287664f98f4b3126909d977b", kill_on_drop: false }`
[INFO] running `Command { std: "docker" "rm" "-f" "80f4743fca0c6bfedcdc895cb539a7ad3f0f807a287664f98f4b3126909d977b", kill_on_drop: false }`
[INFO] [stdout] 80f4743fca0c6bfedcdc895cb539a7ad3f0f807a287664f98f4b3126909d977b
[INFO] running `Command { std: "docker" "create" "-v" "/var/lib/crater-agent-workspace/builds/worker-0-tc1/target:/opt/rustwide/target:rw,Z" "-v" "/var/lib/crater-agent-workspace/builds/worker-0-tc1/source:/opt/rustwide/workdir:ro,Z" "-v" "/var/lib/crater-agent-workspace/cargo-home:/opt/rustwide/cargo-home:ro,Z" "-v" "/var/lib/crater-agent-workspace/rustup-home:/opt/rustwide/rustup-home:ro,Z" "-e" "SOURCE_DIR=/opt/rustwide/workdir" "-e" "CARGO_TARGET_DIR=/opt/rustwide/target" "-e" "CARGO_INCREMENTAL=0" "-e" "RUST_BACKTRACE=full" "-e" "RUSTFLAGS=--cap-lints=warn" "-e" "RUSTDOCFLAGS=--cap-lints=warn" "-e" "CARGO_HOME=/opt/rustwide/cargo-home" "-e" "RUSTUP_HOME=/opt/rustwide/rustup-home" "-w" "/opt/rustwide/workdir" "-m" "1610612736" "--user" "0:0" "--network" "none" "ghcr.io/rust-lang/crates-build-env/linux@sha256:2788e3201cd34a07e3172128adcd8b3090168a8e3bcc40d7c032b9dda1df7d1c" "/opt/rustwide/cargo-home/bin/cargo" "+1.75.0" "test" "--frozen" "--no-run" "--message-format=json", kill_on_drop: false }`
[INFO] [stdout] 3b49aa5ad7474c4040e06c3fc10f48aa4b88eb9788668b61292c2498e11c8864
[INFO] running `Command { std: "docker" "start" "-a" "3b49aa5ad7474c4040e06c3fc10f48aa4b88eb9788668b61292c2498e11c8864", kill_on_drop: false }`
[INFO] [stderr]    Compiling zipimgzip v0.3.1 (/opt/rustwide/workdir)
[INFO] [stderr]     Finished test [unoptimized + debuginfo] target(s) in 0.36s
[INFO] running `Command { std: "docker" "inspect" "3b49aa5ad7474c4040e06c3fc10f48aa4b88eb9788668b61292c2498e11c8864", kill_on_drop: false }`
[INFO] running `Command { std: "docker" "rm" "-f" "3b49aa5ad7474c4040e06c3fc10f48aa4b88eb9788668b61292c2498e11c8864", kill_on_drop: false }`
[INFO] [stdout] 3b49aa5ad7474c4040e06c3fc10f48aa4b88eb9788668b61292c2498e11c8864
[INFO] running `Command { std: "docker" "create" "-v" "/var/lib/crater-agent-workspace/builds/worker-0-tc1/target:/opt/rustwide/target:rw,Z" "-v" "/var/lib/crater-agent-workspace/builds/worker-0-tc1/source:/opt/rustwide/workdir:ro,Z" "-v" "/var/lib/crater-agent-workspace/cargo-home:/opt/rustwide/cargo-home:ro,Z" "-v" "/var/lib/crater-agent-workspace/rustup-home:/opt/rustwide/rustup-home:ro,Z" "-e" "SOURCE_DIR=/opt/rustwide/workdir" "-e" "CARGO_TARGET_DIR=/opt/rustwide/target" "-e" "CARGO_INCREMENTAL=0" "-e" "RUST_BACKTRACE=full" "-e" "RUSTFLAGS=--cap-lints=warn" "-e" "RUSTDOCFLAGS=--cap-lints=warn" "-e" "CARGO_HOME=/opt/rustwide/cargo-home" "-e" "RUSTUP_HOME=/opt/rustwide/rustup-home" "-w" "/opt/rustwide/workdir" "-m" "1610612736" "--user" "0:0" "--network" "none" "ghcr.io/rust-lang/crates-build-env/linux@sha256:2788e3201cd34a07e3172128adcd8b3090168a8e3bcc40d7c032b9dda1df7d1c" "/opt/rustwide/cargo-home/bin/cargo" "+1.75.0" "test" "--frozen", kill_on_drop: false }`
[INFO] [stdout] 020f6449cc0790beec730f567e6a3168e685a19d5c20b5eae2a5404924506c41
[INFO] running `Command { std: "docker" "start" "-a" "020f6449cc0790beec730f567e6a3168e685a19d5c20b5eae2a5404924506c41", kill_on_drop: false }`
[INFO] [stderr]     Finished test [unoptimized + debuginfo] target(s) in 0.05s
[INFO] [stderr]      Running unittests src/lib.rs (/opt/rustwide/target/debug/deps/zipimgzip-7f2e7a1979e41e68)
[INFO] [stdout] 
[INFO] [stdout] running 0 tests
[INFO] [stdout] 
[INFO] [stdout] test result: ok. 0 passed; 0 failed; 0 ignored; 0 measured; 0 filtered out; finished in 0.00s
[INFO] [stdout] 
[INFO] [stderr]      Running unittests src/main.rs (/opt/rustwide/target/debug/deps/zipimgzip-f997ea9a21ed62ba)
[INFO] [stdout] 
[INFO] [stdout] running 0 tests
[INFO] [stdout] 
[INFO] [stdout] test result: ok. 0 passed; 0 failed; 0 ignored; 0 measured; 0 filtered out; finished in 0.00s
[INFO] [stdout] 
[INFO] [stderr]    Doc-tests zipimgzip
[INFO] [stdout] 
[INFO] [stdout] running 2 tests
[INFO] [stdout] test src/lib.rs - (line 8) ... FAILED
[INFO] [stdout] test src/lib.rs - (line 23) ... FAILED
[INFO] [stdout] 
[INFO] [stdout] failures:
[INFO] [stdout] 
[INFO] [stdout] ---- src/lib.rs - (line 8) stdout ----
[INFO] [stdout] error[E0425]: cannot find function `unzip_to_memory` in this scope
[INFO] [stdout]  --> src/lib.rs:15:9
[INFO] [stdout]   |
[INFO] [stdout] 8 | let _ = unzip_to_memory(test_path, PrintMode::Print)?
[INFO] [stdout]   |         ^^^^^^^^^^^^^^^ not found in this scope
[INFO] [stdout]   |
[INFO] [stdout] help: consider importing this function
[INFO] [stdout]   |
[INFO] [stdout] 2 + use zipimgzip::unzip_to_memory;
[INFO] [stdout]   |
[INFO] [stdout] 
[INFO] [stdout] error[E0433]: failed to resolve: use of undeclared type `PrintMode`
[INFO] [stdout]  --> src/lib.rs:15:36
[INFO] [stdout]   |
[INFO] [stdout] 8 | let _ = unzip_to_memory(test_path, PrintMode::Print)?
[INFO] [stdout]   |                                    ^^^^^^^^^ use of undeclared type `PrintMode`
[INFO] [stdout]   |
[INFO] [stdout] help: consider importing this enum
[INFO] [stdout]   |
[INFO] [stdout] 2 + use zipimgzip::PrintMode;
[INFO] [stdout]   |
[INFO] [stdout] 
[INFO] [stdout] error[E0433]: failed to resolve: use of undeclared type `ConvMode`
[INFO] [stdout]  --> src/lib.rs:16:51
[INFO] [stdout]   |
[INFO] [stdout] 9 |     .convert_size(test_pixels[0], test_pixels[1], ConvMode::Height)?
[INFO] [stdout]   |                                                   ^^^^^^^^ use of undeclared type `ConvMode`
[INFO] [stdout]   |
[INFO] [stdout] help: consider importing this enum
[INFO] [stdout]   |
[INFO] [stdout] 2 + use zipimgzip::ConvMode;
[INFO] [stdout]   |
[INFO] [stdout] 
[INFO] [stdout] error[E0433]: failed to resolve: use of undeclared type `SaveFormat`
[INFO] [stdout]   --> src/lib.rs:17:31
[INFO] [stdout]    |
[INFO] [stdout] 10 |     .create_zip(test_outpath, SaveFormat::Ref, test_quality)?;
[INFO] [stdout]    |                               ^^^^^^^^^^ use of undeclared type `SaveFormat`
[INFO] [stdout]    |
[INFO] [stdout] help: consider importing this enum
[INFO] [stdout]    |
[INFO] [stdout] 2  + use zipimgzip::SaveFormat;
[INFO] [stdout]    |
[INFO] [stdout] 
[INFO] [stdout] error: aborting due to 4 previous errors
[INFO] [stdout] 
[INFO] [stdout] Some errors have detailed explanations: E0425, E0433.
[INFO] [stdout] For more information about an error, try `rustc --explain E0425`.
[INFO] [stdout] Couldn't compile the test.
[INFO] [stdout] ---- src/lib.rs - (line 23) stdout ----
[INFO] [stdout] error[E0433]: failed to resolve: use of undeclared crate or module `io`
[INFO] [stdout]  --> src/lib.rs:24:25
[INFO] [stdout]   |
[INFO] [stdout] 2 | fn main() -> Result<(), io::Error> {
[INFO] [stdout]   |                         ^^ use of undeclared crate or module `io`
[INFO] [stdout]   |
[INFO] [stdout] help: a builtin type with a similar name exists
[INFO] [stdout]   |
[INFO] [stdout] 2 | fn main() -> Result<(), i8::Error> {
[INFO] [stdout]   |                         ~~
[INFO] [stdout] help: consider importing this module
[INFO] [stdout]   |
[INFO] [stdout] 2 + use std::io;
[INFO] [stdout]   |
[INFO] [stdout] 
[INFO] [stdout] error[E0425]: cannot find function `unzip_to_memory` in this scope
[INFO] [stdout]  --> src/lib.rs:30:9
[INFO] [stdout]   |
[INFO] [stdout] 8 | let _ = unzip_to_memory(test_path, PrintMode::Print)?
[INFO] [stdout]   |         ^^^^^^^^^^^^^^^ not found in this scope
[INFO] [stdout]   |
[INFO] [stdout] help: consider importing this function
[INFO] [stdout]   |
[INFO] [stdout] 2 + use zipimgzip::unzip_to_memory;
[INFO] [stdout]   |
[INFO] [stdout] 
[INFO] [stdout] error[E0433]: failed to resolve: use of undeclared type `PrintMode`
[INFO] [stdout]  --> src/lib.rs:30:36
[INFO] [stdout]   |
[INFO] [stdout] 8 | let _ = unzip_to_memory(test_path, PrintMode::Print)?
[INFO] [stdout]   |                                    ^^^^^^^^^ use of undeclared type `PrintMode`
[INFO] [stdout]   |
[INFO] [stdout] help: consider importing this enum
[INFO] [stdout]   |
[INFO] [stdout] 2 + use zipimgzip::PrintMode;
[INFO] [stdout]   |
[INFO] [stdout] 
[INFO] [stdout] error[E0433]: failed to resolve: use of undeclared type `ConvMode`
[INFO] [stdout]  --> src/lib.rs:31:63
[INFO] [stdout]   |
[INFO] [stdout] 9 |     .convert_size_multithread(test_pixels[0], test_pixels[1], ConvMode::Height)?
[INFO] [stdout]   |                                                               ^^^^^^^^ use of undeclared type `ConvMode`
[INFO] [stdout]   |
[INFO] [stdout] help: consider importing this enum
[INFO] [stdout]   |
[INFO] [stdout] 2 + use zipimgzip::ConvMode;
[INFO] [stdout]   |
[INFO] [stdout] 
[INFO] [stdout] error[E0433]: failed to resolve: use of undeclared type `SaveFormat`
[INFO] [stdout]   --> src/lib.rs:32:43
[INFO] [stdout]    |
[INFO] [stdout] 10 |     .create_zip_multithread(test_outpath, SaveFormat::Ref, test_quality)?;
[INFO] [stdout]    |                                           ^^^^^^^^^^ use of undeclared type `SaveFormat`
[INFO] [stdout]    |
[INFO] [stdout] help: consider importing this enum
[INFO] [stdout]    |
[INFO] [stdout] 2  + use zipimgzip::SaveFormat;
[INFO] [stdout]    |
[INFO] [stdout] 
[INFO] [stdout] error: aborting due to 5 previous errors
[INFO] [stdout] 
[INFO] [stdout] Some errors have detailed explanations: E0425, E0433.
[INFO] [stdout] For more information about an error, try `rustc --explain E0425`.
[INFO] [stdout] Couldn't compile the test.
[INFO] [stdout] 
[INFO] [stdout] failures:
[INFO] [stdout]     src/lib.rs - (line 23)
[INFO] [stdout]     src/lib.rs - (line 8)
[INFO] [stdout] 
[INFO] [stdout] test result: FAILED. 0 passed; 2 failed; 0 ignored; 0 measured; 0 filtered out; finished in 0.06s
[INFO] [stdout] 
[INFO] [stderr] error: doctest failed, to rerun pass `--doc`
[INFO] running `Command { std: "docker" "inspect" "020f6449cc0790beec730f567e6a3168e685a19d5c20b5eae2a5404924506c41", kill_on_drop: false }`
[INFO] running `Command { std: "docker" "rm" "-f" "020f6449cc0790beec730f567e6a3168e685a19d5c20b5eae2a5404924506c41", kill_on_drop: false }`
[INFO] [stdout] 020f6449cc0790beec730f567e6a3168e685a19d5c20b5eae2a5404924506c41
