[INFO] fetching crate ziggy-honggfuzz-2 0.5.55...
[INFO] testing ziggy-honggfuzz-2-0.5.55 against 1.75.0 for beta-1.76-1
[INFO] extracting crate ziggy-honggfuzz-2 0.5.55 into /workspace/builds/worker-0-tc1/source
[INFO] validating manifest of crates.io crate ziggy-honggfuzz-2 0.5.55 on toolchain 1.75.0
[INFO] running `Command { std: CARGO_HOME="/workspace/cargo-home" RUSTUP_HOME="/workspace/rustup-home" "/workspace/cargo-home/bin/cargo" "+1.75.0" "metadata" "--manifest-path" "Cargo.toml" "--no-deps", kill_on_drop: false }`
[INFO] started tweaking crates.io crate ziggy-honggfuzz-2 0.5.55
[INFO] finished tweaking crates.io crate ziggy-honggfuzz-2 0.5.55
[INFO] tweaked toml for crates.io crate ziggy-honggfuzz-2 0.5.55 written to /workspace/builds/worker-0-tc1/source/Cargo.toml
[INFO] crate crates.io crate ziggy-honggfuzz-2 0.5.55 already has a lockfile, it will not be regenerated
[INFO] running `Command { std: CARGO_HOME="/workspace/cargo-home" RUSTUP_HOME="/workspace/rustup-home" "/workspace/cargo-home/bin/cargo" "+1.75.0" "fetch" "--manifest-path" "Cargo.toml", kill_on_drop: false }`
[INFO] running `Command { std: "docker" "create" "-v" "/var/lib/crater-agent-workspace/builds/worker-0-tc1/target:/opt/rustwide/target:rw,Z" "-v" "/var/lib/crater-agent-workspace/builds/worker-0-tc1/source:/opt/rustwide/workdir:ro,Z" "-v" "/var/lib/crater-agent-workspace/cargo-home:/opt/rustwide/cargo-home:ro,Z" "-v" "/var/lib/crater-agent-workspace/rustup-home:/opt/rustwide/rustup-home:ro,Z" "-e" "SOURCE_DIR=/opt/rustwide/workdir" "-e" "CARGO_TARGET_DIR=/opt/rustwide/target" "-e" "CARGO_HOME=/opt/rustwide/cargo-home" "-e" "RUSTUP_HOME=/opt/rustwide/rustup-home" "-w" "/opt/rustwide/workdir" "-m" "1610612736" "--user" "0:0" "--network" "none" "ghcr.io/rust-lang/crates-build-env/linux@sha256:2788e3201cd34a07e3172128adcd8b3090168a8e3bcc40d7c032b9dda1df7d1c" "/opt/rustwide/cargo-home/bin/cargo" "+1.75.0" "metadata" "--no-deps" "--format-version=1", kill_on_drop: false }`
[INFO] [stdout] 3eebc5713c6ab4ed9ca92987b3a273c2bcb7f754bc30b39c714e0a4806f96bff
[INFO] running `Command { std: "docker" "start" "-a" "3eebc5713c6ab4ed9ca92987b3a273c2bcb7f754bc30b39c714e0a4806f96bff", kill_on_drop: false }`
[INFO] running `Command { std: "docker" "inspect" "3eebc5713c6ab4ed9ca92987b3a273c2bcb7f754bc30b39c714e0a4806f96bff", kill_on_drop: false }`
[INFO] running `Command { std: "docker" "rm" "-f" "3eebc5713c6ab4ed9ca92987b3a273c2bcb7f754bc30b39c714e0a4806f96bff", kill_on_drop: false }`
[INFO] [stdout] 3eebc5713c6ab4ed9ca92987b3a273c2bcb7f754bc30b39c714e0a4806f96bff
[INFO] running `Command { std: "docker" "create" "-v" "/var/lib/crater-agent-workspace/builds/worker-0-tc1/target:/opt/rustwide/target:rw,Z" "-v" "/var/lib/crater-agent-workspace/builds/worker-0-tc1/source:/opt/rustwide/workdir:ro,Z" "-v" "/var/lib/crater-agent-workspace/cargo-home:/opt/rustwide/cargo-home:ro,Z" "-v" "/var/lib/crater-agent-workspace/rustup-home:/opt/rustwide/rustup-home:ro,Z" "-e" "SOURCE_DIR=/opt/rustwide/workdir" "-e" "CARGO_TARGET_DIR=/opt/rustwide/target" "-e" "CARGO_INCREMENTAL=0" "-e" "RUST_BACKTRACE=full" "-e" "RUSTFLAGS=--cap-lints=warn" "-e" "RUSTDOCFLAGS=--cap-lints=warn" "-e" "CARGO_HOME=/opt/rustwide/cargo-home" "-e" "RUSTUP_HOME=/opt/rustwide/rustup-home" "-w" "/opt/rustwide/workdir" "-m" "1610612736" "--user" "0:0" "--network" "none" "ghcr.io/rust-lang/crates-build-env/linux@sha256:2788e3201cd34a07e3172128adcd8b3090168a8e3bcc40d7c032b9dda1df7d1c" "/opt/rustwide/cargo-home/bin/cargo" "+1.75.0" "build" "--frozen" "--message-format=json", kill_on_drop: false }`
[INFO] [stdout] 978ecac89ae8803a3bf5c3f1b102a7fb237f73d2aedfe22553e37a45393fc16c
[INFO] running `Command { std: "docker" "start" "-a" "978ecac89ae8803a3bf5c3f1b102a7fb237f73d2aedfe22553e37a45393fc16c", kill_on_drop: false }`
[INFO] [stderr]    Compiling semver v1.0.13
[INFO] [stderr]    Compiling ziggy-honggfuzz-2 v0.5.55 (/opt/rustwide/workdir)
[INFO] [stderr]    Compiling arbitrary v1.1.3
[INFO] [stderr]    Compiling rustc_version v0.4.0
[INFO] [stderr]     Finished dev [unoptimized + debuginfo] target(s) in 0.88s
[INFO] running `Command { std: "docker" "inspect" "978ecac89ae8803a3bf5c3f1b102a7fb237f73d2aedfe22553e37a45393fc16c", kill_on_drop: false }`
[INFO] running `Command { std: "docker" "rm" "-f" "978ecac89ae8803a3bf5c3f1b102a7fb237f73d2aedfe22553e37a45393fc16c", kill_on_drop: false }`
[INFO] [stdout] 978ecac89ae8803a3bf5c3f1b102a7fb237f73d2aedfe22553e37a45393fc16c
[INFO] running `Command { std: "docker" "create" "-v" "/var/lib/crater-agent-workspace/builds/worker-0-tc1/target:/opt/rustwide/target:rw,Z" "-v" "/var/lib/crater-agent-workspace/builds/worker-0-tc1/source:/opt/rustwide/workdir:ro,Z" "-v" "/var/lib/crater-agent-workspace/cargo-home:/opt/rustwide/cargo-home:ro,Z" "-v" "/var/lib/crater-agent-workspace/rustup-home:/opt/rustwide/rustup-home:ro,Z" "-e" "SOURCE_DIR=/opt/rustwide/workdir" "-e" "CARGO_TARGET_DIR=/opt/rustwide/target" "-e" "CARGO_INCREMENTAL=0" "-e" "RUST_BACKTRACE=full" "-e" "RUSTFLAGS=--cap-lints=warn" "-e" "RUSTDOCFLAGS=--cap-lints=warn" "-e" "CARGO_HOME=/opt/rustwide/cargo-home" "-e" "RUSTUP_HOME=/opt/rustwide/rustup-home" "-w" "/opt/rustwide/workdir" "-m" "1610612736" "--user" "0:0" "--network" "none" "ghcr.io/rust-lang/crates-build-env/linux@sha256:2788e3201cd34a07e3172128adcd8b3090168a8e3bcc40d7c032b9dda1df7d1c" "/opt/rustwide/cargo-home/bin/cargo" "+1.75.0" "test" "--frozen" "--no-run" "--message-format=json", kill_on_drop: false }`
[INFO] [stdout] 127ccf954bc4c2a65629871193c25074724a495ba468421c07217e2d1dc90eb0
[INFO] running `Command { std: "docker" "start" "-a" "127ccf954bc4c2a65629871193c25074724a495ba468421c07217e2d1dc90eb0", kill_on_drop: false }`
[INFO] [stderr]    Compiling libc v0.2.132
[INFO] [stderr]    Compiling ppv-lite86 v0.2.16
[INFO] [stderr]    Compiling getrandom v0.2.7
[INFO] [stderr]    Compiling rand_core v0.6.3
[INFO] [stderr]    Compiling rand_chacha v0.3.1
[INFO] [stderr]    Compiling rand v0.8.5
[INFO] [stderr]    Compiling ziggy-honggfuzz-2 v0.5.55 (/opt/rustwide/workdir)
[INFO] [stderr]     Finished test [unoptimized + debuginfo] target(s) in 1.51s
[INFO] running `Command { std: "docker" "inspect" "127ccf954bc4c2a65629871193c25074724a495ba468421c07217e2d1dc90eb0", kill_on_drop: false }`
[INFO] running `Command { std: "docker" "rm" "-f" "127ccf954bc4c2a65629871193c25074724a495ba468421c07217e2d1dc90eb0", kill_on_drop: false }`
[INFO] [stdout] 127ccf954bc4c2a65629871193c25074724a495ba468421c07217e2d1dc90eb0
[INFO] running `Command { std: "docker" "create" "-v" "/var/lib/crater-agent-workspace/builds/worker-0-tc1/target:/opt/rustwide/target:rw,Z" "-v" "/var/lib/crater-agent-workspace/builds/worker-0-tc1/source:/opt/rustwide/workdir:ro,Z" "-v" "/var/lib/crater-agent-workspace/cargo-home:/opt/rustwide/cargo-home:ro,Z" "-v" "/var/lib/crater-agent-workspace/rustup-home:/opt/rustwide/rustup-home:ro,Z" "-e" "SOURCE_DIR=/opt/rustwide/workdir" "-e" "CARGO_TARGET_DIR=/opt/rustwide/target" "-e" "CARGO_INCREMENTAL=0" "-e" "RUST_BACKTRACE=full" "-e" "RUSTFLAGS=--cap-lints=warn" "-e" "RUSTDOCFLAGS=--cap-lints=warn" "-e" "CARGO_HOME=/opt/rustwide/cargo-home" "-e" "RUSTUP_HOME=/opt/rustwide/rustup-home" "-w" "/opt/rustwide/workdir" "-m" "1610612736" "--user" "0:0" "--network" "none" "ghcr.io/rust-lang/crates-build-env/linux@sha256:2788e3201cd34a07e3172128adcd8b3090168a8e3bcc40d7c032b9dda1df7d1c" "/opt/rustwide/cargo-home/bin/cargo" "+1.75.0" "test" "--frozen", kill_on_drop: false }`
[INFO] [stdout] e631245bcf276c2b7e8a554d863ec5bf683bf755ccc22f57590215aadf4db8cf
[INFO] running `Command { std: "docker" "start" "-a" "e631245bcf276c2b7e8a554d863ec5bf683bf755ccc22f57590215aadf4db8cf", kill_on_drop: false }`
[INFO] [stderr]     Finished test [unoptimized + debuginfo] target(s) in 0.01s
[INFO] [stderr]      Running unittests src/lib.rs (/opt/rustwide/target/debug/deps/ziggy_honggfuzz_2-47f8b12cc572c306)
[INFO] [stdout] 
[INFO] [stdout] running 0 tests
[INFO] [stdout] 
[INFO] [stdout] test result: ok. 0 passed; 0 failed; 0 ignored; 0 measured; 0 filtered out; finished in 0.00s
[INFO] [stdout] 
[INFO] [stderr]      Running unittests src/bin/cargo-hfuzz.rs (/opt/rustwide/target/debug/deps/cargo_hfuzz-153e92aae1d14ae9)
[INFO] [stdout] 
[INFO] [stderr]      Running unittests src/bin/cargo-honggfuzz.rs (/opt/rustwide/target/debug/deps/cargo_honggfuzz-34c6205c3fdc6c6b)
[INFO] [stdout] running 0 tests
[INFO] [stdout] 
[INFO] [stdout] test result: ok. 0 passed; 0 failed; 0 ignored; 0 measured; 0 filtered out; finished in 0.00s
[INFO] [stdout] 
[INFO] [stderr]    Doc-tests ziggy-honggfuzz-2
[INFO] [stdout] 
[INFO] [stdout] running 0 tests
[INFO] [stdout] 
[INFO] [stdout] test result: ok. 0 passed; 0 failed; 0 ignored; 0 measured; 0 filtered out; finished in 0.00s
[INFO] [stdout] 
[INFO] [stdout] 
[INFO] [stdout] running 4 tests
[INFO] [stdout] test src/lib.rs - (line 51) ... FAILED
[INFO] [stdout] test src/lib.rs - fuzz (line 355) ... FAILED
[INFO] [stdout] test src/lib.rs - fuzz (line 226) ... FAILED
[INFO] [stdout] test src/lib.rs - (line 180) ... ok
[INFO] [stdout] 
[INFO] [stdout] failures:
[INFO] [stdout] 
[INFO] [stdout] ---- src/lib.rs - (line 51) stdout ----
[INFO] [stdout] error[E0432]: unresolved import `honggfuzz`
[INFO] [stdout]  --> src/lib.rs:52:5
[INFO] [stdout]   |
[INFO] [stdout] 2 | use honggfuzz::fuzz;
[INFO] [stdout]   |     ^^^^^^^^^ use of undeclared crate or module `honggfuzz`
[INFO] [stdout] 
[INFO] [stdout] error: cannot determine resolution for the macro `fuzz`
[INFO] [stdout]   --> src/lib.rs:66:9
[INFO] [stdout]    |
[INFO] [stdout] 16 |         fuzz!(|data: &[u8]| {
[INFO] [stdout]    |         ^^^^
[INFO] [stdout]    |
[INFO] [stdout]    = note: import resolution is stuck, try simplifying macro imports
[INFO] [stdout] 
[INFO] [stdout] error: aborting due to 2 previous errors
[INFO] [stdout] 
[INFO] [stdout] For more information about this error, try `rustc --explain E0432`.
[INFO] [stdout] Couldn't compile the test.
[INFO] [stdout] ---- src/lib.rs - fuzz (line 355) stdout ----
[INFO] [stdout] error[E0432]: unresolved import `honggfuzz`
[INFO] [stdout]  --> src/lib.rs:356:5
[INFO] [stdout]   |
[INFO] [stdout] 2 | use honggfuzz::fuzz;
[INFO] [stdout]   |     ^^^^^^^^^ use of undeclared crate or module `honggfuzz`
[INFO] [stdout] 
[INFO] [stdout] error: cannot determine resolution for the macro `fuzz`
[INFO] [stdout]  --> src/lib.rs:359:5
[INFO] [stdout]   |
[INFO] [stdout] 5 |     fuzz!(|data: &[u8]| {
[INFO] [stdout]   |     ^^^^
[INFO] [stdout]   |
[INFO] [stdout]   = note: import resolution is stuck, try simplifying macro imports
[INFO] [stdout] 
[INFO] [stdout] error: aborting due to 2 previous errors
[INFO] [stdout] 
[INFO] [stdout] For more information about this error, try `rustc --explain E0432`.
[INFO] [stdout] Couldn't compile the test.
[INFO] [stdout] ---- src/lib.rs - fuzz (line 226) stdout ----
[INFO] [stdout] error[E0432]: unresolved import `honggfuzz`
[INFO] [stdout]  --> src/lib.rs:227:5
[INFO] [stdout]   |
[INFO] [stdout] 2 | use honggfuzz::fuzz;
[INFO] [stdout]   |     ^^^^^^^^^ use of undeclared crate or module `honggfuzz`
[INFO] [stdout] 
[INFO] [stdout] error: aborting due to previous error
[INFO] [stdout] 
[INFO] [stdout] For more information about this error, try `rustc --explain E0432`.
[INFO] [stdout] Couldn't compile the test.
[INFO] [stdout] 
[INFO] [stdout] failures:
[INFO] [stdout]     src/lib.rs - (line 51)
[INFO] [stdout]     src/lib.rs - fuzz (line 226)
[INFO] [stdout]     src/lib.rs - fuzz (line 355)
[INFO] [stdout] 
[INFO] [stdout] test result: FAILED. 1 passed; 3 failed; 0 ignored; 0 measured; 0 filtered out; finished in 0.27s
[INFO] [stdout] 
[INFO] [stderr] error: doctest failed, to rerun pass `--doc`
[INFO] running `Command { std: "docker" "inspect" "e631245bcf276c2b7e8a554d863ec5bf683bf755ccc22f57590215aadf4db8cf", kill_on_drop: false }`
[INFO] running `Command { std: "docker" "rm" "-f" "e631245bcf276c2b7e8a554d863ec5bf683bf755ccc22f57590215aadf4db8cf", kill_on_drop: false }`
[INFO] [stdout] e631245bcf276c2b7e8a554d863ec5bf683bf755ccc22f57590215aadf4db8cf
[INFO] testing ziggy-honggfuzz-2-0.5.55 against beta-2023-12-22 for beta-1.76-1
[INFO] extracting crate ziggy-honggfuzz-2 0.5.55 into /workspace/builds/worker-0-tc2/source
[INFO] validating manifest of crates.io crate ziggy-honggfuzz-2 0.5.55 on toolchain beta-2023-12-22
[INFO] running `Command { std: CARGO_HOME="/workspace/cargo-home" RUSTUP_HOME="/workspace/rustup-home" "/workspace/cargo-home/bin/cargo" "+beta-2023-12-22" "metadata" "--manifest-path" "Cargo.toml" "--no-deps", kill_on_drop: false }`
[INFO] started tweaking crates.io crate ziggy-honggfuzz-2 0.5.55
[INFO] finished tweaking crates.io crate ziggy-honggfuzz-2 0.5.55
[INFO] tweaked toml for crates.io crate ziggy-honggfuzz-2 0.5.55 written to /workspace/builds/worker-0-tc2/source/Cargo.toml
[INFO] crate crates.io crate ziggy-honggfuzz-2 0.5.55 already has a lockfile, it will not be regenerated
[INFO] running `Command { std: CARGO_HOME="/workspace/cargo-home" RUSTUP_HOME="/workspace/rustup-home" "/workspace/cargo-home/bin/cargo" "+beta-2023-12-22" "fetch" "--manifest-path" "Cargo.toml", kill_on_drop: false }`
[INFO] running `Command { std: "docker" "create" "-v" "/var/lib/crater-agent-workspace/builds/worker-0-tc2/target:/opt/rustwide/target:rw,Z" "-v" "/var/lib/crater-agent-workspace/builds/worker-0-tc2/source:/opt/rustwide/workdir:ro,Z" "-v" "/var/lib/crater-agent-workspace/cargo-home:/opt/rustwide/cargo-home:ro,Z" "-v" "/var/lib/crater-agent-workspace/rustup-home:/opt/rustwide/rustup-home:ro,Z" "-e" "SOURCE_DIR=/opt/rustwide/workdir" "-e" "CARGO_TARGET_DIR=/opt/rustwide/target" "-e" "CARGO_HOME=/opt/rustwide/cargo-home" "-e" "RUSTUP_HOME=/opt/rustwide/rustup-home" "-w" "/opt/rustwide/workdir" "-m" "1610612736" "--user" "0:0" "--network" "none" "ghcr.io/rust-lang/crates-build-env/linux@sha256:2788e3201cd34a07e3172128adcd8b3090168a8e3bcc40d7c032b9dda1df7d1c" "/opt/rustwide/cargo-home/bin/cargo" "+beta-2023-12-22" "metadata" "--no-deps" "--format-version=1", kill_on_drop: false }`
[INFO] [stdout] 153de371167c769e69ff0d7e94e181c1eff2b5c258e5fe8c58c0857214d17ded
[INFO] running `Command { std: "docker" "start" "-a" "153de371167c769e69ff0d7e94e181c1eff2b5c258e5fe8c58c0857214d17ded", kill_on_drop: false }`
[INFO] running `Command { std: "docker" "inspect" "153de371167c769e69ff0d7e94e181c1eff2b5c258e5fe8c58c0857214d17ded", kill_on_drop: false }`
[INFO] running `Command { std: "docker" "rm" "-f" "153de371167c769e69ff0d7e94e181c1eff2b5c258e5fe8c58c0857214d17ded", kill_on_drop: false }`
[INFO] [stdout] 153de371167c769e69ff0d7e94e181c1eff2b5c258e5fe8c58c0857214d17ded
[INFO] running `Command { std: "docker" "create" "-v" "/var/lib/crater-agent-workspace/builds/worker-0-tc2/target:/opt/rustwide/target:rw,Z" "-v" "/var/lib/crater-agent-workspace/builds/worker-0-tc2/source:/opt/rustwide/workdir:ro,Z" "-v" "/var/lib/crater-agent-workspace/cargo-home:/opt/rustwide/cargo-home:ro,Z" "-v" "/var/lib/crater-agent-workspace/rustup-home:/opt/rustwide/rustup-home:ro,Z" "-e" "SOURCE_DIR=/opt/rustwide/workdir" "-e" "CARGO_TARGET_DIR=/opt/rustwide/target" "-e" "CARGO_INCREMENTAL=0" "-e" "RUST_BACKTRACE=full" "-e" "RUSTFLAGS=--cap-lints=warn" "-e" "RUSTDOCFLAGS=--cap-lints=warn" "-e" "CARGO_HOME=/opt/rustwide/cargo-home" "-e" "RUSTUP_HOME=/opt/rustwide/rustup-home" "-w" "/opt/rustwide/workdir" "-m" "1610612736" "--user" "0:0" "--network" "none" "ghcr.io/rust-lang/crates-build-env/linux@sha256:2788e3201cd34a07e3172128adcd8b3090168a8e3bcc40d7c032b9dda1df7d1c" "/opt/rustwide/cargo-home/bin/cargo" "+beta-2023-12-22" "build" "--frozen" "--message-format=json", kill_on_drop: false }`
[INFO] [stdout] 10b42df9c309f2accfb3084b1c3353d0cfff0c44f9ebed616236dc30483f9cbc
[INFO] running `Command { std: "docker" "start" "-a" "10b42df9c309f2accfb3084b1c3353d0cfff0c44f9ebed616236dc30483f9cbc", kill_on_drop: false }`
[INFO] [stderr]    Compiling semver v1.0.13
[INFO] [stderr]    Compiling ziggy-honggfuzz-2 v0.5.55 (/opt/rustwide/workdir)
[INFO] [stderr]    Compiling arbitrary v1.1.3
[INFO] [stderr]    Compiling rustc_version v0.4.0
[INFO] [stderr]     Finished dev [unoptimized + debuginfo] target(s) in 1.63s
[INFO] running `Command { std: "docker" "inspect" "10b42df9c309f2accfb3084b1c3353d0cfff0c44f9ebed616236dc30483f9cbc", kill_on_drop: false }`
[INFO] running `Command { std: "docker" "rm" "-f" "10b42df9c309f2accfb3084b1c3353d0cfff0c44f9ebed616236dc30483f9cbc", kill_on_drop: false }`
[INFO] [stdout] 10b42df9c309f2accfb3084b1c3353d0cfff0c44f9ebed616236dc30483f9cbc
[INFO] running `Command { std: "docker" "create" "-v" "/var/lib/crater-agent-workspace/builds/worker-0-tc2/target:/opt/rustwide/target:rw,Z" "-v" "/var/lib/crater-agent-workspace/builds/worker-0-tc2/source:/opt/rustwide/workdir:ro,Z" "-v" "/var/lib/crater-agent-workspace/cargo-home:/opt/rustwide/cargo-home:ro,Z" "-v" "/var/lib/crater-agent-workspace/rustup-home:/opt/rustwide/rustup-home:ro,Z" "-e" "SOURCE_DIR=/opt/rustwide/workdir" "-e" "CARGO_TARGET_DIR=/opt/rustwide/target" "-e" "CARGO_INCREMENTAL=0" "-e" "RUST_BACKTRACE=full" "-e" "RUSTFLAGS=--cap-lints=warn" "-e" "RUSTDOCFLAGS=--cap-lints=warn" "-e" "CARGO_HOME=/opt/rustwide/cargo-home" "-e" "RUSTUP_HOME=/opt/rustwide/rustup-home" "-w" "/opt/rustwide/workdir" "-m" "1610612736" "--user" "0:0" "--network" "none" "ghcr.io/rust-lang/crates-build-env/linux@sha256:2788e3201cd34a07e3172128adcd8b3090168a8e3bcc40d7c032b9dda1df7d1c" "/opt/rustwide/cargo-home/bin/cargo" "+beta-2023-12-22" "test" "--frozen" "--no-run" "--message-format=json", kill_on_drop: false }`
[INFO] [stdout] b5694c44b09f5f02ac6154d88e881a8085d1a6cb85e76e681bdd932ccdabc529
[INFO] running `Command { std: "docker" "start" "-a" "b5694c44b09f5f02ac6154d88e881a8085d1a6cb85e76e681bdd932ccdabc529", kill_on_drop: false }`
[INFO] [stderr]    Compiling libc v0.2.132
[INFO] [stderr]    Compiling ppv-lite86 v0.2.16
[INFO] [stderr]    Compiling getrandom v0.2.7
[INFO] [stderr]    Compiling rand_core v0.6.3
[INFO] [stderr]    Compiling rand_chacha v0.3.1
[INFO] [stderr]    Compiling rand v0.8.5
[INFO] [stderr]    Compiling ziggy-honggfuzz-2 v0.5.55 (/opt/rustwide/workdir)
[INFO] [stderr]     Finished test [unoptimized + debuginfo] target(s) in 2.45s
[INFO] running `Command { std: "docker" "inspect" "b5694c44b09f5f02ac6154d88e881a8085d1a6cb85e76e681bdd932ccdabc529", kill_on_drop: false }`
[INFO] running `Command { std: "docker" "rm" "-f" "b5694c44b09f5f02ac6154d88e881a8085d1a6cb85e76e681bdd932ccdabc529", kill_on_drop: false }`
[INFO] [stdout] b5694c44b09f5f02ac6154d88e881a8085d1a6cb85e76e681bdd932ccdabc529
[INFO] running `Command { std: "docker" "create" "-v" "/var/lib/crater-agent-workspace/builds/worker-0-tc2/target:/opt/rustwide/target:rw,Z" "-v" "/var/lib/crater-agent-workspace/builds/worker-0-tc2/source:/opt/rustwide/workdir:ro,Z" "-v" "/var/lib/crater-agent-workspace/cargo-home:/opt/rustwide/cargo-home:ro,Z" "-v" "/var/lib/crater-agent-workspace/rustup-home:/opt/rustwide/rustup-home:ro,Z" "-e" "SOURCE_DIR=/opt/rustwide/workdir" "-e" "CARGO_TARGET_DIR=/opt/rustwide/target" "-e" "CARGO_INCREMENTAL=0" "-e" "RUST_BACKTRACE=full" "-e" "RUSTFLAGS=--cap-lints=warn" "-e" "RUSTDOCFLAGS=--cap-lints=warn" "-e" "CARGO_HOME=/opt/rustwide/cargo-home" "-e" "RUSTUP_HOME=/opt/rustwide/rustup-home" "-w" "/opt/rustwide/workdir" "-m" "1610612736" "--user" "0:0" "--network" "none" "ghcr.io/rust-lang/crates-build-env/linux@sha256:2788e3201cd34a07e3172128adcd8b3090168a8e3bcc40d7c032b9dda1df7d1c" "/opt/rustwide/cargo-home/bin/cargo" "+beta-2023-12-22" "test" "--frozen", kill_on_drop: false }`
[INFO] [stdout] 2a5742608e0cf31f8c51e0d81a21187860af3eecdfd8f6a5467644da20de8283
[INFO] running `Command { std: "docker" "start" "-a" "2a5742608e0cf31f8c51e0d81a21187860af3eecdfd8f6a5467644da20de8283", kill_on_drop: false }`
[INFO] [stderr]     Finished test [unoptimized + debuginfo] target(s) in 0.01s
[INFO] [stderr]      Running unittests src/lib.rs (/opt/rustwide/target/debug/deps/ziggy_honggfuzz_2-759438a38cfa877b)
[INFO] [stdout] 
[INFO] [stdout] running 0 tests
[INFO] [stdout] 
[INFO] [stdout] test result: ok. 0 passed; 0 failed; 0 ignored; 0 measured; 0 filtered out; finished in 0.00s
[INFO] [stdout] 
[INFO] [stderr]      Running unittests src/bin/cargo-hfuzz.rs (/opt/rustwide/target/debug/deps/cargo_hfuzz-34b76df44dca1d46)
[INFO] [stdout] 
[INFO] [stdout] running 0 tests
[INFO] [stdout] 
[INFO] [stdout] test result: ok. 0 passed; 0 failed; 0 ignored; 0 measured; 0 filtered out; finished in 0.00s
[INFO] [stdout] 
[INFO] [stderr]      Running unittests src/bin/cargo-honggfuzz.rs (/opt/rustwide/target/debug/deps/cargo_honggfuzz-9906f46c07e76e97)
[INFO] [stdout] 
[INFO] [stdout] running 0 tests
[INFO] [stdout] 
[INFO] [stdout] test result: ok. 0 passed; 0 failed; 0 ignored; 0 measured; 0 filtered out; finished in 0.00s
[INFO] [stdout] 
[INFO] [stderr]    Doc-tests ziggy-honggfuzz-2
[INFO] [stdout] 
[INFO] [stdout] running 4 tests
[INFO] [stdout] test src/lib.rs - fuzz (line 355) ... FAILED
[INFO] [stdout] test src/lib.rs - (line 51) ... FAILED
[INFO] [stdout] test src/lib.rs - fuzz (line 226) ... FAILED
[INFO] [stdout] test src/lib.rs - (line 180) ... ok
[INFO] [stdout] 
[INFO] [stdout] failures:
[INFO] [stdout] 
[INFO] [stdout] ---- src/lib.rs - fuzz (line 355) stdout ----
[INFO] [stdout] error[E0432]: unresolved import `honggfuzz`
[INFO] [stdout]  --> src/lib.rs:356:5
[INFO] [stdout]   |
[INFO] [stdout] 2 | use honggfuzz::fuzz;
[INFO] [stdout]   |     ^^^^^^^^^ use of undeclared crate or module `honggfuzz`
[INFO] [stdout] 
[INFO] [stdout] error: cannot determine resolution for the macro `fuzz`
[INFO] [stdout]  --> src/lib.rs:359:5
[INFO] [stdout]   |
[INFO] [stdout] 5 |     fuzz!(|data: &[u8]| {
[INFO] [stdout]   |     ^^^^
[INFO] [stdout]   |
[INFO] [stdout]   = note: import resolution is stuck, try simplifying macro imports
[INFO] [stdout] 
[INFO] [stdout] error: aborting due to 2 previous errors
[INFO] [stdout] 
[INFO] [stdout] For more information about this error, try `rustc --explain E0432`.
[INFO] [stdout] Couldn't compile the test.
[INFO] [stdout] ---- src/lib.rs - (line 51) stdout ----
[INFO] [stdout] error[E0432]: unresolved import `honggfuzz`
[INFO] [stdout]  --> src/lib.rs:52:5
[INFO] [stdout]   |
[INFO] [stdout] 2 | use honggfuzz::fuzz;
[INFO] [stdout]   |     ^^^^^^^^^ use of undeclared crate or module `honggfuzz`
[INFO] [stdout] 
[INFO] [stdout] error: cannot determine resolution for the macro `fuzz`
[INFO] [stdout]   --> src/lib.rs:66:9
[INFO] [stdout]    |
[INFO] [stdout] 16 |         fuzz!(|data: &[u8]| {
[INFO] [stdout]    |         ^^^^
[INFO] [stdout]    |
[INFO] [stdout]    = note: import resolution is stuck, try simplifying macro imports
[INFO] [stdout] 
[INFO] [stdout] error: aborting due to 2 previous errors
[INFO] [stdout] 
[INFO] [stdout] For more information about this error, try `rustc --explain E0432`.
[INFO] [stdout] Couldn't compile the test.
[INFO] [stdout] ---- src/lib.rs - fuzz (line 226) stdout ----
[INFO] [stdout] error[E0432]: unresolved import `honggfuzz`
[INFO] [stdout]  --> src/lib.rs:227:5
[INFO] [stdout]   |
[INFO] [stdout] 2 | use honggfuzz::fuzz;
[INFO] [stdout]   |     ^^^^^^^^^ use of undeclared crate or module `honggfuzz`
[INFO] [stdout] 
[INFO] [stdout] error: aborting due to 1 previous error
[INFO] [stdout] 
[INFO] [stdout] For more information about this error, try `rustc --explain E0432`.
[INFO] [stdout] Couldn't compile the test.
[INFO] [stdout] 
[INFO] [stdout] failures:
[INFO] [stdout]     src/lib.rs - (line 51)
[INFO] [stdout]     src/lib.rs - fuzz (line 226)
[INFO] [stdout]     src/lib.rs - fuzz (line 355)
[INFO] [stdout] 
[INFO] [stdout] test result: FAILED. 1 passed; 3 failed; 0 ignored; 0 measured; 0 filtered out; finished in 0.28s
[INFO] [stdout] 
[INFO] [stderr] error: doctest failed, to rerun pass `--doc`
[INFO] running `Command { std: "docker" "inspect" "2a5742608e0cf31f8c51e0d81a21187860af3eecdfd8f6a5467644da20de8283", kill_on_drop: false }`
[INFO] running `Command { std: "docker" "rm" "-f" "2a5742608e0cf31f8c51e0d81a21187860af3eecdfd8f6a5467644da20de8283", kill_on_drop: false }`
[INFO] [stdout] 2a5742608e0cf31f8c51e0d81a21187860af3eecdfd8f6a5467644da20de8283
