[INFO] fetching crate ziggy-honggfuzz-1 0.5.55...
[INFO] testing ziggy-honggfuzz-1-0.5.55 against 1.75.0 for beta-1.76-1
[INFO] extracting crate ziggy-honggfuzz-1 0.5.55 into /workspace/builds/worker-0-tc1/source
[INFO] validating manifest of crates.io crate ziggy-honggfuzz-1 0.5.55 on toolchain 1.75.0
[INFO] running `Command { std: CARGO_HOME="/workspace/cargo-home" RUSTUP_HOME="/workspace/rustup-home" "/workspace/cargo-home/bin/cargo" "+1.75.0" "metadata" "--manifest-path" "Cargo.toml" "--no-deps", kill_on_drop: false }`
[INFO] started tweaking crates.io crate ziggy-honggfuzz-1 0.5.55
[INFO] finished tweaking crates.io crate ziggy-honggfuzz-1 0.5.55
[INFO] tweaked toml for crates.io crate ziggy-honggfuzz-1 0.5.55 written to /workspace/builds/worker-0-tc1/source/Cargo.toml
[INFO] crate crates.io crate ziggy-honggfuzz-1 0.5.55 already has a lockfile, it will not be regenerated
[INFO] running `Command { std: CARGO_HOME="/workspace/cargo-home" RUSTUP_HOME="/workspace/rustup-home" "/workspace/cargo-home/bin/cargo" "+1.75.0" "fetch" "--manifest-path" "Cargo.toml", kill_on_drop: false }`
[INFO] [stderr]  Downloading crates ...
[INFO] [stderr]   Downloaded arbitrary v1.1.3
[INFO] running `Command { std: "docker" "create" "-v" "/var/lib/crater-agent-workspace/builds/worker-0-tc1/target:/opt/rustwide/target:rw,Z" "-v" "/var/lib/crater-agent-workspace/builds/worker-0-tc1/source:/opt/rustwide/workdir:ro,Z" "-v" "/var/lib/crater-agent-workspace/cargo-home:/opt/rustwide/cargo-home:ro,Z" "-v" "/var/lib/crater-agent-workspace/rustup-home:/opt/rustwide/rustup-home:ro,Z" "-e" "SOURCE_DIR=/opt/rustwide/workdir" "-e" "CARGO_TARGET_DIR=/opt/rustwide/target" "-e" "CARGO_HOME=/opt/rustwide/cargo-home" "-e" "RUSTUP_HOME=/opt/rustwide/rustup-home" "-w" "/opt/rustwide/workdir" "-m" "1610612736" "--user" "0:0" "--network" "none" "ghcr.io/rust-lang/crates-build-env/linux@sha256:2788e3201cd34a07e3172128adcd8b3090168a8e3bcc40d7c032b9dda1df7d1c" "/opt/rustwide/cargo-home/bin/cargo" "+1.75.0" "metadata" "--no-deps" "--format-version=1", kill_on_drop: false }`
[INFO] [stdout] e612bbd0a517e2b286508e8d2bbdf49a5b37d9a9d962cf300c28d221c1ac0aaa
[INFO] running `Command { std: "docker" "start" "-a" "e612bbd0a517e2b286508e8d2bbdf49a5b37d9a9d962cf300c28d221c1ac0aaa", kill_on_drop: false }`
[INFO] running `Command { std: "docker" "inspect" "e612bbd0a517e2b286508e8d2bbdf49a5b37d9a9d962cf300c28d221c1ac0aaa", kill_on_drop: false }`
[INFO] running `Command { std: "docker" "rm" "-f" "e612bbd0a517e2b286508e8d2bbdf49a5b37d9a9d962cf300c28d221c1ac0aaa", kill_on_drop: false }`
[INFO] [stdout] e612bbd0a517e2b286508e8d2bbdf49a5b37d9a9d962cf300c28d221c1ac0aaa
[INFO] running `Command { std: "docker" "create" "-v" "/var/lib/crater-agent-workspace/builds/worker-0-tc1/target:/opt/rustwide/target:rw,Z" "-v" "/var/lib/crater-agent-workspace/builds/worker-0-tc1/source:/opt/rustwide/workdir:ro,Z" "-v" "/var/lib/crater-agent-workspace/cargo-home:/opt/rustwide/cargo-home:ro,Z" "-v" "/var/lib/crater-agent-workspace/rustup-home:/opt/rustwide/rustup-home:ro,Z" "-e" "SOURCE_DIR=/opt/rustwide/workdir" "-e" "CARGO_TARGET_DIR=/opt/rustwide/target" "-e" "CARGO_INCREMENTAL=0" "-e" "RUST_BACKTRACE=full" "-e" "RUSTFLAGS=--cap-lints=warn" "-e" "RUSTDOCFLAGS=--cap-lints=warn" "-e" "CARGO_HOME=/opt/rustwide/cargo-home" "-e" "RUSTUP_HOME=/opt/rustwide/rustup-home" "-w" "/opt/rustwide/workdir" "-m" "1610612736" "--user" "0:0" "--network" "none" "ghcr.io/rust-lang/crates-build-env/linux@sha256:2788e3201cd34a07e3172128adcd8b3090168a8e3bcc40d7c032b9dda1df7d1c" "/opt/rustwide/cargo-home/bin/cargo" "+1.75.0" "build" "--frozen" "--message-format=json", kill_on_drop: false }`
[INFO] [stdout] 8c129262ed4490b3744b1d5f8d1f0763936ec16ae1873766b03f062da34ddc4f
[INFO] running `Command { std: "docker" "start" "-a" "8c129262ed4490b3744b1d5f8d1f0763936ec16ae1873766b03f062da34ddc4f", kill_on_drop: false }`
[INFO] [stderr]    Compiling semver v1.0.13
[INFO] [stderr]    Compiling ziggy-honggfuzz-1 v0.5.55 (/opt/rustwide/workdir)
[INFO] [stderr]    Compiling arbitrary v1.1.3
[INFO] [stderr]    Compiling rustc_version v0.4.0
[INFO] [stderr]     Finished dev [unoptimized + debuginfo] target(s) in 0.84s
[INFO] running `Command { std: "docker" "inspect" "8c129262ed4490b3744b1d5f8d1f0763936ec16ae1873766b03f062da34ddc4f", kill_on_drop: false }`
[INFO] running `Command { std: "docker" "rm" "-f" "8c129262ed4490b3744b1d5f8d1f0763936ec16ae1873766b03f062da34ddc4f", kill_on_drop: false }`
[INFO] [stdout] 8c129262ed4490b3744b1d5f8d1f0763936ec16ae1873766b03f062da34ddc4f
[INFO] running `Command { std: "docker" "create" "-v" "/var/lib/crater-agent-workspace/builds/worker-0-tc1/target:/opt/rustwide/target:rw,Z" "-v" "/var/lib/crater-agent-workspace/builds/worker-0-tc1/source:/opt/rustwide/workdir:ro,Z" "-v" "/var/lib/crater-agent-workspace/cargo-home:/opt/rustwide/cargo-home:ro,Z" "-v" "/var/lib/crater-agent-workspace/rustup-home:/opt/rustwide/rustup-home:ro,Z" "-e" "SOURCE_DIR=/opt/rustwide/workdir" "-e" "CARGO_TARGET_DIR=/opt/rustwide/target" "-e" "CARGO_INCREMENTAL=0" "-e" "RUST_BACKTRACE=full" "-e" "RUSTFLAGS=--cap-lints=warn" "-e" "RUSTDOCFLAGS=--cap-lints=warn" "-e" "CARGO_HOME=/opt/rustwide/cargo-home" "-e" "RUSTUP_HOME=/opt/rustwide/rustup-home" "-w" "/opt/rustwide/workdir" "-m" "1610612736" "--user" "0:0" "--network" "none" "ghcr.io/rust-lang/crates-build-env/linux@sha256:2788e3201cd34a07e3172128adcd8b3090168a8e3bcc40d7c032b9dda1df7d1c" "/opt/rustwide/cargo-home/bin/cargo" "+1.75.0" "test" "--frozen" "--no-run" "--message-format=json", kill_on_drop: false }`
[INFO] [stdout] 7a05e8dd2bca16f8a9978d3f9ddd5a7eee928747307dc19e6a8ad6872cb44eb8
[INFO] running `Command { std: "docker" "start" "-a" "7a05e8dd2bca16f8a9978d3f9ddd5a7eee928747307dc19e6a8ad6872cb44eb8", kill_on_drop: false }`
[INFO] [stderr]    Compiling libc v0.2.132
[INFO] [stderr]    Compiling ppv-lite86 v0.2.16
[INFO] [stderr]    Compiling getrandom v0.2.7
[INFO] [stderr]    Compiling rand_core v0.6.3
[INFO] [stderr]    Compiling rand_chacha v0.3.1
[INFO] [stderr]    Compiling rand v0.8.5
[INFO] [stderr]    Compiling ziggy-honggfuzz-1 v0.5.55 (/opt/rustwide/workdir)
[INFO] [stderr]     Finished test [unoptimized + debuginfo] target(s) in 1.29s
[INFO] running `Command { std: "docker" "inspect" "7a05e8dd2bca16f8a9978d3f9ddd5a7eee928747307dc19e6a8ad6872cb44eb8", kill_on_drop: false }`
[INFO] running `Command { std: "docker" "rm" "-f" "7a05e8dd2bca16f8a9978d3f9ddd5a7eee928747307dc19e6a8ad6872cb44eb8", kill_on_drop: false }`
[INFO] [stdout] 7a05e8dd2bca16f8a9978d3f9ddd5a7eee928747307dc19e6a8ad6872cb44eb8
[INFO] running `Command { std: "docker" "create" "-v" "/var/lib/crater-agent-workspace/builds/worker-0-tc1/target:/opt/rustwide/target:rw,Z" "-v" "/var/lib/crater-agent-workspace/builds/worker-0-tc1/source:/opt/rustwide/workdir:ro,Z" "-v" "/var/lib/crater-agent-workspace/cargo-home:/opt/rustwide/cargo-home:ro,Z" "-v" "/var/lib/crater-agent-workspace/rustup-home:/opt/rustwide/rustup-home:ro,Z" "-e" "SOURCE_DIR=/opt/rustwide/workdir" "-e" "CARGO_TARGET_DIR=/opt/rustwide/target" "-e" "CARGO_INCREMENTAL=0" "-e" "RUST_BACKTRACE=full" "-e" "RUSTFLAGS=--cap-lints=warn" "-e" "RUSTDOCFLAGS=--cap-lints=warn" "-e" "CARGO_HOME=/opt/rustwide/cargo-home" "-e" "RUSTUP_HOME=/opt/rustwide/rustup-home" "-w" "/opt/rustwide/workdir" "-m" "1610612736" "--user" "0:0" "--network" "none" "ghcr.io/rust-lang/crates-build-env/linux@sha256:2788e3201cd34a07e3172128adcd8b3090168a8e3bcc40d7c032b9dda1df7d1c" "/opt/rustwide/cargo-home/bin/cargo" "+1.75.0" "test" "--frozen", kill_on_drop: false }`
[INFO] [stdout] 08fba5fa103b4c7c2515c42fd053c3172b0c685ee7c8bd3e3315b0a18132bfc0
[INFO] running `Command { std: "docker" "start" "-a" "08fba5fa103b4c7c2515c42fd053c3172b0c685ee7c8bd3e3315b0a18132bfc0", kill_on_drop: false }`
[INFO] [stderr]     Finished test [unoptimized + debuginfo] target(s) in 0.01s
[INFO] [stderr]      Running unittests src/lib.rs (/opt/rustwide/target/debug/deps/ziggy_honggfuzz_1-20ace826f2c14494)
[INFO] [stdout] 
[INFO] [stdout] running 0 tests
[INFO] [stdout] 
[INFO] [stdout] test result: ok. 0 passed; 0 failed; 0 ignored; 0 measured; 0 filtered out; finished in 0.00s
[INFO] [stdout] 
[INFO] [stderr]      Running unittests src/bin/cargo-hfuzz.rs (/opt/rustwide/target/debug/deps/cargo_hfuzz-59d0f2d5fc3dc713)
[INFO] [stdout] 
[INFO] [stdout] running 0 tests
[INFO] [stdout] 
[INFO] [stdout] test result: ok. 0 passed; 0 failed; 0 ignored; 0 measured; 0 filtered out; finished in 0.00s
[INFO] [stdout] 
[INFO] [stderr]      Running unittests src/bin/cargo-honggfuzz.rs (/opt/rustwide/target/debug/deps/cargo_honggfuzz-289de343f9d3dac6)
[INFO] [stdout] 
[INFO] [stdout] running 0 tests
[INFO] [stdout] 
[INFO] [stdout] test result: ok. 0 passed; 0 failed; 0 ignored; 0 measured; 0 filtered out; finished in 0.00s
[INFO] [stdout] 
[INFO] [stderr]    Doc-tests ziggy-honggfuzz-1
[INFO] [stdout] 
[INFO] [stdout] running 4 tests
[INFO] [stdout] test src/lib.rs - (line 51) ... FAILED
[INFO] [stdout] test src/lib.rs - fuzz (line 226) ... FAILED
[INFO] [stdout] test src/lib.rs - fuzz (line 355) ... FAILED
[INFO] [stdout] test src/lib.rs - (line 180) ... ok
[INFO] [stdout] 
[INFO] [stdout] failures:
[INFO] [stdout] 
[INFO] [stdout] ---- src/lib.rs - (line 51) stdout ----
[INFO] [stdout] error[E0432]: unresolved import `honggfuzz`
[INFO] [stdout]  --> src/lib.rs:52:5
[INFO] [stdout]   |
[INFO] [stdout] 2 | use honggfuzz::fuzz;
[INFO] [stdout]   |     ^^^^^^^^^ use of undeclared crate or module `honggfuzz`
[INFO] [stdout] 
[INFO] [stdout] error: cannot determine resolution for the macro `fuzz`
[INFO] [stdout]   --> src/lib.rs:66:9
[INFO] [stdout]    |
[INFO] [stdout] 16 |         fuzz!(|data: &[u8]| {
[INFO] [stdout]    |         ^^^^
[INFO] [stdout]    |
[INFO] [stdout]    = note: import resolution is stuck, try simplifying macro imports
[INFO] [stdout] 
[INFO] [stdout] error: aborting due to 2 previous errors
[INFO] [stdout] 
[INFO] [stdout] For more information about this error, try `rustc --explain E0432`.
[INFO] [stdout] Couldn't compile the test.
[INFO] [stdout] ---- src/lib.rs - fuzz (line 226) stdout ----
[INFO] [stdout] error[E0432]: unresolved import `honggfuzz`
[INFO] [stdout]  --> src/lib.rs:227:5
[INFO] [stdout]   |
[INFO] [stdout] 2 | use honggfuzz::fuzz;
[INFO] [stdout]   |     ^^^^^^^^^ use of undeclared crate or module `honggfuzz`
[INFO] [stdout] 
[INFO] [stdout] error: aborting due to previous error
[INFO] [stdout] 
[INFO] [stdout] For more information about this error, try `rustc --explain E0432`.
[INFO] [stdout] Couldn't compile the test.
[INFO] [stdout] ---- src/lib.rs - fuzz (line 355) stdout ----
[INFO] [stdout] error[E0432]: unresolved import `honggfuzz`
[INFO] [stdout]  --> src/lib.rs:356:5
[INFO] [stdout]   |
[INFO] [stdout] 2 | use honggfuzz::fuzz;
[INFO] [stdout]   |     ^^^^^^^^^ use of undeclared crate or module `honggfuzz`
[INFO] [stdout] 
[INFO] [stdout] error: cannot determine resolution for the macro `fuzz`
[INFO] [stdout]  --> src/lib.rs:359:5
[INFO] [stdout]   |
[INFO] [stdout] 5 |     fuzz!(|data: &[u8]| {
[INFO] [stdout]   |     ^^^^
[INFO] [stdout]   |
[INFO] [stdout]   = note: import resolution is stuck, try simplifying macro imports
[INFO] [stdout] 
[INFO] [stdout] error: aborting due to 2 previous errors
[INFO] [stdout] 
[INFO] [stdout] For more information about this error, try `rustc --explain E0432`.
[INFO] [stdout] Couldn't compile the test.
[INFO] [stdout] 
[INFO] [stdout] failures:
[INFO] [stdout]     src/lib.rs - (line 51)
[INFO] [stdout]     src/lib.rs - fuzz (line 226)
[INFO] [stdout]     src/lib.rs - fuzz (line 355)
[INFO] [stdout] 
[INFO] [stdout] test result: FAILED. 1 passed; 3 failed; 0 ignored; 0 measured; 0 filtered out; finished in 0.14s
[INFO] [stdout] 
[INFO] [stderr] error: doctest failed, to rerun pass `--doc`
[INFO] running `Command { std: "docker" "inspect" "08fba5fa103b4c7c2515c42fd053c3172b0c685ee7c8bd3e3315b0a18132bfc0", kill_on_drop: false }`
[INFO] running `Command { std: "docker" "rm" "-f" "08fba5fa103b4c7c2515c42fd053c3172b0c685ee7c8bd3e3315b0a18132bfc0", kill_on_drop: false }`
[INFO] [stdout] 08fba5fa103b4c7c2515c42fd053c3172b0c685ee7c8bd3e3315b0a18132bfc0
[INFO] testing ziggy-honggfuzz-1-0.5.55 against beta-2023-12-22 for beta-1.76-1
[INFO] extracting crate ziggy-honggfuzz-1 0.5.55 into /workspace/builds/worker-0-tc2/source
[INFO] validating manifest of crates.io crate ziggy-honggfuzz-1 0.5.55 on toolchain beta-2023-12-22
[INFO] running `Command { std: CARGO_HOME="/workspace/cargo-home" RUSTUP_HOME="/workspace/rustup-home" "/workspace/cargo-home/bin/cargo" "+beta-2023-12-22" "metadata" "--manifest-path" "Cargo.toml" "--no-deps", kill_on_drop: false }`
[INFO] started tweaking crates.io crate ziggy-honggfuzz-1 0.5.55
[INFO] finished tweaking crates.io crate ziggy-honggfuzz-1 0.5.55
[INFO] tweaked toml for crates.io crate ziggy-honggfuzz-1 0.5.55 written to /workspace/builds/worker-0-tc2/source/Cargo.toml
[INFO] crate crates.io crate ziggy-honggfuzz-1 0.5.55 already has a lockfile, it will not be regenerated
[INFO] running `Command { std: CARGO_HOME="/workspace/cargo-home" RUSTUP_HOME="/workspace/rustup-home" "/workspace/cargo-home/bin/cargo" "+beta-2023-12-22" "fetch" "--manifest-path" "Cargo.toml", kill_on_drop: false }`
[INFO] running `Command { std: "docker" "create" "-v" "/var/lib/crater-agent-workspace/builds/worker-0-tc2/target:/opt/rustwide/target:rw,Z" "-v" "/var/lib/crater-agent-workspace/builds/worker-0-tc2/source:/opt/rustwide/workdir:ro,Z" "-v" "/var/lib/crater-agent-workspace/cargo-home:/opt/rustwide/cargo-home:ro,Z" "-v" "/var/lib/crater-agent-workspace/rustup-home:/opt/rustwide/rustup-home:ro,Z" "-e" "SOURCE_DIR=/opt/rustwide/workdir" "-e" "CARGO_TARGET_DIR=/opt/rustwide/target" "-e" "CARGO_HOME=/opt/rustwide/cargo-home" "-e" "RUSTUP_HOME=/opt/rustwide/rustup-home" "-w" "/opt/rustwide/workdir" "-m" "1610612736" "--user" "0:0" "--network" "none" "ghcr.io/rust-lang/crates-build-env/linux@sha256:2788e3201cd34a07e3172128adcd8b3090168a8e3bcc40d7c032b9dda1df7d1c" "/opt/rustwide/cargo-home/bin/cargo" "+beta-2023-12-22" "metadata" "--no-deps" "--format-version=1", kill_on_drop: false }`
[INFO] [stdout] 67830a0889fd4ed8631ff6c4096fc6bd3027a9209ef2c23171f4d9a9d93005e6
[INFO] running `Command { std: "docker" "start" "-a" "67830a0889fd4ed8631ff6c4096fc6bd3027a9209ef2c23171f4d9a9d93005e6", kill_on_drop: false }`
[INFO] running `Command { std: "docker" "inspect" "67830a0889fd4ed8631ff6c4096fc6bd3027a9209ef2c23171f4d9a9d93005e6", kill_on_drop: false }`
[INFO] running `Command { std: "docker" "rm" "-f" "67830a0889fd4ed8631ff6c4096fc6bd3027a9209ef2c23171f4d9a9d93005e6", kill_on_drop: false }`
[INFO] [stdout] 67830a0889fd4ed8631ff6c4096fc6bd3027a9209ef2c23171f4d9a9d93005e6
[INFO] running `Command { std: "docker" "create" "-v" "/var/lib/crater-agent-workspace/builds/worker-0-tc2/target:/opt/rustwide/target:rw,Z" "-v" "/var/lib/crater-agent-workspace/builds/worker-0-tc2/source:/opt/rustwide/workdir:ro,Z" "-v" "/var/lib/crater-agent-workspace/cargo-home:/opt/rustwide/cargo-home:ro,Z" "-v" "/var/lib/crater-agent-workspace/rustup-home:/opt/rustwide/rustup-home:ro,Z" "-e" "SOURCE_DIR=/opt/rustwide/workdir" "-e" "CARGO_TARGET_DIR=/opt/rustwide/target" "-e" "CARGO_INCREMENTAL=0" "-e" "RUST_BACKTRACE=full" "-e" "RUSTFLAGS=--cap-lints=warn" "-e" "RUSTDOCFLAGS=--cap-lints=warn" "-e" "CARGO_HOME=/opt/rustwide/cargo-home" "-e" "RUSTUP_HOME=/opt/rustwide/rustup-home" "-w" "/opt/rustwide/workdir" "-m" "1610612736" "--user" "0:0" "--network" "none" "ghcr.io/rust-lang/crates-build-env/linux@sha256:2788e3201cd34a07e3172128adcd8b3090168a8e3bcc40d7c032b9dda1df7d1c" "/opt/rustwide/cargo-home/bin/cargo" "+beta-2023-12-22" "build" "--frozen" "--message-format=json", kill_on_drop: false }`
[INFO] [stdout] 911ca78f274e529b6769a5951f6b6b9f0cff0868c8dcb8256f4754d8eae5da58
[INFO] running `Command { std: "docker" "start" "-a" "911ca78f274e529b6769a5951f6b6b9f0cff0868c8dcb8256f4754d8eae5da58", kill_on_drop: false }`
[INFO] [stderr]    Compiling semver v1.0.13
[INFO] [stderr]    Compiling ziggy-honggfuzz-1 v0.5.55 (/opt/rustwide/workdir)
[INFO] [stderr]    Compiling arbitrary v1.1.3
[INFO] [stderr]    Compiling rustc_version v0.4.0
[INFO] [stderr]     Finished dev [unoptimized + debuginfo] target(s) in 0.81s
[INFO] running `Command { std: "docker" "inspect" "911ca78f274e529b6769a5951f6b6b9f0cff0868c8dcb8256f4754d8eae5da58", kill_on_drop: false }`
[INFO] running `Command { std: "docker" "rm" "-f" "911ca78f274e529b6769a5951f6b6b9f0cff0868c8dcb8256f4754d8eae5da58", kill_on_drop: false }`
[INFO] [stdout] 911ca78f274e529b6769a5951f6b6b9f0cff0868c8dcb8256f4754d8eae5da58
[INFO] running `Command { std: "docker" "create" "-v" "/var/lib/crater-agent-workspace/builds/worker-0-tc2/target:/opt/rustwide/target:rw,Z" "-v" "/var/lib/crater-agent-workspace/builds/worker-0-tc2/source:/opt/rustwide/workdir:ro,Z" "-v" "/var/lib/crater-agent-workspace/cargo-home:/opt/rustwide/cargo-home:ro,Z" "-v" "/var/lib/crater-agent-workspace/rustup-home:/opt/rustwide/rustup-home:ro,Z" "-e" "SOURCE_DIR=/opt/rustwide/workdir" "-e" "CARGO_TARGET_DIR=/opt/rustwide/target" "-e" "CARGO_INCREMENTAL=0" "-e" "RUST_BACKTRACE=full" "-e" "RUSTFLAGS=--cap-lints=warn" "-e" "RUSTDOCFLAGS=--cap-lints=warn" "-e" "CARGO_HOME=/opt/rustwide/cargo-home" "-e" "RUSTUP_HOME=/opt/rustwide/rustup-home" "-w" "/opt/rustwide/workdir" "-m" "1610612736" "--user" "0:0" "--network" "none" "ghcr.io/rust-lang/crates-build-env/linux@sha256:2788e3201cd34a07e3172128adcd8b3090168a8e3bcc40d7c032b9dda1df7d1c" "/opt/rustwide/cargo-home/bin/cargo" "+beta-2023-12-22" "test" "--frozen" "--no-run" "--message-format=json", kill_on_drop: false }`
[INFO] [stdout] 0e9cefe41f57bd7345a4282b8f794b57241860fab5160089b4d8857f739c8a20
[INFO] running `Command { std: "docker" "start" "-a" "0e9cefe41f57bd7345a4282b8f794b57241860fab5160089b4d8857f739c8a20", kill_on_drop: false }`
[INFO] [stderr]    Compiling libc v0.2.132
[INFO] [stderr]    Compiling ppv-lite86 v0.2.16
[INFO] [stderr]    Compiling getrandom v0.2.7
[INFO] [stderr]    Compiling rand_core v0.6.3
[INFO] [stderr]    Compiling rand_chacha v0.3.1
[INFO] [stderr]    Compiling rand v0.8.5
[INFO] [stderr]    Compiling ziggy-honggfuzz-1 v0.5.55 (/opt/rustwide/workdir)
[INFO] [stderr]     Finished test [unoptimized + debuginfo] target(s) in 1.30s
[INFO] running `Command { std: "docker" "inspect" "0e9cefe41f57bd7345a4282b8f794b57241860fab5160089b4d8857f739c8a20", kill_on_drop: false }`
[INFO] running `Command { std: "docker" "rm" "-f" "0e9cefe41f57bd7345a4282b8f794b57241860fab5160089b4d8857f739c8a20", kill_on_drop: false }`
[INFO] [stdout] 0e9cefe41f57bd7345a4282b8f794b57241860fab5160089b4d8857f739c8a20
[INFO] running `Command { std: "docker" "create" "-v" "/var/lib/crater-agent-workspace/builds/worker-0-tc2/target:/opt/rustwide/target:rw,Z" "-v" "/var/lib/crater-agent-workspace/builds/worker-0-tc2/source:/opt/rustwide/workdir:ro,Z" "-v" "/var/lib/crater-agent-workspace/cargo-home:/opt/rustwide/cargo-home:ro,Z" "-v" "/var/lib/crater-agent-workspace/rustup-home:/opt/rustwide/rustup-home:ro,Z" "-e" "SOURCE_DIR=/opt/rustwide/workdir" "-e" "CARGO_TARGET_DIR=/opt/rustwide/target" "-e" "CARGO_INCREMENTAL=0" "-e" "RUST_BACKTRACE=full" "-e" "RUSTFLAGS=--cap-lints=warn" "-e" "RUSTDOCFLAGS=--cap-lints=warn" "-e" "CARGO_HOME=/opt/rustwide/cargo-home" "-e" "RUSTUP_HOME=/opt/rustwide/rustup-home" "-w" "/opt/rustwide/workdir" "-m" "1610612736" "--user" "0:0" "--network" "none" "ghcr.io/rust-lang/crates-build-env/linux@sha256:2788e3201cd34a07e3172128adcd8b3090168a8e3bcc40d7c032b9dda1df7d1c" "/opt/rustwide/cargo-home/bin/cargo" "+beta-2023-12-22" "test" "--frozen", kill_on_drop: false }`
[INFO] [stdout] 186e98538684009faf914db173df93bdc84c51568008910770a068a5dc323cd4
[INFO] running `Command { std: "docker" "start" "-a" "186e98538684009faf914db173df93bdc84c51568008910770a068a5dc323cd4", kill_on_drop: false }`
[INFO] [stderr]     Finished test [unoptimized + debuginfo] target(s) in 0.01s
[INFO] [stderr]      Running unittests src/lib.rs (/opt/rustwide/target/debug/deps/ziggy_honggfuzz_1-911942d2b6356c23)
[INFO] [stdout] 
[INFO] [stdout] running 0 tests
[INFO] [stdout] 
[INFO] [stdout] test result: ok. 0 passed; 0 failed; 0 ignored; 0 measured; 0 filtered out; finished in 0.00s
[INFO] [stdout] 
[INFO] [stderr]      Running unittests src/bin/cargo-hfuzz.rs (/opt/rustwide/target/debug/deps/cargo_hfuzz-be7395602369be88)
[INFO] [stdout] 
[INFO] [stdout] running 0 tests
[INFO] [stdout] 
[INFO] [stdout] test result: ok. 0 passed; 0 failed; 0 ignored; 0 measured; 0 filtered out; finished in 0.00s
[INFO] [stdout] 
[INFO] [stderr]      Running unittests src/bin/cargo-honggfuzz.rs (/opt/rustwide/target/debug/deps/cargo_honggfuzz-4a52a6eceb47a4a0)
[INFO] [stdout] 
[INFO] [stdout] running 0 tests
[INFO] [stdout] 
[INFO] [stdout] test result: ok. 0 passed; 0 failed; 0 ignored; 0 measured; 0 filtered out; finished in 0.00s
[INFO] [stdout] 
[INFO] [stderr]    Doc-tests ziggy-honggfuzz-1
[INFO] [stdout] 
[INFO] [stdout] running 4 tests
[INFO] [stdout] test src/lib.rs - fuzz (line 226) ... FAILED
[INFO] [stdout] test src/lib.rs - fuzz (line 355) ... FAILED
[INFO] [stdout] test src/lib.rs - (line 51) ... FAILED
[INFO] [stdout] test src/lib.rs - (line 180) ... ok
[INFO] [stdout] 
[INFO] [stdout] failures:
[INFO] [stdout] 
[INFO] [stdout] ---- src/lib.rs - fuzz (line 226) stdout ----
[INFO] [stdout] error[E0432]: unresolved import `honggfuzz`
[INFO] [stdout]  --> src/lib.rs:227:5
[INFO] [stdout]   |
[INFO] [stdout] 2 | use honggfuzz::fuzz;
[INFO] [stdout]   |     ^^^^^^^^^ use of undeclared crate or module `honggfuzz`
[INFO] [stdout] 
[INFO] [stdout] error: aborting due to 1 previous error
[INFO] [stdout] 
[INFO] [stdout] For more information about this error, try `rustc --explain E0432`.
[INFO] [stdout] Couldn't compile the test.
[INFO] [stdout] ---- src/lib.rs - fuzz (line 355) stdout ----
[INFO] [stdout] error[E0432]: unresolved import `honggfuzz`
[INFO] [stdout]  --> src/lib.rs:356:5
[INFO] [stdout]   |
[INFO] [stdout] 2 | use honggfuzz::fuzz;
[INFO] [stdout]   |     ^^^^^^^^^ use of undeclared crate or module `honggfuzz`
[INFO] [stdout] 
[INFO] [stdout] error: cannot determine resolution for the macro `fuzz`
[INFO] [stdout]  --> src/lib.rs:359:5
[INFO] [stdout]   |
[INFO] [stdout] 5 |     fuzz!(|data: &[u8]| {
[INFO] [stdout]   |     ^^^^
[INFO] [stdout]   |
[INFO] [stdout]   = note: import resolution is stuck, try simplifying macro imports
[INFO] [stdout] 
[INFO] [stdout] error: aborting due to 2 previous errors
[INFO] [stdout] 
[INFO] [stdout] For more information about this error, try `rustc --explain E0432`.
[INFO] [stdout] Couldn't compile the test.
[INFO] [stdout] ---- src/lib.rs - (line 51) stdout ----
[INFO] [stdout] error[E0432]: unresolved import `honggfuzz`
[INFO] [stdout]  --> src/lib.rs:52:5
[INFO] [stdout]   |
[INFO] [stdout] 2 | use honggfuzz::fuzz;
[INFO] [stdout]   |     ^^^^^^^^^ use of undeclared crate or module `honggfuzz`
[INFO] [stdout] 
[INFO] [stdout] error: cannot determine resolution for the macro `fuzz`
[INFO] [stdout]   --> src/lib.rs:66:9
[INFO] [stdout]    |
[INFO] [stdout] 16 |         fuzz!(|data: &[u8]| {
[INFO] [stdout]    |         ^^^^
[INFO] [stdout]    |
[INFO] [stdout]    = note: import resolution is stuck, try simplifying macro imports
[INFO] [stdout] 
[INFO] [stdout] error: aborting due to 2 previous errors
[INFO] [stdout] 
[INFO] [stdout] For more information about this error, try `rustc --explain E0432`.
[INFO] [stdout] Couldn't compile the test.
[INFO] [stdout] 
[INFO] [stdout] failures:
[INFO] [stdout]     src/lib.rs - (line 51)
[INFO] [stdout]     src/lib.rs - fuzz (line 226)
[INFO] [stdout]     src/lib.rs - fuzz (line 355)
[INFO] [stdout] 
[INFO] [stdout] test result: FAILED. 1 passed; 3 failed; 0 ignored; 0 measured; 0 filtered out; finished in 0.13s
[INFO] [stdout] 
[INFO] [stderr] error: doctest failed, to rerun pass `--doc`
[INFO] running `Command { std: "docker" "inspect" "186e98538684009faf914db173df93bdc84c51568008910770a068a5dc323cd4", kill_on_drop: false }`
[INFO] running `Command { std: "docker" "rm" "-f" "186e98538684009faf914db173df93bdc84c51568008910770a068a5dc323cd4", kill_on_drop: false }`
[INFO] [stdout] 186e98538684009faf914db173df93bdc84c51568008910770a068a5dc323cd4
