[INFO] fetching crate zduny-wasm-timer 0.2.8...
[INFO] testing zduny-wasm-timer-0.2.8 against 1.75.0 for beta-1.76-1
[INFO] extracting crate zduny-wasm-timer 0.2.8 into /workspace/builds/worker-0-tc1/source
[INFO] validating manifest of crates.io crate zduny-wasm-timer 0.2.8 on toolchain 1.75.0
[INFO] running `Command { std: CARGO_HOME="/workspace/cargo-home" RUSTUP_HOME="/workspace/rustup-home" "/workspace/cargo-home/bin/cargo" "+1.75.0" "metadata" "--manifest-path" "Cargo.toml" "--no-deps", kill_on_drop: false }`
[INFO] removed /workspace/builds/worker-0-tc1/source/.cargo/config.toml
[INFO] started tweaking crates.io crate zduny-wasm-timer 0.2.8
[INFO] finished tweaking crates.io crate zduny-wasm-timer 0.2.8
[INFO] tweaked toml for crates.io crate zduny-wasm-timer 0.2.8 written to /workspace/builds/worker-0-tc1/source/Cargo.toml
[INFO] running `Command { std: CARGO_HOME="/workspace/cargo-home" RUSTUP_HOME="/workspace/rustup-home" "/workspace/cargo-home/bin/cargo" "+1.75.0" "generate-lockfile" "--manifest-path" "Cargo.toml", kill_on_drop: false }`
[INFO] [stderr]     Updating crates.io index
[INFO] running `Command { std: CARGO_HOME="/workspace/cargo-home" RUSTUP_HOME="/workspace/rustup-home" "/workspace/cargo-home/bin/cargo" "+1.75.0" "fetch" "--manifest-path" "Cargo.toml", kill_on_drop: false }`
[INFO] running `Command { std: "docker" "create" "-v" "/var/lib/crater-agent-workspace/builds/worker-0-tc1/target:/opt/rustwide/target:rw,Z" "-v" "/var/lib/crater-agent-workspace/builds/worker-0-tc1/source:/opt/rustwide/workdir:ro,Z" "-v" "/var/lib/crater-agent-workspace/cargo-home:/opt/rustwide/cargo-home:ro,Z" "-v" "/var/lib/crater-agent-workspace/rustup-home:/opt/rustwide/rustup-home:ro,Z" "-e" "SOURCE_DIR=/opt/rustwide/workdir" "-e" "CARGO_TARGET_DIR=/opt/rustwide/target" "-e" "CARGO_HOME=/opt/rustwide/cargo-home" "-e" "RUSTUP_HOME=/opt/rustwide/rustup-home" "-w" "/opt/rustwide/workdir" "-m" "1610612736" "--user" "0:0" "--network" "none" "ghcr.io/rust-lang/crates-build-env/linux@sha256:2788e3201cd34a07e3172128adcd8b3090168a8e3bcc40d7c032b9dda1df7d1c" "/opt/rustwide/cargo-home/bin/cargo" "+1.75.0" "metadata" "--no-deps" "--format-version=1", kill_on_drop: false }`
[INFO] [stdout] b266836c79b633efe420d6b849fb927545da0e0844248f19a05a3197e2aa3cb2
[INFO] running `Command { std: "docker" "start" "-a" "b266836c79b633efe420d6b849fb927545da0e0844248f19a05a3197e2aa3cb2", kill_on_drop: false }`
[INFO] running `Command { std: "docker" "inspect" "b266836c79b633efe420d6b849fb927545da0e0844248f19a05a3197e2aa3cb2", kill_on_drop: false }`
[INFO] running `Command { std: "docker" "rm" "-f" "b266836c79b633efe420d6b849fb927545da0e0844248f19a05a3197e2aa3cb2", kill_on_drop: false }`
[INFO] [stdout] b266836c79b633efe420d6b849fb927545da0e0844248f19a05a3197e2aa3cb2
[INFO] running `Command { std: "docker" "create" "-v" "/var/lib/crater-agent-workspace/builds/worker-0-tc1/target:/opt/rustwide/target:rw,Z" "-v" "/var/lib/crater-agent-workspace/builds/worker-0-tc1/source:/opt/rustwide/workdir:ro,Z" "-v" "/var/lib/crater-agent-workspace/cargo-home:/opt/rustwide/cargo-home:ro,Z" "-v" "/var/lib/crater-agent-workspace/rustup-home:/opt/rustwide/rustup-home:ro,Z" "-e" "SOURCE_DIR=/opt/rustwide/workdir" "-e" "CARGO_TARGET_DIR=/opt/rustwide/target" "-e" "CARGO_INCREMENTAL=0" "-e" "RUST_BACKTRACE=full" "-e" "RUSTFLAGS=--cap-lints=warn" "-e" "RUSTDOCFLAGS=--cap-lints=warn" "-e" "CARGO_HOME=/opt/rustwide/cargo-home" "-e" "RUSTUP_HOME=/opt/rustwide/rustup-home" "-w" "/opt/rustwide/workdir" "-m" "1610612736" "--user" "0:0" "--network" "none" "ghcr.io/rust-lang/crates-build-env/linux@sha256:2788e3201cd34a07e3172128adcd8b3090168a8e3bcc40d7c032b9dda1df7d1c" "/opt/rustwide/cargo-home/bin/cargo" "+1.75.0" "build" "--frozen" "--message-format=json", kill_on_drop: false }`
[INFO] [stdout] 3d61d8a62323135442d779be2b77b5e6fcd42792e3ab0db46bc0c5a3634a6bd5
[INFO] running `Command { std: "docker" "start" "-a" "3d61d8a62323135442d779be2b77b5e6fcd42792e3ab0db46bc0c5a3634a6bd5", kill_on_drop: false }`
[INFO] [stderr]    Compiling futures-sink v0.3.30
[INFO] [stderr]    Compiling futures-core v0.3.30
[INFO] [stderr]    Compiling parking_lot_core v0.9.9
[INFO] [stderr]    Compiling futures-task v0.3.30
[INFO] [stderr]    Compiling memchr v2.7.1
[INFO] [stderr]    Compiling pin-utils v0.1.0
[INFO] [stderr]    Compiling pin-project-lite v0.2.13
[INFO] [stderr]    Compiling futures-io v0.3.30
[INFO] [stderr]    Compiling syn v2.0.48
[INFO] [stderr]    Compiling futures-channel v0.3.30
[INFO] [stderr]    Compiling parking_lot v0.12.1
[INFO] [stderr]    Compiling futures-macro v0.3.30
[INFO] [stderr]    Compiling futures-util v0.3.30
[INFO] [stderr]    Compiling futures-executor v0.3.30
[INFO] [stderr]    Compiling futures v0.3.30
[INFO] [stderr]    Compiling zduny-wasm-timer v0.2.8 (/opt/rustwide/workdir)
[INFO] [stdout] warning: calls to `std::mem::drop` with a value that implements `Copy` does nothing
[INFO] [stdout]    --> src/timer.rs:583:13
[INFO] [stdout]     |
[INFO] [stdout] 583 |             drop(handle.into_usize());
[INFO] [stdout]     |             ^^^^^-------------------^
[INFO] [stdout]     |                  |
[INFO] [stdout]     |                  argument has type `usize`
[INFO] [stdout]     |
[INFO] [stdout]     = note: use `let _ = ...` to ignore the expression or result
[INFO] [stdout]     = note: `#[warn(dropping_copy_types)]` on by default
[INFO] [stdout] 
[INFO] [stdout] 
[INFO] [stdout] warning: calls to `std::mem::drop` with a value that implements `Copy` does nothing
[INFO] [stdout]   --> src/timer/global/desktop.rs:63:9
[INFO] [stdout]    |
[INFO] [stdout] 63 |         drop(timer.as_mut().poll(&mut cx));
[INFO] [stdout]    |         ^^^^^----------------------------^
[INFO] [stdout]    |              |
[INFO] [stdout]    |              argument has type `Poll<()>`
[INFO] [stdout]    |
[INFO] [stdout]    = note: use `let _ = ...` to ignore the expression or result
[INFO] [stdout] 
[INFO] [stdout] 
[INFO] [stdout] warning: 2 warnings emitted
[INFO] [stdout] 
[INFO] [stdout] 
[INFO] [stderr]     Finished dev [unoptimized + debuginfo] target(s) in 5.38s
[INFO] running `Command { std: "docker" "inspect" "3d61d8a62323135442d779be2b77b5e6fcd42792e3ab0db46bc0c5a3634a6bd5", kill_on_drop: false }`
[INFO] running `Command { std: "docker" "rm" "-f" "3d61d8a62323135442d779be2b77b5e6fcd42792e3ab0db46bc0c5a3634a6bd5", kill_on_drop: false }`
[INFO] [stdout] 3d61d8a62323135442d779be2b77b5e6fcd42792e3ab0db46bc0c5a3634a6bd5
[INFO] running `Command { std: "docker" "create" "-v" "/var/lib/crater-agent-workspace/builds/worker-0-tc1/target:/opt/rustwide/target:rw,Z" "-v" "/var/lib/crater-agent-workspace/builds/worker-0-tc1/source:/opt/rustwide/workdir:ro,Z" "-v" "/var/lib/crater-agent-workspace/cargo-home:/opt/rustwide/cargo-home:ro,Z" "-v" "/var/lib/crater-agent-workspace/rustup-home:/opt/rustwide/rustup-home:ro,Z" "-e" "SOURCE_DIR=/opt/rustwide/workdir" "-e" "CARGO_TARGET_DIR=/opt/rustwide/target" "-e" "CARGO_INCREMENTAL=0" "-e" "RUST_BACKTRACE=full" "-e" "RUSTFLAGS=--cap-lints=warn" "-e" "RUSTDOCFLAGS=--cap-lints=warn" "-e" "CARGO_HOME=/opt/rustwide/cargo-home" "-e" "RUSTUP_HOME=/opt/rustwide/rustup-home" "-w" "/opt/rustwide/workdir" "-m" "1610612736" "--user" "0:0" "--network" "none" "ghcr.io/rust-lang/crates-build-env/linux@sha256:2788e3201cd34a07e3172128adcd8b3090168a8e3bcc40d7c032b9dda1df7d1c" "/opt/rustwide/cargo-home/bin/cargo" "+1.75.0" "test" "--frozen" "--no-run" "--message-format=json", kill_on_drop: false }`
[INFO] [stdout] 109a4277728ac1ba4eab5d5c635a0900f465975eb7d673067b29cb97fdfe9d2d
[INFO] running `Command { std: "docker" "start" "-a" "109a4277728ac1ba4eab5d5c635a0900f465975eb7d673067b29cb97fdfe9d2d", kill_on_drop: false }`
[INFO] [stderr]    Compiling futures-io v0.3.30
[INFO] [stderr]    Compiling parking v2.2.0
[INFO] [stderr]    Compiling once_cell v1.19.0
[INFO] [stderr]    Compiling fastrand v2.0.1
[INFO] [stderr]    Compiling tracing-core v0.1.32
[INFO] [stderr]    Compiling rustix v0.38.28
[INFO] [stderr]    Compiling io-lifetimes v1.0.11
[INFO] [stderr]    Compiling value-bag v1.4.3
[INFO] [stderr]    Compiling linux-raw-sys v0.4.12
[INFO] [stderr]    Compiling bitflags v2.4.1
[INFO] [stderr]    Compiling concurrent-queue v2.4.0
[INFO] [stderr]    Compiling futures-channel v0.3.30
[INFO] [stderr]    Compiling polling v2.8.0
[INFO] [stderr]    Compiling async-task v4.7.0
[INFO] [stderr]    Compiling futures-macro v0.3.30
[INFO] [stderr]    Compiling atomic-waker v1.1.2
[INFO] [stderr]    Compiling event-listener v2.5.3
[INFO] [stderr]    Compiling rustix v0.37.27
[INFO] [stderr]    Compiling wasm-bindgen-backend v0.2.89
[INFO] [stderr]    Compiling event-listener v4.0.2
[INFO] [stderr]    Compiling futures-lite v2.1.0
[INFO] [stderr]    Compiling piper v0.2.1
[INFO] [stderr]    Compiling async-io v1.13.0
[INFO] [stderr]    Compiling log v0.4.20
[INFO] [stderr]    Compiling linux-raw-sys v0.3.8
[INFO] [stderr]    Compiling fastrand v1.9.0
[INFO] [stderr]    Compiling waker-fn v1.1.1
[INFO] [stderr]    Compiling tracing v0.1.40
[INFO] [stderr]    Compiling event-listener-strategy v0.4.0
[INFO] [stderr]    Compiling async-lock v2.8.0
[INFO] [stderr]    Compiling socket2 v0.4.10
[INFO] [stderr]    Compiling futures-lite v1.13.0
[INFO] [stderr]    Compiling async-lock v3.2.0
[INFO] [stderr]    Compiling async-channel v2.1.1
[INFO] [stderr]    Compiling kv-log-macro v1.0.7
[INFO] [stderr]    Compiling async-channel v1.9.0
[INFO] [stderr]    Compiling wasm-bindgen-test-macro v0.3.39
[INFO] [stderr]    Compiling blocking v1.5.1
[INFO] [stderr]    Compiling async-executor v1.8.0
[INFO] [stderr]    Compiling wasm-bindgen-macro-support v0.2.89
[INFO] [stderr]    Compiling futures-util v0.3.30
[INFO] [stderr]    Compiling wasm-bindgen-macro v0.2.89
[INFO] [stderr]    Compiling wasm-bindgen v0.2.89
[INFO] [stderr]    Compiling js-sys v0.3.66
[INFO] [stderr]    Compiling console_error_panic_hook v0.1.7
[INFO] [stderr]    Compiling futures-executor v0.3.30
[INFO] [stderr]    Compiling futures v0.3.30
[INFO] [stderr]    Compiling zduny-wasm-timer v0.2.8 (/opt/rustwide/workdir)
[INFO] [stdout] warning: calls to `std::mem::drop` with a value that implements `Copy` does nothing
[INFO] [stdout]    --> src/timer.rs:583:13
[INFO] [stdout]     |
[INFO] [stdout] 583 |             drop(handle.into_usize());
[INFO] [stdout]     |             ^^^^^-------------------^
[INFO] [stdout]     |                  |
[INFO] [stdout]     |                  argument has type `usize`
[INFO] [stdout]     |
[INFO] [stdout]     = note: use `let _ = ...` to ignore the expression or result
[INFO] [stdout]     = note: `#[warn(dropping_copy_types)]` on by default
[INFO] [stdout] 
[INFO] [stdout] 
[INFO] [stdout] warning: calls to `std::mem::drop` with a value that implements `Copy` does nothing
[INFO] [stdout]   --> src/timer/global/desktop.rs:63:9
[INFO] [stdout]    |
[INFO] [stdout] 63 |         drop(timer.as_mut().poll(&mut cx));
[INFO] [stdout]    |         ^^^^^----------------------------^
[INFO] [stdout]    |              |
[INFO] [stdout]    |              argument has type `Poll<()>`
[INFO] [stdout]    |
[INFO] [stdout]    = note: use `let _ = ...` to ignore the expression or result
[INFO] [stdout] 
[INFO] [stdout] 
[INFO] [stdout] warning: 2 warnings emitted
[INFO] [stdout] 
[INFO] [stdout] 
[INFO] [stderr]    Compiling polling v3.3.1
[INFO] [stderr]    Compiling async-io v2.2.2
[INFO] [stderr]    Compiling async-global-executor v2.4.1
[INFO] [stderr]    Compiling async-std v1.12.0
[INFO] [stderr]    Compiling wasm-bindgen-futures v0.4.39
[INFO] [stderr]    Compiling wasm-bindgen-test v0.3.39
[INFO] [stdout] warning: calls to `std::mem::drop` with a value that implements `Copy` does nothing
[INFO] [stdout]    --> src/timer.rs:583:13
[INFO] [stdout]     |
[INFO] [stdout] 583 |             drop(handle.into_usize());
[INFO] [stdout]     |             ^^^^^-------------------^
[INFO] [stdout]     |                  |
[INFO] [stdout]     |                  argument has type `usize`
[INFO] [stdout]     |
[INFO] [stdout]     = note: use `let _ = ...` to ignore the expression or result
[INFO] [stdout]     = note: `#[warn(dropping_copy_types)]` on by default
[INFO] [stdout] 
[INFO] [stdout] 
[INFO] [stdout] warning: calls to `std::mem::drop` with a value that implements `Copy` does nothing
[INFO] [stdout]   --> src/timer/global/desktop.rs:63:9
[INFO] [stdout]    |
[INFO] [stdout] 63 |         drop(timer.as_mut().poll(&mut cx));
[INFO] [stdout]    |         ^^^^^----------------------------^
[INFO] [stdout]    |              |
[INFO] [stdout]    |              argument has type `Poll<()>`
[INFO] [stdout]    |
[INFO] [stdout]    = note: use `let _ = ...` to ignore the expression or result
[INFO] [stdout] 
[INFO] [stdout] 
[INFO] [stdout] warning: 2 warnings emitted
[INFO] [stdout] 
[INFO] [stdout] 
[INFO] [stderr]     Finished test [unoptimized + debuginfo] target(s) in 7.57s
[INFO] running `Command { std: "docker" "inspect" "109a4277728ac1ba4eab5d5c635a0900f465975eb7d673067b29cb97fdfe9d2d", kill_on_drop: false }`
[INFO] running `Command { std: "docker" "rm" "-f" "109a4277728ac1ba4eab5d5c635a0900f465975eb7d673067b29cb97fdfe9d2d", kill_on_drop: false }`
[INFO] [stdout] 109a4277728ac1ba4eab5d5c635a0900f465975eb7d673067b29cb97fdfe9d2d
[INFO] running `Command { std: "docker" "create" "-v" "/var/lib/crater-agent-workspace/builds/worker-0-tc1/target:/opt/rustwide/target:rw,Z" "-v" "/var/lib/crater-agent-workspace/builds/worker-0-tc1/source:/opt/rustwide/workdir:ro,Z" "-v" "/var/lib/crater-agent-workspace/cargo-home:/opt/rustwide/cargo-home:ro,Z" "-v" "/var/lib/crater-agent-workspace/rustup-home:/opt/rustwide/rustup-home:ro,Z" "-e" "SOURCE_DIR=/opt/rustwide/workdir" "-e" "CARGO_TARGET_DIR=/opt/rustwide/target" "-e" "CARGO_INCREMENTAL=0" "-e" "RUST_BACKTRACE=full" "-e" "RUSTFLAGS=--cap-lints=warn" "-e" "RUSTDOCFLAGS=--cap-lints=warn" "-e" "CARGO_HOME=/opt/rustwide/cargo-home" "-e" "RUSTUP_HOME=/opt/rustwide/rustup-home" "-w" "/opt/rustwide/workdir" "-m" "1610612736" "--user" "0:0" "--network" "none" "ghcr.io/rust-lang/crates-build-env/linux@sha256:2788e3201cd34a07e3172128adcd8b3090168a8e3bcc40d7c032b9dda1df7d1c" "/opt/rustwide/cargo-home/bin/cargo" "+1.75.0" "test" "--frozen", kill_on_drop: false }`
[INFO] [stdout] 3a867036e702e706730d07f94eb57c3a9694aaf2e3d1b52cb3619d14c298b201
[INFO] running `Command { std: "docker" "start" "-a" "3a867036e702e706730d07f94eb57c3a9694aaf2e3d1b52cb3619d14c298b201", kill_on_drop: false }`
[INFO] [stderr] warning: calls to `std::mem::drop` with a value that implements `Copy` does nothing
[INFO] [stderr]    --> src/timer.rs:583:13
[INFO] [stderr]     |
[INFO] [stderr] 583 |             drop(handle.into_usize());
[INFO] [stderr]     |             ^^^^^-------------------^
[INFO] [stderr]     |                  |
[INFO] [stderr]     |                  argument has type `usize`
[INFO] [stderr]     |
[INFO] [stderr]     = note: use `let _ = ...` to ignore the expression or result
[INFO] [stderr]     = note: `#[warn(dropping_copy_types)]` on by default
[INFO] [stderr] 
[INFO] [stderr] warning: calls to `std::mem::drop` with a value that implements `Copy` does nothing
[INFO] [stderr]   --> src/timer/global/desktop.rs:63:9
[INFO] [stderr]    |
[INFO] [stderr] 63 |         drop(timer.as_mut().poll(&mut cx));
[INFO] [stderr]    |         ^^^^^----------------------------^
[INFO] [stderr]    |              |
[INFO] [stderr]    |              argument has type `Poll<()>`
[INFO] [stderr]    |
[INFO] [stderr]    = note: use `let _ = ...` to ignore the expression or result
[INFO] [stderr] 
[INFO] [stderr] warning: `zduny-wasm-timer` (lib) generated 2 warnings
[INFO] [stderr] warning: `zduny-wasm-timer` (lib test) generated 2 warnings (2 duplicates)
[INFO] [stderr]     Finished test [unoptimized + debuginfo] target(s) in 0.09s
[INFO] [stderr]      Running unittests src/lib.rs (/opt/rustwide/target/debug/deps/zduny_wasm_timer-312f82a18ce85f6f)
[INFO] [stdout] 
[INFO] [stdout] running 0 tests
[INFO] [stdout] 
[INFO] [stdout] test result: ok. 0 passed; 0 failed; 0 ignored; 0 measured; 0 filtered out; finished in 0.00s
[INFO] [stdout] 
[INFO] [stderr]    Doc-tests zduny-wasm-timer
[INFO] [stdout] 
[INFO] [stdout] running 1 test
[INFO] [stdout] test src/timer/ext.rs - timer::ext::TryFutureExt::timeout (line 29) - compile ... FAILED
[INFO] [stdout] 
[INFO] [stdout] failures:
[INFO] [stdout] 
[INFO] [stdout] ---- src/timer/ext.rs - timer::ext::TryFutureExt::timeout (line 29) stdout ----
[INFO] [stdout] error[E0432]: unresolved import `wasm_timer`
[INFO] [stdout]  --> src/timer/ext.rs:32:5
[INFO] [stdout]   |
[INFO] [stdout] 4 | use wasm_timer::TryFutureExt;
[INFO] [stdout]   |     ^^^^^^^^^^ use of undeclared crate or module `wasm_timer`
[INFO] [stdout] 
[INFO] [stdout] error[E0599]: no method named `timeout` found for opaque type `impl futures::TryFuture<Ok = (), Error = std::io::Error>` in the current scope
[INFO] [stdout]   --> src/timer/ext.rs:40:28
[INFO] [stdout]    |
[INFO] [stdout] 12 |     let timed_out = future.timeout(Duration::from_secs(1));
[INFO] [stdout]    |                            ^^^^^^^ method not found in `impl TryFuture<Ok = (), Error = Error>`
[INFO] [stdout]    |
[INFO] [stdout]   ::: /opt/rustwide/workdir/src/timer/ext.rs:50:8
[INFO] [stdout]    |
[INFO] [stdout] 50 |     fn timeout(self, dur: Duration) -> Timeout<Self>
[INFO] [stdout]    |        ------- the method is available for `impl futures::TryFuture<Ok = (), Error = std::io::Error>` here
[INFO] [stdout]    |
[INFO] [stdout]    = help: items from traits can only be used if the trait is in scope
[INFO] [stdout] help: the following trait is implemented but not in scope; perhaps add a `use` for it:
[INFO] [stdout]    |
[INFO] [stdout] 2  + use zduny_wasm_timer::TryFutureExt;
[INFO] [stdout]    |
[INFO] [stdout] 
[INFO] [stdout] error: aborting due to 2 previous errors
[INFO] [stdout] 
[INFO] [stdout] Some errors have detailed explanations: E0432, E0599.
[INFO] [stdout] For more information about an error, try `rustc --explain E0432`.
[INFO] [stdout] Couldn't compile the test.
[INFO] [stdout] 
[INFO] [stdout] failures:
[INFO] [stdout]     src/timer/ext.rs - timer::ext::TryFutureExt::timeout (line 29)
[INFO] [stdout] 
[INFO] [stdout] test result: FAILED. 0 passed; 1 failed; 0 ignored; 0 measured; 0 filtered out; finished in 0.10s
[INFO] [stdout] 
[INFO] [stderr] error: doctest failed, to rerun pass `--doc`
[INFO] running `Command { std: "docker" "inspect" "3a867036e702e706730d07f94eb57c3a9694aaf2e3d1b52cb3619d14c298b201", kill_on_drop: false }`
[INFO] running `Command { std: "docker" "rm" "-f" "3a867036e702e706730d07f94eb57c3a9694aaf2e3d1b52cb3619d14c298b201", kill_on_drop: false }`
[INFO] [stdout] 3a867036e702e706730d07f94eb57c3a9694aaf2e3d1b52cb3619d14c298b201
[INFO] testing zduny-wasm-timer-0.2.8 against beta-2023-12-22 for beta-1.76-1
[INFO] extracting crate zduny-wasm-timer 0.2.8 into /workspace/builds/worker-0-tc2/source
[INFO] validating manifest of crates.io crate zduny-wasm-timer 0.2.8 on toolchain beta-2023-12-22
[INFO] running `Command { std: CARGO_HOME="/workspace/cargo-home" RUSTUP_HOME="/workspace/rustup-home" "/workspace/cargo-home/bin/cargo" "+beta-2023-12-22" "metadata" "--manifest-path" "Cargo.toml" "--no-deps", kill_on_drop: false }`
[INFO] removed /workspace/builds/worker-0-tc2/source/.cargo/config.toml
[INFO] started tweaking crates.io crate zduny-wasm-timer 0.2.8
[INFO] finished tweaking crates.io crate zduny-wasm-timer 0.2.8
[INFO] tweaked toml for crates.io crate zduny-wasm-timer 0.2.8 written to /workspace/builds/worker-0-tc2/source/Cargo.toml
[INFO] running `Command { std: CARGO_HOME="/workspace/cargo-home" RUSTUP_HOME="/workspace/rustup-home" "/workspace/cargo-home/bin/cargo" "+beta-2023-12-22" "generate-lockfile" "--manifest-path" "Cargo.toml", kill_on_drop: false }`
[INFO] [stderr]     Updating crates.io index
[INFO] running `Command { std: CARGO_HOME="/workspace/cargo-home" RUSTUP_HOME="/workspace/rustup-home" "/workspace/cargo-home/bin/cargo" "+beta-2023-12-22" "fetch" "--manifest-path" "Cargo.toml", kill_on_drop: false }`
[INFO] running `Command { std: "docker" "create" "-v" "/var/lib/crater-agent-workspace/builds/worker-0-tc2/target:/opt/rustwide/target:rw,Z" "-v" "/var/lib/crater-agent-workspace/builds/worker-0-tc2/source:/opt/rustwide/workdir:ro,Z" "-v" "/var/lib/crater-agent-workspace/cargo-home:/opt/rustwide/cargo-home:ro,Z" "-v" "/var/lib/crater-agent-workspace/rustup-home:/opt/rustwide/rustup-home:ro,Z" "-e" "SOURCE_DIR=/opt/rustwide/workdir" "-e" "CARGO_TARGET_DIR=/opt/rustwide/target" "-e" "CARGO_HOME=/opt/rustwide/cargo-home" "-e" "RUSTUP_HOME=/opt/rustwide/rustup-home" "-w" "/opt/rustwide/workdir" "-m" "1610612736" "--user" "0:0" "--network" "none" "ghcr.io/rust-lang/crates-build-env/linux@sha256:2788e3201cd34a07e3172128adcd8b3090168a8e3bcc40d7c032b9dda1df7d1c" "/opt/rustwide/cargo-home/bin/cargo" "+beta-2023-12-22" "metadata" "--no-deps" "--format-version=1", kill_on_drop: false }`
[INFO] [stdout] 85eff94d17b5e5b3d0c0cb2116b666a3a24a4da85584848b701127468cadda1e
[INFO] running `Command { std: "docker" "start" "-a" "85eff94d17b5e5b3d0c0cb2116b666a3a24a4da85584848b701127468cadda1e", kill_on_drop: false }`
[INFO] running `Command { std: "docker" "inspect" "85eff94d17b5e5b3d0c0cb2116b666a3a24a4da85584848b701127468cadda1e", kill_on_drop: false }`
[INFO] running `Command { std: "docker" "rm" "-f" "85eff94d17b5e5b3d0c0cb2116b666a3a24a4da85584848b701127468cadda1e", kill_on_drop: false }`
[INFO] [stdout] 85eff94d17b5e5b3d0c0cb2116b666a3a24a4da85584848b701127468cadda1e
[INFO] running `Command { std: "docker" "create" "-v" "/var/lib/crater-agent-workspace/builds/worker-0-tc2/target:/opt/rustwide/target:rw,Z" "-v" "/var/lib/crater-agent-workspace/builds/worker-0-tc2/source:/opt/rustwide/workdir:ro,Z" "-v" "/var/lib/crater-agent-workspace/cargo-home:/opt/rustwide/cargo-home:ro,Z" "-v" "/var/lib/crater-agent-workspace/rustup-home:/opt/rustwide/rustup-home:ro,Z" "-e" "SOURCE_DIR=/opt/rustwide/workdir" "-e" "CARGO_TARGET_DIR=/opt/rustwide/target" "-e" "CARGO_INCREMENTAL=0" "-e" "RUST_BACKTRACE=full" "-e" "RUSTFLAGS=--cap-lints=warn" "-e" "RUSTDOCFLAGS=--cap-lints=warn" "-e" "CARGO_HOME=/opt/rustwide/cargo-home" "-e" "RUSTUP_HOME=/opt/rustwide/rustup-home" "-w" "/opt/rustwide/workdir" "-m" "1610612736" "--user" "0:0" "--network" "none" "ghcr.io/rust-lang/crates-build-env/linux@sha256:2788e3201cd34a07e3172128adcd8b3090168a8e3bcc40d7c032b9dda1df7d1c" "/opt/rustwide/cargo-home/bin/cargo" "+beta-2023-12-22" "build" "--frozen" "--message-format=json", kill_on_drop: false }`
[INFO] [stdout] 4121d80d2a58929ff3d03ef582c7c9633fcc5010c268037c47cff00e380781ee
[INFO] running `Command { std: "docker" "start" "-a" "4121d80d2a58929ff3d03ef582c7c9633fcc5010c268037c47cff00e380781ee", kill_on_drop: false }`
[INFO] [stderr]    Compiling futures-sink v0.3.30
[INFO] [stderr]    Compiling futures-core v0.3.30
[INFO] [stderr]    Compiling pin-project-lite v0.2.13
[INFO] [stderr]    Compiling parking_lot_core v0.9.9
[INFO] [stderr]    Compiling futures-task v0.3.30
[INFO] [stderr]    Compiling pin-utils v0.1.0
[INFO] [stderr]    Compiling futures-io v0.3.30
[INFO] [stderr]    Compiling memchr v2.7.1
[INFO] [stderr]    Compiling syn v2.0.48
[INFO] [stderr]    Compiling futures-channel v0.3.30
[INFO] [stderr]    Compiling parking_lot v0.12.1
[INFO] [stderr]    Compiling futures-macro v0.3.30
[INFO] [stderr]    Compiling futures-util v0.3.30
[INFO] [stderr]    Compiling futures-executor v0.3.30
[INFO] [stderr]    Compiling futures v0.3.30
[INFO] [stderr]    Compiling zduny-wasm-timer v0.2.8 (/opt/rustwide/workdir)
[INFO] [stdout] warning: calls to `std::mem::drop` with a value that implements `Copy` does nothing
[INFO] [stdout]    --> src/timer.rs:583:13
[INFO] [stdout]     |
[INFO] [stdout] 583 |             drop(handle.into_usize());
[INFO] [stdout]     |             ^^^^^-------------------^
[INFO] [stdout]     |                  |
[INFO] [stdout]     |                  argument has type `usize`
[INFO] [stdout]     |
[INFO] [stdout]     = note: use `let _ = ...` to ignore the expression or result
[INFO] [stdout]     = note: `#[warn(dropping_copy_types)]` on by default
[INFO] [stdout] 
[INFO] [stdout] 
[INFO] [stdout] warning: calls to `std::mem::drop` with a value that implements `Copy` does nothing
[INFO] [stdout]   --> src/timer/global/desktop.rs:63:9
[INFO] [stdout]    |
[INFO] [stdout] 63 |         drop(timer.as_mut().poll(&mut cx));
[INFO] [stdout]    |         ^^^^^----------------------------^
[INFO] [stdout]    |              |
[INFO] [stdout]    |              argument has type `Poll<()>`
[INFO] [stdout]    |
[INFO] [stdout]    = note: use `let _ = ...` to ignore the expression or result
[INFO] [stdout] 
[INFO] [stdout] 
[INFO] [stdout] warning: 2 warnings emitted
[INFO] [stdout] 
[INFO] [stdout] 
[INFO] [stderr]     Finished dev [unoptimized + debuginfo] target(s) in 6.52s
[INFO] running `Command { std: "docker" "inspect" "4121d80d2a58929ff3d03ef582c7c9633fcc5010c268037c47cff00e380781ee", kill_on_drop: false }`
[INFO] running `Command { std: "docker" "rm" "-f" "4121d80d2a58929ff3d03ef582c7c9633fcc5010c268037c47cff00e380781ee", kill_on_drop: false }`
[INFO] [stdout] 4121d80d2a58929ff3d03ef582c7c9633fcc5010c268037c47cff00e380781ee
[INFO] running `Command { std: "docker" "create" "-v" "/var/lib/crater-agent-workspace/builds/worker-0-tc2/target:/opt/rustwide/target:rw,Z" "-v" "/var/lib/crater-agent-workspace/builds/worker-0-tc2/source:/opt/rustwide/workdir:ro,Z" "-v" "/var/lib/crater-agent-workspace/cargo-home:/opt/rustwide/cargo-home:ro,Z" "-v" "/var/lib/crater-agent-workspace/rustup-home:/opt/rustwide/rustup-home:ro,Z" "-e" "SOURCE_DIR=/opt/rustwide/workdir" "-e" "CARGO_TARGET_DIR=/opt/rustwide/target" "-e" "CARGO_INCREMENTAL=0" "-e" "RUST_BACKTRACE=full" "-e" "RUSTFLAGS=--cap-lints=warn" "-e" "RUSTDOCFLAGS=--cap-lints=warn" "-e" "CARGO_HOME=/opt/rustwide/cargo-home" "-e" "RUSTUP_HOME=/opt/rustwide/rustup-home" "-w" "/opt/rustwide/workdir" "-m" "1610612736" "--user" "0:0" "--network" "none" "ghcr.io/rust-lang/crates-build-env/linux@sha256:2788e3201cd34a07e3172128adcd8b3090168a8e3bcc40d7c032b9dda1df7d1c" "/opt/rustwide/cargo-home/bin/cargo" "+beta-2023-12-22" "test" "--frozen" "--no-run" "--message-format=json", kill_on_drop: false }`
[INFO] [stdout] 97e13b9f474941acb7a429104ecabfd01de99f099280d4bf7d9a1cf04d9fa68f
[INFO] running `Command { std: "docker" "start" "-a" "97e13b9f474941acb7a429104ecabfd01de99f099280d4bf7d9a1cf04d9fa68f", kill_on_drop: false }`
[INFO] [stderr]    Compiling futures-io v0.3.30
[INFO] [stderr]    Compiling parking v2.2.0
[INFO] [stderr]    Compiling once_cell v1.19.0
[INFO] [stderr]    Compiling fastrand v2.0.1
[INFO] [stderr]    Compiling rustix v0.38.28
[INFO] [stderr]    Compiling tracing-core v0.1.32
[INFO] [stderr]    Compiling io-lifetimes v1.0.11
[INFO] [stderr]    Compiling value-bag v1.4.3
[INFO] [stderr]    Compiling linux-raw-sys v0.4.12
[INFO] [stderr]    Compiling bitflags v2.4.1
[INFO] [stderr]    Compiling concurrent-queue v2.4.0
[INFO] [stderr]    Compiling futures-channel v0.3.30
[INFO] [stderr]    Compiling polling v2.8.0
[INFO] [stderr]    Compiling rustix v0.37.27
[INFO] [stderr]    Compiling futures-macro v0.3.30
[INFO] [stderr]    Compiling atomic-waker v1.1.2
[INFO] [stderr]    Compiling event-listener v2.5.3
[INFO] [stderr]    Compiling async-task v4.7.0
[INFO] [stderr]    Compiling wasm-bindgen-backend v0.2.89
[INFO] [stderr]    Compiling event-listener v4.0.2
[INFO] [stderr]    Compiling futures-lite v2.1.0
[INFO] [stderr]    Compiling log v0.4.20
[INFO] [stderr]    Compiling piper v0.2.1
[INFO] [stderr]    Compiling async-io v1.13.0
[INFO] [stderr]    Compiling waker-fn v1.1.1
[INFO] [stderr]    Compiling fastrand v1.9.0
[INFO] [stderr]    Compiling linux-raw-sys v0.3.8
[INFO] [stderr]    Compiling tracing v0.1.40
[INFO] [stderr]    Compiling event-listener-strategy v0.4.0
[INFO] [stderr]    Compiling async-lock v3.2.0
[INFO] [stderr]    Compiling async-channel v2.1.1
[INFO] [stderr]    Compiling futures-lite v1.13.0
[INFO] [stderr]    Compiling async-lock v2.8.0
[INFO] [stderr]    Compiling socket2 v0.4.10
[INFO] [stderr]    Compiling kv-log-macro v1.0.7
[INFO] [stderr]    Compiling async-channel v1.9.0
[INFO] [stderr]    Compiling wasm-bindgen-test-macro v0.3.39
[INFO] [stderr]    Compiling async-executor v1.8.0
[INFO] [stderr]    Compiling blocking v1.5.1
[INFO] [stderr]    Compiling futures-util v0.3.30
[INFO] [stderr]    Compiling wasm-bindgen-macro-support v0.2.89
[INFO] [stderr]    Compiling wasm-bindgen-macro v0.2.89
[INFO] [stderr]    Compiling wasm-bindgen v0.2.89
[INFO] [stderr]    Compiling js-sys v0.3.66
[INFO] [stderr]    Compiling console_error_panic_hook v0.1.7
[INFO] [stderr]    Compiling futures-executor v0.3.30
[INFO] [stderr]    Compiling futures v0.3.30
[INFO] [stderr]    Compiling zduny-wasm-timer v0.2.8 (/opt/rustwide/workdir)
[INFO] [stdout] warning: calls to `std::mem::drop` with a value that implements `Copy` does nothing
[INFO] [stdout]    --> src/timer.rs:583:13
[INFO] [stdout]     |
[INFO] [stdout] 583 |             drop(handle.into_usize());
[INFO] [stdout]     |             ^^^^^-------------------^
[INFO] [stdout]     |                  |
[INFO] [stdout]     |                  argument has type `usize`
[INFO] [stdout]     |
[INFO] [stdout]     = note: use `let _ = ...` to ignore the expression or result
[INFO] [stdout]     = note: `#[warn(dropping_copy_types)]` on by default
[INFO] [stdout] 
[INFO] [stdout] 
[INFO] [stdout] warning: calls to `std::mem::drop` with a value that implements `Copy` does nothing
[INFO] [stdout]   --> src/timer/global/desktop.rs:63:9
[INFO] [stdout]    |
[INFO] [stdout] 63 |         drop(timer.as_mut().poll(&mut cx));
[INFO] [stdout]    |         ^^^^^----------------------------^
[INFO] [stdout]    |              |
[INFO] [stdout]    |              argument has type `Poll<()>`
[INFO] [stdout]    |
[INFO] [stdout]    = note: use `let _ = ...` to ignore the expression or result
[INFO] [stdout] 
[INFO] [stdout] 
[INFO] [stdout] warning: 2 warnings emitted
[INFO] [stdout] 
[INFO] [stdout] 
[INFO] [stderr]    Compiling polling v3.3.1
[INFO] [stderr]    Compiling async-io v2.2.2
[INFO] [stderr]    Compiling async-global-executor v2.4.1
[INFO] [stderr]    Compiling async-std v1.12.0
[INFO] [stderr]    Compiling wasm-bindgen-futures v0.4.39
[INFO] [stderr]    Compiling wasm-bindgen-test v0.3.39
[INFO] [stdout] warning: calls to `std::mem::drop` with a value that implements `Copy` does nothing
[INFO] [stdout]    --> src/timer.rs:583:13
[INFO] [stdout]     |
[INFO] [stdout] 583 |             drop(handle.into_usize());
[INFO] [stdout]     |             ^^^^^-------------------^
[INFO] [stdout]     |                  |
[INFO] [stdout]     |                  argument has type `usize`
[INFO] [stdout]     |
[INFO] [stdout]     = note: use `let _ = ...` to ignore the expression or result
[INFO] [stdout]     = note: `#[warn(dropping_copy_types)]` on by default
[INFO] [stdout] 
[INFO] [stdout] 
[INFO] [stdout] warning: calls to `std::mem::drop` with a value that implements `Copy` does nothing
[INFO] [stdout]   --> src/timer/global/desktop.rs:63:9
[INFO] [stdout]    |
[INFO] [stdout] 63 |         drop(timer.as_mut().poll(&mut cx));
[INFO] [stdout]    |         ^^^^^----------------------------^
[INFO] [stdout]    |              |
[INFO] [stdout]    |              argument has type `Poll<()>`
[INFO] [stdout]    |
[INFO] [stdout]    = note: use `let _ = ...` to ignore the expression or result
[INFO] [stdout] 
[INFO] [stdout] 
[INFO] [stdout] warning: 2 warnings emitted
[INFO] [stdout] 
[INFO] [stdout] 
[INFO] [stderr]     Finished test [unoptimized + debuginfo] target(s) in 6.77s
[INFO] running `Command { std: "docker" "inspect" "97e13b9f474941acb7a429104ecabfd01de99f099280d4bf7d9a1cf04d9fa68f", kill_on_drop: false }`
[INFO] running `Command { std: "docker" "rm" "-f" "97e13b9f474941acb7a429104ecabfd01de99f099280d4bf7d9a1cf04d9fa68f", kill_on_drop: false }`
[INFO] [stdout] 97e13b9f474941acb7a429104ecabfd01de99f099280d4bf7d9a1cf04d9fa68f
[INFO] running `Command { std: "docker" "create" "-v" "/var/lib/crater-agent-workspace/builds/worker-0-tc2/target:/opt/rustwide/target:rw,Z" "-v" "/var/lib/crater-agent-workspace/builds/worker-0-tc2/source:/opt/rustwide/workdir:ro,Z" "-v" "/var/lib/crater-agent-workspace/cargo-home:/opt/rustwide/cargo-home:ro,Z" "-v" "/var/lib/crater-agent-workspace/rustup-home:/opt/rustwide/rustup-home:ro,Z" "-e" "SOURCE_DIR=/opt/rustwide/workdir" "-e" "CARGO_TARGET_DIR=/opt/rustwide/target" "-e" "CARGO_INCREMENTAL=0" "-e" "RUST_BACKTRACE=full" "-e" "RUSTFLAGS=--cap-lints=warn" "-e" "RUSTDOCFLAGS=--cap-lints=warn" "-e" "CARGO_HOME=/opt/rustwide/cargo-home" "-e" "RUSTUP_HOME=/opt/rustwide/rustup-home" "-w" "/opt/rustwide/workdir" "-m" "1610612736" "--user" "0:0" "--network" "none" "ghcr.io/rust-lang/crates-build-env/linux@sha256:2788e3201cd34a07e3172128adcd8b3090168a8e3bcc40d7c032b9dda1df7d1c" "/opt/rustwide/cargo-home/bin/cargo" "+beta-2023-12-22" "test" "--frozen", kill_on_drop: false }`
[INFO] [stdout] a08b22df4648cfc121b37da5e423384f1203f3bf35076755e2e8f199114bccdf
[INFO] running `Command { std: "docker" "start" "-a" "a08b22df4648cfc121b37da5e423384f1203f3bf35076755e2e8f199114bccdf", kill_on_drop: false }`
[INFO] [stderr] warning: calls to `std::mem::drop` with a value that implements `Copy` does nothing
[INFO] [stderr]    --> src/timer.rs:583:13
[INFO] [stderr]     |
[INFO] [stderr] 583 |             drop(handle.into_usize());
[INFO] [stderr]     |             ^^^^^-------------------^
[INFO] [stderr]     |                  |
[INFO] [stderr]     |                  argument has type `usize`
[INFO] [stderr]     |
[INFO] [stderr]     = note: use `let _ = ...` to ignore the expression or result
[INFO] [stderr]     = note: `#[warn(dropping_copy_types)]` on by default
[INFO] [stderr] 
[INFO] [stderr] warning: calls to `std::mem::drop` with a value that implements `Copy` does nothing
[INFO] [stderr]   --> src/timer/global/desktop.rs:63:9
[INFO] [stderr]    |
[INFO] [stderr] 63 |         drop(timer.as_mut().poll(&mut cx));
[INFO] [stderr]    |         ^^^^^----------------------------^
[INFO] [stderr]    |              |
[INFO] [stderr]    |              argument has type `Poll<()>`
[INFO] [stderr]    |
[INFO] [stderr]    = note: use `let _ = ...` to ignore the expression or result
[INFO] [stderr] 
[INFO] [stderr] warning: `zduny-wasm-timer` (lib) generated 2 warnings
[INFO] [stderr] warning: `zduny-wasm-timer` (lib test) generated 2 warnings (2 duplicates)
[INFO] [stderr]     Finished test [unoptimized + debuginfo] target(s) in 0.05s
[INFO] [stderr]      Running unittests src/lib.rs (/opt/rustwide/target/debug/deps/zduny_wasm_timer-78b30fe3a35d4a7d)
[INFO] [stdout] 
[INFO] [stdout] running 0 tests
[INFO] [stdout] 
[INFO] [stdout] test result: ok. 0 passed; 0 failed; 0 ignored; 0 measured; 0 filtered out; finished in 0.00s
[INFO] [stdout] 
[INFO] [stderr]    Doc-tests zduny-wasm-timer
[INFO] [stdout] 
[INFO] [stdout] running 1 test
[INFO] [stdout] test src/timer/ext.rs - timer::ext::TryFutureExt::timeout (line 29) - compile ... FAILED
[INFO] [stdout] 
[INFO] [stdout] failures:
[INFO] [stdout] 
[INFO] [stdout] ---- src/timer/ext.rs - timer::ext::TryFutureExt::timeout (line 29) stdout ----
[INFO] [stdout] error[E0432]: unresolved import `wasm_timer`
[INFO] [stdout]  --> src/timer/ext.rs:32:5
[INFO] [stdout]   |
[INFO] [stdout] 4 | use wasm_timer::TryFutureExt;
[INFO] [stdout]   |     ^^^^^^^^^^ use of undeclared crate or module `wasm_timer`
[INFO] [stdout] 
[INFO] [stdout] error[E0599]: no method named `timeout` found for opaque type `impl futures::TryFuture<Ok = (), Error = std::io::Error>` in the current scope
[INFO] [stdout]   --> src/timer/ext.rs:40:28
[INFO] [stdout]    |
[INFO] [stdout] 12 |     let timed_out = future.timeout(Duration::from_secs(1));
[INFO] [stdout]    |                            ^^^^^^^ method not found in `impl TryFuture<Ok = (), Error = Error>`
[INFO] [stdout]    |
[INFO] [stdout]   ::: /opt/rustwide/workdir/src/timer/ext.rs:50:8
[INFO] [stdout]    |
[INFO] [stdout] 50 |     fn timeout(self, dur: Duration) -> Timeout<Self>
[INFO] [stdout]    |        ------- the method is available for `impl futures::TryFuture<Ok = (), Error = std::io::Error>` here
[INFO] [stdout]    |
[INFO] [stdout]    = help: items from traits can only be used if the trait is in scope
[INFO] [stdout] help: the following trait is implemented but not in scope; perhaps add a `use` for it:
[INFO] [stdout]    |
[INFO] [stdout] 2  + use zduny_wasm_timer::TryFutureExt;
[INFO] [stdout]    |
[INFO] [stdout] 
[INFO] [stdout] error: aborting due to 2 previous errors
[INFO] [stdout] 
[INFO] [stdout] Some errors have detailed explanations: E0432, E0599.
[INFO] [stdout] For more information about an error, try `rustc --explain E0432`.
[INFO] [stdout] Couldn't compile the test.
[INFO] [stdout] 
[INFO] [stdout] failures:
[INFO] [stdout]     src/timer/ext.rs - timer::ext::TryFutureExt::timeout (line 29)
[INFO] [stdout] 
[INFO] [stdout] test result: FAILED. 0 passed; 1 failed; 0 ignored; 0 measured; 0 filtered out; finished in 0.07s
[INFO] [stdout] 
[INFO] [stderr] error: doctest failed, to rerun pass `--doc`
[INFO] running `Command { std: "docker" "inspect" "a08b22df4648cfc121b37da5e423384f1203f3bf35076755e2e8f199114bccdf", kill_on_drop: false }`
[INFO] running `Command { std: "docker" "rm" "-f" "a08b22df4648cfc121b37da5e423384f1203f3bf35076755e2e8f199114bccdf", kill_on_drop: false }`
[INFO] [stdout] a08b22df4648cfc121b37da5e423384f1203f3bf35076755e2e8f199114bccdf
