[INFO] fetching crate zcash_client_backend 0.10.0...
[INFO] testing zcash_client_backend-0.10.0 against 1.75.0 for beta-1.76-1
[INFO] extracting crate zcash_client_backend 0.10.0 into /workspace/builds/worker-6-tc1/source
[INFO] validating manifest of crates.io crate zcash_client_backend 0.10.0 on toolchain 1.75.0
[INFO] running `Command { std: CARGO_HOME="/workspace/cargo-home" RUSTUP_HOME="/workspace/rustup-home" "/workspace/cargo-home/bin/cargo" "+1.75.0" "metadata" "--manifest-path" "Cargo.toml" "--no-deps", kill_on_drop: false }`
[INFO] started tweaking crates.io crate zcash_client_backend 0.10.0
[INFO] finished tweaking crates.io crate zcash_client_backend 0.10.0
[INFO] tweaked toml for crates.io crate zcash_client_backend 0.10.0 written to /workspace/builds/worker-6-tc1/source/Cargo.toml
[INFO] crate crates.io crate zcash_client_backend 0.10.0 already has a lockfile, it will not be regenerated
[INFO] running `Command { std: CARGO_HOME="/workspace/cargo-home" RUSTUP_HOME="/workspace/rustup-home" "/workspace/cargo-home/bin/cargo" "+1.75.0" "fetch" "--manifest-path" "Cargo.toml", kill_on_drop: false }`
[INFO] [stderr]     Updating crates.io index
[INFO] [stderr]  Downloading crates ...
[INFO] [stderr]   Downloaded zcash_address v0.3.0
[INFO] [stderr]   Downloaded nonempty v0.7.0
[INFO] [stderr]   Downloaded maybe-rayon v0.1.1
[INFO] [stderr]   Downloaded tonic-build v0.10.1
[INFO] [stderr]   Downloaded halo2_legacy_pdqsort v0.1.0
[INFO] [stderr]   Downloaded zcash_note_encryption v0.4.0
[INFO] [stderr]   Downloaded memuse v0.2.1
[INFO] [stderr]   Downloaded jubjub v0.10.0
[INFO] [stderr]   Downloaded bellman v0.14.0
[INFO] [stderr]   Downloaded reddsa v0.5.1
[INFO] [stderr]   Downloaded orchard v0.6.0
[INFO] [stderr]   Downloaded halo2_gadgets v0.3.0
[INFO] [stderr]   Downloaded halo2_proofs v0.3.0
[INFO] [stderr]   Downloaded bip0039 v0.10.1
[INFO] [stderr]   Downloaded redjubjub v0.7.0
[INFO] [stderr]   Downloaded shardtree v0.1.0
[INFO] [stderr]   Downloaded f4jumble v0.1.0
[INFO] [stderr]   Downloaded hdwallet v0.4.1
[INFO] [stderr]   Downloaded incrementalmerkletree v0.5.0
[INFO] [stderr]   Downloaded equihash v0.2.0
[INFO] [stderr]   Downloaded zcash_encoding v0.2.0
[INFO] [stderr]   Downloaded fpe v0.6.1
[INFO] [stderr]   Downloaded zcash_proofs v0.13.0
[INFO] [stderr]   Downloaded zcash_primitives v0.13.0
[INFO] running `Command { std: "docker" "create" "-v" "/var/lib/crater-agent-workspace/builds/worker-6-tc1/target:/opt/rustwide/target:rw,Z" "-v" "/var/lib/crater-agent-workspace/builds/worker-6-tc1/source:/opt/rustwide/workdir:ro,Z" "-v" "/var/lib/crater-agent-workspace/cargo-home:/opt/rustwide/cargo-home:ro,Z" "-v" "/var/lib/crater-agent-workspace/rustup-home:/opt/rustwide/rustup-home:ro,Z" "-e" "SOURCE_DIR=/opt/rustwide/workdir" "-e" "CARGO_TARGET_DIR=/opt/rustwide/target" "-e" "CARGO_HOME=/opt/rustwide/cargo-home" "-e" "RUSTUP_HOME=/opt/rustwide/rustup-home" "-w" "/opt/rustwide/workdir" "-m" "1610612736" "--user" "0:0" "--network" "none" "ghcr.io/rust-lang/crates-build-env/linux@sha256:2788e3201cd34a07e3172128adcd8b3090168a8e3bcc40d7c032b9dda1df7d1c" "/opt/rustwide/cargo-home/bin/cargo" "+1.75.0" "metadata" "--no-deps" "--format-version=1", kill_on_drop: false }`
[INFO] [stdout] 817f41fe4b83fa290a45ad3cc1bad81ecdfec24449c34ab794b904146089dc61
[INFO] running `Command { std: "docker" "start" "-a" "817f41fe4b83fa290a45ad3cc1bad81ecdfec24449c34ab794b904146089dc61", kill_on_drop: false }`
[INFO] running `Command { std: "docker" "inspect" "817f41fe4b83fa290a45ad3cc1bad81ecdfec24449c34ab794b904146089dc61", kill_on_drop: false }`
[INFO] running `Command { std: "docker" "rm" "-f" "817f41fe4b83fa290a45ad3cc1bad81ecdfec24449c34ab794b904146089dc61", kill_on_drop: false }`
[INFO] [stdout] 817f41fe4b83fa290a45ad3cc1bad81ecdfec24449c34ab794b904146089dc61
[INFO] running `Command { std: "docker" "create" "-v" "/var/lib/crater-agent-workspace/builds/worker-6-tc1/target:/opt/rustwide/target:rw,Z" "-v" "/var/lib/crater-agent-workspace/builds/worker-6-tc1/source:/opt/rustwide/workdir:ro,Z" "-v" "/var/lib/crater-agent-workspace/cargo-home:/opt/rustwide/cargo-home:ro,Z" "-v" "/var/lib/crater-agent-workspace/rustup-home:/opt/rustwide/rustup-home:ro,Z" "-e" "SOURCE_DIR=/opt/rustwide/workdir" "-e" "CARGO_TARGET_DIR=/opt/rustwide/target" "-e" "CARGO_INCREMENTAL=0" "-e" "RUST_BACKTRACE=full" "-e" "RUSTFLAGS=--cap-lints=warn" "-e" "RUSTDOCFLAGS=--cap-lints=warn" "-e" "CARGO_HOME=/opt/rustwide/cargo-home" "-e" "RUSTUP_HOME=/opt/rustwide/rustup-home" "-w" "/opt/rustwide/workdir" "-m" "1610612736" "--user" "0:0" "--network" "none" "ghcr.io/rust-lang/crates-build-env/linux@sha256:2788e3201cd34a07e3172128adcd8b3090168a8e3bcc40d7c032b9dda1df7d1c" "/opt/rustwide/cargo-home/bin/cargo" "+1.75.0" "build" "--frozen" "--message-format=json", kill_on_drop: false }`
[INFO] [stdout] 4f0edc2c2f472e1fe3f7b39f3dce36f2e605cb146d8afa2f0ee5d0ba366eadf0
[INFO] running `Command { std: "docker" "start" "-a" "4f0edc2c2f472e1fe3f7b39f3dce36f2e605cb146d8afa2f0ee5d0ba366eadf0", kill_on_drop: false }`
[INFO] [stderr]    Compiling proc-macro2 v1.0.67
[INFO] [stderr]    Compiling subtle v2.4.1
[INFO] [stderr]    Compiling libc v0.2.148
[INFO] [stderr]    Compiling radium v0.7.0
[INFO] [stderr]    Compiling either v1.9.0
[INFO] [stderr]    Compiling nonempty v0.7.0
[INFO] [stderr]    Compiling tap v1.0.1
[INFO] [stderr]    Compiling funty v2.0.0
[INFO] [stderr]    Compiling arrayvec v0.7.4
[INFO] [stderr]    Compiling cpufeatures v0.2.9
[INFO] [stderr]    Compiling constant_time_eq v0.3.0
[INFO] [stderr]    Compiling once_cell v1.18.0
[INFO] [stderr]    Compiling arrayref v0.3.7
[INFO] [stderr]    Compiling anyhow v1.0.75
[INFO] [stderr]    Compiling crypto-common v0.1.6
[INFO] [stderr]    Compiling block-buffer v0.10.4
[INFO] [stderr]    Compiling libm v0.2.7
[INFO] [stderr]    Compiling bitflags v2.4.0
[INFO] [stderr]    Compiling wyz v0.5.1
[INFO] [stderr]    Compiling rustix v0.38.14
[INFO] [stderr]    Compiling memuse v0.2.1
[INFO] [stderr]    Compiling num-traits v0.2.16
[INFO] [stderr]    Compiling linux-raw-sys v0.4.7
[INFO] [stderr]    Compiling itertools v0.11.0
[INFO] [stderr]    Compiling digest v0.10.7
[INFO] [stderr]    Compiling blake2b_simd v1.0.2
[INFO] [stderr]    Compiling static_assertions v1.1.0
[INFO] [stderr]    Compiling crossbeam-utils v0.8.16
[INFO] [stderr]    Compiling lazy_static v1.4.0
[INFO] [stderr]    Compiling tracing-core v0.1.31
[INFO] [stderr]    Compiling memoffset v0.9.0
[INFO] [stderr]    Compiling num-integer v0.1.45
[INFO] [stderr]    Compiling crunchy v0.2.2
[INFO] [stderr]    Compiling prettyplease v0.2.15
[INFO] [stderr]    Compiling equivalent v1.0.1
[INFO] [stderr]    Compiling hashbrown v0.14.0
[INFO] [stderr]    Compiling bitvec v1.0.1
[INFO] [stderr]    Compiling bytes v1.5.0
[INFO] [stderr]    Compiling regex-syntax v0.7.5
[INFO] [stderr]    Compiling universal-hash v0.5.1
[INFO] [stderr]    Compiling crossbeam-epoch v0.9.15
[INFO] [stderr]    Compiling quote v1.0.33
[INFO] [stderr]    Compiling num-bigint v0.4.4
[INFO] [stderr]    Compiling syn v2.0.37
[INFO] [stderr]    Compiling indexmap v2.0.0
[INFO] [stderr]    Compiling thiserror v1.0.48
[INFO] [stderr]    Compiling fastrand v2.0.1
[INFO] [stderr]    Compiling fixedbitset v0.4.2
[INFO] [stderr]    Compiling hex v0.4.3
[INFO] [stderr]    Compiling serde v1.0.188
[INFO] [stderr]    Compiling home v0.5.5
[INFO] [stderr]    Compiling poly1305 v0.8.0
[INFO] [stderr]    Compiling sha2 v0.10.7
[INFO] [stderr]    Compiling aead v0.5.2
[INFO] [stderr]    Compiling maybe-rayon v0.1.1
[INFO] [stderr]    Compiling halo2_legacy_pdqsort v0.1.0
[INFO] [stderr]    Compiling multimap v0.8.3
[INFO] [stderr]    Compiling base64ct v1.0.1
[INFO] [stderr]    Compiling log v0.4.20
[INFO] [stderr]    Compiling uint v0.9.5
[INFO] [stderr]    Compiling incrementalmerkletree v0.5.0
[INFO] [stderr]    Compiling petgraph v0.6.4
[INFO] [stderr]    Compiling unicode-normalization v0.1.22
[INFO] [stderr]    Compiling f4jumble v0.1.0
[INFO] [stderr]    Compiling getrandom v0.2.10
[INFO] [stderr]    Compiling hmac v0.12.1
[INFO] [stderr]    Compiling bs58 v0.5.0
[INFO] [stderr]    Compiling zcash_encoding v0.2.0
[INFO] [stderr]    Compiling rand_core v0.6.4
[INFO] [stderr]    Compiling crossbeam-deque v0.8.3
[INFO] [stderr]    Compiling bech32 v0.9.1
[INFO] [stderr]    Compiling equihash v0.2.0
[INFO] [stderr]    Compiling blake2s_simd v1.0.2
[INFO] [stderr]    Compiling minimal-lexical v0.2.1
[INFO] [stderr]    Compiling time-core v0.1.1
[INFO] [stderr]    Compiling rand_chacha v0.3.1
[INFO] [stderr]    Compiling password-hash v0.3.2
[INFO] [stderr]    Compiling rayon-core v1.12.0
[INFO] [stderr]    Compiling regex-automata v0.3.8
[INFO] [stderr]    Compiling zcash_address v0.3.0
[INFO] [stderr]    Compiling memchr v2.6.3
[INFO] [stderr]    Compiling time v0.3.23
[INFO] [stderr]    Compiling crossbeam-channel v0.5.8
[INFO] [stderr]    Compiling rand v0.8.5
[INFO] [stderr]    Compiling tempfile v3.8.0
[INFO] [stderr]    Compiling which v4.4.2
[INFO] [stderr]    Compiling pbkdf2 v0.10.1
[INFO] [stderr]    Compiling nom v7.1.3
[INFO] [stderr]    Compiling rayon v1.8.0
[INFO] [stderr]    Compiling base64 v0.21.4
[INFO] [stderr]    Compiling percent-encoding v2.3.0
[INFO] [stderr]    Compiling ff v0.13.0
[INFO] [stderr]    Compiling group v0.13.0
[INFO] [stderr]    Compiling pairing v0.23.0
[INFO] [stderr]    Compiling pasta_curves v0.5.1
[INFO] [stderr]    Compiling bls12_381 v0.8.0
[INFO] [stderr]    Compiling regex v1.9.5
[INFO] [stderr]    Compiling jubjub v0.10.0
[INFO] [stderr]    Compiling zeroize_derive v1.4.2
[INFO] [stderr]    Compiling prost-derive v0.12.1
[INFO] [stderr]    Compiling tracing-attributes v0.1.26
[INFO] [stderr]    Compiling thiserror-impl v1.0.48
[INFO] [stderr]    Compiling serde_derive v1.0.188
[INFO] [stderr]    Compiling zeroize v1.6.0
[INFO] [stderr]    Compiling cipher v0.4.4
[INFO] [stderr]    Compiling bip0039 v0.10.1
[INFO] [stderr]    Compiling secrecy v0.8.0
[INFO] [stderr]    Compiling chacha20 v0.9.1
[INFO] [stderr]    Compiling cbc v0.1.2
[INFO] [stderr]    Compiling aes v0.8.3
[INFO] [stderr]    Compiling fpe v0.6.1
[INFO] [stderr]    Compiling chacha20poly1305 v0.10.1
[INFO] [stderr]    Compiling tracing v0.1.37
[INFO] [stderr]    Compiling zcash_note_encryption v0.4.0
[INFO] [stderr]    Compiling halo2_proofs v0.3.0
[INFO] [stderr]    Compiling shardtree v0.1.0
[INFO] [stderr]    Compiling prost v0.12.1
[INFO] [stderr]    Compiling prost-types v0.12.1
[INFO] [stderr]    Compiling prost-build v0.12.1
[INFO] [stderr]    Compiling tonic-build v0.10.1
[INFO] [stderr]    Compiling zcash_client_backend v0.10.0 (/opt/rustwide/workdir)
[INFO] [stderr]    Compiling halo2_gadgets v0.3.0
[INFO] [stderr]    Compiling reddsa v0.5.1
[INFO] [stderr]    Compiling orchard v0.6.0
[INFO] [stderr]    Compiling zcash_primitives v0.13.0
[INFO] [stderr]     Finished dev [unoptimized + debuginfo] target(s) in 16.98s
[INFO] running `Command { std: "docker" "inspect" "4f0edc2c2f472e1fe3f7b39f3dce36f2e605cb146d8afa2f0ee5d0ba366eadf0", kill_on_drop: false }`
[INFO] running `Command { std: "docker" "rm" "-f" "4f0edc2c2f472e1fe3f7b39f3dce36f2e605cb146d8afa2f0ee5d0ba366eadf0", kill_on_drop: false }`
[INFO] [stdout] 4f0edc2c2f472e1fe3f7b39f3dce36f2e605cb146d8afa2f0ee5d0ba366eadf0
[INFO] running `Command { std: "docker" "create" "-v" "/var/lib/crater-agent-workspace/builds/worker-6-tc1/target:/opt/rustwide/target:rw,Z" "-v" "/var/lib/crater-agent-workspace/builds/worker-6-tc1/source:/opt/rustwide/workdir:ro,Z" "-v" "/var/lib/crater-agent-workspace/cargo-home:/opt/rustwide/cargo-home:ro,Z" "-v" "/var/lib/crater-agent-workspace/rustup-home:/opt/rustwide/rustup-home:ro,Z" "-e" "SOURCE_DIR=/opt/rustwide/workdir" "-e" "CARGO_TARGET_DIR=/opt/rustwide/target" "-e" "CARGO_INCREMENTAL=0" "-e" "RUST_BACKTRACE=full" "-e" "RUSTFLAGS=--cap-lints=warn" "-e" "RUSTDOCFLAGS=--cap-lints=warn" "-e" "CARGO_HOME=/opt/rustwide/cargo-home" "-e" "RUSTUP_HOME=/opt/rustwide/rustup-home" "-w" "/opt/rustwide/workdir" "-m" "1610612736" "--user" "0:0" "--network" "none" "ghcr.io/rust-lang/crates-build-env/linux@sha256:2788e3201cd34a07e3172128adcd8b3090168a8e3bcc40d7c032b9dda1df7d1c" "/opt/rustwide/cargo-home/bin/cargo" "+1.75.0" "test" "--frozen" "--no-run" "--message-format=json", kill_on_drop: false }`
[INFO] [stdout] 2ed465f6903735afbfab18a917306a1c10a9beaa69235cb679eee9169f4411b9
[INFO] running `Command { std: "docker" "start" "-a" "2ed465f6903735afbfab18a917306a1c10a9beaa69235cb679eee9169f4411b9", kill_on_drop: false }`
[INFO] [stderr]    Compiling rustix v0.38.14
[INFO] [stderr]    Compiling linux-raw-sys v0.4.7
[INFO] [stderr]    Compiling fastrand v2.0.1
[INFO] [stderr]    Compiling syn v1.0.109
[INFO] [stderr]    Compiling wait-timeout v0.2.0
[INFO] [stderr]    Compiling bit-vec v0.6.3
[INFO] [stderr]    Compiling redjubjub v0.7.0
[INFO] [stderr]    Compiling bellman v0.14.0
[INFO] [stderr]    Compiling rand_xorshift v0.3.0
[INFO] [stderr]    Compiling regex-syntax v0.6.29
[INFO] [stderr]    Compiling unarray v0.1.4
[INFO] [stderr]    Compiling assert_matches v1.5.0
[INFO] [stderr]    Compiling bit-set v0.5.3
[INFO] [stderr]    Compiling zcash_proofs v0.13.0
[INFO] [stderr]    Compiling tempfile v3.8.0
[INFO] [stderr]    Compiling which v4.4.2
[INFO] [stderr]    Compiling prost-build v0.12.1
[INFO] [stderr]    Compiling rusty-fork v0.3.0
[INFO] [stderr]    Compiling gumdrop_derive v0.8.1
[INFO] [stderr]    Compiling proptest v1.2.0
[INFO] [stderr]    Compiling tonic-build v0.10.1
[INFO] [stderr]    Compiling gumdrop v0.8.1
[INFO] [stderr]    Compiling zcash_client_backend v0.10.0 (/opt/rustwide/workdir)
[INFO] [stderr]     Finished test [unoptimized + debuginfo] target(s) in 9.73s
[INFO] running `Command { std: "docker" "inspect" "2ed465f6903735afbfab18a917306a1c10a9beaa69235cb679eee9169f4411b9", kill_on_drop: false }`
[INFO] running `Command { std: "docker" "rm" "-f" "2ed465f6903735afbfab18a917306a1c10a9beaa69235cb679eee9169f4411b9", kill_on_drop: false }`
[INFO] [stdout] 2ed465f6903735afbfab18a917306a1c10a9beaa69235cb679eee9169f4411b9
[INFO] running `Command { std: "docker" "create" "-v" "/var/lib/crater-agent-workspace/builds/worker-6-tc1/target:/opt/rustwide/target:rw,Z" "-v" "/var/lib/crater-agent-workspace/builds/worker-6-tc1/source:/opt/rustwide/workdir:ro,Z" "-v" "/var/lib/crater-agent-workspace/cargo-home:/opt/rustwide/cargo-home:ro,Z" "-v" "/var/lib/crater-agent-workspace/rustup-home:/opt/rustwide/rustup-home:ro,Z" "-e" "SOURCE_DIR=/opt/rustwide/workdir" "-e" "CARGO_TARGET_DIR=/opt/rustwide/target" "-e" "CARGO_INCREMENTAL=0" "-e" "RUST_BACKTRACE=full" "-e" "RUSTFLAGS=--cap-lints=warn" "-e" "RUSTDOCFLAGS=--cap-lints=warn" "-e" "CARGO_HOME=/opt/rustwide/cargo-home" "-e" "RUSTUP_HOME=/opt/rustwide/rustup-home" "-w" "/opt/rustwide/workdir" "-m" "1610612736" "--user" "0:0" "--network" "none" "ghcr.io/rust-lang/crates-build-env/linux@sha256:2788e3201cd34a07e3172128adcd8b3090168a8e3bcc40d7c032b9dda1df7d1c" "/opt/rustwide/cargo-home/bin/cargo" "+1.75.0" "test" "--frozen", kill_on_drop: false }`
[INFO] [stdout] b8b91224c25e70402d987de519893d3ac1be220609d56d5798b3733a32f5f480
[INFO] running `Command { std: "docker" "start" "-a" "b8b91224c25e70402d987de519893d3ac1be220609d56d5798b3733a32f5f480", kill_on_drop: false }`
[INFO] [stderr]     Finished test [unoptimized + debuginfo] target(s) in 0.17s
[INFO] [stderr]      Running unittests src/lib.rs (/opt/rustwide/target/debug/deps/zcash_client_backend-d2043fad5952003d)
[INFO] [stdout] 
[INFO] [stdout] running 28 tests
[INFO] [stdout] test data_api::scanning::tests::split_at ... ok
[INFO] [stdout] test data_api::scanning::tests::truncate_end ... ok
[INFO] [stdout] test data_api::scanning::tests::truncate_start ... ok
[INFO] [stdout] test fees::fixed::tests::change_without_dust ... ok
[INFO] [stdout] test encoding::tests::extended_spending_key ... ok
[INFO] [stdout] test fees::fixed::tests::dust_change ... ok
[INFO] [stdout] test fees::zip317::tests::change_with_allowable_dust ... ok
[INFO] [stdout] test fees::zip317::tests::change_with_transparent_payments ... ok
[INFO] [stdout] test fees::zip317::tests::change_with_disallowed_dust ... ok
[INFO] [stdout] test encoding::tests::invalid_diversifier ... ok
[INFO] [stdout] test fees::zip317::tests::change_without_dust ... ok
[INFO] [stdout] test zip321::tests::test_zip321_parse_empty_message ... ok
[INFO] [stdout] test zip321::tests::test_zip321_roundtrip_simple_amounts ... ok
[INFO] [stdout] test zip321::tests::test_zip321_parse_simple ... ok
[INFO] [stdout] test zip321::tests::test_zip321_parse_no_query_params ... ok
[INFO] [stdout] test encoding::tests::extended_full_viewing_key ... ok
[INFO] [stdout] test zip321::tests::test_zip321_memos ... ok
[INFO] [stdout] test encoding::tests::payment_address ... ok
[INFO] [stdout] test zip321::tests::test_zip321_roundtrip_empty_message ... ok
[INFO] [stdout] test zip321::tests::test_zip321_spec_valid_examples ... ok
[INFO] [stdout] test zip321::tests::test_zip321_spec_invalid_examples ... ok
[INFO] [stdout] test keys::tests::spending_key_panics_on_short_seed - should panic ... ok
[INFO] [stdout] test address::tests::ua_parsing ... ok
[INFO] [stdout] test keys::tests::ufvk_round_trip ... ok
[INFO] [stdout] test address::tests::ua_round_trip ... ok
[INFO] [stdout] test scanning::tests::scan_block_with_my_spend ... ok
[INFO] [stdout] test scanning::tests::scan_block_with_txs_after_my_tx ... ok
[INFO] [stdout] test scanning::tests::scan_block_with_my_tx ... ok
[INFO] [stdout] 
[INFO] [stdout] test result: ok. 28 passed; 0 failed; 0 ignored; 0 measured; 0 filtered out; finished in 0.41s
[INFO] [stdout] 
[INFO] [stderr]    Doc-tests zcash_client_backend
[INFO] [stdout] 
[INFO] [stdout] running 9 tests
[INFO] [stdout] test src/data_api/wallet.rs - data_api::wallet::create_spend_to_address (line 127) ... ok
[INFO] [stdout] test src/data_api/chain.rs - data_api::chain (line 6) ... ok
[INFO] [stdout] test src/encoding.rs - encoding::encode_payment_address (line 242) ... FAILED
[INFO] [stdout] test src/encoding.rs - encoding::encode_extended_spending_key (line 176) ... ok
[INFO] [stdout] test src/encoding.rs - encoding::decode_payment_address (line 286) ... ok
[INFO] [stdout] test src/encoding.rs - encoding::encode_transparent_address (line 332) ... ok
[INFO] [stdout] test src/encoding.rs - encoding::encode_extended_full_viewing_key (line 208) ... ok
[INFO] [stdout] test src/encoding.rs - encoding::decode_transparent_address (line 400) ... ok
[INFO] [stdout] test src/keys.rs - keys::sapling::spending_key (line 45) ... ok
[INFO] [stdout] 
[INFO] [stdout] failures:
[INFO] [stdout] 
[INFO] [stdout] ---- src/encoding.rs - encoding::encode_payment_address (line 242) stdout ----
[INFO] [stdout] error: linking with `cc` failed: exit status: 1
[INFO] [stdout]   |
[INFO] [stdout]   = note: LC_ALL="C" PATH="/opt/rustwide/rustup-home/toolchains/1.75.0-x86_64-unknown-linux-gnu/lib/rustlib/x86_64-unknown-linux-gnu/bin:/opt/rustwide/cargo-home/bin:/usr/local/sbin:/usr/local/bin:/usr/sbin:/usr/bin:/sbin:/bin" VSLANG="1033" "cc" "-m64" "/tmp/rustcspmWGG/symbols.o" "/tmp/rustdoctestH0XFbP/rust_out.rust_out.263fb70ac1c95110-cgu.0.rcgu.o" "/tmp/rustdoctestH0XFbP/rust_out.2uel00cfmdh5ufit.rcgu.o" "-Wl,--as-needed" "-L" "/opt/rustwide/target/debug/deps" "-L" "/opt/rustwide/target/debug/deps" "-L" "/opt/rustwide/rustup-home/toolchains/1.75.0-x86_64-unknown-linux-gnu/lib/rustlib/x86_64-unknown-linux-gnu/lib" "-Wl,-Bstatic" "/opt/rustwide/target/debug/deps/libzcash_client_backend-2bc0d0744cffdb5a.rlib" "/opt/rustwide/target/debug/deps/librayon-25395b100df50dd0.rlib" "/opt/rustwide/target/debug/deps/librayon_core-5681fcc877879a3b.rlib" "/opt/rustwide/target/debug/deps/libcrossbeam_deque-3c30e5c2dd729e94.rlib" "/opt/rustwide/target/debug/deps/libcrossbeam_epoch-198626cf7ff8295f.rlib" "/opt/rustwide/target/debug/deps/libmemoffset-77b9fc6eaa51883f.rlib" "/opt/rustwide/target/debug/deps/libscopeguard-012e5ed929fc2fe6.rlib" "/opt/rustwide/target/debug/deps/libtime-bd37e98ad314874b.rlib" "/opt/rustwide/target/debug/deps/libtime_core-8975f5c3c8091bbd.rlib" "/opt/rustwide/target/debug/deps/libprost-e2ee4b63b6b067e2.rlib" "/opt/rustwide/target/debug/deps/libbytes-0304e5ce84a023bb.rlib" "/opt/rustwide/target/debug/deps/libpercent_encoding-5d42724fd4d173a7.rlib" "/opt/rustwide/target/debug/deps/libnom-97dc8858cf2369d1.rlib" "/opt/rustwide/target/debug/deps/libmemchr-f304f79913d406cc.rlib" "/opt/rustwide/target/debug/deps/libbase64-3052c0bc8cc540c1.rlib" "/opt/rustwide/target/debug/deps/libcrossbeam_channel-2239c0b69ce2d6a7.rlib" "/opt/rustwide/target/debug/deps/libcrossbeam_utils-c927984e5b3dbee5.rlib" "/opt/rustwide/target/debug/deps/libshardtree-05db7caf300b0a8b.rlib" "/opt/rustwide/target/debug/deps/libbitflags-78da337a9db99d1b.rlib" "/opt/rustwide/target/debug/deps/libsecrecy-3143aa097118b43a.rlib" "/opt/rustwide/target/debug/deps/libzcash_primitives-e2db8539cd7d9c29.rlib" "/opt/rustwide/target/debug/deps/libbip0039-f4ddbdb9e601e8e7.rlib" "/opt/rustwide/target/debug/deps/libpbkdf2-6146af9e06e26668.rlib" "/opt/rustwide/target/debug/deps/libunicode_normalization-e04a0b39935fba30.rlib" "/opt/rustwide/target/debug/deps/libtinyvec-cf6c9f6b792a5507.rlib" "/opt/rustwide/target/debug/deps/libtinyvec_macros-b1cb7f53f58c9f87.rlib" "/opt/rustwide/target/debug/deps/libhmac-9cc3286246f64604.rlib" "/opt/rustwide/target/debug/deps/libblake2s_simd-0c802c3ad91db7eb.rlib" "/opt/rustwide/target/debug/deps/liborchard-d7b4699387616694.rlib" "/opt/rustwide/target/debug/deps/libreddsa-14fe9603fd0c48c5.rlib" "/opt/rustwide/target/debug/deps/libserde-e3feaa1468179a82.rlib" "/opt/rustwide/target/debug/deps/libfpe-204f4645dc6771e8.rlib" "/opt/rustwide/target/debug/deps/libcbc-2f3f5b28edf0ef23.rlib" "/opt/rustwide/target/debug/deps/liblibm-df9e3968982325c8.rlib" "/opt/rustwide/target/debug/deps/libnum_bigint-563324ca4bcfd7b1.rlib" "/opt/rustwide/target/debug/deps/libnum_integer-777f11096977182a.rlib" "/opt/rustwide/target/debug/deps/libnum_traits-fc7d17d09681a685.rlib" "/opt/rustwide/target/debug/deps/libaes-e68e20737f2c4180.rlib" "/opt/rustwide/target/debug/deps/libhalo2_gadgets-12d119fc6dbd91ac.rlib" "/opt/rustwide/target/debug/deps/libuint-a6e769e7d9d8facd.rlib" "/opt/rustwide/target/debug/deps/libcrunchy-7a6491f0efc6bcd3.rlib" "/opt/rustwide/target/debug/deps/libhex-05644b5497b79c5b.rlib" "/opt/rustwide/target/debug/deps/libzcash_note_encryption-203abd967d3bb57b.rlib" "/opt/rustwide/target/debug/deps/libchacha20poly1305-14f8f7369485b635.rlib" "/opt/rustwide/target/debug/deps/libpoly1305-925615fd9586374e.rlib" "/opt/rustwide/target/debug/deps/libopaque_debug-15273823c1ba1453.rlib" "/opt/rustwide/target/debug/deps/libuniversal_hash-08178294b386f412.rlib" "/opt/rustwide/target/debug/deps/libaead-7692ba0c887e483f.rlib" "/opt/rustwide/target/debug/deps/libchacha20-c034659d9d0de2e5.rlib" "/opt/rustwide/target/debug/deps/libcipher-2acb1edd52d258a4.rlib" "/opt/rustwide/target/debug/deps/libzeroize-3ade7eb86a67fe8a.rlib" "/opt/rustwide/target/debug/deps/libinout-8dfcf9c599087c3f.rlib" "/opt/rustwide/target/debug/deps/libhalo2_proofs-68b7e4f2d7ce435b.rlib" "/opt/rustwide/target/debug/deps/libhalo2_legacy_pdqsort-cab0aa42001a246f.rlib" "/opt/rustwide/target/debug/deps/libtracing-d0f1ef2142053f28.rlib" "/opt/rustwide/target/debug/deps/libpin_project_lite-e0757e0deaa2f8a0.rlib" "/opt/rustwide/target/debug/deps/libtracing_core-a938e53938d01308.rlib" "/opt/rustwide/target/debug/deps/libonce_cell-865e1c5018a0303a.rlib" "/opt/rustwide/target/debug/deps/libmaybe_rayon-676a80b409628210.rlib" "/opt/rustwide/target/debug/deps/libpasta_curves-ffc04ff665d78187.rlib" "/opt/rustwide/target/debug/deps/libstatic_assertions-06b6572b5d394a0a.rlib" "/opt/rustwide/target/debug/deps/librand-17205bbc62aed508.rlib" "/opt/rustwide/target/debug/deps/librand_chacha-37f4fc9c4878d463.rlib" "/opt/rustwide/target/debug/deps/libppv_lite86-9f808eb911999ef2.rlib" "/opt/rustwide/target/debug/deps/libincrementalmerkletree-74e859e2c4d8ffea.rlib" "/opt/rustwide/target/debug/deps/libeither-ff4e6ab7d60eb8c1.rlib" "/opt/rustwide/target/debug/deps/liblazy_static-60e62d7dacb95196.rlib" "/opt/rustwide/target/debug/deps/libspin-c4098cd951aef6c9.rlib" "/opt/rustwide/target/debug/deps/libjubjub-6986b5e2577eab84.rlib" "/opt/rustwide/target/debug/deps/libbls12_381-7d07edbaa1e7ba88.rlib" "/opt/rustwide/target/debug/deps/libpairing-bbc5674e62abdc53.rlib" "/opt/rustwide/target/debug/deps/libgroup-ad48a080570d056e.rlib" "/opt/rustwide/target/debug/deps/libff-0b86070f5caec247.rlib" "/opt/rustwide/target/debug/deps/librand_core-1bb03d284c7ed62d.rlib" "/opt/rustwide/target/debug/deps/libgetrandom-9b288811e1d6c264.rlib" "/opt/rustwide/target/debug/deps/liblibc-3d4717d97635189d.rlib" "/opt/rustwide/target/debug/deps/libbitvec-0d493410bbb2a207.rlib" "/opt/rustwide/target/debug/deps/libwyz-3ab1106e6ae81bcb.rlib" "/opt/rustwide/target/debug/deps/libtap-2cc3bcce42dac99c.rlib" "/opt/rustwide/target/debug/deps/libradium-ebe0fb313fa4c01d.rlib" "/opt/rustwide/target/debug/deps/libfunty-b14902e4c1957add.rlib" "/opt/rustwide/target/debug/deps/libequihash-bd563cd16d4046e6.rlib" "/opt/rustwide/target/debug/deps/libmemuse-d8c80644548afcae.rlib" "/opt/rustwide/target/debug/deps/libzcash_address-d1f63bbe876478b6.rlib" "/opt/rustwide/target/debug/deps/libf4jumble-24ffe5f08e082143.rlib" "/opt/rustwide/target/debug/deps/libblake2b_simd-69182dee1ca63097.rlib" "/opt/rustwide/target/debug/deps/libconstant_time_eq-b6e87da617afe72d.rlib" "/opt/rustwide/target/debug/deps/libarrayvec-669b0f38bb416ba4.rlib" "/opt/rustwide/target/debug/deps/libarrayref-50afdd1ea8722a59.rlib" "/opt/rustwide/target/debug/deps/libbs58-76e30c0d564f287f.rlib" "/opt/rustwide/target/debug/deps/libsha2-9134ffb9938d12b3.rlib" "/opt/rustwide/target/debug/deps/libcpufeatures-2267b67a5a791194.rlib" "/opt/rustwide/target/debug/deps/libcfg_if-61dc7a6799e72b18.rlib" "/opt/rustwide/target/debug/deps/libdigest-eabc6498a84aa092.rlib" "/opt/rustwide/target/debug/deps/libsubtle-94487541d742eeea.rlib" "/opt/rustwide/target/debug/deps/libblock_buffer-7e9270fb9b7ff635.rlib" "/opt/rustwide/target/debug/deps/libcrypto_common-145014adf1649651.rlib" "/opt/rustwide/target/debug/deps/libgeneric_array-18b3188a0c567140.rlib" "/opt/rustwide/target/debug/deps/libtypenum-da95465dc70d2c95.rlib" "/opt/rustwide/target/debug/deps/libzcash_encoding-4bc417311a66fdd9.rlib" "/opt/rustwide/target/debug/deps/libnonempty-4023f12551cfa619.rlib" "/opt/rustwide/target/debug/deps/libbyteorder-b7588b59c1d17615.rlib" "/opt/rustwide/target/debug/deps/libbech32-516f765430a06e4b.rlib" "/opt/rustwide/rustup-home/toolchains/1.75.0-x86_64-unknown-linux-gnu/lib/rustlib/x86_64-unknown-linux-gnu/lib/libstd-90f6ddbf82de36ec.rlib" "/opt/rustwide/rustup-home/toolchains/1.75.0-x86_64-unknown-linux-gnu/lib/rustlib/x86_64-unknown-linux-gnu/lib/libpanic_unwind-480c41e9d4e1f677.rlib" "/opt/rustwide/rustup-home/toolchains/1.75.0-x86_64-unknown-linux-gnu/lib/rustlib/x86_64-unknown-linux-gnu/lib/libobject-db744c0ca03eed1d.rlib" "/opt/rustwide/rustup-home/toolchains/1.75.0-x86_64-unknown-linux-gnu/lib/rustlib/x86_64-unknown-linux-gnu/lib/libmemchr-8ba652dc7d4b285a.rlib" "/opt/rustwide/rustup-home/toolchains/1.75.0-x86_64-unknown-linux-gnu/lib/rustlib/x86_64-unknown-linux-gnu/lib/libaddr2line-d5f4520a9ebc0d58.rlib" "/opt/rustwide/rustup-home/toolchains/1.75.0-x86_64-unknown-linux-gnu/lib/rustlib/x86_64-unknown-linux-gnu/lib/libgimli-4ad84de58f0cb463.rlib" "/opt/rustwide/rustup-home/toolchains/1.75.0-x86_64-unknown-linux-gnu/lib/rustlib/x86_64-unknown-linux-gnu/lib/librustc_demangle-0d10aae2e0f38735.rlib" "/opt/rustwide/rustup-home/toolchains/1.75.0-x86_64-unknown-linux-gnu/lib/rustlib/x86_64-unknown-linux-gnu/lib/libstd_detect-0c17cff739e6745b.rlib" "/opt/rustwide/rustup-home/toolchains/1.75.0-x86_64-unknown-linux-gnu/lib/rustlib/x86_64-unknown-linux-gnu/lib/libhashbrown-b29e17139dde1aa8.rlib" "/opt/rustwide/rustup-home/toolchains/1.75.0-x86_64-unknown-linux-gnu/lib/rustlib/x86_64-unknown-linux-gnu/lib/librustc_std_workspace_alloc-1f975299829cc7bd.rlib" "/opt/rustwide/rustup-home/toolchains/1.75.0-x86_64-unknown-linux-gnu/lib/rustlib/x86_64-unknown-linux-gnu/lib/libminiz_oxide-86bae3bc3079f89b.rlib" "/opt/rustwide/rustup-home/toolchains/1.75.0-x86_64-unknown-linux-gnu/lib/rustlib/x86_64-unknown-linux-gnu/lib/libadler-321b82c30dffdf5f.rlib" "/opt/rustwide/rustup-home/toolchains/1.75.0-x86_64-unknown-linux-gnu/lib/rustlib/x86_64-unknown-linux-gnu/lib/libunwind-3dd8a6810a0bdfef.rlib" "/opt/rustwide/rustup-home/toolchains/1.75.0-x86_64-unknown-linux-gnu/lib/rustlib/x86_64-unknown-linux-gnu/lib/libcfg_if-eb39a61c0c879984.rlib" "/opt/rustwide/rustup-home/toolchains/1.75.0-x86_64-unknown-linux-gnu/lib/rustlib/x86_64-unknown-linux-gnu/lib/liblibc-aa769569f91c3548.rlib" "/opt/rustwide/rustup-home/toolchains/1.75.0-x86_64-unknown-linux-gnu/lib/rustlib/x86_64-unknown-linux-gnu/lib/liballoc-510a192a50a983ed.rlib" "/opt/rustwide/rustup-home/toolchains/1.75.0-x86_64-unknown-linux-gnu/lib/rustlib/x86_64-unknown-linux-gnu/lib/librustc_std_workspace_core-0577018320f99037.rlib" "/opt/rustwide/rustup-home/toolchains/1.75.0-x86_64-unknown-linux-gnu/lib/rustlib/x86_64-unknown-linux-gnu/lib/libcore-193cf992125ccd4c.rlib" "/opt/rustwide/rustup-home/toolchains/1.75.0-x86_64-unknown-linux-gnu/lib/rustlib/x86_64-unknown-linux-gnu/lib/libcompiler_builtins-8e138eaf26ebb4a8.rlib" "-Wl,-Bdynamic" "-lgcc_s" "-lutil" "-lrt" "-lpthread" "-lm" "-ldl" "-lc" "-Wl,--eh-frame-hdr" "-Wl,-z,noexecstack" "-L" "/opt/rustwide/rustup-home/toolchains/1.75.0-x86_64-unknown-linux-gnu/lib/rustlib/x86_64-unknown-linux-gnu/lib" "-o" "/tmp/rustdoctestH0XFbP/rust_out" "-Wl,--gc-sections" "-pie" "-Wl,-z,relro,-z,now" "-nodefaultlibs"
[INFO] [stdout]   = note: collect2: fatal error: ld terminated with signal 9 [Killed]
[INFO] [stdout]           compilation terminated.
[INFO] [stdout]           
[INFO] [stdout] 
[INFO] [stdout] error: aborting due to previous error
[INFO] [stdout] 
[INFO] [stdout] Couldn't compile the test.
[INFO] [stdout] 
[INFO] [stdout] failures:
[INFO] [stdout]     src/encoding.rs - encoding::encode_payment_address (line 242)
[INFO] [stdout] 
[INFO] [stdout] test result: FAILED. 8 passed; 1 failed; 0 ignored; 0 measured; 0 filtered out; finished in 6.59s
[INFO] [stdout] 
[INFO] [stderr] error: doctest failed, to rerun pass `--doc`
[INFO] running `Command { std: "docker" "inspect" "b8b91224c25e70402d987de519893d3ac1be220609d56d5798b3733a32f5f480", kill_on_drop: false }`
[INFO] running `Command { std: "docker" "rm" "-f" "b8b91224c25e70402d987de519893d3ac1be220609d56d5798b3733a32f5f480", kill_on_drop: false }`
[INFO] [stdout] b8b91224c25e70402d987de519893d3ac1be220609d56d5798b3733a32f5f480
[INFO] testing zcash_client_backend-0.10.0 against beta-2023-12-22 for beta-1.76-1
[INFO] extracting crate zcash_client_backend 0.10.0 into /workspace/builds/worker-6-tc2/source
[INFO] validating manifest of crates.io crate zcash_client_backend 0.10.0 on toolchain beta-2023-12-22
[INFO] running `Command { std: CARGO_HOME="/workspace/cargo-home" RUSTUP_HOME="/workspace/rustup-home" "/workspace/cargo-home/bin/cargo" "+beta-2023-12-22" "metadata" "--manifest-path" "Cargo.toml" "--no-deps", kill_on_drop: false }`
[INFO] started tweaking crates.io crate zcash_client_backend 0.10.0
[INFO] finished tweaking crates.io crate zcash_client_backend 0.10.0
[INFO] tweaked toml for crates.io crate zcash_client_backend 0.10.0 written to /workspace/builds/worker-6-tc2/source/Cargo.toml
[INFO] crate crates.io crate zcash_client_backend 0.10.0 already has a lockfile, it will not be regenerated
[INFO] running `Command { std: CARGO_HOME="/workspace/cargo-home" RUSTUP_HOME="/workspace/rustup-home" "/workspace/cargo-home/bin/cargo" "+beta-2023-12-22" "fetch" "--manifest-path" "Cargo.toml", kill_on_drop: false }`
[INFO] running `Command { std: "docker" "create" "-v" "/var/lib/crater-agent-workspace/builds/worker-6-tc2/target:/opt/rustwide/target:rw,Z" "-v" "/var/lib/crater-agent-workspace/builds/worker-6-tc2/source:/opt/rustwide/workdir:ro,Z" "-v" "/var/lib/crater-agent-workspace/cargo-home:/opt/rustwide/cargo-home:ro,Z" "-v" "/var/lib/crater-agent-workspace/rustup-home:/opt/rustwide/rustup-home:ro,Z" "-e" "SOURCE_DIR=/opt/rustwide/workdir" "-e" "CARGO_TARGET_DIR=/opt/rustwide/target" "-e" "CARGO_HOME=/opt/rustwide/cargo-home" "-e" "RUSTUP_HOME=/opt/rustwide/rustup-home" "-w" "/opt/rustwide/workdir" "-m" "1610612736" "--user" "0:0" "--network" "none" "ghcr.io/rust-lang/crates-build-env/linux@sha256:2788e3201cd34a07e3172128adcd8b3090168a8e3bcc40d7c032b9dda1df7d1c" "/opt/rustwide/cargo-home/bin/cargo" "+beta-2023-12-22" "metadata" "--no-deps" "--format-version=1", kill_on_drop: false }`
[INFO] [stdout] 4792df98840ef14e0e804725df2750795b11d738fe908ce06eab0e4531f518bb
[INFO] running `Command { std: "docker" "start" "-a" "4792df98840ef14e0e804725df2750795b11d738fe908ce06eab0e4531f518bb", kill_on_drop: false }`
[INFO] running `Command { std: "docker" "inspect" "4792df98840ef14e0e804725df2750795b11d738fe908ce06eab0e4531f518bb", kill_on_drop: false }`
[INFO] running `Command { std: "docker" "rm" "-f" "4792df98840ef14e0e804725df2750795b11d738fe908ce06eab0e4531f518bb", kill_on_drop: false }`
[INFO] [stdout] 4792df98840ef14e0e804725df2750795b11d738fe908ce06eab0e4531f518bb
[INFO] running `Command { std: "docker" "create" "-v" "/var/lib/crater-agent-workspace/builds/worker-6-tc2/target:/opt/rustwide/target:rw,Z" "-v" "/var/lib/crater-agent-workspace/builds/worker-6-tc2/source:/opt/rustwide/workdir:ro,Z" "-v" "/var/lib/crater-agent-workspace/cargo-home:/opt/rustwide/cargo-home:ro,Z" "-v" "/var/lib/crater-agent-workspace/rustup-home:/opt/rustwide/rustup-home:ro,Z" "-e" "SOURCE_DIR=/opt/rustwide/workdir" "-e" "CARGO_TARGET_DIR=/opt/rustwide/target" "-e" "CARGO_INCREMENTAL=0" "-e" "RUST_BACKTRACE=full" "-e" "RUSTFLAGS=--cap-lints=warn" "-e" "RUSTDOCFLAGS=--cap-lints=warn" "-e" "CARGO_HOME=/opt/rustwide/cargo-home" "-e" "RUSTUP_HOME=/opt/rustwide/rustup-home" "-w" "/opt/rustwide/workdir" "-m" "1610612736" "--user" "0:0" "--network" "none" "ghcr.io/rust-lang/crates-build-env/linux@sha256:2788e3201cd34a07e3172128adcd8b3090168a8e3bcc40d7c032b9dda1df7d1c" "/opt/rustwide/cargo-home/bin/cargo" "+beta-2023-12-22" "build" "--frozen" "--message-format=json", kill_on_drop: false }`
[INFO] [stdout] 52496926092d9e2b17db0e3e5ad9d5d7c31b25e382794197b16ddf479d73e591
[INFO] running `Command { std: "docker" "start" "-a" "52496926092d9e2b17db0e3e5ad9d5d7c31b25e382794197b16ddf479d73e591", kill_on_drop: false }`
[INFO] [stderr]    Compiling proc-macro2 v1.0.67
[INFO] [stderr]    Compiling subtle v2.4.1
[INFO] [stderr]    Compiling libc v0.2.148
[INFO] [stderr]    Compiling radium v0.7.0
[INFO] [stderr]    Compiling either v1.9.0
[INFO] [stderr]    Compiling tap v1.0.1
[INFO] [stderr]    Compiling nonempty v0.7.0
[INFO] [stderr]    Compiling funty v2.0.0
[INFO] [stderr]    Compiling arrayref v0.3.7
[INFO] [stderr]    Compiling cpufeatures v0.2.9
[INFO] [stderr]    Compiling arrayvec v0.7.4
[INFO] [stderr]    Compiling constant_time_eq v0.3.0
[INFO] [stderr]    Compiling once_cell v1.18.0
[INFO] [stderr]    Compiling anyhow v1.0.75
[INFO] [stderr]    Compiling crypto-common v0.1.6
[INFO] [stderr]    Compiling block-buffer v0.10.4
[INFO] [stderr]    Compiling rustix v0.38.14
[INFO] [stderr]    Compiling bitflags v2.4.0
[INFO] [stderr]    Compiling wyz v0.5.1
[INFO] [stderr]    Compiling libm v0.2.7
[INFO] [stderr]    Compiling itertools v0.11.0
[INFO] [stderr]    Compiling digest v0.10.7
[INFO] [stderr]    Compiling num-traits v0.2.16
[INFO] [stderr]    Compiling memuse v0.2.1
[INFO] [stderr]    Compiling blake2b_simd v1.0.2
[INFO] [stderr]    Compiling crossbeam-utils v0.8.16
[INFO] [stderr]    Compiling static_assertions v1.1.0
[INFO] [stderr]    Compiling linux-raw-sys v0.4.7
[INFO] [stderr]    Compiling lazy_static v1.4.0
[INFO] [stderr]    Compiling tracing-core v0.1.31
[INFO] [stderr]    Compiling memoffset v0.9.0
[INFO] [stderr]    Compiling num-integer v0.1.45
[INFO] [stderr]    Compiling bytes v1.5.0
[INFO] [stderr]    Compiling prettyplease v0.2.15
[INFO] [stderr]    Compiling regex-syntax v0.7.5
[INFO] [stderr]    Compiling bitvec v1.0.1
[INFO] [stderr]    Compiling hashbrown v0.14.0
[INFO] [stderr]    Compiling quote v1.0.33
[INFO] [stderr]    Compiling equivalent v1.0.1
[INFO] [stderr]    Compiling crunchy v0.2.2
[INFO] [stderr]    Compiling syn v2.0.37
[INFO] [stderr]    Compiling universal-hash v0.5.1
[INFO] [stderr]    Compiling crossbeam-epoch v0.9.15
[INFO] [stderr]    Compiling num-bigint v0.4.4
[INFO] [stderr]    Compiling thiserror v1.0.48
[INFO] [stderr]    Compiling serde v1.0.188
[INFO] [stderr]    Compiling fixedbitset v0.4.2
[INFO] [stderr]    Compiling indexmap v2.0.0
[INFO] [stderr]    Compiling fastrand v2.0.1
[INFO] [stderr]    Compiling hex v0.4.3
[INFO] [stderr]    Compiling home v0.5.5
[INFO] [stderr]    Compiling poly1305 v0.8.0
[INFO] [stderr]    Compiling sha2 v0.10.7
[INFO] [stderr]    Compiling aead v0.5.2
[INFO] [stderr]    Compiling maybe-rayon v0.1.1
[INFO] [stderr]    Compiling multimap v0.8.3
[INFO] [stderr]    Compiling halo2_legacy_pdqsort v0.1.0
[INFO] [stderr]    Compiling base64ct v1.0.1
[INFO] [stderr]    Compiling log v0.4.20
[INFO] [stderr]    Compiling getrandom v0.2.10
[INFO] [stderr]    Compiling uint v0.9.5
[INFO] [stderr]    Compiling incrementalmerkletree v0.5.0
[INFO] [stderr]    Compiling rand_core v0.6.4
[INFO] [stderr]    Compiling unicode-normalization v0.1.22
[INFO] [stderr]    Compiling petgraph v0.6.4
[INFO] [stderr]    Compiling bs58 v0.5.0
[INFO] [stderr]    Compiling f4jumble v0.1.0
[INFO] [stderr]    Compiling crossbeam-deque v0.8.3
[INFO] [stderr]    Compiling hmac v0.12.1
[INFO] [stderr]    Compiling rand_chacha v0.3.1
[INFO] [stderr]    Compiling regex-automata v0.3.8
[INFO] [stderr]    Compiling password-hash v0.3.2
[INFO] [stderr]    Compiling zcash_encoding v0.2.0
[INFO] [stderr]    Compiling bech32 v0.9.1
[INFO] [stderr]    Compiling rayon-core v1.12.0
[INFO] [stderr]    Compiling equihash v0.2.0
[INFO] [stderr]    Compiling blake2s_simd v1.0.2
[INFO] [stderr]    Compiling time-core v0.1.1
[INFO] [stderr]    Compiling minimal-lexical v0.2.1
[INFO] [stderr]    Compiling rand v0.8.5
[INFO] [stderr]    Compiling which v4.4.2
[INFO] [stderr]    Compiling tempfile v3.8.0
[INFO] [stderr]    Compiling pbkdf2 v0.10.1
[INFO] [stderr]    Compiling zcash_address v0.3.0
[INFO] [stderr]    Compiling memchr v2.6.3
[INFO] [stderr]    Compiling rayon v1.8.0
[INFO] [stderr]    Compiling time v0.3.23
[INFO] [stderr]    Compiling crossbeam-channel v0.5.8
[INFO] [stderr]    Compiling percent-encoding v2.3.0
[INFO] [stderr]    Compiling base64 v0.21.4
[INFO] [stderr]    Compiling ff v0.13.0
[INFO] [stderr]    Compiling group v0.13.0
[INFO] [stderr]    Compiling nom v7.1.3
[INFO] [stderr]    Compiling pasta_curves v0.5.1
[INFO] [stderr]    Compiling pairing v0.23.0
[INFO] [stderr]    Compiling bls12_381 v0.8.0
[INFO] [stderr]    Compiling regex v1.9.5
[INFO] [stderr]    Compiling jubjub v0.10.0
[INFO] [stderr]    Compiling zeroize_derive v1.4.2
[INFO] [stderr]    Compiling prost-derive v0.12.1
[INFO] [stderr]    Compiling tracing-attributes v0.1.26
[INFO] [stderr]    Compiling serde_derive v1.0.188
[INFO] [stderr]    Compiling thiserror-impl v1.0.48
[INFO] [stderr]    Compiling zeroize v1.6.0
[INFO] [stderr]    Compiling cipher v0.4.4
[INFO] [stderr]    Compiling bip0039 v0.10.1
[INFO] [stderr]    Compiling secrecy v0.8.0
[INFO] [stderr]    Compiling chacha20 v0.9.1
[INFO] [stderr]    Compiling cbc v0.1.2
[INFO] [stderr]    Compiling aes v0.8.3
[INFO] [stderr]    Compiling fpe v0.6.1
[INFO] [stderr]    Compiling tracing v0.1.37
[INFO] [stderr]    Compiling chacha20poly1305 v0.10.1
[INFO] [stderr]    Compiling halo2_proofs v0.3.0
[INFO] [stderr]    Compiling shardtree v0.1.0
[INFO] [stderr]    Compiling zcash_note_encryption v0.4.0
[INFO] [stderr]    Compiling prost v0.12.1
[INFO] [stderr]    Compiling prost-types v0.12.1
[INFO] [stderr]    Compiling prost-build v0.12.1
[INFO] [stderr]    Compiling tonic-build v0.10.1
[INFO] [stderr]    Compiling zcash_client_backend v0.10.0 (/opt/rustwide/workdir)
[INFO] [stderr]    Compiling halo2_gadgets v0.3.0
[INFO] [stderr]    Compiling reddsa v0.5.1
[INFO] [stderr]    Compiling orchard v0.6.0
[INFO] [stderr]    Compiling zcash_primitives v0.13.0
[INFO] [stderr]     Finished dev [unoptimized + debuginfo] target(s) in 20.47s
[INFO] running `Command { std: "docker" "inspect" "52496926092d9e2b17db0e3e5ad9d5d7c31b25e382794197b16ddf479d73e591", kill_on_drop: false }`
[INFO] running `Command { std: "docker" "rm" "-f" "52496926092d9e2b17db0e3e5ad9d5d7c31b25e382794197b16ddf479d73e591", kill_on_drop: false }`
[INFO] [stdout] 52496926092d9e2b17db0e3e5ad9d5d7c31b25e382794197b16ddf479d73e591
[INFO] running `Command { std: "docker" "create" "-v" "/var/lib/crater-agent-workspace/builds/worker-6-tc2/target:/opt/rustwide/target:rw,Z" "-v" "/var/lib/crater-agent-workspace/builds/worker-6-tc2/source:/opt/rustwide/workdir:ro,Z" "-v" "/var/lib/crater-agent-workspace/cargo-home:/opt/rustwide/cargo-home:ro,Z" "-v" "/var/lib/crater-agent-workspace/rustup-home:/opt/rustwide/rustup-home:ro,Z" "-e" "SOURCE_DIR=/opt/rustwide/workdir" "-e" "CARGO_TARGET_DIR=/opt/rustwide/target" "-e" "CARGO_INCREMENTAL=0" "-e" "RUST_BACKTRACE=full" "-e" "RUSTFLAGS=--cap-lints=warn" "-e" "RUSTDOCFLAGS=--cap-lints=warn" "-e" "CARGO_HOME=/opt/rustwide/cargo-home" "-e" "RUSTUP_HOME=/opt/rustwide/rustup-home" "-w" "/opt/rustwide/workdir" "-m" "1610612736" "--user" "0:0" "--network" "none" "ghcr.io/rust-lang/crates-build-env/linux@sha256:2788e3201cd34a07e3172128adcd8b3090168a8e3bcc40d7c032b9dda1df7d1c" "/opt/rustwide/cargo-home/bin/cargo" "+beta-2023-12-22" "test" "--frozen" "--no-run" "--message-format=json", kill_on_drop: false }`
[INFO] [stdout] e25da54e291aec14fb5aed9dbf6ef9ca193afb0b2af7f4df3682ee0056d1a02f
[INFO] running `Command { std: "docker" "start" "-a" "e25da54e291aec14fb5aed9dbf6ef9ca193afb0b2af7f4df3682ee0056d1a02f", kill_on_drop: false }`
[INFO] [stderr]    Compiling rustix v0.38.14
[INFO] [stderr]    Compiling linux-raw-sys v0.4.7
[INFO] [stderr]    Compiling fastrand v2.0.1
[INFO] [stderr]    Compiling syn v1.0.109
[INFO] [stderr]    Compiling wait-timeout v0.2.0
[INFO] [stderr]    Compiling bit-vec v0.6.3
[INFO] [stderr]    Compiling redjubjub v0.7.0
[INFO] [stderr]    Compiling bellman v0.14.0
[INFO] [stderr]    Compiling rand_xorshift v0.3.0
[INFO] [stderr]    Compiling unarray v0.1.4
[INFO] [stderr]    Compiling regex-syntax v0.6.29
[INFO] [stderr]    Compiling assert_matches v1.5.0
[INFO] [stderr]    Compiling bit-set v0.5.3
[INFO] [stderr]    Compiling zcash_proofs v0.13.0
[INFO] [stderr]    Compiling tempfile v3.8.0
[INFO] [stderr]    Compiling which v4.4.2
[INFO] [stderr]    Compiling prost-build v0.12.1
[INFO] [stderr]    Compiling rusty-fork v0.3.0
[INFO] [stderr]    Compiling gumdrop_derive v0.8.1
[INFO] [stderr]    Compiling proptest v1.2.0
[INFO] [stderr]    Compiling tonic-build v0.10.1
[INFO] [stderr]    Compiling gumdrop v0.8.1
[INFO] [stderr]    Compiling zcash_client_backend v0.10.0 (/opt/rustwide/workdir)
[INFO] [stderr]     Finished test [unoptimized + debuginfo] target(s) in 13.17s
[INFO] running `Command { std: "docker" "inspect" "e25da54e291aec14fb5aed9dbf6ef9ca193afb0b2af7f4df3682ee0056d1a02f", kill_on_drop: false }`
[INFO] running `Command { std: "docker" "rm" "-f" "e25da54e291aec14fb5aed9dbf6ef9ca193afb0b2af7f4df3682ee0056d1a02f", kill_on_drop: false }`
[INFO] [stdout] e25da54e291aec14fb5aed9dbf6ef9ca193afb0b2af7f4df3682ee0056d1a02f
[INFO] running `Command { std: "docker" "create" "-v" "/var/lib/crater-agent-workspace/builds/worker-6-tc2/target:/opt/rustwide/target:rw,Z" "-v" "/var/lib/crater-agent-workspace/builds/worker-6-tc2/source:/opt/rustwide/workdir:ro,Z" "-v" "/var/lib/crater-agent-workspace/cargo-home:/opt/rustwide/cargo-home:ro,Z" "-v" "/var/lib/crater-agent-workspace/rustup-home:/opt/rustwide/rustup-home:ro,Z" "-e" "SOURCE_DIR=/opt/rustwide/workdir" "-e" "CARGO_TARGET_DIR=/opt/rustwide/target" "-e" "CARGO_INCREMENTAL=0" "-e" "RUST_BACKTRACE=full" "-e" "RUSTFLAGS=--cap-lints=warn" "-e" "RUSTDOCFLAGS=--cap-lints=warn" "-e" "CARGO_HOME=/opt/rustwide/cargo-home" "-e" "RUSTUP_HOME=/opt/rustwide/rustup-home" "-w" "/opt/rustwide/workdir" "-m" "1610612736" "--user" "0:0" "--network" "none" "ghcr.io/rust-lang/crates-build-env/linux@sha256:2788e3201cd34a07e3172128adcd8b3090168a8e3bcc40d7c032b9dda1df7d1c" "/opt/rustwide/cargo-home/bin/cargo" "+beta-2023-12-22" "test" "--frozen", kill_on_drop: false }`
[INFO] [stdout] cd9580f43df1ec9c836a08dfe729d1cbea04860c14e3a1d6abfda3b911b0429a
[INFO] running `Command { std: "docker" "start" "-a" "cd9580f43df1ec9c836a08dfe729d1cbea04860c14e3a1d6abfda3b911b0429a", kill_on_drop: false }`
[INFO] [stderr]     Finished test [unoptimized + debuginfo] target(s) in 0.25s
[INFO] [stderr]      Running unittests src/lib.rs (/opt/rustwide/target/debug/deps/zcash_client_backend-e86da7f19e781627)
[INFO] [stdout] 
[INFO] [stdout] running 28 tests
[INFO] [stdout] test data_api::scanning::tests::truncate_start ... ok
[INFO] [stdout] test data_api::scanning::tests::split_at ... ok
[INFO] [stdout] test data_api::scanning::tests::truncate_end ... ok
[INFO] [stdout] test encoding::tests::invalid_diversifier ... ok
[INFO] [stdout] test fees::fixed::tests::dust_change ... ok
[INFO] [stdout] test fees::zip317::tests::change_with_allowable_dust ... ok
[INFO] [stdout] test zip321::tests::test_zip321_parse_empty_message ... ok
[INFO] [stdout] test fees::fixed::tests::change_without_dust ... ok
[INFO] [stdout] test zip321::tests::test_zip321_parse_no_query_params ... ok
[INFO] [stdout] test encoding::tests::payment_address ... ok
[INFO] [stdout] test fees::zip317::tests::change_with_transparent_payments ... ok
[INFO] [stdout] test zip321::tests::test_zip321_parse_simple ... ok
[INFO] [stdout] test encoding::tests::extended_spending_key ... ok
[INFO] [stdout] test fees::zip317::tests::change_without_dust ... ok
[INFO] [stdout] test zip321::tests::test_zip321_memos ... ok
[INFO] [stdout] test fees::zip317::tests::change_with_disallowed_dust ... ok
[INFO] [stdout] test zip321::tests::test_zip321_roundtrip_simple_amounts ... ok
[INFO] [stdout] test zip321::tests::test_zip321_roundtrip_empty_message ... ok
[INFO] [stdout] test zip321::tests::test_zip321_spec_valid_examples ... ok
[INFO] [stdout] test zip321::tests::test_zip321_spec_invalid_examples ... ok
[INFO] [stdout] test encoding::tests::extended_full_viewing_key ... ok
[INFO] [stdout] test address::tests::ua_parsing ... ok
[INFO] [stdout] test address::tests::ua_round_trip ... ok
[INFO] [stdout] test keys::tests::ufvk_round_trip ... ok
[INFO] [stdout] test keys::tests::spending_key_panics_on_short_seed - should panic ... ok
[INFO] [stdout] test scanning::tests::scan_block_with_my_spend ... ok
[INFO] [stdout] test scanning::tests::scan_block_with_my_tx ... ok
[INFO] [stdout] test scanning::tests::scan_block_with_txs_after_my_tx ... ok
[INFO] [stdout] 
[INFO] [stdout] test result: ok. 28 passed; 0 failed; 0 ignored; 0 measured; 0 filtered out; finished in 0.59s
[INFO] [stdout] 
[INFO] [stderr]    Doc-tests zcash_client_backend
[INFO] [stdout] 
[INFO] [stdout] running 9 tests
[INFO] [stdout] test src/data_api/wallet.rs - data_api::wallet::create_spend_to_address (line 127) ... ok
[INFO] [stdout] test src/data_api/chain.rs - data_api::chain (line 6) ... ok
[INFO] [stdout] test src/encoding.rs - encoding::encode_payment_address (line 242) ... FAILED
[INFO] [stdout] test src/encoding.rs - encoding::encode_transparent_address (line 332) ... ok
[INFO] [stdout] test src/keys.rs - keys::sapling::spending_key (line 45) ... ok
[INFO] [stdout] test src/encoding.rs - encoding::decode_transparent_address (line 400) ... ok
[INFO] [stdout] test src/encoding.rs - encoding::decode_payment_address (line 286) ... ok
[INFO] [stdout] test src/encoding.rs - encoding::encode_extended_full_viewing_key (line 208) ... ok
[INFO] [stdout] test src/encoding.rs - encoding::encode_extended_spending_key (line 176) ... ok
[INFO] [stdout] 
[INFO] [stdout] failures:
[INFO] [stdout] 
[INFO] [stdout] ---- src/encoding.rs - encoding::encode_payment_address (line 242) stdout ----
[INFO] [stdout] error: linking with `cc` failed: exit status: 1
[INFO] [stdout]   |
[INFO] [stdout]   = note: LC_ALL="C" PATH="/opt/rustwide/rustup-home/toolchains/beta-2023-12-22-x86_64-unknown-linux-gnu/lib/rustlib/x86_64-unknown-linux-gnu/bin:/opt/rustwide/cargo-home/bin:/usr/local/sbin:/usr/local/bin:/usr/sbin:/usr/bin:/sbin:/bin" VSLANG="1033" "cc" "-m64" "/tmp/rustcd1N42Y/symbols.o" "/tmp/rustdoctest0oGpcs/rust_out.rust_out.1380c8ea7c88b8e2-cgu.0.rcgu.o" "/tmp/rustdoctest0oGpcs/rust_out.3lr6z6385pynyhem.rcgu.o" "-Wl,--as-needed" "-L" "/opt/rustwide/target/debug/deps" "-L" "/opt/rustwide/target/debug/deps" "-L" "/opt/rustwide/rustup-home/toolchains/beta-2023-12-22-x86_64-unknown-linux-gnu/lib/rustlib/x86_64-unknown-linux-gnu/lib" "-Wl,-Bstatic" "/opt/rustwide/target/debug/deps/libzcash_client_backend-9879089125d7bac8.rlib" "/opt/rustwide/target/debug/deps/librayon-9e553dba4ccd0ab3.rlib" "/opt/rustwide/target/debug/deps/librayon_core-67d2fbd6e26884b4.rlib" "/opt/rustwide/target/debug/deps/libcrossbeam_deque-89c9b8afef2535ab.rlib" "/opt/rustwide/target/debug/deps/libcrossbeam_epoch-19b70e65285aad9f.rlib" "/opt/rustwide/target/debug/deps/libmemoffset-70be0b3efc76ca6c.rlib" "/opt/rustwide/target/debug/deps/libscopeguard-f937485db0060aca.rlib" "/opt/rustwide/target/debug/deps/libtime-af7afa80cb796f25.rlib" "/opt/rustwide/target/debug/deps/libtime_core-54674f00ac56f1cd.rlib" "/opt/rustwide/target/debug/deps/libprost-1fdf3e1a5fa9d965.rlib" "/opt/rustwide/target/debug/deps/libbytes-534a8eae86e8a125.rlib" "/opt/rustwide/target/debug/deps/libpercent_encoding-c878b6f40f2978b2.rlib" "/opt/rustwide/target/debug/deps/libnom-29faa9e0b5b499c7.rlib" "/opt/rustwide/target/debug/deps/libmemchr-4cde257c3cb7956b.rlib" "/opt/rustwide/target/debug/deps/libbase64-cba73e7f843e5175.rlib" "/opt/rustwide/target/debug/deps/libcrossbeam_channel-b8b002b8a59907f8.rlib" "/opt/rustwide/target/debug/deps/libcrossbeam_utils-dd96d6909164d49d.rlib" "/opt/rustwide/target/debug/deps/libshardtree-f5d557859c397fab.rlib" "/opt/rustwide/target/debug/deps/libbitflags-55f80abe000d3e83.rlib" "/opt/rustwide/target/debug/deps/libsecrecy-9e8062fe8c5a457d.rlib" "/opt/rustwide/target/debug/deps/libzcash_primitives-5d3d0772e244b530.rlib" "/opt/rustwide/target/debug/deps/libbip0039-7df04d66f24b1639.rlib" "/opt/rustwide/target/debug/deps/libpbkdf2-26cbbec48545f02a.rlib" "/opt/rustwide/target/debug/deps/libunicode_normalization-a49209942f8cb303.rlib" "/opt/rustwide/target/debug/deps/libtinyvec-dcbbce603bc23510.rlib" "/opt/rustwide/target/debug/deps/libtinyvec_macros-333661e3b238a9a3.rlib" "/opt/rustwide/target/debug/deps/libhmac-feaff7b8df1c0456.rlib" "/opt/rustwide/target/debug/deps/libblake2s_simd-2a2bb1e2ab03af70.rlib" "/opt/rustwide/target/debug/deps/liborchard-13e816b78ca3c48e.rlib" "/opt/rustwide/target/debug/deps/libreddsa-f5b80775016133f9.rlib" "/opt/rustwide/target/debug/deps/libserde-b603af0771713314.rlib" "/opt/rustwide/target/debug/deps/libfpe-4bf6b0d46d30b57b.rlib" "/opt/rustwide/target/debug/deps/libcbc-9dedd9e6284441b8.rlib" "/opt/rustwide/target/debug/deps/liblibm-08818530cce4f516.rlib" "/opt/rustwide/target/debug/deps/libnum_bigint-6fa114b413c67bb4.rlib" "/opt/rustwide/target/debug/deps/libnum_integer-200daa430c25817b.rlib" "/opt/rustwide/target/debug/deps/libnum_traits-680dba6e20a22cef.rlib" "/opt/rustwide/target/debug/deps/libaes-5306cff4604151ad.rlib" "/opt/rustwide/target/debug/deps/libhalo2_gadgets-0910652aa6f8a614.rlib" "/opt/rustwide/target/debug/deps/libuint-1df4a558fdf8cde7.rlib" "/opt/rustwide/target/debug/deps/libcrunchy-65cd952eb5d10bfa.rlib" "/opt/rustwide/target/debug/deps/libhex-bf5d7c1623e40692.rlib" "/opt/rustwide/target/debug/deps/libzcash_note_encryption-abad2f98c6601e05.rlib" "/opt/rustwide/target/debug/deps/libchacha20poly1305-a2979aad0a0cc70c.rlib" "/opt/rustwide/target/debug/deps/libpoly1305-28fceb60f58a33b0.rlib" "/opt/rustwide/target/debug/deps/libopaque_debug-75789ad55cd94475.rlib" "/opt/rustwide/target/debug/deps/libuniversal_hash-e88a35c9e353a717.rlib" "/opt/rustwide/target/debug/deps/libaead-3ac370554c1a36b5.rlib" "/opt/rustwide/target/debug/deps/libchacha20-660c1e2e371e660e.rlib" "/opt/rustwide/target/debug/deps/libcipher-371b6b281ee2b781.rlib" "/opt/rustwide/target/debug/deps/libzeroize-25206d71859b9597.rlib" "/opt/rustwide/target/debug/deps/libinout-71e56ea05163a9a8.rlib" "/opt/rustwide/target/debug/deps/libhalo2_proofs-091c186976847680.rlib" "/opt/rustwide/target/debug/deps/libhalo2_legacy_pdqsort-5548509ac757a2e2.rlib" "/opt/rustwide/target/debug/deps/libtracing-538c898126cf91b7.rlib" "/opt/rustwide/target/debug/deps/libpin_project_lite-085b19c93bbb2231.rlib" "/opt/rustwide/target/debug/deps/libtracing_core-815060965cc8a5e2.rlib" "/opt/rustwide/target/debug/deps/libonce_cell-728f13abc4f8cf5f.rlib" "/opt/rustwide/target/debug/deps/libmaybe_rayon-5f8e3ad3d11f539a.rlib" "/opt/rustwide/target/debug/deps/libpasta_curves-252a3fb46a390a2a.rlib" "/opt/rustwide/target/debug/deps/libstatic_assertions-0ef270c4de502b0e.rlib" "/opt/rustwide/target/debug/deps/librand-90c5a5f573fd99a6.rlib" "/opt/rustwide/target/debug/deps/librand_chacha-6b8df4f26b0c004a.rlib" "/opt/rustwide/target/debug/deps/libppv_lite86-db48c90fa293bcfe.rlib" "/opt/rustwide/target/debug/deps/libincrementalmerkletree-9662d70b522a0767.rlib" "/opt/rustwide/target/debug/deps/libeither-bc25dbceced3a40f.rlib" "/opt/rustwide/target/debug/deps/liblazy_static-50650112bfaef7d3.rlib" "/opt/rustwide/target/debug/deps/libspin-e858d3468b8e3abd.rlib" "/opt/rustwide/target/debug/deps/libjubjub-3b6b758c75f956f1.rlib" "/opt/rustwide/target/debug/deps/libbls12_381-bb3b66ab0fec7d85.rlib" "/opt/rustwide/target/debug/deps/libpairing-963eeb448a5bab79.rlib" "/opt/rustwide/target/debug/deps/libgroup-94fb2dcdc65b1789.rlib" "/opt/rustwide/target/debug/deps/libff-e567e14439f364ba.rlib" "/opt/rustwide/target/debug/deps/librand_core-9d966b1b5a5d3280.rlib" "/opt/rustwide/target/debug/deps/libgetrandom-afc1d20c64d3886c.rlib" "/opt/rustwide/target/debug/deps/liblibc-b29d3076d4708eef.rlib" "/opt/rustwide/target/debug/deps/libbitvec-f2227b644884ba19.rlib" "/opt/rustwide/target/debug/deps/libwyz-b9ad50c5a23ba281.rlib" "/opt/rustwide/target/debug/deps/libtap-b85dccd7e33b9fac.rlib" "/opt/rustwide/target/debug/deps/libradium-23c3c7bf7109ca51.rlib" "/opt/rustwide/target/debug/deps/libfunty-36159d7a9009c5ea.rlib" "/opt/rustwide/target/debug/deps/libequihash-017de62235cbee8b.rlib" "/opt/rustwide/target/debug/deps/libmemuse-518411b92b5a8afe.rlib" "/opt/rustwide/target/debug/deps/libzcash_address-b93965a03cc8a42f.rlib" "/opt/rustwide/target/debug/deps/libf4jumble-3227fd628d7833ac.rlib" "/opt/rustwide/target/debug/deps/libblake2b_simd-9b851b31867d1383.rlib" "/opt/rustwide/target/debug/deps/libconstant_time_eq-becb795b878038de.rlib" "/opt/rustwide/target/debug/deps/libarrayvec-a0a94cc2ec578d49.rlib" "/opt/rustwide/target/debug/deps/libarrayref-8957ff1d73700ff2.rlib" "/opt/rustwide/target/debug/deps/libbs58-e4d3cea18456d809.rlib" "/opt/rustwide/target/debug/deps/libsha2-6bf0970f71e7858b.rlib" "/opt/rustwide/target/debug/deps/libcpufeatures-8cf8d731355bd269.rlib" "/opt/rustwide/target/debug/deps/libcfg_if-e7002d307f97bc56.rlib" "/opt/rustwide/target/debug/deps/libdigest-e5ac4c31e5958fed.rlib" "/opt/rustwide/target/debug/deps/libsubtle-0edaccf6c176ff22.rlib" "/opt/rustwide/target/debug/deps/libblock_buffer-d5751409ab05b00a.rlib" "/opt/rustwide/target/debug/deps/libcrypto_common-2346b4a3e8082086.rlib" "/opt/rustwide/target/debug/deps/libgeneric_array-8204c0397cddb82b.rlib" "/opt/rustwide/target/debug/deps/libtypenum-b40ba058056b0bf8.rlib" "/opt/rustwide/target/debug/deps/libzcash_encoding-4c23a015b1fe33b3.rlib" "/opt/rustwide/target/debug/deps/libnonempty-8c6a90c77dd3603c.rlib" "/opt/rustwide/target/debug/deps/libbyteorder-0ef92d8cf14cf0b1.rlib" "/opt/rustwide/target/debug/deps/libbech32-c8a3479dcbde9ab1.rlib" "/opt/rustwide/rustup-home/toolchains/beta-2023-12-22-x86_64-unknown-linux-gnu/lib/rustlib/x86_64-unknown-linux-gnu/lib/libstd-0672489a78b613de.rlib" "/opt/rustwide/rustup-home/toolchains/beta-2023-12-22-x86_64-unknown-linux-gnu/lib/rustlib/x86_64-unknown-linux-gnu/lib/libpanic_unwind-7eb3ffc34a49f675.rlib" "/opt/rustwide/rustup-home/toolchains/beta-2023-12-22-x86_64-unknown-linux-gnu/lib/rustlib/x86_64-unknown-linux-gnu/lib/libobject-6478a9daa4bee8e2.rlib" "/opt/rustwide/rustup-home/toolchains/beta-2023-12-22-x86_64-unknown-linux-gnu/lib/rustlib/x86_64-unknown-linux-gnu/lib/libmemchr-0c75d871a5c3923d.rlib" "/opt/rustwide/rustup-home/toolchains/beta-2023-12-22-x86_64-unknown-linux-gnu/lib/rustlib/x86_64-unknown-linux-gnu/lib/libaddr2line-d163ef63ad37bb71.rlib" "/opt/rustwide/rustup-home/toolchains/beta-2023-12-22-x86_64-unknown-linux-gnu/lib/rustlib/x86_64-unknown-linux-gnu/lib/libgimli-8a3fd810a85b9f4c.rlib" "/opt/rustwide/rustup-home/toolchains/beta-2023-12-22-x86_64-unknown-linux-gnu/lib/rustlib/x86_64-unknown-linux-gnu/lib/librustc_demangle-462a2cde8c5dfc10.rlib" "/opt/rustwide/rustup-home/toolchains/beta-2023-12-22-x86_64-unknown-linux-gnu/lib/rustlib/x86_64-unknown-linux-gnu/lib/libstd_detect-cb06ac9f54713f71.rlib" "/opt/rustwide/rustup-home/toolchains/beta-2023-12-22-x86_64-unknown-linux-gnu/lib/rustlib/x86_64-unknown-linux-gnu/lib/libhashbrown-f20bfd1f8e59b393.rlib" "/opt/rustwide/rustup-home/toolchains/beta-2023-12-22-x86_64-unknown-linux-gnu/lib/rustlib/x86_64-unknown-linux-gnu/lib/librustc_std_workspace_alloc-1ef460949b49da4b.rlib" "/opt/rustwide/rustup-home/toolchains/beta-2023-12-22-x86_64-unknown-linux-gnu/lib/rustlib/x86_64-unknown-linux-gnu/lib/libminiz_oxide-2cb0c0ffe4f87514.rlib" "/opt/rustwide/rustup-home/toolchains/beta-2023-12-22-x86_64-unknown-linux-gnu/lib/rustlib/x86_64-unknown-linux-gnu/lib/libadler-58d841eb322a11a2.rlib" "/opt/rustwide/rustup-home/toolchains/beta-2023-12-22-x86_64-unknown-linux-gnu/lib/rustlib/x86_64-unknown-linux-gnu/lib/libunwind-aa2ae0b0a9d11533.rlib" "/opt/rustwide/rustup-home/toolchains/beta-2023-12-22-x86_64-unknown-linux-gnu/lib/rustlib/x86_64-unknown-linux-gnu/lib/libcfg_if-23874e15830ed336.rlib" "/opt/rustwide/rustup-home/toolchains/beta-2023-12-22-x86_64-unknown-linux-gnu/lib/rustlib/x86_64-unknown-linux-gnu/lib/liblibc-e47cddc003bce885.rlib" "/opt/rustwide/rustup-home/toolchains/beta-2023-12-22-x86_64-unknown-linux-gnu/lib/rustlib/x86_64-unknown-linux-gnu/lib/liballoc-c22b13b48a8f128e.rlib" "/opt/rustwide/rustup-home/toolchains/beta-2023-12-22-x86_64-unknown-linux-gnu/lib/rustlib/x86_64-unknown-linux-gnu/lib/librustc_std_workspace_core-e46bc3da6d7c462f.rlib" "/opt/rustwide/rustup-home/toolchains/beta-2023-12-22-x86_64-unknown-linux-gnu/lib/rustlib/x86_64-unknown-linux-gnu/lib/libcore-8d1ac131d3cb2645.rlib" "/opt/rustwide/rustup-home/toolchains/beta-2023-12-22-x86_64-unknown-linux-gnu/lib/rustlib/x86_64-unknown-linux-gnu/lib/libcompiler_builtins-a1b43df8c6899c1f.rlib" "-Wl,-Bdynamic" "-lgcc_s" "-lutil" "-lrt" "-lpthread" "-lm" "-ldl" "-lc" "-Wl,--eh-frame-hdr" "-Wl,-z,noexecstack" "-L" "/opt/rustwide/rustup-home/toolchains/beta-2023-12-22-x86_64-unknown-linux-gnu/lib/rustlib/x86_64-unknown-linux-gnu/lib" "-o" "/tmp/rustdoctest0oGpcs/rust_out" "-Wl,--gc-sections" "-pie" "-Wl,-z,relro,-z,now" "-nodefaultlibs"
[INFO] [stdout]   = note: collect2: fatal error: ld terminated with signal 9 [Killed]
[INFO] [stdout]           compilation terminated.
[INFO] [stdout]           
[INFO] [stdout] 
[INFO] [stdout] error: aborting due to 1 previous error
[INFO] [stdout] 
[INFO] [stdout] Couldn't compile the test.
[INFO] [stdout] 
[INFO] [stdout] failures:
[INFO] [stdout]     src/encoding.rs - encoding::encode_payment_address (line 242)
[INFO] [stdout] 
[INFO] [stdout] test result: FAILED. 8 passed; 1 failed; 0 ignored; 0 measured; 0 filtered out; finished in 4.18s
[INFO] [stdout] 
[INFO] [stderr] error: doctest failed, to rerun pass `--doc`
[INFO] running `Command { std: "docker" "inspect" "cd9580f43df1ec9c836a08dfe729d1cbea04860c14e3a1d6abfda3b911b0429a", kill_on_drop: false }`
[INFO] running `Command { std: "docker" "rm" "-f" "cd9580f43df1ec9c836a08dfe729d1cbea04860c14e3a1d6abfda3b911b0429a", kill_on_drop: false }`
[INFO] [stdout] cd9580f43df1ec9c836a08dfe729d1cbea04860c14e3a1d6abfda3b911b0429a
