[INFO] fetching crate yumy 0.2.1...
[INFO] testing yumy-0.2.1 against 1.75.0 for beta-1.76-1
[INFO] extracting crate yumy 0.2.1 into /workspace/builds/worker-6-tc1/source
[INFO] validating manifest of crates.io crate yumy 0.2.1 on toolchain 1.75.0
[INFO] running `Command { std: CARGO_HOME="/workspace/cargo-home" RUSTUP_HOME="/workspace/rustup-home" "/workspace/cargo-home/bin/cargo" "+1.75.0" "metadata" "--manifest-path" "Cargo.toml" "--no-deps", kill_on_drop: false }`
[INFO] started tweaking crates.io crate yumy 0.2.1
[INFO] finished tweaking crates.io crate yumy 0.2.1
[INFO] tweaked toml for crates.io crate yumy 0.2.1 written to /workspace/builds/worker-6-tc1/source/Cargo.toml
[INFO] running `Command { std: CARGO_HOME="/workspace/cargo-home" RUSTUP_HOME="/workspace/rustup-home" "/workspace/cargo-home/bin/cargo" "+1.75.0" "generate-lockfile" "--manifest-path" "Cargo.toml", kill_on_drop: false }`
[INFO] [stderr]     Updating crates.io index
[INFO] running `Command { std: CARGO_HOME="/workspace/cargo-home" RUSTUP_HOME="/workspace/rustup-home" "/workspace/cargo-home/bin/cargo" "+1.75.0" "fetch" "--manifest-path" "Cargo.toml", kill_on_drop: false }`
[INFO] running `Command { std: "docker" "create" "-v" "/var/lib/crater-agent-workspace/builds/worker-6-tc1/target:/opt/rustwide/target:rw,Z" "-v" "/var/lib/crater-agent-workspace/builds/worker-6-tc1/source:/opt/rustwide/workdir:ro,Z" "-v" "/var/lib/crater-agent-workspace/cargo-home:/opt/rustwide/cargo-home:ro,Z" "-v" "/var/lib/crater-agent-workspace/rustup-home:/opt/rustwide/rustup-home:ro,Z" "-e" "SOURCE_DIR=/opt/rustwide/workdir" "-e" "CARGO_TARGET_DIR=/opt/rustwide/target" "-e" "CARGO_HOME=/opt/rustwide/cargo-home" "-e" "RUSTUP_HOME=/opt/rustwide/rustup-home" "-w" "/opt/rustwide/workdir" "-m" "1610612736" "--user" "0:0" "--network" "none" "ghcr.io/rust-lang/crates-build-env/linux@sha256:2788e3201cd34a07e3172128adcd8b3090168a8e3bcc40d7c032b9dda1df7d1c" "/opt/rustwide/cargo-home/bin/cargo" "+1.75.0" "metadata" "--no-deps" "--format-version=1", kill_on_drop: false }`
[INFO] [stdout] abcc6eff31a3c3deb51ab0e66274c43b6b6f6666342b45b969eb2903b565cc38
[INFO] running `Command { std: "docker" "start" "-a" "abcc6eff31a3c3deb51ab0e66274c43b6b6f6666342b45b969eb2903b565cc38", kill_on_drop: false }`
[INFO] running `Command { std: "docker" "inspect" "abcc6eff31a3c3deb51ab0e66274c43b6b6f6666342b45b969eb2903b565cc38", kill_on_drop: false }`
[INFO] running `Command { std: "docker" "rm" "-f" "abcc6eff31a3c3deb51ab0e66274c43b6b6f6666342b45b969eb2903b565cc38", kill_on_drop: false }`
[INFO] [stdout] abcc6eff31a3c3deb51ab0e66274c43b6b6f6666342b45b969eb2903b565cc38
[INFO] running `Command { std: "docker" "create" "-v" "/var/lib/crater-agent-workspace/builds/worker-6-tc1/target:/opt/rustwide/target:rw,Z" "-v" "/var/lib/crater-agent-workspace/builds/worker-6-tc1/source:/opt/rustwide/workdir:ro,Z" "-v" "/var/lib/crater-agent-workspace/cargo-home:/opt/rustwide/cargo-home:ro,Z" "-v" "/var/lib/crater-agent-workspace/rustup-home:/opt/rustwide/rustup-home:ro,Z" "-e" "SOURCE_DIR=/opt/rustwide/workdir" "-e" "CARGO_TARGET_DIR=/opt/rustwide/target" "-e" "CARGO_INCREMENTAL=0" "-e" "RUST_BACKTRACE=full" "-e" "RUSTFLAGS=--cap-lints=warn" "-e" "RUSTDOCFLAGS=--cap-lints=warn" "-e" "CARGO_HOME=/opt/rustwide/cargo-home" "-e" "RUSTUP_HOME=/opt/rustwide/rustup-home" "-w" "/opt/rustwide/workdir" "-m" "1610612736" "--user" "0:0" "--network" "none" "ghcr.io/rust-lang/crates-build-env/linux@sha256:2788e3201cd34a07e3172128adcd8b3090168a8e3bcc40d7c032b9dda1df7d1c" "/opt/rustwide/cargo-home/bin/cargo" "+1.75.0" "build" "--frozen" "--message-format=json", kill_on_drop: false }`
[INFO] [stdout] 4b379ba3287d437ca3485260a1c3801df2964a99deeb8c97e586602e08c01dbe
[INFO] running `Command { std: "docker" "start" "-a" "4b379ba3287d437ca3485260a1c3801df2964a99deeb8c97e586602e08c01dbe", kill_on_drop: false }`
[INFO] [stderr]    Compiling nonmax v0.5.5
[INFO] [stderr]    Compiling unicode-width v0.1.11
[INFO] [stderr]    Compiling owo-colors v3.5.0
[INFO] [stderr]    Compiling either v1.9.0
[INFO] [stderr]    Compiling yumy v0.2.1 (/opt/rustwide/workdir)
[INFO] [stderr]     Finished dev [unoptimized + debuginfo] target(s) in 0.76s
[INFO] running `Command { std: "docker" "inspect" "4b379ba3287d437ca3485260a1c3801df2964a99deeb8c97e586602e08c01dbe", kill_on_drop: false }`
[INFO] running `Command { std: "docker" "rm" "-f" "4b379ba3287d437ca3485260a1c3801df2964a99deeb8c97e586602e08c01dbe", kill_on_drop: false }`
[INFO] [stdout] 4b379ba3287d437ca3485260a1c3801df2964a99deeb8c97e586602e08c01dbe
[INFO] running `Command { std: "docker" "create" "-v" "/var/lib/crater-agent-workspace/builds/worker-6-tc1/target:/opt/rustwide/target:rw,Z" "-v" "/var/lib/crater-agent-workspace/builds/worker-6-tc1/source:/opt/rustwide/workdir:ro,Z" "-v" "/var/lib/crater-agent-workspace/cargo-home:/opt/rustwide/cargo-home:ro,Z" "-v" "/var/lib/crater-agent-workspace/rustup-home:/opt/rustwide/rustup-home:ro,Z" "-e" "SOURCE_DIR=/opt/rustwide/workdir" "-e" "CARGO_TARGET_DIR=/opt/rustwide/target" "-e" "CARGO_INCREMENTAL=0" "-e" "RUST_BACKTRACE=full" "-e" "RUSTFLAGS=--cap-lints=warn" "-e" "RUSTDOCFLAGS=--cap-lints=warn" "-e" "CARGO_HOME=/opt/rustwide/cargo-home" "-e" "RUSTUP_HOME=/opt/rustwide/rustup-home" "-w" "/opt/rustwide/workdir" "-m" "1610612736" "--user" "0:0" "--network" "none" "ghcr.io/rust-lang/crates-build-env/linux@sha256:2788e3201cd34a07e3172128adcd8b3090168a8e3bcc40d7c032b9dda1df7d1c" "/opt/rustwide/cargo-home/bin/cargo" "+1.75.0" "test" "--frozen" "--no-run" "--message-format=json", kill_on_drop: false }`
[INFO] [stdout] d2485f597306456ccef1a994de652026f049d0aa015b62fd906ec92d2dd5681b
[INFO] running `Command { std: "docker" "start" "-a" "d2485f597306456ccef1a994de652026f049d0aa015b62fd906ec92d2dd5681b", kill_on_drop: false }`
[INFO] [stderr]    Compiling yumy v0.2.1 (/opt/rustwide/workdir)
[INFO] [stderr]     Finished test [unoptimized + debuginfo] target(s) in 0.30s
[INFO] running `Command { std: "docker" "inspect" "d2485f597306456ccef1a994de652026f049d0aa015b62fd906ec92d2dd5681b", kill_on_drop: false }`
[INFO] running `Command { std: "docker" "rm" "-f" "d2485f597306456ccef1a994de652026f049d0aa015b62fd906ec92d2dd5681b", kill_on_drop: false }`
[INFO] [stdout] d2485f597306456ccef1a994de652026f049d0aa015b62fd906ec92d2dd5681b
[INFO] running `Command { std: "docker" "create" "-v" "/var/lib/crater-agent-workspace/builds/worker-6-tc1/target:/opt/rustwide/target:rw,Z" "-v" "/var/lib/crater-agent-workspace/builds/worker-6-tc1/source:/opt/rustwide/workdir:ro,Z" "-v" "/var/lib/crater-agent-workspace/cargo-home:/opt/rustwide/cargo-home:ro,Z" "-v" "/var/lib/crater-agent-workspace/rustup-home:/opt/rustwide/rustup-home:ro,Z" "-e" "SOURCE_DIR=/opt/rustwide/workdir" "-e" "CARGO_TARGET_DIR=/opt/rustwide/target" "-e" "CARGO_INCREMENTAL=0" "-e" "RUST_BACKTRACE=full" "-e" "RUSTFLAGS=--cap-lints=warn" "-e" "RUSTDOCFLAGS=--cap-lints=warn" "-e" "CARGO_HOME=/opt/rustwide/cargo-home" "-e" "RUSTUP_HOME=/opt/rustwide/rustup-home" "-w" "/opt/rustwide/workdir" "-m" "1610612736" "--user" "0:0" "--network" "none" "ghcr.io/rust-lang/crates-build-env/linux@sha256:2788e3201cd34a07e3172128adcd8b3090168a8e3bcc40d7c032b9dda1df7d1c" "/opt/rustwide/cargo-home/bin/cargo" "+1.75.0" "test" "--frozen", kill_on_drop: false }`
[INFO] [stdout] 080f695b6f321ab3ea4ddd84c7103ed50834b29ed14721556c0bb03fd22bc48d
[INFO] running `Command { std: "docker" "start" "-a" "080f695b6f321ab3ea4ddd84c7103ed50834b29ed14721556c0bb03fd22bc48d", kill_on_drop: false }`
[INFO] [stderr]     Finished test [unoptimized + debuginfo] target(s) in 0.00s
[INFO] [stderr]      Running unittests src/lib.rs (/opt/rustwide/target/debug/deps/yumy-06a414f88aa3f922)
[INFO] [stdout] 
[INFO] [stdout] running 0 tests
[INFO] [stdout] 
[INFO] [stdout] test result: ok. 0 passed; 0 failed; 0 ignored; 0 measured; 0 filtered out; finished in 0.00s
[INFO] [stdout] 
[INFO] [stderr]    Doc-tests yumy
[INFO] [stdout] 
[INFO] [stdout] running 1 test
[INFO] [stdout] test src/lib.rs - (line 18) ... FAILED
[INFO] [stdout] 
[INFO] [stdout] failures:
[INFO] [stdout] 
[INFO] [stdout] ---- src/lib.rs - (line 18) stdout ----
[INFO] [stdout] error[E0433]: failed to resolve: use of undeclared type `Diagnostic`
[INFO] [stdout]  --> src/lib.rs:19:18
[INFO] [stdout]   |
[INFO] [stdout] 3 | let diagnostic = Diagnostic::new(format!("{}: you did something wrong", "error".red()))
[INFO] [stdout]   |                  ^^^^^^^^^^ use of undeclared type `Diagnostic`
[INFO] [stdout]   |
[INFO] [stdout] help: consider importing this struct
[INFO] [stdout]   |
[INFO] [stdout] 2 + use yumy::Diagnostic;
[INFO] [stdout]   |
[INFO] [stdout] 
[INFO] [stdout] error[E0433]: failed to resolve: use of undeclared type `Source`
[INFO] [stdout]  --> src/lib.rs:20:18
[INFO] [stdout]   |
[INFO] [stdout] 4 |     .with_source(Source::new(&src, None))
[INFO] [stdout]   |                  ^^^^^^ use of undeclared type `Source`
[INFO] [stdout]   |
[INFO] [stdout] help: consider importing one of these items
[INFO] [stdout]   |
[INFO] [stdout] 2 + use core::error::Source;
[INFO] [stdout]   |
[INFO] [stdout] 2 + use yumy::Source;
[INFO] [stdout]   |
[INFO] [stdout] 
[INFO] [stdout] error[E0425]: cannot find value `src` in this scope
[INFO] [stdout]  --> src/lib.rs:20:31
[INFO] [stdout]   |
[INFO] [stdout] 4 |     .with_source(Source::new(&src, None))
[INFO] [stdout]   |                               ^^^ not found in this scope
[INFO] [stdout] 
[INFO] [stdout] error[E0433]: failed to resolve: use of undeclared type `Label`
[INFO] [stdout]  --> src/lib.rs:21:17
[INFO] [stdout]   |
[INFO] [stdout] 5 |     .with_label(Label::styled(
[INFO] [stdout]   |                 ^^^^^ use of undeclared type `Label`
[INFO] [stdout]   |
[INFO] [stdout] help: consider importing this struct
[INFO] [stdout]   |
[INFO] [stdout] 2 + use yumy::Label;
[INFO] [stdout]   |
[INFO] [stdout] 
[INFO] [stdout] error[E0433]: failed to resolve: use of undeclared type `SourceSpan`
[INFO] [stdout]  --> src/lib.rs:22:9
[INFO] [stdout]   |
[INFO] [stdout] 6 |         SourceSpan::new(154, 580),
[INFO] [stdout]   |         ^^^^^^^^^^ use of undeclared type `SourceSpan`
[INFO] [stdout]   |
[INFO] [stdout] help: consider importing this struct
[INFO] [stdout]   |
[INFO] [stdout] 2 + use yumy::SourceSpan;
[INFO] [stdout]   |
[INFO] [stdout] 
[INFO] [stdout] error[E0433]: failed to resolve: use of undeclared type `Style`
[INFO] [stdout]  --> src/lib.rs:24:9
[INFO] [stdout]   |
[INFO] [stdout] 8 |         Style::new().bright_red(),
[INFO] [stdout]   |         ^^^^^ use of undeclared type `Style`
[INFO] [stdout]   |
[INFO] [stdout] help: consider importing this struct
[INFO] [stdout]   |
[INFO] [stdout] 2 + use owo_colors::Style;
[INFO] [stdout]   |
[INFO] [stdout] 
[INFO] [stdout] error[E0433]: failed to resolve: use of undeclared type `Label`
[INFO] [stdout]   --> src/lib.rs:26:17
[INFO] [stdout]    |
[INFO] [stdout] 10 |     .with_label(Label::styled(
[INFO] [stdout]    |                 ^^^^^ use of undeclared type `Label`
[INFO] [stdout]    |
[INFO] [stdout] help: consider importing this struct
[INFO] [stdout]    |
[INFO] [stdout] 2  + use yumy::Label;
[INFO] [stdout]    |
[INFO] [stdout] 
[INFO] [stdout] error[E0433]: failed to resolve: use of undeclared type `SourceSpan`
[INFO] [stdout]   --> src/lib.rs:27:9
[INFO] [stdout]    |
[INFO] [stdout] 11 |         SourceSpan::new(337, 362),
[INFO] [stdout]    |         ^^^^^^^^^^ use of undeclared type `SourceSpan`
[INFO] [stdout]    |
[INFO] [stdout] help: consider importing this struct
[INFO] [stdout]    |
[INFO] [stdout] 2  + use yumy::SourceSpan;
[INFO] [stdout]    |
[INFO] [stdout] 
[INFO] [stdout] error[E0433]: failed to resolve: use of undeclared type `Style`
[INFO] [stdout]   --> src/lib.rs:29:9
[INFO] [stdout]    |
[INFO] [stdout] 13 |         Style::new().bright_red(),
[INFO] [stdout]    |         ^^^^^ use of undeclared type `Style`
[INFO] [stdout]    |
[INFO] [stdout] help: consider importing this struct
[INFO] [stdout]    |
[INFO] [stdout] 2  + use owo_colors::Style;
[INFO] [stdout]    |
[INFO] [stdout] 
[INFO] [stdout] error[E0433]: failed to resolve: use of undeclared type `Label`
[INFO] [stdout]   --> src/lib.rs:31:17
[INFO] [stdout]    |
[INFO] [stdout] 15 |     .with_label(Label::new(
[INFO] [stdout]    |                 ^^^^^ use of undeclared type `Label`
[INFO] [stdout]    |
[INFO] [stdout] help: consider importing this struct
[INFO] [stdout]    |
[INFO] [stdout] 2  + use yumy::Label;
[INFO] [stdout]    |
[INFO] [stdout] 
[INFO] [stdout] error[E0433]: failed to resolve: use of undeclared type `SourceSpan`
[INFO] [stdout]   --> src/lib.rs:32:9
[INFO] [stdout]    |
[INFO] [stdout] 16 |         SourceSpan::new(421, 500),
[INFO] [stdout]    |         ^^^^^^^^^^ use of undeclared type `SourceSpan`
[INFO] [stdout]    |
[INFO] [stdout] help: consider importing this struct
[INFO] [stdout]    |
[INFO] [stdout] 2  + use yumy::SourceSpan;
[INFO] [stdout]    |
[INFO] [stdout] 
[INFO] [stdout] error[E0433]: failed to resolve: use of undeclared type `Config`
[INFO] [stdout]   --> src/lib.rs:44:20
[INFO] [stdout]    |
[INFO] [stdout] 28 | diagnostic.eprint(&Config::default()).unwrap();
[INFO] [stdout]    |                    ^^^^^^ use of undeclared type `Config`
[INFO] [stdout]    |
[INFO] [stdout] help: consider importing this struct
[INFO] [stdout]    |
[INFO] [stdout] 2  + use yumy::Config;
[INFO] [stdout]    |
[INFO] [stdout] 
[INFO] [stdout] error[E0599]: no method named `red` found for reference `&'static str` in the current scope
[INFO] [stdout]    --> src/lib.rs:19:81
[INFO] [stdout]     |
[INFO] [stdout] 3   | let diagnostic = Diagnostic::new(format!("{}: you did something wrong", "error".red()))
[INFO] [stdout]     |                                                                                 ^^^ method not found in `&str`
[INFO] [stdout]     |
[INFO] [stdout]    ::: /opt/rustwide/cargo-home/registry/src/index.crates.io-6f17d22bba15001f/owo-colors-3.5.0/src/lib.rs:293:18
[INFO] [stdout]     |
[INFO] [stdout] 293 |         Red      red      on_red,
[INFO] [stdout]     |                  --- the method is available for `&'static str` here
[INFO] [stdout]     |
[INFO] [stdout]     = help: items from traits can only be used if the trait is in scope
[INFO] [stdout] help: the following trait is implemented but not in scope; perhaps add a `use` for it:
[INFO] [stdout]     |
[INFO] [stdout] 2   + use owo_colors::OwoColorize;
[INFO] [stdout]     |
[INFO] [stdout] 
[INFO] [stdout] error[E0599]: no method named `bright_red` found for reference `&'static str` in the current scope
[INFO] [stdout]    --> src/lib.rs:23:26
[INFO] [stdout]     |
[INFO] [stdout] 7   |         "this is wrong!".bright_red(),
[INFO] [stdout]     |                          ^^^^^^^^^^ method not found in `&str`
[INFO] [stdout]     |
[INFO] [stdout]    ::: /opt/rustwide/cargo-home/registry/src/index.crates.io-6f17d22bba15001f/owo-colors-3.5.0/src/lib.rs:325:24
[INFO] [stdout]     |
[INFO] [stdout] 325 |         BrightRed      bright_red      on_bright_red,
[INFO] [stdout]     |                        ---------- the method is available for `&'static str` here
[INFO] [stdout]     |
[INFO] [stdout]     = help: items from traits can only be used if the trait is in scope
[INFO] [stdout] help: the following trait is implemented but not in scope; perhaps add a `use` for it:
[INFO] [stdout]     |
[INFO] [stdout] 2   + use owo_colors::OwoColorize;
[INFO] [stdout]     |
[INFO] [stdout] 
[INFO] [stdout] error[E0599]: no method named `bright_red` found for reference `&'static str` in the current scope
[INFO] [stdout]    --> src/lib.rs:28:30
[INFO] [stdout]     |
[INFO] [stdout] 12  |         "thats a little sus".bright_red(),
[INFO] [stdout]     |                              ^^^^^^^^^^ method not found in `&str`
[INFO] [stdout]     |
[INFO] [stdout]    ::: /opt/rustwide/cargo-home/registry/src/index.crates.io-6f17d22bba15001f/owo-colors-3.5.0/src/lib.rs:325:24
[INFO] [stdout]     |
[INFO] [stdout] 325 |         BrightRed      bright_red      on_bright_red,
[INFO] [stdout]     |                        ---------- the method is available for `&'static str` here
[INFO] [stdout]     |
[INFO] [stdout]     = help: items from traits can only be used if the trait is in scope
[INFO] [stdout] help: the following trait is implemented but not in scope; perhaps add a `use` for it:
[INFO] [stdout]     |
[INFO] [stdout] 2   + use owo_colors::OwoColorize;
[INFO] [stdout]     |
[INFO] [stdout] 
[INFO] [stdout] error[E0599]: no method named `yellow` found for reference `&'static str` in the current scope
[INFO] [stdout]    --> src/lib.rs:33:49
[INFO] [stdout]     |
[INFO] [stdout] 17  |         "you almost got this part right though".yellow(),
[INFO] [stdout]     |                                                 ^^^^^^ method not found in `&str`
[INFO] [stdout]     |
[INFO] [stdout]    ::: /opt/rustwide/cargo-home/registry/src/index.crates.io-6f17d22bba15001f/owo-colors-3.5.0/src/lib.rs:299:18
[INFO] [stdout]     |
[INFO] [stdout] 299 |         Yellow   yellow   on_yellow,
[INFO] [stdout]     |                  ------ the method is available for `&'static str` here
[INFO] [stdout]     |
[INFO] [stdout]     = help: items from traits can only be used if the trait is in scope
[INFO] [stdout] help: the following trait is implemented but not in scope; perhaps add a `use` for it:
[INFO] [stdout]     |
[INFO] [stdout] 2   + use owo_colors::OwoColorize;
[INFO] [stdout]     |
[INFO] [stdout] 
[INFO] [stdout] error[E0433]: failed to resolve: use of undeclared type `Footnote`
[INFO] [stdout]   --> src/lib.rs:35:20
[INFO] [stdout]    |
[INFO] [stdout] 19 |     .with_footnote(Footnote::new(format!(
[INFO] [stdout]    |                    ^^^^^^^^ use of undeclared type `Footnote`
[INFO] [stdout] 
[INFO] [stdout] error[E0599]: no method named `yellow` found for reference `&'static str` in the current scope
[INFO] [stdout]    --> src/lib.rs:37:16
[INFO] [stdout]     |
[INFO] [stdout] 21  |         "help".yellow()
[INFO] [stdout]     |                ^^^^^^ method not found in `&str`
[INFO] [stdout]     |
[INFO] [stdout]    ::: /opt/rustwide/cargo-home/registry/src/index.crates.io-6f17d22bba15001f/owo-colors-3.5.0/src/lib.rs:299:18
[INFO] [stdout]     |
[INFO] [stdout] 299 |         Yellow   yellow   on_yellow,
[INFO] [stdout]     |                  ------ the method is available for `&'static str` here
[INFO] [stdout]     |
[INFO] [stdout]     = help: items from traits can only be used if the trait is in scope
[INFO] [stdout] help: the following trait is implemented but not in scope; perhaps add a `use` for it:
[INFO] [stdout]     |
[INFO] [stdout] 2   + use owo_colors::OwoColorize;
[INFO] [stdout]     |
[INFO] [stdout] 
[INFO] [stdout] error[E0433]: failed to resolve: use of undeclared type `Footnote`
[INFO] [stdout]   --> src/lib.rs:39:20
[INFO] [stdout]    |
[INFO] [stdout] 23 |     .with_footnote(Footnote::new(format!(
[INFO] [stdout]    |                    ^^^^^^^^ use of undeclared type `Footnote`
[INFO] [stdout] 
[INFO] [stdout] error[E0599]: no method named `bright_green` found for reference `&'static str` in the current scope
[INFO] [stdout]    --> src/lib.rs:41:16
[INFO] [stdout]     |
[INFO] [stdout] 25  |         "note".bright_green()
[INFO] [stdout]     |                ^^^^^^^^^^^^ method not found in `&str`
[INFO] [stdout]     |
[INFO] [stdout]    ::: /opt/rustwide/cargo-home/registry/src/index.crates.io-6f17d22bba15001f/owo-colors-3.5.0/src/lib.rs:328:24
[INFO] [stdout]     |
[INFO] [stdout] 328 |         BrightGreen    bright_green    on_bright_green,
[INFO] [stdout]     |                        ------------ the method is available for `&'static str` here
[INFO] [stdout]     |
[INFO] [stdout]     = help: items from traits can only be used if the trait is in scope
[INFO] [stdout] help: the following trait is implemented but not in scope; perhaps add a `use` for it:
[INFO] [stdout]     |
[INFO] [stdout] 2   + use owo_colors::OwoColorize;
[INFO] [stdout]     |
[INFO] [stdout] 
[INFO] [stdout] error: aborting due to 20 previous errors
[INFO] [stdout] 
[INFO] [stdout] Some errors have detailed explanations: E0425, E0433, E0599.
[INFO] [stdout] For more information about an error, try `rustc --explain E0425`.
[INFO] [stdout] Couldn't compile the test.
[INFO] [stdout] 
[INFO] [stdout] failures:
[INFO] [stdout]     src/lib.rs - (line 18)
[INFO] [stdout] 
[INFO] [stdout] test result: FAILED. 0 passed; 1 failed; 0 ignored; 0 measured; 0 filtered out; finished in 0.08s
[INFO] [stdout] 
[INFO] [stderr] error: doctest failed, to rerun pass `--doc`
[INFO] running `Command { std: "docker" "inspect" "080f695b6f321ab3ea4ddd84c7103ed50834b29ed14721556c0bb03fd22bc48d", kill_on_drop: false }`
[INFO] running `Command { std: "docker" "rm" "-f" "080f695b6f321ab3ea4ddd84c7103ed50834b29ed14721556c0bb03fd22bc48d", kill_on_drop: false }`
[INFO] [stdout] 080f695b6f321ab3ea4ddd84c7103ed50834b29ed14721556c0bb03fd22bc48d
