[INFO] fetching crate yprox 0.2.0...
[INFO] testing yprox-0.2.0 against 1.75.0 for beta-1.76-1
[INFO] extracting crate yprox 0.2.0 into /workspace/builds/worker-2-tc1/source
[INFO] validating manifest of crates.io crate yprox 0.2.0 on toolchain 1.75.0
[INFO] running `Command { std: CARGO_HOME="/workspace/cargo-home" RUSTUP_HOME="/workspace/rustup-home" "/workspace/cargo-home/bin/cargo" "+1.75.0" "metadata" "--manifest-path" "Cargo.toml" "--no-deps", kill_on_drop: false }`
[INFO] started tweaking crates.io crate yprox 0.2.0
[INFO] finished tweaking crates.io crate yprox 0.2.0
[INFO] tweaked toml for crates.io crate yprox 0.2.0 written to /workspace/builds/worker-2-tc1/source/Cargo.toml
[INFO] crate crates.io crate yprox 0.2.0 already has a lockfile, it will not be regenerated
[INFO] running `Command { std: CARGO_HOME="/workspace/cargo-home" RUSTUP_HOME="/workspace/rustup-home" "/workspace/cargo-home/bin/cargo" "+1.75.0" "fetch" "--manifest-path" "Cargo.toml", kill_on_drop: false }`
[INFO] running `Command { std: "docker" "create" "-v" "/var/lib/crater-agent-workspace/builds/worker-2-tc1/target:/opt/rustwide/target:rw,Z" "-v" "/var/lib/crater-agent-workspace/builds/worker-2-tc1/source:/opt/rustwide/workdir:ro,Z" "-v" "/var/lib/crater-agent-workspace/cargo-home:/opt/rustwide/cargo-home:ro,Z" "-v" "/var/lib/crater-agent-workspace/rustup-home:/opt/rustwide/rustup-home:ro,Z" "-e" "SOURCE_DIR=/opt/rustwide/workdir" "-e" "CARGO_TARGET_DIR=/opt/rustwide/target" "-e" "CARGO_HOME=/opt/rustwide/cargo-home" "-e" "RUSTUP_HOME=/opt/rustwide/rustup-home" "-w" "/opt/rustwide/workdir" "-m" "1610612736" "--user" "0:0" "--network" "none" "ghcr.io/rust-lang/crates-build-env/linux@sha256:2788e3201cd34a07e3172128adcd8b3090168a8e3bcc40d7c032b9dda1df7d1c" "/opt/rustwide/cargo-home/bin/cargo" "+1.75.0" "metadata" "--no-deps" "--format-version=1", kill_on_drop: false }`
[INFO] [stdout] f8d983e6e877a74b9df8ba181dc66aea04acb8470fd30f9f411388a733628145
[INFO] running `Command { std: "docker" "start" "-a" "f8d983e6e877a74b9df8ba181dc66aea04acb8470fd30f9f411388a733628145", kill_on_drop: false }`
[INFO] running `Command { std: "docker" "inspect" "f8d983e6e877a74b9df8ba181dc66aea04acb8470fd30f9f411388a733628145", kill_on_drop: false }`
[INFO] running `Command { std: "docker" "rm" "-f" "f8d983e6e877a74b9df8ba181dc66aea04acb8470fd30f9f411388a733628145", kill_on_drop: false }`
[INFO] [stdout] f8d983e6e877a74b9df8ba181dc66aea04acb8470fd30f9f411388a733628145
[INFO] running `Command { std: "docker" "create" "-v" "/var/lib/crater-agent-workspace/builds/worker-2-tc1/target:/opt/rustwide/target:rw,Z" "-v" "/var/lib/crater-agent-workspace/builds/worker-2-tc1/source:/opt/rustwide/workdir:ro,Z" "-v" "/var/lib/crater-agent-workspace/cargo-home:/opt/rustwide/cargo-home:ro,Z" "-v" "/var/lib/crater-agent-workspace/rustup-home:/opt/rustwide/rustup-home:ro,Z" "-e" "SOURCE_DIR=/opt/rustwide/workdir" "-e" "CARGO_TARGET_DIR=/opt/rustwide/target" "-e" "CARGO_INCREMENTAL=0" "-e" "RUST_BACKTRACE=full" "-e" "RUSTFLAGS=--cap-lints=warn" "-e" "RUSTDOCFLAGS=--cap-lints=warn" "-e" "CARGO_HOME=/opt/rustwide/cargo-home" "-e" "RUSTUP_HOME=/opt/rustwide/rustup-home" "-w" "/opt/rustwide/workdir" "-m" "1610612736" "--user" "0:0" "--network" "none" "ghcr.io/rust-lang/crates-build-env/linux@sha256:2788e3201cd34a07e3172128adcd8b3090168a8e3bcc40d7c032b9dda1df7d1c" "/opt/rustwide/cargo-home/bin/cargo" "+1.75.0" "build" "--frozen" "--message-format=json", kill_on_drop: false }`
[INFO] [stdout] e19116912f1f71f7cf75d15b6d63da8a531c171a5730a2b449464916ef2c2296
[INFO] running `Command { std: "docker" "start" "-a" "e19116912f1f71f7cf75d15b6d63da8a531c171a5730a2b449464916ef2c2296", kill_on_drop: false }`
[INFO] [stderr]    Compiling proc-macro2 v1.0.69
[INFO] [stderr]    Compiling utf8parse v0.2.1
[INFO] [stderr]    Compiling anstyle v1.0.4
[INFO] [stderr]    Compiling anstyle-query v1.0.0
[INFO] [stderr]    Compiling colorchoice v1.0.0
[INFO] [stderr]    Compiling heck v0.4.1
[INFO] [stderr]    Compiling strsim v0.10.0
[INFO] [stderr]    Compiling clap_lex v0.6.0
[INFO] [stderr]    Compiling anstyle-parse v0.2.2
[INFO] [stderr]    Compiling anstream v0.6.4
[INFO] [stderr]    Compiling clap_builder v4.4.8
[INFO] [stderr]    Compiling quote v1.0.33
[INFO] [stderr]    Compiling syn v2.0.39
[INFO] [stderr]    Compiling clap_derive v4.4.7
[INFO] [stderr]    Compiling clap v4.4.8
[INFO] [stderr]    Compiling yprox v0.2.0 (/opt/rustwide/workdir)
[INFO] [stderr]     Finished dev [unoptimized + debuginfo] target(s) in 4.81s
[INFO] running `Command { std: "docker" "inspect" "e19116912f1f71f7cf75d15b6d63da8a531c171a5730a2b449464916ef2c2296", kill_on_drop: false }`
[INFO] running `Command { std: "docker" "rm" "-f" "e19116912f1f71f7cf75d15b6d63da8a531c171a5730a2b449464916ef2c2296", kill_on_drop: false }`
[INFO] [stdout] e19116912f1f71f7cf75d15b6d63da8a531c171a5730a2b449464916ef2c2296
[INFO] running `Command { std: "docker" "create" "-v" "/var/lib/crater-agent-workspace/builds/worker-2-tc1/target:/opt/rustwide/target:rw,Z" "-v" "/var/lib/crater-agent-workspace/builds/worker-2-tc1/source:/opt/rustwide/workdir:ro,Z" "-v" "/var/lib/crater-agent-workspace/cargo-home:/opt/rustwide/cargo-home:ro,Z" "-v" "/var/lib/crater-agent-workspace/rustup-home:/opt/rustwide/rustup-home:ro,Z" "-e" "SOURCE_DIR=/opt/rustwide/workdir" "-e" "CARGO_TARGET_DIR=/opt/rustwide/target" "-e" "CARGO_INCREMENTAL=0" "-e" "RUST_BACKTRACE=full" "-e" "RUSTFLAGS=--cap-lints=warn" "-e" "RUSTDOCFLAGS=--cap-lints=warn" "-e" "CARGO_HOME=/opt/rustwide/cargo-home" "-e" "RUSTUP_HOME=/opt/rustwide/rustup-home" "-w" "/opt/rustwide/workdir" "-m" "1610612736" "--user" "0:0" "--network" "none" "ghcr.io/rust-lang/crates-build-env/linux@sha256:2788e3201cd34a07e3172128adcd8b3090168a8e3bcc40d7c032b9dda1df7d1c" "/opt/rustwide/cargo-home/bin/cargo" "+1.75.0" "test" "--frozen" "--no-run" "--message-format=json", kill_on_drop: false }`
[INFO] [stdout] 822df46cec8bf3f5ab2933df80e3da19c9458cb97a6986bc3d26b837aeb6d581
[INFO] running `Command { std: "docker" "start" "-a" "822df46cec8bf3f5ab2933df80e3da19c9458cb97a6986bc3d26b837aeb6d581", kill_on_drop: false }`
[INFO] [stderr]    Compiling yprox v0.2.0 (/opt/rustwide/workdir)
[INFO] [stderr]     Finished test [unoptimized + debuginfo] target(s) in 0.26s
[INFO] running `Command { std: "docker" "inspect" "822df46cec8bf3f5ab2933df80e3da19c9458cb97a6986bc3d26b837aeb6d581", kill_on_drop: false }`
[INFO] running `Command { std: "docker" "rm" "-f" "822df46cec8bf3f5ab2933df80e3da19c9458cb97a6986bc3d26b837aeb6d581", kill_on_drop: false }`
[INFO] [stdout] 822df46cec8bf3f5ab2933df80e3da19c9458cb97a6986bc3d26b837aeb6d581
[INFO] running `Command { std: "docker" "create" "-v" "/var/lib/crater-agent-workspace/builds/worker-2-tc1/target:/opt/rustwide/target:rw,Z" "-v" "/var/lib/crater-agent-workspace/builds/worker-2-tc1/source:/opt/rustwide/workdir:ro,Z" "-v" "/var/lib/crater-agent-workspace/cargo-home:/opt/rustwide/cargo-home:ro,Z" "-v" "/var/lib/crater-agent-workspace/rustup-home:/opt/rustwide/rustup-home:ro,Z" "-e" "SOURCE_DIR=/opt/rustwide/workdir" "-e" "CARGO_TARGET_DIR=/opt/rustwide/target" "-e" "CARGO_INCREMENTAL=0" "-e" "RUST_BACKTRACE=full" "-e" "RUSTFLAGS=--cap-lints=warn" "-e" "RUSTDOCFLAGS=--cap-lints=warn" "-e" "CARGO_HOME=/opt/rustwide/cargo-home" "-e" "RUSTUP_HOME=/opt/rustwide/rustup-home" "-w" "/opt/rustwide/workdir" "-m" "1610612736" "--user" "0:0" "--network" "none" "ghcr.io/rust-lang/crates-build-env/linux@sha256:2788e3201cd34a07e3172128adcd8b3090168a8e3bcc40d7c032b9dda1df7d1c" "/opt/rustwide/cargo-home/bin/cargo" "+1.75.0" "test" "--frozen", kill_on_drop: false }`
[INFO] [stdout] 823ba1981dfb89c7845c3b2a6128281f815a29d64fb8afd0bfa2f190e5985913
[INFO] running `Command { std: "docker" "start" "-a" "823ba1981dfb89c7845c3b2a6128281f815a29d64fb8afd0bfa2f190e5985913", kill_on_drop: false }`
[INFO] [stderr]     Finished test [unoptimized + debuginfo] target(s) in 0.01s
[INFO] [stderr]      Running unittests src/lib.rs (/opt/rustwide/target/debug/deps/yprox-679415971aa4bff5)
[INFO] [stdout] 
[INFO] [stdout] running 0 tests
[INFO] [stdout] 
[INFO] [stdout] test result: ok. 0 passed; 0 failed; 0 ignored; 0 measured; 0 filtered out; finished in 0.00s
[INFO] [stdout] 
[INFO] [stderr]      Running unittests src/main.rs (/opt/rustwide/target/debug/deps/yprox-9ce1be9ccd005042)
[INFO] [stdout] 
[INFO] [stdout] running 0 tests
[INFO] [stdout] 
[INFO] [stdout] test result: ok. 0 passed; 0 failed; 0 ignored; 0 measured; 0 filtered out; finished in 0.00s
[INFO] [stdout] 
[INFO] [stderr]    Doc-tests yprox
[INFO] [stdout] 
[INFO] [stdout] running 2 tests
[INFO] [stdout] test src/utils.rs - utils::hex_dump (line 10) ... FAILED
[INFO] [stdout] test src/lib.rs - start_proxy (line 31) ... FAILED
[INFO] [stdout] 
[INFO] [stdout] failures:
[INFO] [stdout] 
[INFO] [stdout] ---- src/utils.rs - utils::hex_dump (line 10) stdout ----
[INFO] [stdout] error[E0425]: cannot find function `hex_dump` in this scope
[INFO] [stdout]  --> src/utils.rs:12:1
[INFO] [stdout]   |
[INFO] [stdout] 4 | hex_dump(&data, "OUTGOING");
[INFO] [stdout]   | ^^^^^^^^ not found in this scope
[INFO] [stdout] 
[INFO] [stdout] error: aborting due to previous error
[INFO] [stdout] 
[INFO] [stdout] For more information about this error, try `rustc --explain E0425`.
[INFO] [stdout] Couldn't compile the test.
[INFO] [stdout] ---- src/lib.rs - start_proxy (line 31) stdout ----
[INFO] [stdout] error[E0433]: failed to resolve: use of undeclared crate or module `tokio`
[INFO] [stdout]  --> src/lib.rs:32:3
[INFO] [stdout]   |
[INFO] [stdout] 2 | #[tokio::main]
[INFO] [stdout]   |   ^^^^^ use of undeclared crate or module `tokio`
[INFO] [stdout] 
[INFO] [stdout] error[E0433]: failed to resolve: use of undeclared type `SocketAddr`
[INFO] [stdout]  --> src/lib.rs:35:21
[INFO] [stdout]   |
[INFO] [stdout] 5 |     let bind_addr = SocketAddr::parse("127.0.0.1:8080");
[INFO] [stdout]   |                     ^^^^^^^^^^ use of undeclared type `SocketAddr`
[INFO] [stdout]   |
[INFO] [stdout] help: consider importing one of these items
[INFO] [stdout]   |
[INFO] [stdout] 2 + use core::net::SocketAddr;
[INFO] [stdout]   |
[INFO] [stdout] 2 + use std::net::SocketAddr;
[INFO] [stdout]   |
[INFO] [stdout] 2 + use std::os::unix::net::SocketAddr;
[INFO] [stdout]   |
[INFO] [stdout] 
[INFO] [stdout] error[E0433]: failed to resolve: use of undeclared type `SocketAddr`
[INFO] [stdout]  --> src/lib.rs:37:33
[INFO] [stdout]   |
[INFO] [stdout] 7 |         ("server1".to_string(), SocketAddr::new("127.0.0.1:8081")),
[INFO] [stdout]   |                                 ^^^^^^^^^^ use of undeclared type `SocketAddr`
[INFO] [stdout]   |
[INFO] [stdout] help: consider importing one of these items
[INFO] [stdout]   |
[INFO] [stdout] 2 + use core::net::SocketAddr;
[INFO] [stdout]   |
[INFO] [stdout] 2 + use std::net::SocketAddr;
[INFO] [stdout]   |
[INFO] [stdout] 2 + use std::os::unix::net::SocketAddr;
[INFO] [stdout]   |
[INFO] [stdout] 
[INFO] [stdout] error[E0433]: failed to resolve: use of undeclared type `SocketAddr`
[INFO] [stdout]  --> src/lib.rs:38:33
[INFO] [stdout]   |
[INFO] [stdout] 8 |         ("server2".to_string(), SocketAddr::new("127.0.0.1:8082"))
[INFO] [stdout]   |                                 ^^^^^^^^^^ use of undeclared type `SocketAddr`
[INFO] [stdout]   |
[INFO] [stdout] help: consider importing one of these items
[INFO] [stdout]   |
[INFO] [stdout] 2 + use core::net::SocketAddr;
[INFO] [stdout]   |
[INFO] [stdout] 2 + use std::net::SocketAddr;
[INFO] [stdout]   |
[INFO] [stdout] 2 + use std::os::unix::net::SocketAddr;
[INFO] [stdout]   |
[INFO] [stdout] 
[INFO] [stdout] error[E0423]: expected function, found built-in attribute `start`
[INFO] [stdout]   --> src/lib.rs:40:5
[INFO] [stdout]    |
[INFO] [stdout] 10 |     start(bind_addr, targets).await;
[INFO] [stdout]    |     ^^^^^ not a function
[INFO] [stdout] 
[INFO] [stdout] error[E0752]: `main` function is not allowed to be `async`
[INFO] [stdout]  --> src/lib.rs:34:1
[INFO] [stdout]   |
[INFO] [stdout] 4 | async fn main() {
[INFO] [stdout]   | ^^^^^^^^^^^^^^^ `main` function is not allowed to be `async`
[INFO] [stdout] 
[INFO] [stdout] error: aborting due to 6 previous errors
[INFO] [stdout] 
[INFO] [stdout] Some errors have detailed explanations: E0423, E0433, E0752.
[INFO] [stdout] For more information about an error, try `rustc --explain E0423`.
[INFO] [stdout] Couldn't compile the test.
[INFO] [stdout] 
[INFO] [stdout] failures:
[INFO] [stdout]     src/lib.rs - start_proxy (line 31)
[INFO] [stdout]     src/utils.rs - utils::hex_dump (line 10)
[INFO] [stdout] 
[INFO] [stdout] test result: FAILED. 0 passed; 2 failed; 0 ignored; 0 measured; 0 filtered out; finished in 0.04s
[INFO] [stdout] 
[INFO] [stderr] error: doctest failed, to rerun pass `--doc`
[INFO] running `Command { std: "docker" "inspect" "823ba1981dfb89c7845c3b2a6128281f815a29d64fb8afd0bfa2f190e5985913", kill_on_drop: false }`
[INFO] running `Command { std: "docker" "rm" "-f" "823ba1981dfb89c7845c3b2a6128281f815a29d64fb8afd0bfa2f190e5985913", kill_on_drop: false }`
[INFO] [stdout] 823ba1981dfb89c7845c3b2a6128281f815a29d64fb8afd0bfa2f190e5985913
